{"id":4292,"date":"2026-05-06T15:41:31","date_gmt":"2026-05-06T13:41:31","guid":{"rendered":"https:\/\/wiki.s12.at\/index.php\/fc-salzburg-gegen-dinamo-zagreb\/"},"modified":"2026-05-06T15:41:31","modified_gmt":"2026-05-06T13:41:31","slug":"fc-salzburg-gegen-dinamo-zagreb","status":"publish","type":"page","link":"https:\/\/wiki.s12.at\/index.php\/fc-salzburg-gegen-dinamo-zagreb\/","title":{"rendered":"FC Salzburg gegen Dinamo Zagreb"},"content":{"rendered":"<div class=\"mw-parser-output\">\n<h2><span class=\"mw-headline\" id=\"Fakten\">Fakten<\/span><a href=\"\/index.php?title=FC_Salzburg_gegen_Dinamo_Zagreb&amp;action=edit&amp;section=1\" title=\"Abschnitt bearbeiten: Fakten\">Bearbeiten<\/a><span class=\"mw-editsection-bracket\">]<\/span><\/span><\/h2>\n<table class=\"toptextcells toccolours\">\n<tbody>\n<tr>\n<th colspan=\"2\" style=\"text-align: center; vertical-align: top; padding: 0.3em 0.8em; font-size: 125%; background-color: lightsteelblue;\">FC Salzburg gegen GNK Dinamo Zagreb, 4:2\n<\/th>\n<\/tr>\n<tr>\n<th style=\"text-align:left;\"><b>Spieltag<\/b>\n<\/th>\n<th style=\"text-align:left;\">Uefa-Euroleague Gruppe D\n<\/th>\n<\/tr>\n<tr>\n<th style=\"text-align:left;\"><b>Datum<\/b>\n<\/th>\n<th style=\"text-align:left;\">23. Oktober 2014\n<\/th>\n<\/tr>\n<tr>\n<th style=\"text-align:left;\"><b>Anpfiff<\/b>\n<\/th>\n<th style=\"text-align:left;\">21.05 Uhr\n<\/th>\n<\/tr>\n<tr>\n<td colspan=\"2\" style=\"text-align:center;\" bgcolor=\"lightgray\"><b>Aufstellung<\/b>\n<\/td>\n<\/tr>\n<tr>\n<th style=\"text-align:left;\"><b>Tor<\/b>\n<\/th>\n<th><a href=\"\/Peter_Gulacsi\" class=\"mw-redirect\" title=\"Peter Gulacsi\">Peter Gulacsi<\/a>\n<\/th>\n<\/tr>\n<tr>\n<th style=\"text-align:left;\"><b>Verteidigung<\/b>\n<\/th>\n<th><a href=\"\/Andreas_Ulmer\" title=\"Andreas Ulmer\">Andreas Ulmer<\/a> <a href=\"\/Andre_Ramalho\" class=\"mw-redirect\" title=\"Andre Ramalho\">Andre Ramalho<\/a> <a href=\"\/Martin_Hinteregger\" title=\"Martin Hinteregger\">Martin Hinteregger<\/a>  <a href=\"\/Peter_Ankersen\" title=\"Peter Ankersen\">Peter Ankersen<\/a>\n<\/th>\n<\/tr>\n<tr>\n<th style=\"text-align:left;\"><b>Mittelfeld<\/b>\n<\/th>\n<th><a href=\"\/Stefan_Ilsanker\" title=\"Stefan Ilsanker\">Stefan Ilsanker<\/a> <a href=\"\/Christoph_Leitgeb\" title=\"Christoph Leitgeb\">Christoph Leitgeb<\/a> <a href=\"\/Kevin_Kampl\" title=\"Kevin Kampl\">Kevin Kampl<\/a> <a href=\"\/Massimo_Bruno\" title=\"Massimo Bruno\">Massimo Bruno<\/a>\n<\/th>\n<\/tr>\n<tr>\n<th style=\"text-align:left;\"><b>Sturm<\/b>\n<\/th>\n<th><a href=\"\/Jonatan_Soriano\" title=\"Jonatan Soriano\">Jonatan Soriano<\/a> <a href=\"\/Alan\" title=\"Alan\">Alan<\/a>\n<\/th>\n<\/tr>\n<tr>\n<td colspan=\"2\" style=\"text-align:center;\" bgcolor=\"lightgray\"><b>Wechsel<\/b>\n<\/td>\n<\/tr>\n<tr>\n<th style=\"text-align:left;\"><b>Wechsel<\/b>\n<\/th>\n<th style=\"text-align:left;\"><a href=\"\/Valentino_Lazaro\" title=\"Valentino Lazaro\">Valentino Lazaro<\/a> f\u00fcr Ulmer (70.), <a href=\"\/Marcel_Sabitzer\" title=\"Marcel Sabitzer\">Marcel Sabitzer<\/a> f\u00fcr Alan (70.), <a href=\"\/Naby_Keita\" title=\"Naby Keita\">Naby Keita<\/a> f\u00fcr Leitgeb (81.)\n<\/th>\n<\/tr>\n<tr>\n<td colspan=\"2\" style=\"text-align:center;\" bgcolor=\"lightgray\"><b>Statistik<\/b>\n<\/td>\n<\/tr>\n<tr>\n<th style=\"text-align:left;\"><b>Endstand<\/b>\n<\/th>\n<th style=\"text-align:left;\">4:2 (2:0)\n<\/th>\n<\/tr>\n<tr>\n<th style=\"text-align:left;\"><b>Torsch\u00fctzen<\/b>\n<\/th>\n<th style=\"text-align:left;\">Alan (13., 45., 52.), Ramalho (49.); Ademi (81.), Henriquez (89.)\n<\/th>\n<\/tr>\n<tr>\n<th style=\"text-align:left;\"><b>Gelbe Karten<\/b>\n<\/th>\n<th style=\"text-align:left;\">Ilsanker (95.); Sigali (44.), Vukojevic (82.)\n<\/th>\n<\/tr>\n<tr>\n<th style=\"text-align:left;\"><b>Rote Karten<\/b>\n<\/th>\n<th style=\"text-align:left;\">\n<\/th>\n<\/tr>\n<tr>\n<th style=\"text-align:left;\"><b>Schiedsrichter<\/b>\n<\/th>\n<th style=\"text-align:left;\">Serdar G\u00f6z\u00fcb\u00fcy\u00fck (NED)\n<\/th>\n<\/tr>\n<tr>\n<th style=\"text-align:left;\"><b>Stadion<\/b>\n<\/th>\n<th style=\"text-align:left;\">Red Bull Arena, Salzburg\n<\/th>\n<\/tr>\n<tr>\n<th style=\"text-align:left;\"><b>Zuschauer<\/b>\n<\/th>\n<th style=\"text-align:left;\">12 872\n<\/th>\n<\/tr>\n<\/tbody>\n<\/table>\n<h2><span class=\"mw-headline\" id=\"Weblinks\">Weblinks<\/span><a href=\"\/index.php?title=FC_Salzburg_gegen_Dinamo_Zagreb&amp;action=edit&amp;section=2\" title=\"Abschnitt bearbeiten: Weblinks\">Bearbeiten<\/a><span class=\"mw-editsection-bracket\">]<\/span><\/span><\/h2>\n<ul>\n<li><a rel=\"nofollow\" class=\"external text\" href=\"http:\/\/www.redbulls.com\/de\/fc-red-bull-salzburg\/news\/saison_2014_15\/triplepack-von-alan-beim-4-2-gegen-zagreb.html\">Spielbericht Homepage<\/a><\/li>\n<li><a rel=\"nofollow\" class=\"external text\" href=\"http:\/\/www.salzburg12.at\/2014\/10\/klarer-heimsieg-mit-zwei-schoenheitsfehlern\/\">Spielbericht salzburg12.at<\/a><\/li>\n<\/ul>\n<h2><span class=\"mw-headline\" id=\"Stimmen_zum_Spiel\">Stimmen zum Spiel<\/span><a href=\"\/index.php?title=FC_Salzburg_gegen_Dinamo_Zagreb&amp;action=edit&amp;section=3\" title=\"Abschnitt bearbeiten: Stimmen zum Spiel\">Bearbeiten<\/a><span class=\"mw-editsection-bracket\">]<\/span><\/span><\/h2>\n<p><b>Adi H\u00fctter:<\/b> &#8222;Ich habe heute einen absolut verdienten Sieg und eine \u00fcberzeugende Leistung meiner Mannschaft gesehen, die vor allem hervorragend gegen den Ball gearbeitet hat. Es hat noch nicht alles hundertprozentig funktioniert. Da muss man aber auch etwas Geduld haben, weil wir auch das System etwas ge\u00e4ndert haben. Die Gegentore in der Schlussphase \u00e4rgern mich nat\u00fcrlich. Zumal wir es vorher verabs\u00e4umt haben, noch mehr Tore zu erzielen. Die Chancen waren ja da. Das wichtigste ist aber, dass wir jetzt nach drei Runden sieben Punkte auf dem Konto haben.&#8220;\n<\/p>\n<p><b>Andre Ramalho:<\/b> &#8222;Wir haben heute sehr viel Druck nach vorne gemacht, sehr sch\u00f6ne Tore erzielt, und damit einen ganz wichtigen Sieg geholt. Gott sei Dank konnte ich wieder einmal im richtigen Moment ein Tor machen. Leider haben wir dann noch zwei billige Tore bekommen, das darf nicht passieren.&#8220;\n<\/p>\n<p><b>Christoph Leitgeb:<\/b> &#8222;Die erste Halbzeit war ausgeglichen, dann waren wir aber klar \u00fcberlegen. Nur die dummen Gegentore waren gar nicht notwendig. Gro\u00dfes Danke an die Stadion-Mitarbeiter, der Platz war trotz des vielen Regens sehr gut bespielbar.&#8220;\n<\/p>\n<\/div>\n","protected":false},"excerpt":{"rendered":"<p>FaktenBearbeiten] FC Salzburg gegen GNK Dinamo Zagreb, 4:2 Spieltag Uefa-Euroleague Gruppe D Datum 23. Oktober 2014 Anpfiff 21.05 Uhr Aufstellung Tor Peter Gulacsi Verteidigung Andreas Ulmer Andre Ramalho Martin Hinteregger Peter Ankersen Mittelfeld Stefan Ilsanker Christoph Leitgeb Kevin Kampl Massimo Bruno Sturm Jonatan Soriano Alan Wechsel Wechsel Valentino Lazaro f\u00fcr Ulmer (70.), Marcel Sabitzer f\u00fcr [&hellip;]<\/p>\n","protected":false},"author":1,"featured_media":0,"parent":0,"menu_order":0,"comment_status":"closed","ping_status":"closed","template":"","meta":{"footnotes":""},"class_list":["post-4292","page","type-page","status-publish","hentry"],"_links":{"self":[{"href":"https:\/\/wiki.s12.at\/index.php\/wp-json\/wp\/v2\/pages\/4292","targetHints":{"allow":["GET"]}}],"collection":[{"href":"https:\/\/wiki.s12.at\/index.php\/wp-json\/wp\/v2\/pages"}],"about":[{"href":"https:\/\/wiki.s12.at\/index.php\/wp-json\/wp\/v2\/types\/page"}],"author":[{"embeddable":true,"href":"https:\/\/wiki.s12.at\/index.php\/wp-json\/wp\/v2\/users\/1"}],"replies":[{"embeddable":true,"href":"https:\/\/wiki.s12.at\/index.php\/wp-json\/wp\/v2\/comments?post=4292"}],"version-history":[{"count":0,"href":"https:\/\/wiki.s12.at\/index.php\/wp-json\/wp\/v2\/pages\/4292\/revisions"}],"wp:attachment":[{"href":"https:\/\/wiki.s12.at\/index.php\/wp-json\/wp\/v2\/media?parent=4292"}],"curies":[{"name":"wp","href":"https:\/\/api.w.org\/{rel}","templated":true}]}}

<div class="mw-parser-output">
<h2><span class="mw-headline" id="Fakten">Fakten</span><a href="/index.php?title=FC_Salzburg_gegen_Dinamo_Zagreb&amp;action=edit&amp;section=1" title="Abschnitt bearbeiten: Fakten">Bearbeiten</a><span class="mw-editsection-bracket">]</span></span></h2>
<table class="toptextcells toccolours">
<tbody>
<tr>
<th colspan="2" style="text-align: center; vertical-align: top; padding: 0.3em 0.8em; font-size: 125%; background-color: lightsteelblue;">FC Salzburg gegen GNK Dinamo Zagreb, 4:2
</th>
</tr>
<tr>
<th style="text-align:left;"><b>Spieltag</b>
</th>
<th style="text-align:left;">Uefa-Euroleague Gruppe D
</th>
</tr>
<tr>
<th style="text-align:left;"><b>Datum</b>
</th>
<th style="text-align:left;">23. Oktober 2014
</th>
</tr>
<tr>
<th style="text-align:left;"><b>Anpfiff</b>
</th>
<th style="text-align:left;">21.05 Uhr
</th>
</tr>
<tr>
<td colspan="2" style="text-align:center;" bgcolor="lightgray"><b>Aufstellung</b>
</td>
</tr>
<tr>
<th style="text-align:left;"><b>Tor</b>
</th>
<th><a href="/Peter_Gulacsi" class="mw-redirect" title="Peter Gulacsi">Peter Gulacsi</a>
</th>
</tr>
<tr>
<th style="text-align:left;"><b>Verteidigung</b>
</th>
<th><a href="/Andreas_Ulmer" title="Andreas Ulmer">Andreas Ulmer</a> <a href="/Andre_Ramalho" class="mw-redirect" title="Andre Ramalho">Andre Ramalho</a> <a href="/Martin_Hinteregger" title="Martin Hinteregger">Martin Hinteregger</a>  <a href="/Peter_Ankersen" title="Peter Ankersen">Peter Ankersen</a>
</th>
</tr>
<tr>
<th style="text-align:left;"><b>Mittelfeld</b>
</th>
<th><a href="/Stefan_Ilsanker" title="Stefan Ilsanker">Stefan Ilsanker</a> <a href="/Christoph_Leitgeb" title="Christoph Leitgeb">Christoph Leitgeb</a> <a href="/Kevin_Kampl" title="Kevin Kampl">Kevin Kampl</a> <a href="/Massimo_Bruno" title="Massimo Bruno">Massimo Bruno</a>
</th>
</tr>
<tr>
<th style="text-align:left;"><b>Sturm</b>
</th>
<th><a href="/Jonatan_Soriano" title="Jonatan Soriano">Jonatan Soriano</a> <a href="/Alan" title="Alan">Alan</a>
</th>
</tr>
<tr>
<td colspan="2" style="text-align:center;" bgcolor="lightgray"><b>Wechsel</b>
</td>
</tr>
<tr>
<th style="text-align:left;"><b>Wechsel</b>
</th>
<th style="text-align:left;"><a href="/Valentino_Lazaro" title="Valentino Lazaro">Valentino Lazaro</a> für Ulmer (70.), <a href="/Marcel_Sabitzer" title="Marcel Sabitzer">Marcel Sabitzer</a> für Alan (70.), <a href="/Naby_Keita" title="Naby Keita">Naby Keita</a> für Leitgeb (81.)
</th>
</tr>
<tr>
<td colspan="2" style="text-align:center;" bgcolor="lightgray"><b>Statistik</b>
</td>
</tr>
<tr>
<th style="text-align:left;"><b>Endstand</b>
</th>
<th style="text-align:left;">4:2 (2:0)
</th>
</tr>
<tr>
<th style="text-align:left;"><b>Torschützen</b>
</th>
<th style="text-align:left;">Alan (13., 45., 52.), Ramalho (49.); Ademi (81.), Henriquez (89.)
</th>
</tr>
<tr>
<th style="text-align:left;"><b>Gelbe Karten</b>
</th>
<th style="text-align:left;">Ilsanker (95.); Sigali (44.), Vukojevic (82.)
</th>
</tr>
<tr>
<th style="text-align:left;"><b>Rote Karten</b>
</th>
<th style="text-align:left;">
</th>
</tr>
<tr>
<th style="text-align:left;"><b>Schiedsrichter</b>
</th>
<th style="text-align:left;">Serdar Gözübüyük (NED)
</th>
</tr>
<tr>
<th style="text-align:left;"><b>Stadion</b>
</th>
<th style="text-align:left;">Red Bull Arena, Salzburg
</th>
</tr>
<tr>
<th style="text-align:left;"><b>Zuschauer</b>
</th>
<th style="text-align:left;">12 872
</th>
</tr>
</tbody>
</table>
<h2><span class="mw-headline" id="Weblinks">Weblinks</span><a href="/index.php?title=FC_Salzburg_gegen_Dinamo_Zagreb&amp;action=edit&amp;section=2" title="Abschnitt bearbeiten: Weblinks">Bearbeiten</a><span class="mw-editsection-bracket">]</span></span></h2>
<ul>
<li><a rel="nofollow" class="external text" href="http://www.redbulls.com/de/fc-red-bull-salzburg/news/saison_2014_15/triplepack-von-alan-beim-4-2-gegen-zagreb.html">Spielbericht Homepage</a></li>
<li><a rel="nofollow" class="external text" href="http://www.salzburg12.at/2014/10/klarer-heimsieg-mit-zwei-schoenheitsfehlern/">Spielbericht salzburg12.at</a></li>
</ul>
<h2><span class="mw-headline" id="Stimmen_zum_Spiel">Stimmen zum Spiel</span><a href="/index.php?title=FC_Salzburg_gegen_Dinamo_Zagreb&amp;action=edit&amp;section=3" title="Abschnitt bearbeiten: Stimmen zum Spiel">Bearbeiten</a><span class="mw-editsection-bracket">]</span></span></h2>
<p><b>Adi Hütter:</b> &#8222;Ich habe heute einen absolut verdienten Sieg und eine überzeugende Leistung meiner Mannschaft gesehen, die vor allem hervorragend gegen den Ball gearbeitet hat. Es hat noch nicht alles hundertprozentig funktioniert. Da muss man aber auch etwas Geduld haben, weil wir auch das System etwas geändert haben. Die Gegentore in der Schlussphase ärgern mich natürlich. Zumal wir es vorher verabsäumt haben, noch mehr Tore zu erzielen. Die Chancen waren ja da. Das wichtigste ist aber, dass wir jetzt nach drei Runden sieben Punkte auf dem Konto haben.&#8220;
</p>
<p><b>Andre Ramalho:</b> &#8222;Wir haben heute sehr viel Druck nach vorne gemacht, sehr schöne Tore erzielt, und damit einen ganz wichtigen Sieg geholt. Gott sei Dank konnte ich wieder einmal im richtigen Moment ein Tor machen. Leider haben wir dann noch zwei billige Tore bekommen, das darf nicht passieren.&#8220;
</p>
<p><b>Christoph Leitgeb:</b> &#8222;Die erste Halbzeit war ausgeglichen, dann waren wir aber klar überlegen. Nur die dummen Gegentore waren gar nicht notwendig. Großes Danke an die Stadion-Mitarbeiter, der Platz war trotz des vielen Regens sehr gut bespielbar.&#8220;
</p>
</div>

<p>FaktenBearbeiten] FC Salzburg gegen GNK Dinamo Zagreb, 4:2 Spieltag Uefa-Euroleague Gruppe D Datum 23. Oktober 2014 Anpfiff 21.05 Uhr Aufstellung Tor Peter Gulacsi Verteidigung Andreas Ulmer Andre Ramalho Martin Hinteregger Peter Ankersen Mittelfeld Stefan Ilsanker Christoph Leitgeb Kevin Kampl Massimo Bruno Sturm Jonatan Soriano Alan Wechsel Wechsel Valentino Lazaro für Ulmer (70.), Marcel Sabitzer für [&hellip;]</p>
