{"id":4285,"date":"2026-05-06T15:41:20","date_gmt":"2026-05-06T13:41:20","guid":{"rendered":"https:\/\/wiki.s12.at\/index.php\/fc-salzburg-gegen-borussia-dortmund\/"},"modified":"2026-05-06T15:41:20","modified_gmt":"2026-05-06T13:41:20","slug":"fc-salzburg-gegen-borussia-dortmund","status":"publish","type":"page","link":"https:\/\/wiki.s12.at\/index.php\/fc-salzburg-gegen-borussia-dortmund\/","title":{"rendered":"FC Salzburg gegen Borussia Dortmund"},"content":{"rendered":"<div class=\"mw-parser-output\">\n<h2><span class=\"mw-headline\" id=\"Fakten\">Fakten<\/span><a href=\"\/index.php?title=FC_Salzburg_gegen_Borussia_Dortmund&amp;action=edit&amp;section=1\" title=\"Abschnitt bearbeiten: Fakten\">Bearbeiten<\/a><span class=\"mw-editsection-bracket\">]<\/span><\/span><\/h2>\n<table class=\"toptextcells toccolours\">\n<tbody>\n<tr>\n<th colspan=\"2\" style=\"text-align: center; vertical-align: top; padding: 0.3em 0.8em; font-size: 125%; background-color: lightsteelblue;\">FC Salzburg gegen Borussia Dortmund, 0:0\n<\/th>\n<\/tr>\n<tr>\n<th style=\"text-align:left;\"><b>Spieltag<\/b>\n<\/th>\n<th style=\"text-align:left;\">EL-Achtelfinale, R\u00fcckspiel\n<\/th>\n<\/tr>\n<tr>\n<th style=\"text-align:left;\"><b>Datum<\/b>\n<\/th>\n<th style=\"text-align:left;\">15. M\u00e4rz 2018\n<\/th>\n<\/tr>\n<tr>\n<th style=\"text-align:left;\"><b>Anpfiff<\/b>\n<\/th>\n<th style=\"text-align:left;\">21.05 Uhr\n<\/th>\n<\/tr>\n<tr>\n<td colspan=\"2\" style=\"text-align:center;\" bgcolor=\"lightgray\"><b>Aufstellung<\/b>\n<\/td>\n<\/tr>\n<tr>\n<th style=\"text-align:left;\"><b>Tor<\/b>\n<\/th>\n<th><a href=\"\/Alexander_Walke\" title=\"Alexander Walke\">Alexander Walke<\/a>\n<\/th>\n<\/tr>\n<tr>\n<th style=\"text-align:left;\"><b>Verteidigung<\/b>\n<\/th>\n<th><a href=\"\/Stefan_Lainer\" title=\"Stefan Lainer\">Stefan Lainer<\/a> &#8211; <a href=\"\/Andre_Ramalho\" class=\"mw-redirect\" title=\"Andre Ramalho\">Andre Ramalho<\/a> &#8211; <a href=\"\/Duje_Caleta-Car\" title=\"Duje Caleta-Car\">Duje Caleta-Car<\/a> &#8211; <a href=\"\/Andreas_Ulmer\" title=\"Andreas Ulmer\">Andreas Ulmer<\/a>\n<\/th>\n<\/tr>\n<tr>\n<th style=\"text-align:left;\"><b>Mittelfeld<\/b>\n<\/th>\n<th><a href=\"\/Amadou_Haidara\" title=\"Amadou Haidara\">Amadou Haidara<\/a> &#8211; <a href=\"\/Diadie_Samassekou\" title=\"Diadie Samassekou\">Diadie Samassekou <\/a> &#8211; <a href=\"\/Valon_Berisha\" title=\"Valon Berisha\">Valon Berisha<\/a> &#8211; <a href=\"\/Xaver_Schlager\" title=\"Xaver Schlager\">Xaver Schlager<\/a>\n<\/th>\n<\/tr>\n<tr>\n<th style=\"text-align:left;\"><b>Sturm<\/b>\n<\/th>\n<th><a href=\"\/Hee-Chan_Hwang\" title=\"Hee-Chan Hwang\">Hee-Chan Hwang<\/a> &#8211; <a href=\"\/Munas_Dabbur\" title=\"Munas Dabbur\">Munas Dabbur<\/a>\n<\/th>\n<\/tr>\n<tr>\n<td colspan=\"2\" style=\"text-align:center;\" bgcolor=\"lightgray\"><b>Wechsel<\/b>\n<\/td>\n<\/tr>\n<tr>\n<th style=\"text-align:left;\"><b>Wechsel<\/b>\n<\/th>\n<th style=\"text-align:left;\"><a href=\"\/Fredrik_Gulbrandsen\" title=\"Fredrik Gulbrandsen\">Fredrik Gulbrandsen<\/a> f\u00fcr Hwang (66.), <a href=\"\/Hannes_Wolf\" title=\"Hannes Wolf\">Hannes Wolf<\/a> f\u00fcr Schlager (79.), <a href=\"\/Reinhold_Yabo\" title=\"Reinhold Yabo\">Reinhold Yabo<\/a> f\u00fcr Haidara (82.)\n<\/th>\n<\/tr>\n<tr>\n<td colspan=\"2\" style=\"text-align:center;\" bgcolor=\"lightgray\"><b>Statistik<\/b>\n<\/td>\n<\/tr>\n<tr>\n<th style=\"text-align:left;\"><b>Endstand<\/b>\n<\/th>\n<th style=\"text-align:left;\">0:0\n<\/th>\n<\/tr>\n<tr>\n<th style=\"text-align:left;\"><b>Torsch\u00fctzen<\/b>\n<\/th>\n<th style=\"text-align:left;\">\n<\/th>\n<\/tr>\n<tr>\n<th style=\"text-align:left;\"><b>Gelbe Karten<\/b>\n<\/th>\n<th style=\"text-align:left;\">Hwang (52.), Berisha (63.), Ulmer (87.), Samassekou (92.);  \tSokratis (?)\n<\/th>\n<\/tr>\n<tr>\n<th style=\"text-align:left;\"><b>Rote Karten<\/b>\n<\/th>\n<th style=\"text-align:left;\">\n<\/th>\n<\/tr>\n<tr>\n<th style=\"text-align:left;\"><b>Schiedsrichter<\/b>\n<\/th>\n<th style=\"text-align:left;\">Benoit Bastien (FRA)\n<\/th>\n<\/tr>\n<tr>\n<th style=\"text-align:left;\"><b>Stadion<\/b>\n<\/th>\n<th style=\"text-align:left;\">EM-Stadion Wals-Siezenheim\n<\/th>\n<\/tr>\n<tr>\n<th style=\"text-align:left;\"><b>Zuschauer<\/b>\n<\/th>\n<th style=\"text-align:left;\">29 520 (ausverkauft)\n<\/th>\n<\/tr>\n<\/tbody>\n<\/table>\n<h2><span class=\"mw-headline\" id=\"Weblinks\">Weblinks<\/span><a href=\"\/index.php?title=FC_Salzburg_gegen_Borussia_Dortmund&amp;action=edit&amp;section=2\" title=\"Abschnitt bearbeiten: Weblinks\">Bearbeiten<\/a><span class=\"mw-editsection-bracket\">]<\/span><\/span><\/h2>\n<p><a rel=\"nofollow\" class=\"external text\" href=\"http:\/\/www.redbullsalzburg.at\/de\/fc-red-bull-salzburg\/news\/saison_2017_18\/ohne-worte-wir-schreiben-geschichte.html\">Spielbericht Vereinshomepage<\/a>\n<\/p>\n<h2><span class=\"mw-headline\" id=\"Bilder\">Bilder<\/span><a href=\"\/index.php?title=FC_Salzburg_gegen_Borussia_Dortmund&amp;action=edit&amp;section=3\" title=\"Abschnitt bearbeiten: Bilder\">Bearbeiten<\/a><span class=\"mw-editsection-bracket\">]<\/span><\/span><\/h2>\n<ul class=\"gallery mw-gallery-traditional\">\n<li class=\"gallerybox\" style=\"width: 155px\">\n<div style=\"width: 155px\">\n<div class=\"thumb\" style=\"width: 150px;\">\n<div style=\"margin:35px auto;\"><a href=\"\/Datei:FC_Salzburg_gegen_Borussia_Dortmund_(EL_Achtelfinale_R%C3%BCckspiel_15._M%C3%A4rz_2018)_33.jpg\" class=\"image\"><img alt=\"FC Salzburg gegen Borussia Dortmund (EL Achtelfinale R\u00fcckspiel 15. M\u00e4rz 2018) 33.jpg\" src=\"\/images\/thumb\/f\/f0\/FC_Salzburg_gegen_Borussia_Dortmund_%28EL_Achtelfinale_R%C3%BCckspiel_15._M%C3%A4rz_2018%29_33.jpg\/120px-FC_Salzburg_gegen_Borussia_Dortmund_%28EL_Achtelfinale_R%C3%BCckspiel_15._M%C3%A4rz_2018%29_33.jpg%3Futm_source%3Dcommons.wikimedia.org%26utm_campaign%3Dimageinfo%26utm_content%3Dthumbnail\" decoding=\"async\" width=\"120\" height=\"80\" srcset=\"\/images\/thumb\/f\/f0\/FC_Salzburg_gegen_Borussia_Dortmund_%28EL_Achtelfinale_R%C3%BCckspiel_15._M%C3%A4rz_2018%29_33.jpg\/250px-FC_Salzburg_gegen_Borussia_Dortmund_%28EL_Achtelfinale_R%C3%BCckspiel_15._M%C3%A4rz_2018%29_33.jpg%3Futm_source%3Dcommons.wikimedia.org%26utm_campaign%3Dimageinfo%26utm_content%3Dthumbnail 1.5x\" \/><\/a><\/div>\n<\/div>\n<div class=\"gallerytext\">\n\t\t\t<\/div>\n<\/p><\/div>\n<\/li>\n<li class=\"gallerybox\" style=\"width: 155px\">\n<div style=\"width: 155px\">\n<div class=\"thumb\" style=\"width: 150px;\">\n<div style=\"margin:15px auto;\"><a href=\"\/Datei:FC_Salzburg_gegen_Borussia_Dortmund_(EL_Achtelfinale_R%C3%BCckspiel_15._M%C3%A4rz_2018)_34.jpg\" class=\"image\"><img alt=\"FC Salzburg gegen Borussia Dortmund (EL Achtelfinale R\u00fcckspiel 15. M\u00e4rz 2018) 34.jpg\" src=\"\/images\/thumb\/8\/8e\/FC_Salzburg_gegen_Borussia_Dortmund_%28EL_Achtelfinale_R%C3%BCckspiel_15._M%C3%A4rz_2018%29_34.jpg\/120px-FC_Salzburg_gegen_Borussia_Dortmund_%28EL_Achtelfinale_R%C3%BCckspiel_15._M%C3%A4rz_2018%29_34.jpg%3Futm_source%3Dcommons.wikimedia.org%26utm_campaign%3Dimageinfo%26utm_content%3Dthumbnail\" decoding=\"async\" width=\"95\" height=\"120\" srcset=\"\/images\/thumb\/8\/8e\/FC_Salzburg_gegen_Borussia_Dortmund_%28EL_Achtelfinale_R%C3%BCckspiel_15._M%C3%A4rz_2018%29_34.jpg\/250px-FC_Salzburg_gegen_Borussia_Dortmund_%28EL_Achtelfinale_R%C3%BCckspiel_15._M%C3%A4rz_2018%29_34.jpg%3Futm_source%3Dcommons.wikimedia.org%26utm_campaign%3Dimageinfo%26utm_content%3Dthumbnail 1.5x\" \/><\/a><\/div>\n<\/div>\n<div class=\"gallerytext\">\n\t\t\t<\/div>\n<\/p><\/div>\n<\/li>\n<\/ul>\n<p><img alt=\"\" src=\"\/images\/thumb\/4\/4a\/Commons-logo.svg\/langde-20px-Commons-logo.svg.png%3Futm_source%3Dcommons.wikimedia.org%26utm_campaign%3Dimageinfo%26utm_content%3Dthumbnail\" decoding=\"async\" title=\"Commons\" width=\"12\" height=\"16\" srcset=\"\/images\/thumb\/4\/4a\/Commons-logo.svg\/langde-40px-Commons-logo.svg.png%3Futm_source%3Dcommons.wikimedia.org%26utm_campaign%3Dimageinfo%26utm_content%3Dthumbnail 2x\" \/>&#160;<b><a href=\"http:\/\/commons.wikimedia.org\/wiki\/Category:FC_Salzburg_gegen_Borussia_Dortmund_(EL_Achtelfinale_R%C3%BCckspiel_15._M%C3%A4rz_2018)\" class=\"extiw\" title=\"commons:Category:FC Salzburg gegen Borussia Dortmund (EL Achtelfinale R\u00fcckspiel 15. M\u00e4rz 2018)\">FC Salzburg gegen Borussia Dortmund<\/a><\/b>&#160;\u2013 Sammlung von Bildern, Videos und Audiodateien auf <a href=\"\/Wikimedia_Commons\" title=\"Wikimedia Commons\">Wikimedia Commons<\/a>\n<\/p>\n<h2><span class=\"mw-headline\" id=\"Stimmen_zum_Spiel\">Stimmen zum Spiel<\/span><a href=\"\/index.php?title=FC_Salzburg_gegen_Borussia_Dortmund&amp;action=edit&amp;section=4\" title=\"Abschnitt bearbeiten: Stimmen zum Spiel\">Bearbeiten<\/a><span class=\"mw-editsection-bracket\">]<\/span><\/span><\/h2>\n<ul>\n<li><b>Marco Rose:<\/b> Ich bin extrem stolz. Wir ziehen nach \u00fcber 180 Minuten verdient in die n\u00e4chste Runde ein. Die Mannschaft hat in beiden Spielen einen unglaublichen Willen und eine unglaubliche Bereitschaft an den Tag gelegt. Sie haben einen Gegner mit dieser Qualit\u00e4t nicht ins Spiel kommen lassen und nat\u00fcrlich auch in den richtigen Momenten das Qu\u00e4ntchen Gl\u00fcck gehabt, das man braucht. Aber dieses Gl\u00fcck haben wir uns erarbeitet. Ich glaube, dass der Aufstieg sehr, sehr verdient ist.<\/li>\n<\/ul>\n<ul>\n<li><b>Xaver Schlager:<\/b> \u00dcber beide Spiele gesehen, waren wir etwas besser als der BVB. Im Gro\u00dfen und Ganzen haben wir wenig zugelassen. Dortmund kann man nicht immer verteidigen, da hatten wir sicherlich etwas Gl\u00fcck. So ist das Ergebnis am Ende zustande gekommen. Wir freuen uns nun auf die Auslosung!<\/li>\n<\/ul>\n<\/div>\n","protected":false},"excerpt":{"rendered":"<p>FaktenBearbeiten] FC Salzburg gegen Borussia Dortmund, 0:0 Spieltag EL-Achtelfinale, R\u00fcckspiel Datum 15. M\u00e4rz 2018 Anpfiff 21.05 Uhr Aufstellung Tor Alexander Walke Verteidigung Stefan Lainer &#8211; Andre Ramalho &#8211; Duje Caleta-Car &#8211; Andreas Ulmer Mittelfeld Amadou Haidara &#8211; Diadie Samassekou &#8211; Valon Berisha &#8211; Xaver Schlager Sturm Hee-Chan Hwang &#8211; Munas Dabbur Wechsel Wechsel Fredrik Gulbrandsen [&hellip;]<\/p>\n","protected":false},"author":1,"featured_media":0,"parent":0,"menu_order":0,"comment_status":"closed","ping_status":"closed","template":"","meta":{"footnotes":""},"class_list":["post-4285","page","type-page","status-publish","hentry"],"_links":{"self":[{"href":"https:\/\/wiki.s12.at\/index.php\/wp-json\/wp\/v2\/pages\/4285","targetHints":{"allow":["GET"]}}],"collection":[{"href":"https:\/\/wiki.s12.at\/index.php\/wp-json\/wp\/v2\/pages"}],"about":[{"href":"https:\/\/wiki.s12.at\/index.php\/wp-json\/wp\/v2\/types\/page"}],"author":[{"embeddable":true,"href":"https:\/\/wiki.s12.at\/index.php\/wp-json\/wp\/v2\/users\/1"}],"replies":[{"embeddable":true,"href":"https:\/\/wiki.s12.at\/index.php\/wp-json\/wp\/v2\/comments?post=4285"}],"version-history":[{"count":0,"href":"https:\/\/wiki.s12.at\/index.php\/wp-json\/wp\/v2\/pages\/4285\/revisions"}],"wp:attachment":[{"href":"https:\/\/wiki.s12.at\/index.php\/wp-json\/wp\/v2\/media?parent=4285"}],"curies":[{"name":"wp","href":"https:\/\/api.w.org\/{rel}","templated":true}]}}

<div class="mw-parser-output">
<h2><span class="mw-headline" id="Fakten">Fakten</span><a href="/index.php?title=FC_Salzburg_gegen_Borussia_Dortmund&amp;action=edit&amp;section=1" title="Abschnitt bearbeiten: Fakten">Bearbeiten</a><span class="mw-editsection-bracket">]</span></span></h2>
<table class="toptextcells toccolours">
<tbody>
<tr>
<th colspan="2" style="text-align: center; vertical-align: top; padding: 0.3em 0.8em; font-size: 125%; background-color: lightsteelblue;">FC Salzburg gegen Borussia Dortmund, 0:0
</th>
</tr>
<tr>
<th style="text-align:left;"><b>Spieltag</b>
</th>
<th style="text-align:left;">EL-Achtelfinale, Rückspiel
</th>
</tr>
<tr>
<th style="text-align:left;"><b>Datum</b>
</th>
<th style="text-align:left;">15. März 2018
</th>
</tr>
<tr>
<th style="text-align:left;"><b>Anpfiff</b>
</th>
<th style="text-align:left;">21.05 Uhr
</th>
</tr>
<tr>
<td colspan="2" style="text-align:center;" bgcolor="lightgray"><b>Aufstellung</b>
</td>
</tr>
<tr>
<th style="text-align:left;"><b>Tor</b>
</th>
<th><a href="/Alexander_Walke" title="Alexander Walke">Alexander Walke</a>
</th>
</tr>
<tr>
<th style="text-align:left;"><b>Verteidigung</b>
</th>
<th><a href="/Stefan_Lainer" title="Stefan Lainer">Stefan Lainer</a> &#8211; <a href="/Andre_Ramalho" class="mw-redirect" title="Andre Ramalho">Andre Ramalho</a> &#8211; <a href="/Duje_Caleta-Car" title="Duje Caleta-Car">Duje Caleta-Car</a> &#8211; <a href="/Andreas_Ulmer" title="Andreas Ulmer">Andreas Ulmer</a>
</th>
</tr>
<tr>
<th style="text-align:left;"><b>Mittelfeld</b>
</th>
<th><a href="/Amadou_Haidara" title="Amadou Haidara">Amadou Haidara</a> &#8211; <a href="/Diadie_Samassekou" title="Diadie Samassekou">Diadie Samassekou </a> &#8211; <a href="/Valon_Berisha" title="Valon Berisha">Valon Berisha</a> &#8211; <a href="/Xaver_Schlager" title="Xaver Schlager">Xaver Schlager</a>
</th>
</tr>
<tr>
<th style="text-align:left;"><b>Sturm</b>
</th>
<th><a href="/Hee-Chan_Hwang" title="Hee-Chan Hwang">Hee-Chan Hwang</a> &#8211; <a href="/Munas_Dabbur" title="Munas Dabbur">Munas Dabbur</a>
</th>
</tr>
<tr>
<td colspan="2" style="text-align:center;" bgcolor="lightgray"><b>Wechsel</b>
</td>
</tr>
<tr>
<th style="text-align:left;"><b>Wechsel</b>
</th>
<th style="text-align:left;"><a href="/Fredrik_Gulbrandsen" title="Fredrik Gulbrandsen">Fredrik Gulbrandsen</a> für Hwang (66.), <a href="/Hannes_Wolf" title="Hannes Wolf">Hannes Wolf</a> für Schlager (79.), <a href="/Reinhold_Yabo" title="Reinhold Yabo">Reinhold Yabo</a> für Haidara (82.)
</th>
</tr>
<tr>
<td colspan="2" style="text-align:center;" bgcolor="lightgray"><b>Statistik</b>
</td>
</tr>
<tr>
<th style="text-align:left;"><b>Endstand</b>
</th>
<th style="text-align:left;">0:0
</th>
</tr>
<tr>
<th style="text-align:left;"><b>Torschützen</b>
</th>
<th style="text-align:left;">
</th>
</tr>
<tr>
<th style="text-align:left;"><b>Gelbe Karten</b>
</th>
<th style="text-align:left;">Hwang (52.), Berisha (63.), Ulmer (87.), Samassekou (92.);  	Sokratis (?)
</th>
</tr>
<tr>
<th style="text-align:left;"><b>Rote Karten</b>
</th>
<th style="text-align:left;">
</th>
</tr>
<tr>
<th style="text-align:left;"><b>Schiedsrichter</b>
</th>
<th style="text-align:left;">Benoit Bastien (FRA)
</th>
</tr>
<tr>
<th style="text-align:left;"><b>Stadion</b>
</th>
<th style="text-align:left;">EM-Stadion Wals-Siezenheim
</th>
</tr>
<tr>
<th style="text-align:left;"><b>Zuschauer</b>
</th>
<th style="text-align:left;">29 520 (ausverkauft)
</th>
</tr>
</tbody>
</table>
<h2><span class="mw-headline" id="Weblinks">Weblinks</span><a href="/index.php?title=FC_Salzburg_gegen_Borussia_Dortmund&amp;action=edit&amp;section=2" title="Abschnitt bearbeiten: Weblinks">Bearbeiten</a><span class="mw-editsection-bracket">]</span></span></h2>
<p><a rel="nofollow" class="external text" href="http://www.redbullsalzburg.at/de/fc-red-bull-salzburg/news/saison_2017_18/ohne-worte-wir-schreiben-geschichte.html">Spielbericht Vereinshomepage</a>
</p>
<h2><span class="mw-headline" id="Bilder">Bilder</span><a href="/index.php?title=FC_Salzburg_gegen_Borussia_Dortmund&amp;action=edit&amp;section=3" title="Abschnitt bearbeiten: Bilder">Bearbeiten</a><span class="mw-editsection-bracket">]</span></span></h2>
<ul class="gallery mw-gallery-traditional">
<li class="gallerybox" style="width: 155px">
<div style="width: 155px">
<div class="thumb" style="width: 150px;">
<div style="margin:35px auto;"><a href="/Datei:FC_Salzburg_gegen_Borussia_Dortmund_(EL_Achtelfinale_R%C3%BCckspiel_15._M%C3%A4rz_2018)_33.jpg" class="image"><img alt="FC Salzburg gegen Borussia Dortmund (EL Achtelfinale Rückspiel 15. März 2018) 33.jpg" src="/images/thumb/f/f0/FC_Salzburg_gegen_Borussia_Dortmund_%28EL_Achtelfinale_R%C3%BCckspiel_15._M%C3%A4rz_2018%29_33.jpg/120px-FC_Salzburg_gegen_Borussia_Dortmund_%28EL_Achtelfinale_R%C3%BCckspiel_15._M%C3%A4rz_2018%29_33.jpg%3Futm_source%3Dcommons.wikimedia.org%26utm_campaign%3Dimageinfo%26utm_content%3Dthumbnail" decoding="async" width="120" height="80" srcset="/images/thumb/f/f0/FC_Salzburg_gegen_Borussia_Dortmund_%28EL_Achtelfinale_R%C3%BCckspiel_15._M%C3%A4rz_2018%29_33.jpg/250px-FC_Salzburg_gegen_Borussia_Dortmund_%28EL_Achtelfinale_R%C3%BCckspiel_15._M%C3%A4rz_2018%29_33.jpg%3Futm_source%3Dcommons.wikimedia.org%26utm_campaign%3Dimageinfo%26utm_content%3Dthumbnail 1.5x" /></a></div>
</div>
<div class="gallerytext">
			</div>
</p></div>
</li>
<li class="gallerybox" style="width: 155px">
<div style="width: 155px">
<div class="thumb" style="width: 150px;">
<div style="margin:15px auto;"><a href="/Datei:FC_Salzburg_gegen_Borussia_Dortmund_(EL_Achtelfinale_R%C3%BCckspiel_15._M%C3%A4rz_2018)_34.jpg" class="image"><img alt="FC Salzburg gegen Borussia Dortmund (EL Achtelfinale Rückspiel 15. März 2018) 34.jpg" src="/images/thumb/8/8e/FC_Salzburg_gegen_Borussia_Dortmund_%28EL_Achtelfinale_R%C3%BCckspiel_15._M%C3%A4rz_2018%29_34.jpg/120px-FC_Salzburg_gegen_Borussia_Dortmund_%28EL_Achtelfinale_R%C3%BCckspiel_15._M%C3%A4rz_2018%29_34.jpg%3Futm_source%3Dcommons.wikimedia.org%26utm_campaign%3Dimageinfo%26utm_content%3Dthumbnail" decoding="async" width="95" height="120" srcset="/images/thumb/8/8e/FC_Salzburg_gegen_Borussia_Dortmund_%28EL_Achtelfinale_R%C3%BCckspiel_15._M%C3%A4rz_2018%29_34.jpg/250px-FC_Salzburg_gegen_Borussia_Dortmund_%28EL_Achtelfinale_R%C3%BCckspiel_15._M%C3%A4rz_2018%29_34.jpg%3Futm_source%3Dcommons.wikimedia.org%26utm_campaign%3Dimageinfo%26utm_content%3Dthumbnail 1.5x" /></a></div>
</div>
<div class="gallerytext">
			</div>
</p></div>
</li>
</ul>
<p><img alt="" src="/images/thumb/4/4a/Commons-logo.svg/langde-20px-Commons-logo.svg.png%3Futm_source%3Dcommons.wikimedia.org%26utm_campaign%3Dimageinfo%26utm_content%3Dthumbnail" decoding="async" title="Commons" width="12" height="16" srcset="/images/thumb/4/4a/Commons-logo.svg/langde-40px-Commons-logo.svg.png%3Futm_source%3Dcommons.wikimedia.org%26utm_campaign%3Dimageinfo%26utm_content%3Dthumbnail 2x" />&#160;<b><a href="http://commons.wikimedia.org/wiki/Category:FC_Salzburg_gegen_Borussia_Dortmund_(EL_Achtelfinale_R%C3%BCckspiel_15._M%C3%A4rz_2018)" class="extiw" title="commons:Category:FC Salzburg gegen Borussia Dortmund (EL Achtelfinale Rückspiel 15. März 2018)">FC Salzburg gegen Borussia Dortmund</a></b>&#160;– Sammlung von Bildern, Videos und Audiodateien auf <a href="/Wikimedia_Commons" title="Wikimedia Commons">Wikimedia Commons</a>
</p>
<h2><span class="mw-headline" id="Stimmen_zum_Spiel">Stimmen zum Spiel</span><a href="/index.php?title=FC_Salzburg_gegen_Borussia_Dortmund&amp;action=edit&amp;section=4" title="Abschnitt bearbeiten: Stimmen zum Spiel">Bearbeiten</a><span class="mw-editsection-bracket">]</span></span></h2>
<ul>
<li><b>Marco Rose:</b> Ich bin extrem stolz. Wir ziehen nach über 180 Minuten verdient in die nächste Runde ein. Die Mannschaft hat in beiden Spielen einen unglaublichen Willen und eine unglaubliche Bereitschaft an den Tag gelegt. Sie haben einen Gegner mit dieser Qualität nicht ins Spiel kommen lassen und natürlich auch in den richtigen Momenten das Quäntchen Glück gehabt, das man braucht. Aber dieses Glück haben wir uns erarbeitet. Ich glaube, dass der Aufstieg sehr, sehr verdient ist.</li>
</ul>
<ul>
<li><b>Xaver Schlager:</b> Über beide Spiele gesehen, waren wir etwas besser als der BVB. Im Großen und Ganzen haben wir wenig zugelassen. Dortmund kann man nicht immer verteidigen, da hatten wir sicherlich etwas Glück. So ist das Ergebnis am Ende zustande gekommen. Wir freuen uns nun auf die Auslosung!</li>
</ul>
</div>

<p>FaktenBearbeiten] FC Salzburg gegen Borussia Dortmund, 0:0 Spieltag EL-Achtelfinale, Rückspiel Datum 15. März 2018 Anpfiff 21.05 Uhr Aufstellung Tor Alexander Walke Verteidigung Stefan Lainer &#8211; Andre Ramalho &#8211; Duje Caleta-Car &#8211; Andreas Ulmer Mittelfeld Amadou Haidara &#8211; Diadie Samassekou &#8211; Valon Berisha &#8211; Xaver Schlager Sturm Hee-Chan Hwang &#8211; Munas Dabbur Wechsel Wechsel Fredrik Gulbrandsen [&hellip;]</p>
