{"id":4284,"date":"2026-05-06T15:40:31","date_gmt":"2026-05-06T13:40:31","guid":{"rendered":"https:\/\/wiki.s12.at\/index.php\/fc-salzburg-gegen-besiktas-istanbul\/"},"modified":"2026-05-06T15:40:31","modified_gmt":"2026-05-06T13:40:31","slug":"fc-salzburg-gegen-besiktas-istanbul","status":"publish","type":"page","link":"https:\/\/wiki.s12.at\/index.php\/fc-salzburg-gegen-besiktas-istanbul\/","title":{"rendered":"FC Salzburg gegen Besiktas Istanbul"},"content":{"rendered":"<div class=\"mw-parser-output\">\n<h2><span class=\"mw-headline\" id=\"Fakten\">Fakten<\/span><a href=\"\/index.php?title=FC_Salzburg_gegen_Besiktas_Istanbul&amp;action=edit&amp;section=1\" title=\"Abschnitt bearbeiten: Fakten\">Bearbeiten<\/a><span class=\"mw-editsection-bracket\">]<\/span><\/span><\/h2>\n<table class=\"toptextcells toccolours\">\n<tbody>\n<tr>\n<th colspan=\"2\" style=\"text-align: center; vertical-align: top; padding: 0.3em 0.8em; font-size: 125%; background-color: lightsteelblue;\">FC Salzburg gegen Besiktas Istanbul, 5:1\n<\/th>\n<\/tr>\n<tr>\n<th style=\"text-align:left;\"><b>Spieltag<\/b>\n<\/th>\n<th style=\"text-align:left;\">Uefa-Youth-League 2. Runde R\u00fcckspiel\n<\/th>\n<\/tr>\n<tr>\n<th style=\"text-align:left;\"><b>Datum<\/b>\n<\/th>\n<th style=\"text-align:left;\">24. November 2015\n<\/th>\n<\/tr>\n<tr>\n<th style=\"text-align:left;\"><b>Anpfiff<\/b>\n<\/th>\n<th style=\"text-align:left;\">18 Uhr\n<\/th>\n<\/tr>\n<tr>\n<td colspan=\"2\" style=\"text-align:center;\" bgcolor=\"lightgray\"><b>Aufstellung<\/b>\n<\/td>\n<\/tr>\n<tr>\n<th style=\"text-align:left;\"><b>Tor<\/b>\n<\/th>\n<th><a href=\"\/Bartlomiej_Zynel\" class=\"mw-redirect\" title=\"Bartlomiej Zynel\">Bartlomiej Zynel<\/a>\n<\/th>\n<\/tr>\n<tr>\n<th style=\"text-align:left;\"><b>Verteidigung<\/b>\n<\/th>\n<th><a href=\"\/Sandro_Ingolitsch\" title=\"Sandro Ingolitsch\">Sandro Ingolitsch<\/a> <a href=\"\/Dayot_Upamecano\" title=\"Dayot Upamecano\">Dayot Upamecano<\/a> <a href=\"\/David_Gugganig\" title=\"David Gugganig\">David Gugganig<\/a> <a href=\"\/Michael_Switil\" title=\"Michael Switil\">Michael Switil<\/a>\n<\/th>\n<\/tr>\n<tr>\n<th style=\"text-align:left;\"><b>Mittelfeld<\/b>\n<\/th>\n<th><a href=\"\/Konrad_Laimer\" title=\"Konrad Laimer\">Konrad Laimer<\/a> <a href=\"\/Xaver_Schlager\" title=\"Xaver Schlager\">Xaver Schlager<\/a> <a href=\"\/Marco_H%C3%B6dl\" title=\"Marco H\u00f6dl\">Marco H\u00f6dl<\/a> <a href=\"\/Mergim_Berisha\" title=\"Mergim Berisha\">Mergim Berisha<\/a>\n<\/th>\n<\/tr>\n<tr>\n<th style=\"text-align:left;\"><b>Sturm<\/b>\n<\/th>\n<th><a href=\"\/Dimitri_Oberlin\" title=\"Dimitri Oberlin\">Dimitri Oberlin<\/a> <a href=\"\/Lorenz_Grabovac\" title=\"Lorenz Grabovac\">Lorenz Grabovac<\/a>\n<\/th>\n<\/tr>\n<tr>\n<td colspan=\"2\" style=\"text-align:center;\" bgcolor=\"lightgray\"><b>Wechsel<\/b>\n<\/td>\n<\/tr>\n<tr>\n<th style=\"text-align:left;\"><b>Wechsel<\/b>\n<\/th>\n<th style=\"text-align:left;\"><a href=\"\/Dmitri_Skopintchev\" title=\"Dmitri Skopintchev\">Dmitri Skopintchev<\/a>  f\u00fcr Switil (46.), <a href=\"\/Alexander_Schmidt\" title=\"Alexander Schmidt\">Alexander Schmidt<\/a> f\u00fcr Grabovac (55.), <a href=\"\/Emir_Karic\" title=\"Emir Karic\">Emir Karic<\/a> f\u00fcr H\u00f6dl (83.)\n<\/th>\n<\/tr>\n<tr>\n<td colspan=\"2\" style=\"text-align:center;\" bgcolor=\"lightgray\"><b>Statistik<\/b>\n<\/td>\n<\/tr>\n<tr>\n<th style=\"text-align:left;\"><b>Endstand<\/b>\n<\/th>\n<th style=\"text-align:left;\">5:1 (1:1)\n<\/th>\n<\/tr>\n<tr>\n<th style=\"text-align:left;\"><b>Torsch\u00fctzen<\/b>\n<\/th>\n<th style=\"text-align:left;\">Oberlin (13.,74., 77.), Upamecano (59.),Schlager (66.); Afkan (36.)\n<\/th>\n<\/tr>\n<tr>\n<th style=\"text-align:left;\"><b>Gelbe Karten<\/b>\n<\/th>\n<th style=\"text-align:left;\">Laimer (50.), Ingolitsch (74.); Turan (52.), Y\u0131lmaz (75.), Akbulut (86.)\n<\/th>\n<\/tr>\n<tr>\n<th style=\"text-align:left;\"><b>Rote Karten<\/b>\n<\/th>\n<th style=\"text-align:left;\">\n<\/th>\n<\/tr>\n<tr>\n<th style=\"text-align:left;\"><b>Schiedsrichter<\/b>\n<\/th>\n<th style=\"text-align:left;\">Sandor Ando-Szabo (HUN)\n<\/th>\n<\/tr>\n<tr>\n<th style=\"text-align:left;\"><b>Stadion<\/b>\n<\/th>\n<th style=\"text-align:left;\">Untersberg-Arena, Gr\u00f6dig\n<\/th>\n<\/tr>\n<tr>\n<th style=\"text-align:left;\"><b>Zuschauer<\/b>\n<\/th>\n<th style=\"text-align:left;\">800\n<\/th>\n<\/tr>\n<\/tbody>\n<\/table>\n<h2><span class=\"mw-headline\" id=\"Weblinks\">Weblinks<\/span><a href=\"\/index.php?title=FC_Salzburg_gegen_Besiktas_Istanbul&amp;action=edit&amp;section=2\" title=\"Abschnitt bearbeiten: Weblinks\">Bearbeiten<\/a><span class=\"mw-editsection-bracket\">]<\/span><\/span><\/h2>\n<ul>\n<li><a rel=\"nofollow\" class=\"external text\" href=\"http:\/\/www.redbullsalzburg.at\/de\/fc-red-bull-salzburg\/news\/saison_2015_16\/jungbullen-fixieren-mit-kantersieg-aufstieg-ins-playoff.html\">Spielbericht Vereinshomepage<\/a><\/li>\n<\/ul>\n<h2><span class=\"mw-headline\" id=\"Stimmen_zum_Spiel\">Stimmen zum Spiel<\/span><a href=\"\/index.php?title=FC_Salzburg_gegen_Besiktas_Istanbul&amp;action=edit&amp;section=3\" title=\"Abschnitt bearbeiten: Stimmen zum Spiel\">Bearbeiten<\/a><span class=\"mw-editsection-bracket\">]<\/span><\/span><\/h2>\n<ul>\n<li><b>Thomas Letsch:<\/b> Wir sind heute zu 100% zufrieden. Die Art und Weise, wie wir gespielt haben, war richtig beeindruckend. Das 5:1 spiegelt den Spielverlauf definitiv wider. Die ganze Woche haben wir gesp\u00fcrt, dass die Mannschaft auf das R\u00fcckspiel brennt und vom Aufstieg \u00fcberzeugt ist \u2013das hat man \u00fcber 90 Minuten gesehen. Jetzt werden wir den Erfolg genie\u00dfen und schauen gespannt auf die Auslosung Mitte Dezember.<\/li>\n<\/ul>\n<ul>\n<li><b>Xaver Schlager:<\/b> Nach der Hinspiel-Niederlage war die Ausgangssituation alles andere als optimal, der Druck war definitiv auf unserer Seite. Wir haben aber einen guten Weg gefunden, die Situation richtig einzuordnen und damit umzugehen. Alle Trainer und Spieler haben daran geglaubt, dass wir das R\u00fcckspiel f\u00fcr uns entscheiden und somit den Aufstieg ins Play-off fixieren k\u00f6nnen. Ich bin \u00fcbergl\u00fccklich, dass uns das gelungen ist. Solche Partien bringen uns alle einen Schritt weiter.<\/li>\n<\/ul>\n<ul>\n<li><b>Dayot Upamecano:<\/b> Die beiden Spiele gegen Besiktas Istanbul waren eine gro\u00dfe Herausforderung f\u00fcr uns, an die wir \u00e4u\u00dferst positiv herangegangen sind. F\u00fcr jeden einzelnen von uns war es eine tolle Erfahrung, die uns f\u00fcr die n\u00e4chsten Partien pr\u00e4gen wird. Wir k\u00f6nnen stolz darauf sein, dass wir eine sehr starke internationale Mannschaft ausgeschaltet und uns verdient f\u00fcr die n\u00e4chste Runde qualifiziert haben.<\/li>\n<\/ul>\n<\/div>\n","protected":false},"excerpt":{"rendered":"<p>FaktenBearbeiten] FC Salzburg gegen Besiktas Istanbul, 5:1 Spieltag Uefa-Youth-League 2. Runde R\u00fcckspiel Datum 24. November 2015 Anpfiff 18 Uhr Aufstellung Tor Bartlomiej Zynel Verteidigung Sandro Ingolitsch Dayot Upamecano David Gugganig Michael Switil Mittelfeld Konrad Laimer Xaver Schlager Marco H\u00f6dl Mergim Berisha Sturm Dimitri Oberlin Lorenz Grabovac Wechsel Wechsel Dmitri Skopintchev f\u00fcr Switil (46.), Alexander Schmidt [&hellip;]<\/p>\n","protected":false},"author":1,"featured_media":0,"parent":0,"menu_order":0,"comment_status":"closed","ping_status":"closed","template":"","meta":{"footnotes":""},"class_list":["post-4284","page","type-page","status-publish","hentry"],"_links":{"self":[{"href":"https:\/\/wiki.s12.at\/index.php\/wp-json\/wp\/v2\/pages\/4284","targetHints":{"allow":["GET"]}}],"collection":[{"href":"https:\/\/wiki.s12.at\/index.php\/wp-json\/wp\/v2\/pages"}],"about":[{"href":"https:\/\/wiki.s12.at\/index.php\/wp-json\/wp\/v2\/types\/page"}],"author":[{"embeddable":true,"href":"https:\/\/wiki.s12.at\/index.php\/wp-json\/wp\/v2\/users\/1"}],"replies":[{"embeddable":true,"href":"https:\/\/wiki.s12.at\/index.php\/wp-json\/wp\/v2\/comments?post=4284"}],"version-history":[{"count":0,"href":"https:\/\/wiki.s12.at\/index.php\/wp-json\/wp\/v2\/pages\/4284\/revisions"}],"wp:attachment":[{"href":"https:\/\/wiki.s12.at\/index.php\/wp-json\/wp\/v2\/media?parent=4284"}],"curies":[{"name":"wp","href":"https:\/\/api.w.org\/{rel}","templated":true}]}}

<div class="mw-parser-output">
<h2><span class="mw-headline" id="Fakten">Fakten</span><a href="/index.php?title=FC_Salzburg_gegen_Besiktas_Istanbul&amp;action=edit&amp;section=1" title="Abschnitt bearbeiten: Fakten">Bearbeiten</a><span class="mw-editsection-bracket">]</span></span></h2>
<table class="toptextcells toccolours">
<tbody>
<tr>
<th colspan="2" style="text-align: center; vertical-align: top; padding: 0.3em 0.8em; font-size: 125%; background-color: lightsteelblue;">FC Salzburg gegen Besiktas Istanbul, 5:1
</th>
</tr>
<tr>
<th style="text-align:left;"><b>Spieltag</b>
</th>
<th style="text-align:left;">Uefa-Youth-League 2. Runde Rückspiel
</th>
</tr>
<tr>
<th style="text-align:left;"><b>Datum</b>
</th>
<th style="text-align:left;">24. November 2015
</th>
</tr>
<tr>
<th style="text-align:left;"><b>Anpfiff</b>
</th>
<th style="text-align:left;">18 Uhr
</th>
</tr>
<tr>
<td colspan="2" style="text-align:center;" bgcolor="lightgray"><b>Aufstellung</b>
</td>
</tr>
<tr>
<th style="text-align:left;"><b>Tor</b>
</th>
<th><a href="/Bartlomiej_Zynel" class="mw-redirect" title="Bartlomiej Zynel">Bartlomiej Zynel</a>
</th>
</tr>
<tr>
<th style="text-align:left;"><b>Verteidigung</b>
</th>
<th><a href="/Sandro_Ingolitsch" title="Sandro Ingolitsch">Sandro Ingolitsch</a> <a href="/Dayot_Upamecano" title="Dayot Upamecano">Dayot Upamecano</a> <a href="/David_Gugganig" title="David Gugganig">David Gugganig</a> <a href="/Michael_Switil" title="Michael Switil">Michael Switil</a>
</th>
</tr>
<tr>
<th style="text-align:left;"><b>Mittelfeld</b>
</th>
<th><a href="/Konrad_Laimer" title="Konrad Laimer">Konrad Laimer</a> <a href="/Xaver_Schlager" title="Xaver Schlager">Xaver Schlager</a> <a href="/Marco_H%C3%B6dl" title="Marco Hödl">Marco Hödl</a> <a href="/Mergim_Berisha" title="Mergim Berisha">Mergim Berisha</a>
</th>
</tr>
<tr>
<th style="text-align:left;"><b>Sturm</b>
</th>
<th><a href="/Dimitri_Oberlin" title="Dimitri Oberlin">Dimitri Oberlin</a> <a href="/Lorenz_Grabovac" title="Lorenz Grabovac">Lorenz Grabovac</a>
</th>
</tr>
<tr>
<td colspan="2" style="text-align:center;" bgcolor="lightgray"><b>Wechsel</b>
</td>
</tr>
<tr>
<th style="text-align:left;"><b>Wechsel</b>
</th>
<th style="text-align:left;"><a href="/Dmitri_Skopintchev" title="Dmitri Skopintchev">Dmitri Skopintchev</a>  für Switil (46.), <a href="/Alexander_Schmidt" title="Alexander Schmidt">Alexander Schmidt</a> für Grabovac (55.), <a href="/Emir_Karic" title="Emir Karic">Emir Karic</a> für Hödl (83.)
</th>
</tr>
<tr>
<td colspan="2" style="text-align:center;" bgcolor="lightgray"><b>Statistik</b>
</td>
</tr>
<tr>
<th style="text-align:left;"><b>Endstand</b>
</th>
<th style="text-align:left;">5:1 (1:1)
</th>
</tr>
<tr>
<th style="text-align:left;"><b>Torschützen</b>
</th>
<th style="text-align:left;">Oberlin (13.,74., 77.), Upamecano (59.),Schlager (66.); Afkan (36.)
</th>
</tr>
<tr>
<th style="text-align:left;"><b>Gelbe Karten</b>
</th>
<th style="text-align:left;">Laimer (50.), Ingolitsch (74.); Turan (52.), Yılmaz (75.), Akbulut (86.)
</th>
</tr>
<tr>
<th style="text-align:left;"><b>Rote Karten</b>
</th>
<th style="text-align:left;">
</th>
</tr>
<tr>
<th style="text-align:left;"><b>Schiedsrichter</b>
</th>
<th style="text-align:left;">Sandor Ando-Szabo (HUN)
</th>
</tr>
<tr>
<th style="text-align:left;"><b>Stadion</b>
</th>
<th style="text-align:left;">Untersberg-Arena, Grödig
</th>
</tr>
<tr>
<th style="text-align:left;"><b>Zuschauer</b>
</th>
<th style="text-align:left;">800
</th>
</tr>
</tbody>
</table>
<h2><span class="mw-headline" id="Weblinks">Weblinks</span><a href="/index.php?title=FC_Salzburg_gegen_Besiktas_Istanbul&amp;action=edit&amp;section=2" title="Abschnitt bearbeiten: Weblinks">Bearbeiten</a><span class="mw-editsection-bracket">]</span></span></h2>
<ul>
<li><a rel="nofollow" class="external text" href="http://www.redbullsalzburg.at/de/fc-red-bull-salzburg/news/saison_2015_16/jungbullen-fixieren-mit-kantersieg-aufstieg-ins-playoff.html">Spielbericht Vereinshomepage</a></li>
</ul>
<h2><span class="mw-headline" id="Stimmen_zum_Spiel">Stimmen zum Spiel</span><a href="/index.php?title=FC_Salzburg_gegen_Besiktas_Istanbul&amp;action=edit&amp;section=3" title="Abschnitt bearbeiten: Stimmen zum Spiel">Bearbeiten</a><span class="mw-editsection-bracket">]</span></span></h2>
<ul>
<li><b>Thomas Letsch:</b> Wir sind heute zu 100% zufrieden. Die Art und Weise, wie wir gespielt haben, war richtig beeindruckend. Das 5:1 spiegelt den Spielverlauf definitiv wider. Die ganze Woche haben wir gespürt, dass die Mannschaft auf das Rückspiel brennt und vom Aufstieg überzeugt ist –das hat man über 90 Minuten gesehen. Jetzt werden wir den Erfolg genießen und schauen gespannt auf die Auslosung Mitte Dezember.</li>
</ul>
<ul>
<li><b>Xaver Schlager:</b> Nach der Hinspiel-Niederlage war die Ausgangssituation alles andere als optimal, der Druck war definitiv auf unserer Seite. Wir haben aber einen guten Weg gefunden, die Situation richtig einzuordnen und damit umzugehen. Alle Trainer und Spieler haben daran geglaubt, dass wir das Rückspiel für uns entscheiden und somit den Aufstieg ins Play-off fixieren können. Ich bin überglücklich, dass uns das gelungen ist. Solche Partien bringen uns alle einen Schritt weiter.</li>
</ul>
<ul>
<li><b>Dayot Upamecano:</b> Die beiden Spiele gegen Besiktas Istanbul waren eine große Herausforderung für uns, an die wir äußerst positiv herangegangen sind. Für jeden einzelnen von uns war es eine tolle Erfahrung, die uns für die nächsten Partien prägen wird. Wir können stolz darauf sein, dass wir eine sehr starke internationale Mannschaft ausgeschaltet und uns verdient für die nächste Runde qualifiziert haben.</li>
</ul>
</div>

<p>FaktenBearbeiten] FC Salzburg gegen Besiktas Istanbul, 5:1 Spieltag Uefa-Youth-League 2. Runde Rückspiel Datum 24. November 2015 Anpfiff 18 Uhr Aufstellung Tor Bartlomiej Zynel Verteidigung Sandro Ingolitsch Dayot Upamecano David Gugganig Michael Switil Mittelfeld Konrad Laimer Xaver Schlager Marco Hödl Mergim Berisha Sturm Dimitri Oberlin Lorenz Grabovac Wechsel Wechsel Dmitri Skopintchev für Switil (46.), Alexander Schmidt [&hellip;]</p>
