{"id":4283,"date":"2026-05-06T15:40:11","date_gmt":"2026-05-06T13:40:11","guid":{"rendered":"https:\/\/wiki.s12.at\/index.php\/fc-salzburg-gegen-benfica-lissabon\/"},"modified":"2026-05-06T15:40:11","modified_gmt":"2026-05-06T13:40:11","slug":"fc-salzburg-gegen-benfica-lissabon","status":"publish","type":"page","link":"https:\/\/wiki.s12.at\/index.php\/fc-salzburg-gegen-benfica-lissabon\/","title":{"rendered":"FC Salzburg gegen Benfica Lissabon"},"content":{"rendered":"<div class=\"mw-parser-output\">\n<table class=\"toptextcells toccolours\">\n<tbody>\n<tr>\n<th colspan=\"2\" style=\"text-align: center; vertical-align: top; padding: 0.3em 0.8em; font-size: 125%; background-color: lightsteelblue;\">FC Salzburg gegen Benfica Lissabon, 1-3\n<\/th>\n<\/tr>\n<tr>\n<th style=\"text-align:left;\"><b>Spieltag<\/b>\n<\/th>\n<th style=\"text-align:left;\">UEFA-Championsleague, Gruppe D-6. Runde\n<\/th>\n<\/tr>\n<tr>\n<th style=\"text-align:left;\"><b>Datum<\/b>\n<\/th>\n<th style=\"text-align:left;\">12. Dezember 2023\n<\/th>\n<\/tr>\n<tr>\n<th style=\"text-align:left;\"><b>Anpfiff<\/b>\n<\/th>\n<th style=\"text-align:left;\">21 Uhr\n<\/th>\n<\/tr>\n<tr>\n<td colspan=\"2\" style=\"text-align:center;\" bgcolor=\"lightgray\"><b>Aufstellung<\/b>\n<\/td>\n<\/tr>\n<tr>\n<th style=\"text-align:left;\"><b>Tor<\/b>\n<\/th>\n<th><a href=\"\/Alexander_Schlager\" title=\"Alexander Schlager\">Alexander Schlager<\/a>\n<\/th>\n<\/tr>\n<tr>\n<th style=\"text-align:left;\"><b>Verteidigung<\/b>\n<\/th>\n<th><a href=\"\/Amar_Dedic\" title=\"Amar Dedic\">Amar Dedic<\/a>  &#8211; <a href=\"\/Kamil_Piatkowski\" title=\"Kamil Piatkowski\">Kamil Piatkowski<\/a>  &#8211;<a href=\"\/Strahinja_Pavlovic\" title=\"Strahinja Pavlovic\">Strahinja Pavlovic<\/a>  &#8211;  <a href=\"\/Samson_Baidoo\" title=\"Samson Baidoo\">Samson Baidoo<\/a>\n<\/th>\n<\/tr>\n<tr>\n<th style=\"text-align:left;\"><b>Mittelfeld<\/b>\n<\/th>\n<th><a href=\"\/Lucas_Gourna-Douath\" title=\"Lucas Gourna-Douath\">Lucas Gourna-Douath<\/a>  &#8211; <a href=\"\/Mads_Bidstrup\" title=\"Mads Bidstrup\">Mads Bidstrup<\/a>  &#8211;  <a href=\"\/Luka_Sucic\" title=\"Luka Sucic\">Luka Sucic<\/a>&#8211; <a href=\"\/Oscar_Gloukh\" title=\"Oscar Gloukh\">Oscar Gloukh<\/a>\n<\/th>\n<\/tr>\n<tr>\n<th style=\"text-align:left;\"><b>Sturm<\/b>\n<\/th>\n<th><a href=\"\/Dorgeles_Nene\" class=\"mw-redirect\" title=\"Dorgeles Nene\">Dorgeles Nene<\/a> &#8211; <a href=\"\/Petar_Ratkov\" title=\"Petar Ratkov\">Petar Ratkov<\/a>\n<\/th>\n<\/tr>\n<tr>\n<td colspan=\"2\" style=\"text-align:center;\" bgcolor=\"lightgray\"><b>Wechsel<\/b>\n<\/td>\n<\/tr>\n<tr>\n<th style=\"text-align:left;\"><b>Wechsel<\/b>\n<\/th>\n<th style=\"text-align:left;\"><a href=\"\/Fernando\" class=\"mw-redirect\" title=\"Fernando\">Fernando<\/a> f\u00fcr Ratkov (55.), <a href=\"\/Sekou_Koita\" title=\"Sekou Koita\">Sekou Koita<\/a> f\u00fcr Nene (55.), <a href=\"\/Dijon_Kameri\" title=\"Dijon Kameri\">Dijon Kameri<\/a> f\u00fcr Gloukh (82.), <br \/><a href=\"\/Roko_Simic\" title=\"Roko Simic\">Roko Simic<\/a> f\u00fcr Bidstrup (90.+5)\n<\/th>\n<\/tr>\n<tr>\n<td colspan=\"2\" style=\"text-align:center;\" bgcolor=\"lightgray\"><b>Statistik<\/b>\n<\/td>\n<\/tr>\n<tr>\n<th style=\"text-align:left;\"><b>Endstand<\/b>\n<\/th>\n<th style=\"text-align:left;\">1:3 (0:2)\n<\/th>\n<\/tr>\n<tr>\n<th style=\"text-align:left;\"><b>Torsch\u00fctzen<\/b>\n<\/th>\n<th style=\"text-align:left;\">Sucic (57.); Di Maria (32.), Da Silva (45.+1), Cabral  (92.)\n<\/th>\n<\/tr>\n<tr>\n<th style=\"text-align:left;\"><b>Gelbe Karten<\/b>\n<\/th>\n<th style=\"text-align:left;\">Gourna-Douath (10.), Ratkov (51.), Kameri (82.), Schlager (90.); Morato (45.+4), Musa (72.)\n<\/th>\n<\/tr>\n<tr>\n<th style=\"text-align:left;\"><b>Rote Karten<\/b>\n<\/th>\n<th style=\"text-align:left;\">\n<\/th>\n<\/tr>\n<tr>\n<th style=\"text-align:left;\"><b>Schiedsrichter<\/b>\n<\/th>\n<th style=\"text-align:left;\">Daniel Siebert (GER)\n<\/th>\n<\/tr>\n<tr>\n<th style=\"text-align:left;\"><b>Stadion<\/b>\n<\/th>\n<th style=\"text-align:left;\">Stadion Salzburg\n<\/th>\n<\/tr>\n<tr>\n<th style=\"text-align:left;\"><b>Zuschauer<\/b>\n<\/th>\n<th style=\"text-align:left;\">27 000\n<\/th>\n<\/tr>\n<\/tbody>\n<\/table>\n<h2><span class=\"mw-headline\" id=\"Spielbericht\">Spielbericht<\/span><a href=\"\/index.php?title=FC_Salzburg_gegen_Benfica_Lissabon&amp;action=edit&amp;section=1\" title=\"Abschnitt bearbeiten: Spielbericht\">Bearbeiten<\/a><span class=\"mw-editsection-bracket\">]<\/span><\/span><\/h2>\n<p><a rel=\"nofollow\" class=\"external text\" href=\"https:\/\/www.redbullsalzburg.at\/de\/2023-2024\/spielplan\/champions-league-runde-6-fc-salzburg-vs-benfica#spielbericht\">Spielbericht Vereinshomepage<\/a>\n<\/p>\n<h2><span class=\"mw-headline\" id=\"Stimmen_zum_Spiel\">Stimmen zum Spiel<\/span><a href=\"\/index.php?title=FC_Salzburg_gegen_Benfica_Lissabon&amp;action=edit&amp;section=2\" title=\"Abschnitt bearbeiten: Stimmen zum Spiel\">Bearbeiten<\/a><span class=\"mw-editsection-bracket\">]<\/span><\/span><\/h2>\n<p><b>Gerhard Struber:<\/b> Wenn man sich Ziele steckt und einem diese Ziele im letzten Moment aus der Hand genommen werden, dann f\u00fchlt es sich nat\u00fcrlich f\u00fcr uns alle nicht fein an. Es war am Ende ein harter Schlag ins Gesicht. Wir haben Benfica Lissabon auf einem sehr guten Niveau erlebt \u2013 speziell Di Maria, der dem Spiel seinen Stempel aufgedr\u00fcckt hat. Wir haben immer wieder das Momentum auf unsere Seite ziehen k\u00f6nnen. Man braucht gegen einen Gegner auf diesem Level allerdings einen besonderen Tag. Am Ende ist es ein bitterer Moment, er soll uns aber auch reifen lassen.\n<\/p>\n<p><b>Alexander Schlager:<\/b> In so einem Moment, in dem es um so viel geht, kurz vor Schluss auszuscheiden, tut extrem weh. Man kann es gar nicht mit Worten beschreiben. Aber wir m\u00fcssen die Lehren aus dem Spiel ziehen, so hart es auch ist. Wir haben in den letzten 20 Minuten viele Dinge nicht mehr richtig gemacht, und Benfica ist eine Mannschaft, die in der Offensive mit Weltklassespielern gespickt ist \u2013 das haben sie auch unter Beweis gestellt. Es hat nicht gereicht, es war leider nicht genug.\n<\/p>\n<p><b>Luka Sucic:<\/b> Schwer zu beschreiben, wie wir uns nun f\u00fchlen. In erster Linie sind wir extrem entt\u00e4uscht. Wir haben uns vorgenommen, in Europa zu \u00fcberwintern, m\u00fcssen das aber so akzeptieren und k\u00f6nnen viel daraus lernen. Wir haben gegen Top-Gegner gespielt, haben vielleicht sogar die schwerste Gruppe insgesamt bekommen. In der 92. Minute das Tor zu bekommen, ist nat\u00fcrlich bitter.\n<\/p>\n<\/div>\n","protected":false},"excerpt":{"rendered":"<p>FC Salzburg gegen Benfica Lissabon, 1-3 Spieltag UEFA-Championsleague, Gruppe D-6. Runde Datum 12. Dezember 2023 Anpfiff 21 Uhr Aufstellung Tor Alexander Schlager Verteidigung Amar Dedic &#8211; Kamil Piatkowski &#8211;Strahinja Pavlovic &#8211; Samson Baidoo Mittelfeld Lucas Gourna-Douath &#8211; Mads Bidstrup &#8211; Luka Sucic&#8211; Oscar Gloukh Sturm Dorgeles Nene &#8211; Petar Ratkov Wechsel Wechsel Fernando f\u00fcr Ratkov [&hellip;]<\/p>\n","protected":false},"author":1,"featured_media":0,"parent":0,"menu_order":0,"comment_status":"closed","ping_status":"closed","template":"","meta":{"footnotes":""},"class_list":["post-4283","page","type-page","status-publish","hentry"],"_links":{"self":[{"href":"https:\/\/wiki.s12.at\/index.php\/wp-json\/wp\/v2\/pages\/4283","targetHints":{"allow":["GET"]}}],"collection":[{"href":"https:\/\/wiki.s12.at\/index.php\/wp-json\/wp\/v2\/pages"}],"about":[{"href":"https:\/\/wiki.s12.at\/index.php\/wp-json\/wp\/v2\/types\/page"}],"author":[{"embeddable":true,"href":"https:\/\/wiki.s12.at\/index.php\/wp-json\/wp\/v2\/users\/1"}],"replies":[{"embeddable":true,"href":"https:\/\/wiki.s12.at\/index.php\/wp-json\/wp\/v2\/comments?post=4283"}],"version-history":[{"count":0,"href":"https:\/\/wiki.s12.at\/index.php\/wp-json\/wp\/v2\/pages\/4283\/revisions"}],"wp:attachment":[{"href":"https:\/\/wiki.s12.at\/index.php\/wp-json\/wp\/v2\/media?parent=4283"}],"curies":[{"name":"wp","href":"https:\/\/api.w.org\/{rel}","templated":true}]}}

<div class="mw-parser-output">
<table class="toptextcells toccolours">
<tbody>
<tr>
<th colspan="2" style="text-align: center; vertical-align: top; padding: 0.3em 0.8em; font-size: 125%; background-color: lightsteelblue;">FC Salzburg gegen Benfica Lissabon, 1-3
</th>
</tr>
<tr>
<th style="text-align:left;"><b>Spieltag</b>
</th>
<th style="text-align:left;">UEFA-Championsleague, Gruppe D-6. Runde
</th>
</tr>
<tr>
<th style="text-align:left;"><b>Datum</b>
</th>
<th style="text-align:left;">12. Dezember 2023
</th>
</tr>
<tr>
<th style="text-align:left;"><b>Anpfiff</b>
</th>
<th style="text-align:left;">21 Uhr
</th>
</tr>
<tr>
<td colspan="2" style="text-align:center;" bgcolor="lightgray"><b>Aufstellung</b>
</td>
</tr>
<tr>
<th style="text-align:left;"><b>Tor</b>
</th>
<th><a href="/Alexander_Schlager" title="Alexander Schlager">Alexander Schlager</a>
</th>
</tr>
<tr>
<th style="text-align:left;"><b>Verteidigung</b>
</th>
<th><a href="/Amar_Dedic" title="Amar Dedic">Amar Dedic</a>  &#8211; <a href="/Kamil_Piatkowski" title="Kamil Piatkowski">Kamil Piatkowski</a>  &#8211;<a href="/Strahinja_Pavlovic" title="Strahinja Pavlovic">Strahinja Pavlovic</a>  &#8211;  <a href="/Samson_Baidoo" title="Samson Baidoo">Samson Baidoo</a>
</th>
</tr>
<tr>
<th style="text-align:left;"><b>Mittelfeld</b>
</th>
<th><a href="/Lucas_Gourna-Douath" title="Lucas Gourna-Douath">Lucas Gourna-Douath</a>  &#8211; <a href="/Mads_Bidstrup" title="Mads Bidstrup">Mads Bidstrup</a>  &#8211;  <a href="/Luka_Sucic" title="Luka Sucic">Luka Sucic</a>&#8211; <a href="/Oscar_Gloukh" title="Oscar Gloukh">Oscar Gloukh</a>
</th>
</tr>
<tr>
<th style="text-align:left;"><b>Sturm</b>
</th>
<th><a href="/Dorgeles_Nene" class="mw-redirect" title="Dorgeles Nene">Dorgeles Nene</a> &#8211; <a href="/Petar_Ratkov" title="Petar Ratkov">Petar Ratkov</a>
</th>
</tr>
<tr>
<td colspan="2" style="text-align:center;" bgcolor="lightgray"><b>Wechsel</b>
</td>
</tr>
<tr>
<th style="text-align:left;"><b>Wechsel</b>
</th>
<th style="text-align:left;"><a href="/Fernando" class="mw-redirect" title="Fernando">Fernando</a> für Ratkov (55.), <a href="/Sekou_Koita" title="Sekou Koita">Sekou Koita</a> für Nene (55.), <a href="/Dijon_Kameri" title="Dijon Kameri">Dijon Kameri</a> für Gloukh (82.), <br /><a href="/Roko_Simic" title="Roko Simic">Roko Simic</a> für Bidstrup (90.+5)
</th>
</tr>
<tr>
<td colspan="2" style="text-align:center;" bgcolor="lightgray"><b>Statistik</b>
</td>
</tr>
<tr>
<th style="text-align:left;"><b>Endstand</b>
</th>
<th style="text-align:left;">1:3 (0:2)
</th>
</tr>
<tr>
<th style="text-align:left;"><b>Torschützen</b>
</th>
<th style="text-align:left;">Sucic (57.); Di Maria (32.), Da Silva (45.+1), Cabral  (92.)
</th>
</tr>
<tr>
<th style="text-align:left;"><b>Gelbe Karten</b>
</th>
<th style="text-align:left;">Gourna-Douath (10.), Ratkov (51.), Kameri (82.), Schlager (90.); Morato (45.+4), Musa (72.)
</th>
</tr>
<tr>
<th style="text-align:left;"><b>Rote Karten</b>
</th>
<th style="text-align:left;">
</th>
</tr>
<tr>
<th style="text-align:left;"><b>Schiedsrichter</b>
</th>
<th style="text-align:left;">Daniel Siebert (GER)
</th>
</tr>
<tr>
<th style="text-align:left;"><b>Stadion</b>
</th>
<th style="text-align:left;">Stadion Salzburg
</th>
</tr>
<tr>
<th style="text-align:left;"><b>Zuschauer</b>
</th>
<th style="text-align:left;">27 000
</th>
</tr>
</tbody>
</table>
<h2><span class="mw-headline" id="Spielbericht">Spielbericht</span><a href="/index.php?title=FC_Salzburg_gegen_Benfica_Lissabon&amp;action=edit&amp;section=1" title="Abschnitt bearbeiten: Spielbericht">Bearbeiten</a><span class="mw-editsection-bracket">]</span></span></h2>
<p><a rel="nofollow" class="external text" href="https://www.redbullsalzburg.at/de/2023-2024/spielplan/champions-league-runde-6-fc-salzburg-vs-benfica#spielbericht">Spielbericht Vereinshomepage</a>
</p>
<h2><span class="mw-headline" id="Stimmen_zum_Spiel">Stimmen zum Spiel</span><a href="/index.php?title=FC_Salzburg_gegen_Benfica_Lissabon&amp;action=edit&amp;section=2" title="Abschnitt bearbeiten: Stimmen zum Spiel">Bearbeiten</a><span class="mw-editsection-bracket">]</span></span></h2>
<p><b>Gerhard Struber:</b> Wenn man sich Ziele steckt und einem diese Ziele im letzten Moment aus der Hand genommen werden, dann fühlt es sich natürlich für uns alle nicht fein an. Es war am Ende ein harter Schlag ins Gesicht. Wir haben Benfica Lissabon auf einem sehr guten Niveau erlebt – speziell Di Maria, der dem Spiel seinen Stempel aufgedrückt hat. Wir haben immer wieder das Momentum auf unsere Seite ziehen können. Man braucht gegen einen Gegner auf diesem Level allerdings einen besonderen Tag. Am Ende ist es ein bitterer Moment, er soll uns aber auch reifen lassen.
</p>
<p><b>Alexander Schlager:</b> In so einem Moment, in dem es um so viel geht, kurz vor Schluss auszuscheiden, tut extrem weh. Man kann es gar nicht mit Worten beschreiben. Aber wir müssen die Lehren aus dem Spiel ziehen, so hart es auch ist. Wir haben in den letzten 20 Minuten viele Dinge nicht mehr richtig gemacht, und Benfica ist eine Mannschaft, die in der Offensive mit Weltklassespielern gespickt ist – das haben sie auch unter Beweis gestellt. Es hat nicht gereicht, es war leider nicht genug.
</p>
<p><b>Luka Sucic:</b> Schwer zu beschreiben, wie wir uns nun fühlen. In erster Linie sind wir extrem enttäuscht. Wir haben uns vorgenommen, in Europa zu überwintern, müssen das aber so akzeptieren und können viel daraus lernen. Wir haben gegen Top-Gegner gespielt, haben vielleicht sogar die schwerste Gruppe insgesamt bekommen. In der 92. Minute das Tor zu bekommen, ist natürlich bitter.
</p>
</div>

<p>FC Salzburg gegen Benfica Lissabon, 1-3 Spieltag UEFA-Championsleague, Gruppe D-6. Runde Datum 12. Dezember 2023 Anpfiff 21 Uhr Aufstellung Tor Alexander Schlager Verteidigung Amar Dedic &#8211; Kamil Piatkowski &#8211;Strahinja Pavlovic &#8211; Samson Baidoo Mittelfeld Lucas Gourna-Douath &#8211; Mads Bidstrup &#8211; Luka Sucic&#8211; Oscar Gloukh Sturm Dorgeles Nene &#8211; Petar Ratkov Wechsel Wechsel Fernando für Ratkov [&hellip;]</p>
