{"id":4281,"date":"2026-05-06T15:39:50","date_gmt":"2026-05-06T13:39:50","guid":{"rendered":"https:\/\/wiki.s12.at\/index.php\/fc-salzburg-gegen-al-hilal\/"},"modified":"2026-05-06T15:39:50","modified_gmt":"2026-05-06T13:39:50","slug":"fc-salzburg-gegen-al-hilal","status":"publish","type":"page","link":"https:\/\/wiki.s12.at\/index.php\/fc-salzburg-gegen-al-hilal\/","title":{"rendered":"FC Salzburg gegen Al Hilal"},"content":{"rendered":"<div class=\"mw-parser-output\">\n<table class=\"toptextcells toccolours\">\n<tbody>\n<tr>\n<th colspan=\"2\" style=\"text-align: center; vertical-align: top; padding: 0.3em 0.8em; font-size: 125%; background-color: lightsteelblue;\">FC Salzburg gegen Al Hilal, 0:0\n<\/th>\n<\/tr>\n<tr>\n<th style=\"text-align:left;\"><b>Spieltag<\/b>\n<\/th>\n<th style=\"text-align:left;\">FIFA Klub-WM\n<\/th>\n<\/tr>\n<tr>\n<th style=\"text-align:left;\"><b>Datum<\/b>\n<\/th>\n<th style=\"text-align:left;\">22. Juni 2025\n<\/th>\n<\/tr>\n<tr>\n<th style=\"text-align:left;\"><b>Anpfiff<\/b>\n<\/th>\n<th style=\"text-align:left;\">18 Uhr (Ortszeit), 0 Uhr MESZ\n<\/th>\n<\/tr>\n<tr>\n<td colspan=\"2\" style=\"text-align:center;\" bgcolor=\"lightgray\"><b>Aufstellung<\/b>\n<\/td>\n<\/tr>\n<tr>\n<th style=\"text-align:left;\"><b>Tor<\/b>\n<\/th>\n<th><a href=\"\/Christian_Zawieschitzky\" title=\"Christian Zawieschitzky\">Christian Zawieschitzky<\/a>\n<\/th>\n<\/tr>\n<tr>\n<th style=\"text-align:left;\"><b>Verteidigung<\/b>\n<\/th>\n<th><a href=\"\/Stefan_Lainer\" title=\"Stefan Lainer\">Stefan Lainer<\/a> &#8211; <a href=\"\/Joane_Gadou\" title=\"Joane Gadou\">Joane Gadou<\/a> &#8211; <a href=\"\/Jacob_Rasmussen\" title=\"Jacob Rasmussen\">Jacob Rasmussen<\/a> \u2013 <a href=\"\/Frans_Kr%C3%A4tzig\" title=\"Frans Kr\u00e4tzig\">Frans Kr\u00e4tzig<\/a>\n<\/th>\n<\/tr>\n<tr>\n<th style=\"text-align:left;\"><b>Mittelfeld<\/b>\n<\/th>\n<th><a href=\"\/Soumaila_Diabate\" title=\"Soumaila Diabate\">Soumaila Diabate<\/a> \u2013 <a href=\"\/Mads_Bidstrup\" title=\"Mads Bidstrup\">Mads Bidstrup<\/a>&#8211; <a href=\"\/Oscar_Gloukh\" title=\"Oscar Gloukh\">Oscar Gloukh<\/a> &#8211; <a href=\"\/Dorgeles_Nene\" class=\"mw-redirect\" title=\"Dorgeles Nene\">Dorgeles Nene<\/a>\n<\/th>\n<\/tr>\n<tr>\n<th style=\"text-align:left;\"><b>Sturm<\/b>\n<\/th>\n<th><a href=\"\/Edmund_Baidoo\" title=\"Edmund Baidoo\">Edmund Baidoo<\/a>&#8211; <a href=\"\/Karim_Onisiwo\" title=\"Karim Onisiwo\">Karim Onisiwo<\/a>\n<\/th>\n<\/tr>\n<tr>\n<td colspan=\"2\" style=\"text-align:center;\" bgcolor=\"lightgray\"><b>Wechsel<\/b>\n<\/td>\n<\/tr>\n<tr>\n<th style=\"text-align:left;\"><b>Wechsel<\/b>\n<\/th>\n<th style=\"text-align:left;\"><a href=\"\/John_Mellberg\" title=\"John Mellberg\">John Mellberg<\/a> f\u00fcr Diabate (46.), <a href=\"\/Adam_Daghim\" title=\"Adam Daghim\">Adam Daghim<\/a> f\u00fcr Onisiwo (65.), <a href=\"\/Sota_Kitano\" title=\"Sota Kitano\">Sota Kitano<\/a> f\u00fcr Gloukh (65.), <br \/> <a href=\"\/Yorbe_Vertessen\" title=\"Yorbe Vertessen\">Yorbe Vertessen<\/a> f\u00fcr Nene (77.), <a href=\"\/Maurits_Kjaergaard\" title=\"Maurits Kjaergaard\">Maurits Kjaergaard<\/a> f\u00fcr E. Baidoo (77.)\n<\/th>\n<\/tr>\n<tr>\n<td colspan=\"2\" style=\"text-align:center;\" bgcolor=\"lightgray\"><b>Statistik<\/b>\n<\/td>\n<\/tr>\n<tr>\n<th style=\"text-align:left;\"><b>Endstand<\/b>\n<\/th>\n<th style=\"text-align:left;\">0:0\n<\/th>\n<\/tr>\n<tr>\n<th style=\"text-align:left;\"><b>Torsch\u00fctzen<\/b>\n<\/th>\n<th style=\"text-align:left;\">\n<\/th>\n<\/tr>\n<tr>\n<th style=\"text-align:left;\"><b>Gelbe Karten<\/b>\n<\/th>\n<th style=\"text-align:left;\">Diabate (37.), Kitano (85.)\n<\/th>\n<\/tr>\n<tr>\n<th style=\"text-align:left;\"><b>Rote Karten<\/b>\n<\/th>\n<th style=\"text-align:left;\">\n<\/th>\n<\/tr>\n<tr>\n<th style=\"text-align:left;\"><b>Schiedsrichter<\/b>\n<\/th>\n<th style=\"text-align:left;\">Wilton Sampaio\n<\/th>\n<\/tr>\n<tr>\n<th style=\"text-align:left;\"><b>Stadion<\/b>\n<\/th>\n<th style=\"text-align:left;\">Audi Field, Washington D.C.\n<\/th>\n<\/tr>\n<tr>\n<th style=\"text-align:left;\"><b>Zuschauer<\/b>\n<\/th>\n<th style=\"text-align:left;\">16.167\n<\/th>\n<\/tr>\n<\/tbody>\n<\/table>\n<h2><span class=\"mw-headline\" id=\"Spielbericht\">Spielbericht<\/span><a href=\"\/index.php?title=FC_Salzburg_gegen_Al_Hilal&amp;action=edit&amp;section=1\" title=\"Abschnitt bearbeiten: Spielbericht\">Bearbeiten<\/a><span class=\"mw-editsection-bracket\">]<\/span><\/span><\/h2>\n<p><a rel=\"nofollow\" class=\"external text\" href=\"https:\/\/www.redbullsalzburg.at\/de\/2024-2025\/spielplan\/world-cup-runde-2-fc-salzburg-vs-al-hilal#spielbericht\">Spielbericht Vereinshomepage<\/a>\n<\/p>\n<h2><span class=\"mw-headline\" id=\"Stimmen_zum_Spiel\">Stimmen zum Spiel<\/span><a href=\"\/index.php?title=FC_Salzburg_gegen_Al_Hilal&amp;action=edit&amp;section=2\" title=\"Abschnitt bearbeiten: Stimmen zum Spiel\">Bearbeiten<\/a><span class=\"mw-editsection-bracket\">]<\/span><\/span><\/h2>\n<p><b>Thomas Letsch:<\/b>  Wenn man nach zwei Spielen vier Punkte hat und die Jungs sitzen in der Kabine und sind eher entt\u00e4uscht, dann spricht das f\u00fcr diese Mannschaft.    Wir haben heute gegen einen sehr starken Gegner gespielt, Hilal hat immense Qualit\u00e4t. Wir haben mit Leidenschaft verteidigt, haben es sehr gut gemacht als Mannschaft und selber unsere Torchancen gehabt. Unterm Strich bin ich m\u00e4chtig Stolz auf die Mannschaft.\n<\/p>\n<p><b>Maurits Kjaergaard:<\/b>Es f\u00fchlt sich einfach sehr gut an, ich war ja schon eine sehr lange Zeit raus. F\u00fcr mich war&#8217;s dementsprechend besonders heute! Unter diesen Bedingungen ist es noch mal etwas anderes, f\u00fcr mich waren schon die knapp 15 Minuten hart und ich kann mir nur vorstellen, wie es f\u00fcr die Burschen war, die durchgespielt haben.\n<\/p>\n<p><b>Christian Zawieschitzky:<\/b> Nat\u00fcrlich w\u00e4re es mit dem Siegtreffer noch sch\u00f6ner gewesen, aber es k\u00f6nnte ein noch sehr wichtiger Punkt werden! Ich habe mich im Vorfeld einfach schon auf die Partie gefreut, weil ich wusste, dass meine Mama zuschauen wird, und ich habe auch w\u00e4hrend des Spiels vor allem Spa\u00df und Freude versp\u00fcrt, war nicht mehr so nerv\u00f6s wie beim ersten Mal. Gegen Real Madrid wird\u2019s auf jeden Fall ein hartes Spiel, aber ich sage, es ist alles m\u00f6glich.\n<\/p>\n<p><b>John Mellberg:<\/b> Wir haben eine gute Teamleistung gezeigt! Wir sind hinten gut gestanden und haben nur wenige Chancen zugelassen. Auch mit meiner eigenen Leistung bin ich recht zufrieden. Es w\u00e4re nat\u00fcrlich toll gewesen, mit meiner Chance das Tor zu machen, das hat mich in dem Moment nat\u00fcrlich ge\u00e4rgert, aber dann ging&#8217;s eh schon Schlag auf Schlag weiter. Die Umstellung auf die Dreierkette hat gut funktioniert. Heute h\u00e4tten wir wirklich gewinnen k\u00f6nnen, aber das gibt uns auch Energie f\u00fcrs letzte Spiel\n<\/p>\n<\/div>\n","protected":false},"excerpt":{"rendered":"<p>FC Salzburg gegen Al Hilal, 0:0 Spieltag FIFA Klub-WM Datum 22. Juni 2025 Anpfiff 18 Uhr (Ortszeit), 0 Uhr MESZ Aufstellung Tor Christian Zawieschitzky Verteidigung Stefan Lainer &#8211; Joane Gadou &#8211; Jacob Rasmussen \u2013 Frans Kr\u00e4tzig Mittelfeld Soumaila Diabate \u2013 Mads Bidstrup&#8211; Oscar Gloukh &#8211; Dorgeles Nene Sturm Edmund Baidoo&#8211; Karim Onisiwo Wechsel Wechsel John [&hellip;]<\/p>\n","protected":false},"author":1,"featured_media":0,"parent":0,"menu_order":0,"comment_status":"closed","ping_status":"closed","template":"","meta":{"footnotes":""},"class_list":["post-4281","page","type-page","status-publish","hentry"],"_links":{"self":[{"href":"https:\/\/wiki.s12.at\/index.php\/wp-json\/wp\/v2\/pages\/4281","targetHints":{"allow":["GET"]}}],"collection":[{"href":"https:\/\/wiki.s12.at\/index.php\/wp-json\/wp\/v2\/pages"}],"about":[{"href":"https:\/\/wiki.s12.at\/index.php\/wp-json\/wp\/v2\/types\/page"}],"author":[{"embeddable":true,"href":"https:\/\/wiki.s12.at\/index.php\/wp-json\/wp\/v2\/users\/1"}],"replies":[{"embeddable":true,"href":"https:\/\/wiki.s12.at\/index.php\/wp-json\/wp\/v2\/comments?post=4281"}],"version-history":[{"count":0,"href":"https:\/\/wiki.s12.at\/index.php\/wp-json\/wp\/v2\/pages\/4281\/revisions"}],"wp:attachment":[{"href":"https:\/\/wiki.s12.at\/index.php\/wp-json\/wp\/v2\/media?parent=4281"}],"curies":[{"name":"wp","href":"https:\/\/api.w.org\/{rel}","templated":true}]}}

<div class="mw-parser-output">
<table class="toptextcells toccolours">
<tbody>
<tr>
<th colspan="2" style="text-align: center; vertical-align: top; padding: 0.3em 0.8em; font-size: 125%; background-color: lightsteelblue;">FC Salzburg gegen Al Hilal, 0:0
</th>
</tr>
<tr>
<th style="text-align:left;"><b>Spieltag</b>
</th>
<th style="text-align:left;">FIFA Klub-WM
</th>
</tr>
<tr>
<th style="text-align:left;"><b>Datum</b>
</th>
<th style="text-align:left;">22. Juni 2025
</th>
</tr>
<tr>
<th style="text-align:left;"><b>Anpfiff</b>
</th>
<th style="text-align:left;">18 Uhr (Ortszeit), 0 Uhr MESZ
</th>
</tr>
<tr>
<td colspan="2" style="text-align:center;" bgcolor="lightgray"><b>Aufstellung</b>
</td>
</tr>
<tr>
<th style="text-align:left;"><b>Tor</b>
</th>
<th><a href="/Christian_Zawieschitzky" title="Christian Zawieschitzky">Christian Zawieschitzky</a>
</th>
</tr>
<tr>
<th style="text-align:left;"><b>Verteidigung</b>
</th>
<th><a href="/Stefan_Lainer" title="Stefan Lainer">Stefan Lainer</a> &#8211; <a href="/Joane_Gadou" title="Joane Gadou">Joane Gadou</a> &#8211; <a href="/Jacob_Rasmussen" title="Jacob Rasmussen">Jacob Rasmussen</a> – <a href="/Frans_Kr%C3%A4tzig" title="Frans Krätzig">Frans Krätzig</a>
</th>
</tr>
<tr>
<th style="text-align:left;"><b>Mittelfeld</b>
</th>
<th><a href="/Soumaila_Diabate" title="Soumaila Diabate">Soumaila Diabate</a> – <a href="/Mads_Bidstrup" title="Mads Bidstrup">Mads Bidstrup</a>&#8211; <a href="/Oscar_Gloukh" title="Oscar Gloukh">Oscar Gloukh</a> &#8211; <a href="/Dorgeles_Nene" class="mw-redirect" title="Dorgeles Nene">Dorgeles Nene</a>
</th>
</tr>
<tr>
<th style="text-align:left;"><b>Sturm</b>
</th>
<th><a href="/Edmund_Baidoo" title="Edmund Baidoo">Edmund Baidoo</a>&#8211; <a href="/Karim_Onisiwo" title="Karim Onisiwo">Karim Onisiwo</a>
</th>
</tr>
<tr>
<td colspan="2" style="text-align:center;" bgcolor="lightgray"><b>Wechsel</b>
</td>
</tr>
<tr>
<th style="text-align:left;"><b>Wechsel</b>
</th>
<th style="text-align:left;"><a href="/John_Mellberg" title="John Mellberg">John Mellberg</a> für Diabate (46.), <a href="/Adam_Daghim" title="Adam Daghim">Adam Daghim</a> für Onisiwo (65.), <a href="/Sota_Kitano" title="Sota Kitano">Sota Kitano</a> für Gloukh (65.), <br /> <a href="/Yorbe_Vertessen" title="Yorbe Vertessen">Yorbe Vertessen</a> für Nene (77.), <a href="/Maurits_Kjaergaard" title="Maurits Kjaergaard">Maurits Kjaergaard</a> für E. Baidoo (77.)
</th>
</tr>
<tr>
<td colspan="2" style="text-align:center;" bgcolor="lightgray"><b>Statistik</b>
</td>
</tr>
<tr>
<th style="text-align:left;"><b>Endstand</b>
</th>
<th style="text-align:left;">0:0
</th>
</tr>
<tr>
<th style="text-align:left;"><b>Torschützen</b>
</th>
<th style="text-align:left;">
</th>
</tr>
<tr>
<th style="text-align:left;"><b>Gelbe Karten</b>
</th>
<th style="text-align:left;">Diabate (37.), Kitano (85.)
</th>
</tr>
<tr>
<th style="text-align:left;"><b>Rote Karten</b>
</th>
<th style="text-align:left;">
</th>
</tr>
<tr>
<th style="text-align:left;"><b>Schiedsrichter</b>
</th>
<th style="text-align:left;">Wilton Sampaio
</th>
</tr>
<tr>
<th style="text-align:left;"><b>Stadion</b>
</th>
<th style="text-align:left;">Audi Field, Washington D.C.
</th>
</tr>
<tr>
<th style="text-align:left;"><b>Zuschauer</b>
</th>
<th style="text-align:left;">16.167
</th>
</tr>
</tbody>
</table>
<h2><span class="mw-headline" id="Spielbericht">Spielbericht</span><a href="/index.php?title=FC_Salzburg_gegen_Al_Hilal&amp;action=edit&amp;section=1" title="Abschnitt bearbeiten: Spielbericht">Bearbeiten</a><span class="mw-editsection-bracket">]</span></span></h2>
<p><a rel="nofollow" class="external text" href="https://www.redbullsalzburg.at/de/2024-2025/spielplan/world-cup-runde-2-fc-salzburg-vs-al-hilal#spielbericht">Spielbericht Vereinshomepage</a>
</p>
<h2><span class="mw-headline" id="Stimmen_zum_Spiel">Stimmen zum Spiel</span><a href="/index.php?title=FC_Salzburg_gegen_Al_Hilal&amp;action=edit&amp;section=2" title="Abschnitt bearbeiten: Stimmen zum Spiel">Bearbeiten</a><span class="mw-editsection-bracket">]</span></span></h2>
<p><b>Thomas Letsch:</b>  Wenn man nach zwei Spielen vier Punkte hat und die Jungs sitzen in der Kabine und sind eher enttäuscht, dann spricht das für diese Mannschaft.    Wir haben heute gegen einen sehr starken Gegner gespielt, Hilal hat immense Qualität. Wir haben mit Leidenschaft verteidigt, haben es sehr gut gemacht als Mannschaft und selber unsere Torchancen gehabt. Unterm Strich bin ich mächtig Stolz auf die Mannschaft.
</p>
<p><b>Maurits Kjaergaard:</b>Es fühlt sich einfach sehr gut an, ich war ja schon eine sehr lange Zeit raus. Für mich war&#8217;s dementsprechend besonders heute! Unter diesen Bedingungen ist es noch mal etwas anderes, für mich waren schon die knapp 15 Minuten hart und ich kann mir nur vorstellen, wie es für die Burschen war, die durchgespielt haben.
</p>
<p><b>Christian Zawieschitzky:</b> Natürlich wäre es mit dem Siegtreffer noch schöner gewesen, aber es könnte ein noch sehr wichtiger Punkt werden! Ich habe mich im Vorfeld einfach schon auf die Partie gefreut, weil ich wusste, dass meine Mama zuschauen wird, und ich habe auch während des Spiels vor allem Spaß und Freude verspürt, war nicht mehr so nervös wie beim ersten Mal. Gegen Real Madrid wird’s auf jeden Fall ein hartes Spiel, aber ich sage, es ist alles möglich.
</p>
<p><b>John Mellberg:</b> Wir haben eine gute Teamleistung gezeigt! Wir sind hinten gut gestanden und haben nur wenige Chancen zugelassen. Auch mit meiner eigenen Leistung bin ich recht zufrieden. Es wäre natürlich toll gewesen, mit meiner Chance das Tor zu machen, das hat mich in dem Moment natürlich geärgert, aber dann ging&#8217;s eh schon Schlag auf Schlag weiter. Die Umstellung auf die Dreierkette hat gut funktioniert. Heute hätten wir wirklich gewinnen können, aber das gibt uns auch Energie fürs letzte Spiel
</p>
</div>

<p>FC Salzburg gegen Al Hilal, 0:0 Spieltag FIFA Klub-WM Datum 22. Juni 2025 Anpfiff 18 Uhr (Ortszeit), 0 Uhr MESZ Aufstellung Tor Christian Zawieschitzky Verteidigung Stefan Lainer &#8211; Joane Gadou &#8211; Jacob Rasmussen – Frans Krätzig Mittelfeld Soumaila Diabate – Mads Bidstrup&#8211; Oscar Gloukh &#8211; Dorgeles Nene Sturm Edmund Baidoo&#8211; Karim Onisiwo Wechsel Wechsel John [&hellip;]</p>
