{"id":4280,"date":"2026-05-06T15:39:48","date_gmt":"2026-05-06T13:39:48","guid":{"rendered":"https:\/\/wiki.s12.at\/index.php\/fc-salzburg-gegen-ajax-amsterdam\/"},"modified":"2026-05-06T15:39:48","modified_gmt":"2026-05-06T13:39:48","slug":"fc-salzburg-gegen-ajax-amsterdam","status":"publish","type":"page","link":"https:\/\/wiki.s12.at\/index.php\/fc-salzburg-gegen-ajax-amsterdam\/","title":{"rendered":"FC Salzburg gegen Ajax Amsterdam"},"content":{"rendered":"<div class=\"mw-parser-output\">\n<h2><span class=\"mw-headline\" id=\"Fakten\">Fakten<\/span><a href=\"\/index.php?title=FC_Salzburg_gegen_Ajax_Amsterdam&amp;action=edit&amp;section=1\" title=\"Abschnitt bearbeiten: Fakten\">Bearbeiten<\/a><span class=\"mw-editsection-bracket\">]<\/span><\/span><\/h2>\n<table class=\"toptextcells toccolours\">\n<tbody>\n<tr>\n<th colspan=\"2\" style=\"text-align: center; vertical-align: top; padding: 0.3em 0.8em; font-size: 125%; background-color: lightsteelblue;\">FC Salzburg gegen  AFC Ajax Amsterdam, 3:1\n<\/th>\n<\/tr>\n<tr>\n<th style=\"text-align:left;\"><b>Spieltag<\/b>\n<\/th>\n<th style=\"text-align:left;\">UEFA Europa League, 1\/16- Finale, R\u00fcckspiel\n<\/th>\n<\/tr>\n<tr>\n<th style=\"text-align:left;\"><b>Datum<\/b>\n<\/th>\n<th style=\"text-align:left;\">27. Februar 2014\n<\/th>\n<\/tr>\n<tr>\n<th style=\"text-align:left;\"><b>Anpfiff<\/b>\n<\/th>\n<th style=\"text-align:left;\">19 Uhr\n<\/th>\n<\/tr>\n<tr>\n<td colspan=\"2\" style=\"text-align:center;\" bgcolor=\"lightgray\"><b>Aufstellung<\/b>\n<\/td>\n<\/tr>\n<tr>\n<th style=\"text-align:left;\"><b>Tor<\/b>\n<\/th>\n<th><a href=\"\/Peter_Gulacsi\" class=\"mw-redirect\" title=\"Peter Gulacsi\">Peter Gulacsi<\/a>\n<\/th>\n<\/tr>\n<tr>\n<th style=\"text-align:left;\"><b>Verteidigung<\/b>\n<\/th>\n<th><a href=\"\/Christian_Schwegler\" title=\"Christian Schwegler\">Christian Schwegler<\/a> <a href=\"\/Andre_Ramalho\" class=\"mw-redirect\" title=\"Andre Ramalho\">Andre Ramalho<\/a> <a href=\"\/Martin_Hinteregger\" title=\"Martin Hinteregger\">Martin Hinteregger<\/a> <a href=\"\/Andreas_Ulmer\" title=\"Andreas Ulmer\">Andreas Ulmer<\/a>\n<\/th>\n<\/tr>\n<tr>\n<th style=\"text-align:left;\"><b>Mittelfeld<\/b>\n<\/th>\n<th><a href=\"\/Stefan_Ilsanker\" title=\"Stefan Ilsanker\">Stefan Ilsanker<\/a> <a href=\"\/Christoph_Leitgeb\" title=\"Christoph Leitgeb\">Christoph Leitgeb<\/a> <a href=\"\/Kevin_Kampl\" title=\"Kevin Kampl\">Kevin Kampl<\/a> <a href=\"\/Sadio_Man%C3%A9\" title=\"Sadio Man\u00e9\">Sadio Man\u00e9<\/a>\n<\/th>\n<\/tr>\n<tr>\n<th style=\"text-align:left;\"><b>Sturm<\/b>\n<\/th>\n<th><a href=\"\/Alan\" title=\"Alan\">Alan<\/a> <a href=\"\/Jonatan_Soriano\" title=\"Jonatan Soriano\">Jonatan Soriano<\/a>\n<\/th>\n<\/tr>\n<tr>\n<td colspan=\"2\" style=\"text-align:center;\" bgcolor=\"lightgray\"><b>Wechsel<\/b>\n<\/td>\n<\/tr>\n<tr>\n<th style=\"text-align:left;\"><b>Wechsel<\/b>\n<\/th>\n<th style=\"text-align:left;\"><a href=\"\/Robert_Zulj\" title=\"Robert Zulj\">Robert Zulj<\/a> f\u00fcr Alan (73.), <a href=\"\/Dusan_Svento\" class=\"mw-redirect\" title=\"Dusan Svento\">Dusan Svento<\/a> f\u00fcr Ulmer (79.), <a href=\"\/Florian_Klein\" title=\"Florian Klein\">Florian Klein<\/a> f\u00fcr Schwegler (89.)\n<\/th>\n<\/tr>\n<tr>\n<td colspan=\"2\" style=\"text-align:center;\" bgcolor=\"lightgray\"><b>Statistik<\/b>\n<\/td>\n<\/tr>\n<tr>\n<th style=\"text-align:left;\"><b>Endstand<\/b>\n<\/th>\n<th style=\"text-align:left;\">3:1 (0:0)\n<\/th>\n<\/tr>\n<tr>\n<th style=\"text-align:left;\"><b>Torsch\u00fctzen<\/b>\n<\/th>\n<th style=\"text-align:left;\">van de Hoorn (56. ET.), Mane (66.), Soriano (77.); Klaassen (83.)\n<\/th>\n<\/tr>\n<tr>\n<th style=\"text-align:left;\"><b>Gelbe Karten<\/b>\n<\/th>\n<th style=\"text-align:left;\">Leitgeb (43.); C.Poulsen (27.), Denswil (49.)\n<\/th>\n<\/tr>\n<tr>\n<th style=\"text-align:left;\"><b>Rote Karten<\/b>\n<\/th>\n<th style=\"text-align:left;\">\n<\/th>\n<\/tr>\n<tr>\n<th style=\"text-align:left;\"><b>Schiedsrichter<\/b>\n<\/th>\n<th style=\"text-align:left;\">Paolo Tagliavento (ITA)\n<\/th>\n<\/tr>\n<tr>\n<th style=\"text-align:left;\"><b>Stadion<\/b>\n<\/th>\n<th style=\"text-align:left;\">Red Bull Arena, Salzburg\n<\/th>\n<\/tr>\n<tr>\n<th style=\"text-align:left;\"><b>Zuschauer<\/b>\n<\/th>\n<th style=\"text-align:left;\">29 320\n<\/th>\n<\/tr>\n<\/tbody>\n<\/table>\n<h2><span class=\"mw-headline\" id=\"Bilder\">Bilder<\/span><a href=\"\/index.php?title=FC_Salzburg_gegen_Ajax_Amsterdam&amp;action=edit&amp;section=2\" title=\"Abschnitt bearbeiten: Bilder\">Bearbeiten<\/a><span class=\"mw-editsection-bracket\">]<\/span><\/span><\/h2>\n<p><img alt=\"\" src=\"\/images\/thumb\/4\/4a\/Commons-logo.svg\/langde-20px-Commons-logo.svg.png%3Futm_source%3Dcommons.wikimedia.org%26utm_campaign%3Dimageinfo%26utm_content%3Dthumbnail\" decoding=\"async\" title=\"Commons\" width=\"12\" height=\"16\" srcset=\"\/images\/thumb\/4\/4a\/Commons-logo.svg\/langde-40px-Commons-logo.svg.png%3Futm_source%3Dcommons.wikimedia.org%26utm_campaign%3Dimageinfo%26utm_content%3Dthumbnail 2x\" \/>&#160;<b><a href=\"http:\/\/commons.wikimedia.org\/wiki\/Category:UEFA_Euro_League_FC_Salzburg_vs_Ajax_Amsterdam_(27._Februar2014)\" class=\"extiw\" title=\"commons:Category:UEFA Euro League FC Salzburg vs Ajax Amsterdam (27. Februar2014)\">FC Salzburg gegen Ajax Amsterdam<\/a><\/b>&#160;\u2013 Sammlung von Bildern, Videos und Audiodateien auf <a href=\"\/Wikimedia_Commons\" title=\"Wikimedia Commons\">Wikimedia Commons<\/a>\n<\/p>\n<h2><span class=\"mw-headline\" id=\"Weblinks\">Weblinks<\/span><a href=\"\/index.php?title=FC_Salzburg_gegen_Ajax_Amsterdam&amp;action=edit&amp;section=3\" title=\"Abschnitt bearbeiten: Weblinks\">Bearbeiten<\/a><span class=\"mw-editsection-bracket\">]<\/span><\/span><\/h2>\n<ul>\n<li><a rel=\"nofollow\" class=\"external text\" href=\"http:\/\/www.redbulls.com\/de\/fc-red-bull-salzburg\/news\/saison_2013_14\/rote-bullen-erstmals-im-europa-league-achtelfinale.html\">Spielbericht Homepage<\/a><\/li>\n<li><a rel=\"nofollow\" class=\"external text\" href=\"http:\/\/www.salzburg12.at\/2014\/02\/31-salzburg-zerlegt-ajax-erneut\">Spielbericht salzburg12.at<\/a><\/li>\n<li><a rel=\"nofollow\" class=\"external text\" href=\"http:\/\/www.uefa.com\/uefaeuropaleague\/season=2014\/matches\/round=2000470\/match=2012645\/postmatch\/index.html\">uefa.com<\/a><\/li>\n<li><a rel=\"nofollow\" class=\"external text\" href=\"http:\/\/www.redbulls.com\/de\/medien\/fantv.html?vid=3b42f9ab-86b1-4150-8c10-34d9cc467b57\">Stimmen nach dem Spiel redbullsfan.tv<\/a><\/li>\n<\/ul>\n<p>&lt;youtube&gt;pApdZfzX5IE&lt;\/youtube&gt;&lt;youtube&gt;zfE-Ha-xkJo&lt;\/youtube&gt;\n<\/p>\n<h2><span class=\"mw-headline\" id=\"Stimmen_zum_Spiel\">Stimmen zum Spiel<\/span><a href=\"\/index.php?title=FC_Salzburg_gegen_Ajax_Amsterdam&amp;action=edit&amp;section=4\" title=\"Abschnitt bearbeiten: Stimmen zum Spiel\">Bearbeiten<\/a><span class=\"mw-editsection-bracket\">]<\/span><\/span><\/h2>\n<ul>\n<li><b>Roger Schmidt:<\/b> Das war heute ein ganz besonderes Spiel f\u00fcr uns. Darauf haben wir lange gearbeitet. Und wir haben uns letztlich hochverdient durchgesetzt. Wenn wir einmal in F\u00fchrung sind, sind wir einfach in der Lage, weiter nach vorne zu spielen. Es war trotzdem ein schwieriges Spiel. Wir waren tonangebend, konnten lange aber kein Tor erzielen. Dazu hatte auch Ajax zwei gute Chancen. Ich werde das jetzt einmal genie\u00dfen, dass wir das geschafft haben. Wenn wir weiter so souver\u00e4n auftreten, wie gegen Ajax, k\u00f6nnen wir auch gegen Basel bestehen.<\/li>\n<li><b>Kevin Kampl:<\/b> Wir haben heute wieder ein Klassespiel gezeigt und stehen hochverdient im Achtelfinale. Wir haben in beiden Spielen kaum Chancen zugelassen, haben den Gegner jeweils dominiert. Lange Zeit zum Feiern gibt es aber nicht. Denn schon am Sonntag wartet in der Meisterschaft mit Rapid der n\u00e4chste schwere Gegner.<\/li>\n<li><b>Sadio Man\u00e9:<\/b>Wir haben ein unglaubliches Kollektiv in der Mannschaft. Deshalb war es auch m\u00f6glich, Ajax zweimal zu schlagen. Wir haben heuer noch viele Ziele.<\/li>\n<li><b>Jonatan Soriano:<\/b>Wir sind sehr gl\u00fccklich. In zwei Spielen 6:1 gegen Ajax, das ist ein Wahnsinn. Als Kapit\u00e4n bin ich sehr stolz auf die Mannschaft, ein Supertag.<\/li>\n<\/ul>\n<\/div>\n","protected":false},"excerpt":{"rendered":"<p>FaktenBearbeiten] FC Salzburg gegen AFC Ajax Amsterdam, 3:1 Spieltag UEFA Europa League, 1\/16- Finale, R\u00fcckspiel Datum 27. Februar 2014 Anpfiff 19 Uhr Aufstellung Tor Peter Gulacsi Verteidigung Christian Schwegler Andre Ramalho Martin Hinteregger Andreas Ulmer Mittelfeld Stefan Ilsanker Christoph Leitgeb Kevin Kampl Sadio Man\u00e9 Sturm Alan Jonatan Soriano Wechsel Wechsel Robert Zulj f\u00fcr Alan (73.), [&hellip;]<\/p>\n","protected":false},"author":1,"featured_media":0,"parent":0,"menu_order":0,"comment_status":"closed","ping_status":"closed","template":"","meta":{"footnotes":""},"class_list":["post-4280","page","type-page","status-publish","hentry"],"_links":{"self":[{"href":"https:\/\/wiki.s12.at\/index.php\/wp-json\/wp\/v2\/pages\/4280","targetHints":{"allow":["GET"]}}],"collection":[{"href":"https:\/\/wiki.s12.at\/index.php\/wp-json\/wp\/v2\/pages"}],"about":[{"href":"https:\/\/wiki.s12.at\/index.php\/wp-json\/wp\/v2\/types\/page"}],"author":[{"embeddable":true,"href":"https:\/\/wiki.s12.at\/index.php\/wp-json\/wp\/v2\/users\/1"}],"replies":[{"embeddable":true,"href":"https:\/\/wiki.s12.at\/index.php\/wp-json\/wp\/v2\/comments?post=4280"}],"version-history":[{"count":0,"href":"https:\/\/wiki.s12.at\/index.php\/wp-json\/wp\/v2\/pages\/4280\/revisions"}],"wp:attachment":[{"href":"https:\/\/wiki.s12.at\/index.php\/wp-json\/wp\/v2\/media?parent=4280"}],"curies":[{"name":"wp","href":"https:\/\/api.w.org\/{rel}","templated":true}]}}

<div class="mw-parser-output">
<h2><span class="mw-headline" id="Fakten">Fakten</span><a href="/index.php?title=FC_Salzburg_gegen_Ajax_Amsterdam&amp;action=edit&amp;section=1" title="Abschnitt bearbeiten: Fakten">Bearbeiten</a><span class="mw-editsection-bracket">]</span></span></h2>
<table class="toptextcells toccolours">
<tbody>
<tr>
<th colspan="2" style="text-align: center; vertical-align: top; padding: 0.3em 0.8em; font-size: 125%; background-color: lightsteelblue;">FC Salzburg gegen  AFC Ajax Amsterdam, 3:1
</th>
</tr>
<tr>
<th style="text-align:left;"><b>Spieltag</b>
</th>
<th style="text-align:left;">UEFA Europa League, 1/16- Finale, Rückspiel
</th>
</tr>
<tr>
<th style="text-align:left;"><b>Datum</b>
</th>
<th style="text-align:left;">27. Februar 2014
</th>
</tr>
<tr>
<th style="text-align:left;"><b>Anpfiff</b>
</th>
<th style="text-align:left;">19 Uhr
</th>
</tr>
<tr>
<td colspan="2" style="text-align:center;" bgcolor="lightgray"><b>Aufstellung</b>
</td>
</tr>
<tr>
<th style="text-align:left;"><b>Tor</b>
</th>
<th><a href="/Peter_Gulacsi" class="mw-redirect" title="Peter Gulacsi">Peter Gulacsi</a>
</th>
</tr>
<tr>
<th style="text-align:left;"><b>Verteidigung</b>
</th>
<th><a href="/Christian_Schwegler" title="Christian Schwegler">Christian Schwegler</a> <a href="/Andre_Ramalho" class="mw-redirect" title="Andre Ramalho">Andre Ramalho</a> <a href="/Martin_Hinteregger" title="Martin Hinteregger">Martin Hinteregger</a> <a href="/Andreas_Ulmer" title="Andreas Ulmer">Andreas Ulmer</a>
</th>
</tr>
<tr>
<th style="text-align:left;"><b>Mittelfeld</b>
</th>
<th><a href="/Stefan_Ilsanker" title="Stefan Ilsanker">Stefan Ilsanker</a> <a href="/Christoph_Leitgeb" title="Christoph Leitgeb">Christoph Leitgeb</a> <a href="/Kevin_Kampl" title="Kevin Kampl">Kevin Kampl</a> <a href="/Sadio_Man%C3%A9" title="Sadio Mané">Sadio Mané</a>
</th>
</tr>
<tr>
<th style="text-align:left;"><b>Sturm</b>
</th>
<th><a href="/Alan" title="Alan">Alan</a> <a href="/Jonatan_Soriano" title="Jonatan Soriano">Jonatan Soriano</a>
</th>
</tr>
<tr>
<td colspan="2" style="text-align:center;" bgcolor="lightgray"><b>Wechsel</b>
</td>
</tr>
<tr>
<th style="text-align:left;"><b>Wechsel</b>
</th>
<th style="text-align:left;"><a href="/Robert_Zulj" title="Robert Zulj">Robert Zulj</a> für Alan (73.), <a href="/Dusan_Svento" class="mw-redirect" title="Dusan Svento">Dusan Svento</a> für Ulmer (79.), <a href="/Florian_Klein" title="Florian Klein">Florian Klein</a> für Schwegler (89.)
</th>
</tr>
<tr>
<td colspan="2" style="text-align:center;" bgcolor="lightgray"><b>Statistik</b>
</td>
</tr>
<tr>
<th style="text-align:left;"><b>Endstand</b>
</th>
<th style="text-align:left;">3:1 (0:0)
</th>
</tr>
<tr>
<th style="text-align:left;"><b>Torschützen</b>
</th>
<th style="text-align:left;">van de Hoorn (56. ET.), Mane (66.), Soriano (77.); Klaassen (83.)
</th>
</tr>
<tr>
<th style="text-align:left;"><b>Gelbe Karten</b>
</th>
<th style="text-align:left;">Leitgeb (43.); C.Poulsen (27.), Denswil (49.)
</th>
</tr>
<tr>
<th style="text-align:left;"><b>Rote Karten</b>
</th>
<th style="text-align:left;">
</th>
</tr>
<tr>
<th style="text-align:left;"><b>Schiedsrichter</b>
</th>
<th style="text-align:left;">Paolo Tagliavento (ITA)
</th>
</tr>
<tr>
<th style="text-align:left;"><b>Stadion</b>
</th>
<th style="text-align:left;">Red Bull Arena, Salzburg
</th>
</tr>
<tr>
<th style="text-align:left;"><b>Zuschauer</b>
</th>
<th style="text-align:left;">29 320
</th>
</tr>
</tbody>
</table>
<h2><span class="mw-headline" id="Bilder">Bilder</span><a href="/index.php?title=FC_Salzburg_gegen_Ajax_Amsterdam&amp;action=edit&amp;section=2" title="Abschnitt bearbeiten: Bilder">Bearbeiten</a><span class="mw-editsection-bracket">]</span></span></h2>
<p><img alt="" src="/images/thumb/4/4a/Commons-logo.svg/langde-20px-Commons-logo.svg.png%3Futm_source%3Dcommons.wikimedia.org%26utm_campaign%3Dimageinfo%26utm_content%3Dthumbnail" decoding="async" title="Commons" width="12" height="16" srcset="/images/thumb/4/4a/Commons-logo.svg/langde-40px-Commons-logo.svg.png%3Futm_source%3Dcommons.wikimedia.org%26utm_campaign%3Dimageinfo%26utm_content%3Dthumbnail 2x" />&#160;<b><a href="http://commons.wikimedia.org/wiki/Category:UEFA_Euro_League_FC_Salzburg_vs_Ajax_Amsterdam_(27._Februar2014)" class="extiw" title="commons:Category:UEFA Euro League FC Salzburg vs Ajax Amsterdam (27. Februar2014)">FC Salzburg gegen Ajax Amsterdam</a></b>&#160;– Sammlung von Bildern, Videos und Audiodateien auf <a href="/Wikimedia_Commons" title="Wikimedia Commons">Wikimedia Commons</a>
</p>
<h2><span class="mw-headline" id="Weblinks">Weblinks</span><a href="/index.php?title=FC_Salzburg_gegen_Ajax_Amsterdam&amp;action=edit&amp;section=3" title="Abschnitt bearbeiten: Weblinks">Bearbeiten</a><span class="mw-editsection-bracket">]</span></span></h2>
<ul>
<li><a rel="nofollow" class="external text" href="http://www.redbulls.com/de/fc-red-bull-salzburg/news/saison_2013_14/rote-bullen-erstmals-im-europa-league-achtelfinale.html">Spielbericht Homepage</a></li>
<li><a rel="nofollow" class="external text" href="http://www.salzburg12.at/2014/02/31-salzburg-zerlegt-ajax-erneut">Spielbericht salzburg12.at</a></li>
<li><a rel="nofollow" class="external text" href="http://www.uefa.com/uefaeuropaleague/season=2014/matches/round=2000470/match=2012645/postmatch/index.html">uefa.com</a></li>
<li><a rel="nofollow" class="external text" href="http://www.redbulls.com/de/medien/fantv.html?vid=3b42f9ab-86b1-4150-8c10-34d9cc467b57">Stimmen nach dem Spiel redbullsfan.tv</a></li>
</ul>
<p>&lt;youtube&gt;pApdZfzX5IE&lt;/youtube&gt;&lt;youtube&gt;zfE-Ha-xkJo&lt;/youtube&gt;
</p>
<h2><span class="mw-headline" id="Stimmen_zum_Spiel">Stimmen zum Spiel</span><a href="/index.php?title=FC_Salzburg_gegen_Ajax_Amsterdam&amp;action=edit&amp;section=4" title="Abschnitt bearbeiten: Stimmen zum Spiel">Bearbeiten</a><span class="mw-editsection-bracket">]</span></span></h2>
<ul>
<li><b>Roger Schmidt:</b> Das war heute ein ganz besonderes Spiel für uns. Darauf haben wir lange gearbeitet. Und wir haben uns letztlich hochverdient durchgesetzt. Wenn wir einmal in Führung sind, sind wir einfach in der Lage, weiter nach vorne zu spielen. Es war trotzdem ein schwieriges Spiel. Wir waren tonangebend, konnten lange aber kein Tor erzielen. Dazu hatte auch Ajax zwei gute Chancen. Ich werde das jetzt einmal genießen, dass wir das geschafft haben. Wenn wir weiter so souverän auftreten, wie gegen Ajax, können wir auch gegen Basel bestehen.</li>
<li><b>Kevin Kampl:</b> Wir haben heute wieder ein Klassespiel gezeigt und stehen hochverdient im Achtelfinale. Wir haben in beiden Spielen kaum Chancen zugelassen, haben den Gegner jeweils dominiert. Lange Zeit zum Feiern gibt es aber nicht. Denn schon am Sonntag wartet in der Meisterschaft mit Rapid der nächste schwere Gegner.</li>
<li><b>Sadio Mané:</b>Wir haben ein unglaubliches Kollektiv in der Mannschaft. Deshalb war es auch möglich, Ajax zweimal zu schlagen. Wir haben heuer noch viele Ziele.</li>
<li><b>Jonatan Soriano:</b>Wir sind sehr glücklich. In zwei Spielen 6:1 gegen Ajax, das ist ein Wahnsinn. Als Kapitän bin ich sehr stolz auf die Mannschaft, ein Supertag.</li>
</ul>
</div>

<p>FaktenBearbeiten] FC Salzburg gegen AFC Ajax Amsterdam, 3:1 Spieltag UEFA Europa League, 1/16- Finale, Rückspiel Datum 27. Februar 2014 Anpfiff 19 Uhr Aufstellung Tor Peter Gulacsi Verteidigung Christian Schwegler Andre Ramalho Martin Hinteregger Andreas Ulmer Mittelfeld Stefan Ilsanker Christoph Leitgeb Kevin Kampl Sadio Mané Sturm Alan Jonatan Soriano Wechsel Wechsel Robert Zulj für Alan (73.), [&hellip;]</p>
