{"id":4279,"date":"2026-05-06T15:39:46","date_gmt":"2026-05-06T13:39:46","guid":{"rendered":"https:\/\/wiki.s12.at\/index.php\/fc-salzburg-gegen-as-roma-euroleague\/"},"modified":"2026-05-06T15:39:46","modified_gmt":"2026-05-06T13:39:46","slug":"fc-salzburg-gegen-as-roma-euroleague","status":"publish","type":"page","link":"https:\/\/wiki.s12.at\/index.php\/fc-salzburg-gegen-as-roma-euroleague\/","title":{"rendered":"FC Salzburg gegen AS Roma (Euroleague)"},"content":{"rendered":"<div class=\"mw-parser-output\">\n<table class=\"toptextcells toccolours\">\n<tbody>\n<tr>\n<th colspan=\"2\" style=\"text-align: center; vertical-align: top; padding: 0.3em 0.8em; font-size: 125%; background-color: lightsteelblue;\">FC Salzburg gegen AS Roma, 1:0\n<\/th>\n<\/tr>\n<tr>\n<th style=\"text-align:left;\"><b>Spieltag<\/b>\n<\/th>\n<th style=\"text-align:left;\">Europa League Play-off\n<\/th>\n<\/tr>\n<tr>\n<th style=\"text-align:left;\"><b>Datum<\/b>\n<\/th>\n<th style=\"text-align:left;\">16. Februar 2023\n<\/th>\n<\/tr>\n<tr>\n<th style=\"text-align:left;\"><b>Anpfiff<\/b>\n<\/th>\n<th style=\"text-align:left;\">18.45 Uhr\n<\/th>\n<\/tr>\n<tr>\n<td colspan=\"2\" style=\"text-align:center;\" bgcolor=\"lightgray\"><b>Aufstellung<\/b>\n<\/td>\n<\/tr>\n<tr>\n<th style=\"text-align:left;\"><b>Tor<\/b>\n<\/th>\n<th><a href=\"\/Philipp_K%C3%B6hn\" title=\"Philipp K\u00f6hn\">Philipp K\u00f6hn <\/a>\n<\/th>\n<\/tr>\n<tr>\n<th style=\"text-align:left;\"><b>Verteidigung<\/b>\n<\/th>\n<th><a href=\"\/Amar_Dedic\" title=\"Amar Dedic\">Amar Dedic<\/a> &#8211; <a href=\"\/Oumar_Solet\" title=\"Oumar Solet\">Oumar Solet<\/a>  &#8211;<a href=\"\/Strahinja_Pavlovic\" title=\"Strahinja Pavlovic\">Strahinja Pavlovic<\/a>  &#8211;  <a href=\"\/Andreas_Ulmer\" title=\"Andreas Ulmer\">Andreas Ulmer<\/a>\n<\/th>\n<\/tr>\n<tr>\n<th style=\"text-align:left;\"><b>Mittelfeld<\/b>\n<\/th>\n<th><a href=\"\/Nicolas_Seiwald\" title=\"Nicolas Seiwald\">Nicolas Seiwald<\/a> &#8211; <a href=\"\/Nicolas_Capaldo\" title=\"Nicolas Capaldo\">Nicolas Capaldo<\/a> &#8211; <a href=\"\/Luka_Sucic\" title=\"Luka Sucic\">Luka Sucic<\/a> &#8211; <a href=\"\/Lucas_Gourna-Douath\" title=\"Lucas Gourna-Douath\">Lucas Gourna-Douath<\/a>\n<\/th>\n<\/tr>\n<tr>\n<th style=\"text-align:left;\"><b>Sturm<\/b>\n<\/th>\n<th><a href=\"\/Fernando\" class=\"mw-redirect\" title=\"Fernando\">Fernando<\/a> &#8211; <a href=\"\/Noah_Okafor\" title=\"Noah Okafor\">Noah Okafor<\/a>\n<\/th>\n<\/tr>\n<tr>\n<td colspan=\"2\" style=\"text-align:center;\" bgcolor=\"lightgray\"><b>Wechsel<\/b>\n<\/td>\n<\/tr>\n<tr>\n<th style=\"text-align:left;\"><b>Wechsel<\/b>\n<\/th>\n<th style=\"text-align:left;\"><a href=\"\/Junior_Adamu\" class=\"mw-redirect\" title=\"Junior Adamu\">Junior Adamu<\/a> f\u00fcr Fernando (60.), <a href=\"\/Sekou_Koita\" title=\"Sekou Koita\">Sekou Koita<\/a> f\u00fcr Okafor (82.), <a href=\"\/Oscar_Gloukh\" title=\"Oscar Gloukh\">Oscar Gloukh<\/a> f\u00fcr Sucic (82.)\n<\/th>\n<\/tr>\n<tr>\n<td colspan=\"2\" style=\"text-align:center;\" bgcolor=\"lightgray\"><b>Statistik<\/b>\n<\/td>\n<\/tr>\n<tr>\n<th style=\"text-align:left;\"><b>Endstand<\/b>\n<\/th>\n<th style=\"text-align:left;\">1:0 (0:0)\n<\/th>\n<\/tr>\n<tr>\n<th style=\"text-align:left;\"><b>Torsch\u00fctzen<\/b>\n<\/th>\n<th style=\"text-align:left;\">Capaldo (88.)\n<\/th>\n<\/tr>\n<tr>\n<th style=\"text-align:left;\"><b>Gelbe Karten<\/b>\n<\/th>\n<th style=\"text-align:left;\">Pavlovic (84.), Koita (86.), Gloukh (94.); Iba\u00f1ez (92.)\n<\/th>\n<\/tr>\n<tr>\n<th style=\"text-align:left;\"><b>Rote Karten<\/b>\n<\/th>\n<th style=\"text-align:left;\">\n<\/th>\n<\/tr>\n<tr>\n<th style=\"text-align:left;\"><b>Schiedsrichter<\/b>\n<\/th>\n<th style=\"text-align:left;\">Dennis Higler  (NED)\n<\/th>\n<\/tr>\n<tr>\n<th style=\"text-align:left;\"><b>Stadion<\/b>\n<\/th>\n<th style=\"text-align:left;\">EM Stadion Wals Siezenheim\n<\/th>\n<\/tr>\n<tr>\n<th style=\"text-align:left;\"><b>Zuschauer<\/b>\n<\/th>\n<th style=\"text-align:left;\">28 800 &#8211; ausverkauft\n<\/th>\n<\/tr>\n<\/tbody>\n<\/table>\n<h2><span class=\"mw-headline\" id=\"Spielbericht\">Spielbericht<\/span><a href=\"\/index.php?title=FC_Salzburg_gegen_AS_Roma_(Euroleague)&amp;action=edit&amp;section=1\" title=\"Abschnitt bearbeiten: Spielbericht\">Bearbeiten<\/a><span class=\"mw-editsection-bracket\">]<\/span><\/span><\/h2>\n<p><a rel=\"nofollow\" class=\"external text\" href=\"https:\/\/www.redbullsalzburg.at\/de\/2022-2023\/spielplan\/euroleague-sechzehntelfinale-fc-salzburg-vs-roma#spielbericht\">Spielbericht Vereinshomepage<\/a>\n<\/p>\n<h2><span class=\"mw-headline\" id=\"Stimmen_zum_Spiel\">Stimmen zum Spiel<\/span><a href=\"\/index.php?title=FC_Salzburg_gegen_AS_Roma_(Euroleague)&amp;action=edit&amp;section=2\" title=\"Abschnitt bearbeiten: Stimmen zum Spiel\">Bearbeiten<\/a><span class=\"mw-editsection-bracket\">]<\/span><\/span><\/h2>\n<p><b>Nicolas Capaldo:<\/b>   Es war eine lange und schwierige Zeit mit meiner Verletzung. Knapp vier Monate war ich ja zum Zuschauen verdammt. Jetzt mit zwei Toren in zwei Spielen zur\u00fcckzukommen, ist nat\u00fcrlich unglaublich sch\u00f6n, und ich bin sehr gl\u00fccklich, dass ich dem Team heute wieder so helfen konnte. Der Sieg war extrem wichtig und verbessert unsere Chancen f\u00fcrs R\u00fcckspiel entsprechend.\n<\/p>\n<p><b>Nicolas Seiwald:<\/b>   Vor dem Spiel h\u00e4tte ich ein 1:0 nat\u00fcrlich sofort unterschrieben. Es war unser Ziel, daheim ein richtig gutes Spiel abzuliefern. Wir wussten, dass wir eine Chance haben, wenn wir unser Spiel auf den Platz bringen, und das haben wir geschafft. Philipp hat uns ein, zwei Mal gerettet, das war nat\u00fcrlich wichtig. Jetzt freuen wir uns auf n\u00e4chste Woche. Das R\u00fcckspiel wird nat\u00fcrlich anders. Wir werden aber an die Leistung ankn\u00fcpfen und versuchen, weiterzukommen.\n<\/p>\n<\/div>\n","protected":false},"excerpt":{"rendered":"<p>FC Salzburg gegen AS Roma, 1:0 Spieltag Europa League Play-off Datum 16. Februar 2023 Anpfiff 18.45 Uhr Aufstellung Tor Philipp K\u00f6hn Verteidigung Amar Dedic &#8211; Oumar Solet &#8211;Strahinja Pavlovic &#8211; Andreas Ulmer Mittelfeld Nicolas Seiwald &#8211; Nicolas Capaldo &#8211; Luka Sucic &#8211; Lucas Gourna-Douath Sturm Fernando &#8211; Noah Okafor Wechsel Wechsel Junior Adamu f\u00fcr Fernando [&hellip;]<\/p>\n","protected":false},"author":1,"featured_media":0,"parent":0,"menu_order":0,"comment_status":"closed","ping_status":"closed","template":"","meta":{"footnotes":""},"class_list":["post-4279","page","type-page","status-publish","hentry"],"_links":{"self":[{"href":"https:\/\/wiki.s12.at\/index.php\/wp-json\/wp\/v2\/pages\/4279","targetHints":{"allow":["GET"]}}],"collection":[{"href":"https:\/\/wiki.s12.at\/index.php\/wp-json\/wp\/v2\/pages"}],"about":[{"href":"https:\/\/wiki.s12.at\/index.php\/wp-json\/wp\/v2\/types\/page"}],"author":[{"embeddable":true,"href":"https:\/\/wiki.s12.at\/index.php\/wp-json\/wp\/v2\/users\/1"}],"replies":[{"embeddable":true,"href":"https:\/\/wiki.s12.at\/index.php\/wp-json\/wp\/v2\/comments?post=4279"}],"version-history":[{"count":0,"href":"https:\/\/wiki.s12.at\/index.php\/wp-json\/wp\/v2\/pages\/4279\/revisions"}],"wp:attachment":[{"href":"https:\/\/wiki.s12.at\/index.php\/wp-json\/wp\/v2\/media?parent=4279"}],"curies":[{"name":"wp","href":"https:\/\/api.w.org\/{rel}","templated":true}]}}

<div class="mw-parser-output">
<table class="toptextcells toccolours">
<tbody>
<tr>
<th colspan="2" style="text-align: center; vertical-align: top; padding: 0.3em 0.8em; font-size: 125%; background-color: lightsteelblue;">FC Salzburg gegen AS Roma, 1:0
</th>
</tr>
<tr>
<th style="text-align:left;"><b>Spieltag</b>
</th>
<th style="text-align:left;">Europa League Play-off
</th>
</tr>
<tr>
<th style="text-align:left;"><b>Datum</b>
</th>
<th style="text-align:left;">16. Februar 2023
</th>
</tr>
<tr>
<th style="text-align:left;"><b>Anpfiff</b>
</th>
<th style="text-align:left;">18.45 Uhr
</th>
</tr>
<tr>
<td colspan="2" style="text-align:center;" bgcolor="lightgray"><b>Aufstellung</b>
</td>
</tr>
<tr>
<th style="text-align:left;"><b>Tor</b>
</th>
<th><a href="/Philipp_K%C3%B6hn" title="Philipp Köhn">Philipp Köhn </a>
</th>
</tr>
<tr>
<th style="text-align:left;"><b>Verteidigung</b>
</th>
<th><a href="/Amar_Dedic" title="Amar Dedic">Amar Dedic</a> &#8211; <a href="/Oumar_Solet" title="Oumar Solet">Oumar Solet</a>  &#8211;<a href="/Strahinja_Pavlovic" title="Strahinja Pavlovic">Strahinja Pavlovic</a>  &#8211;  <a href="/Andreas_Ulmer" title="Andreas Ulmer">Andreas Ulmer</a>
</th>
</tr>
<tr>
<th style="text-align:left;"><b>Mittelfeld</b>
</th>
<th><a href="/Nicolas_Seiwald" title="Nicolas Seiwald">Nicolas Seiwald</a> &#8211; <a href="/Nicolas_Capaldo" title="Nicolas Capaldo">Nicolas Capaldo</a> &#8211; <a href="/Luka_Sucic" title="Luka Sucic">Luka Sucic</a> &#8211; <a href="/Lucas_Gourna-Douath" title="Lucas Gourna-Douath">Lucas Gourna-Douath</a>
</th>
</tr>
<tr>
<th style="text-align:left;"><b>Sturm</b>
</th>
<th><a href="/Fernando" class="mw-redirect" title="Fernando">Fernando</a> &#8211; <a href="/Noah_Okafor" title="Noah Okafor">Noah Okafor</a>
</th>
</tr>
<tr>
<td colspan="2" style="text-align:center;" bgcolor="lightgray"><b>Wechsel</b>
</td>
</tr>
<tr>
<th style="text-align:left;"><b>Wechsel</b>
</th>
<th style="text-align:left;"><a href="/Junior_Adamu" class="mw-redirect" title="Junior Adamu">Junior Adamu</a> für Fernando (60.), <a href="/Sekou_Koita" title="Sekou Koita">Sekou Koita</a> für Okafor (82.), <a href="/Oscar_Gloukh" title="Oscar Gloukh">Oscar Gloukh</a> für Sucic (82.)
</th>
</tr>
<tr>
<td colspan="2" style="text-align:center;" bgcolor="lightgray"><b>Statistik</b>
</td>
</tr>
<tr>
<th style="text-align:left;"><b>Endstand</b>
</th>
<th style="text-align:left;">1:0 (0:0)
</th>
</tr>
<tr>
<th style="text-align:left;"><b>Torschützen</b>
</th>
<th style="text-align:left;">Capaldo (88.)
</th>
</tr>
<tr>
<th style="text-align:left;"><b>Gelbe Karten</b>
</th>
<th style="text-align:left;">Pavlovic (84.), Koita (86.), Gloukh (94.); Ibañez (92.)
</th>
</tr>
<tr>
<th style="text-align:left;"><b>Rote Karten</b>
</th>
<th style="text-align:left;">
</th>
</tr>
<tr>
<th style="text-align:left;"><b>Schiedsrichter</b>
</th>
<th style="text-align:left;">Dennis Higler  (NED)
</th>
</tr>
<tr>
<th style="text-align:left;"><b>Stadion</b>
</th>
<th style="text-align:left;">EM Stadion Wals Siezenheim
</th>
</tr>
<tr>
<th style="text-align:left;"><b>Zuschauer</b>
</th>
<th style="text-align:left;">28 800 &#8211; ausverkauft
</th>
</tr>
</tbody>
</table>
<h2><span class="mw-headline" id="Spielbericht">Spielbericht</span><a href="/index.php?title=FC_Salzburg_gegen_AS_Roma_(Euroleague)&amp;action=edit&amp;section=1" title="Abschnitt bearbeiten: Spielbericht">Bearbeiten</a><span class="mw-editsection-bracket">]</span></span></h2>
<p><a rel="nofollow" class="external text" href="https://www.redbullsalzburg.at/de/2022-2023/spielplan/euroleague-sechzehntelfinale-fc-salzburg-vs-roma#spielbericht">Spielbericht Vereinshomepage</a>
</p>
<h2><span class="mw-headline" id="Stimmen_zum_Spiel">Stimmen zum Spiel</span><a href="/index.php?title=FC_Salzburg_gegen_AS_Roma_(Euroleague)&amp;action=edit&amp;section=2" title="Abschnitt bearbeiten: Stimmen zum Spiel">Bearbeiten</a><span class="mw-editsection-bracket">]</span></span></h2>
<p><b>Nicolas Capaldo:</b>   Es war eine lange und schwierige Zeit mit meiner Verletzung. Knapp vier Monate war ich ja zum Zuschauen verdammt. Jetzt mit zwei Toren in zwei Spielen zurückzukommen, ist natürlich unglaublich schön, und ich bin sehr glücklich, dass ich dem Team heute wieder so helfen konnte. Der Sieg war extrem wichtig und verbessert unsere Chancen fürs Rückspiel entsprechend.
</p>
<p><b>Nicolas Seiwald:</b>   Vor dem Spiel hätte ich ein 1:0 natürlich sofort unterschrieben. Es war unser Ziel, daheim ein richtig gutes Spiel abzuliefern. Wir wussten, dass wir eine Chance haben, wenn wir unser Spiel auf den Platz bringen, und das haben wir geschafft. Philipp hat uns ein, zwei Mal gerettet, das war natürlich wichtig. Jetzt freuen wir uns auf nächste Woche. Das Rückspiel wird natürlich anders. Wir werden aber an die Leistung anknüpfen und versuchen, weiterzukommen.
</p>
</div>

<p>FC Salzburg gegen AS Roma, 1:0 Spieltag Europa League Play-off Datum 16. Februar 2023 Anpfiff 18.45 Uhr Aufstellung Tor Philipp Köhn Verteidigung Amar Dedic &#8211; Oumar Solet &#8211;Strahinja Pavlovic &#8211; Andreas Ulmer Mittelfeld Nicolas Seiwald &#8211; Nicolas Capaldo &#8211; Luka Sucic &#8211; Lucas Gourna-Douath Sturm Fernando &#8211; Noah Okafor Wechsel Wechsel Junior Adamu für Fernando [&hellip;]</p>
