{"id":4278,"date":"2026-05-06T15:39:46","date_gmt":"2026-05-06T13:39:46","guid":{"rendered":"https:\/\/wiki.s12.at\/index.php\/fc-salzburg-gegen-as-roma\/"},"modified":"2026-05-06T15:39:46","modified_gmt":"2026-05-06T13:39:46","slug":"fc-salzburg-gegen-as-roma","status":"publish","type":"page","link":"https:\/\/wiki.s12.at\/index.php\/fc-salzburg-gegen-as-roma\/","title":{"rendered":"FC Salzburg gegen AS Roma"},"content":{"rendered":"<div class=\"mw-parser-output\">\n<h2><span class=\"mw-headline\" id=\"Fakten\">Fakten<\/span><a href=\"\/index.php?title=FC_Salzburg_gegen_AS_Roma&amp;action=edit&amp;section=1\" title=\"Abschnitt bearbeiten: Fakten\">Bearbeiten<\/a><span class=\"mw-editsection-bracket\">]<\/span><\/span><\/h2>\n<table class=\"toptextcells toccolours\">\n<tbody>\n<tr>\n<th colspan=\"2\" style=\"text-align: center; vertical-align: top; padding: 0.3em 0.8em; font-size: 125%; background-color: lightsteelblue;\">FC Salzburg gegen AS Roma, 0:4\n<\/th>\n<\/tr>\n<tr>\n<th style=\"text-align:left;\"><b>Spieltag<\/b>\n<\/th>\n<th style=\"text-align:left;\">Uefa-Youth-League Play off\n<\/th>\n<\/tr>\n<tr>\n<th style=\"text-align:left;\"><b>Datum<\/b>\n<\/th>\n<th style=\"text-align:left;\">10. Februar 2016\n<\/th>\n<\/tr>\n<tr>\n<th style=\"text-align:left;\"><b>Anpfiff<\/b>\n<\/th>\n<th style=\"text-align:left;\">16 Uhr\n<\/th>\n<\/tr>\n<tr>\n<td colspan=\"2\" style=\"text-align:center;\" bgcolor=\"lightgray\"><b>Aufstellung<\/b>\n<\/td>\n<\/tr>\n<tr>\n<th style=\"text-align:left;\"><b>Tor<\/b>\n<\/th>\n<th><a href=\"\/Bartlomiej_Zynel\" class=\"mw-redirect\" title=\"Bartlomiej Zynel\">Bartlomiej Zynel<\/a>\n<\/th>\n<\/tr>\n<tr>\n<th style=\"text-align:left;\"><b>Verteidigung<\/b>\n<\/th>\n<th><a href=\"\/Dmitri_Skopintchev\" title=\"Dmitri Skopintchev\">Dmitri Skopintchev<\/a> <a href=\"\/Dayot_Upamecano\" title=\"Dayot Upamecano\">Dayot Upamecano<\/a> <a href=\"\/David_Gugganig\" title=\"David Gugganig\">David Gugganig<\/a> <a href=\"\/Maximilian_Mayer\" title=\"Maximilian Mayer\">Maximilian Mayer<\/a>\n<\/th>\n<\/tr>\n<tr>\n<th style=\"text-align:left;\"><b>Mittelfeld<\/b>\n<\/th>\n<th><a href=\"\/Benjamin_Kaufmann\" title=\"Benjamin Kaufmann\">Benjamin Kaufmann<\/a> <a href=\"\/Xaver_Schlager\" title=\"Xaver Schlager\">Xaver Schlager<\/a> <a href=\"\/Emir_Karic\" title=\"Emir Karic\">Emir Karic<\/a> <a href=\"\/Mergim_Berisha\" title=\"Mergim Berisha\">Mergim Berisha<\/a>\n<\/th>\n<\/tr>\n<tr>\n<th style=\"text-align:left;\"><b>Sturm<\/b>\n<\/th>\n<th><a href=\"\/Dimitri_Oberlin\" title=\"Dimitri Oberlin\">Dimitri Oberlin<\/a> <a href=\"\/Hannes_Wolf\" title=\"Hannes Wolf\">Hannes Wolf<\/a>\n<\/th>\n<\/tr>\n<tr>\n<td colspan=\"2\" style=\"text-align:center;\" bgcolor=\"lightgray\"><b>Wechsel<\/b>\n<\/td>\n<\/tr>\n<tr>\n<th style=\"text-align:left;\"><b>Wechsel<\/b>\n<\/th>\n<th style=\"text-align:left;\"><a href=\"\/Oliver_Filip\" title=\"Oliver Filip\">Oliver Filip<\/a>   f\u00fcr Skopintchev (68.), <a href=\"\/Michael_Switil\" title=\"Michael Switil\">Michael Switil<\/a> f\u00fcr Wolf (79.), <a href=\"\/Daniel_Raischl\" title=\"Daniel Raischl\">Daniel Raischl<\/a> f\u00fcr Berisha (86.)\n<\/th>\n<\/tr>\n<tr>\n<td colspan=\"2\" style=\"text-align:center;\" bgcolor=\"lightgray\"><b>Statistik<\/b>\n<\/td>\n<\/tr>\n<tr>\n<th style=\"text-align:left;\"><b>Endstand<\/b>\n<\/th>\n<th style=\"text-align:left;\">0:4 (0:3)\n<\/th>\n<\/tr>\n<tr>\n<th style=\"text-align:left;\"><b>Torsch\u00fctzen<\/b>\n<\/th>\n<th style=\"text-align:left;\">Marchizza (8.,E.), Umar (17.), Soleri (39.), Di Livio (72.)\n<\/th>\n<\/tr>\n<tr>\n<th style=\"text-align:left;\"><b>Gelbe Karten<\/b>\n<\/th>\n<th style=\"text-align:left;\">Karic (81.); Di Livio (31.), Bordin (49.), Umar (67.)\n<\/th>\n<\/tr>\n<tr>\n<th style=\"text-align:left;\"><b>Rote Karten<\/b>\n<\/th>\n<th style=\"text-align:left;\">Upamecano (7.), Kaufmann (83.)\n<\/th>\n<\/tr>\n<tr>\n<th style=\"text-align:left;\"><b>Schiedsrichter<\/b>\n<\/th>\n<th style=\"text-align:left;\">Radu Marian Petrescu (ROM)\n<\/th>\n<\/tr>\n<tr>\n<th style=\"text-align:left;\"><b>Stadion<\/b>\n<\/th>\n<th style=\"text-align:left;\">EM Stadion Wals-Siezenheim\n<\/th>\n<\/tr>\n<tr>\n<th style=\"text-align:left;\"><b>Zuschauer<\/b>\n<\/th>\n<th style=\"text-align:left;\">1 080\n<\/th>\n<\/tr>\n<\/tbody>\n<\/table>\n<h2><span class=\"mw-headline\" id=\"Weblinks\">Weblinks<\/span><a href=\"\/index.php?title=FC_Salzburg_gegen_AS_Roma&amp;action=edit&amp;section=2\" title=\"Abschnitt bearbeiten: Weblinks\">Bearbeiten<\/a><span class=\"mw-editsection-bracket\">]<\/span><\/span><\/h2>\n<ul>\n<li><a rel=\"nofollow\" class=\"external text\" href=\"http:\/\/www.redbullsalzburg.at\/de\/fc-red-bull-salzburg\/news\/saison_2015_16\/jungbullen-scheitern-in-unterzahl-an-as-roma.html\">Spielbericht Vereinshomepage<\/a><\/li>\n<\/ul>\n<h2><span class=\"mw-headline\" id=\"Bilder\">Bilder<\/span><a href=\"\/index.php?title=FC_Salzburg_gegen_AS_Roma&amp;action=edit&amp;section=3\" title=\"Abschnitt bearbeiten: Bilder\">Bearbeiten<\/a><span class=\"mw-editsection-bracket\">]<\/span><\/span><\/h2>\n<ul class=\"gallery mw-gallery-traditional\">\n<li class=\"gallerybox\" style=\"width: 155px\">\n<div style=\"width: 155px\">\n<div class=\"thumb\" style=\"width: 150px;\">\n<div style=\"margin:41.5px auto;\"><a href=\"\/Datei:UEFA_Youth_League_FC_Salzburg_vs._AS_Roma_22.JPG\" class=\"image\"><img alt=\"UEFA Youth League FC Salzburg vs. AS Roma 22.JPG\" src=\"\/images\/thumb\/3\/39\/UEFA_Youth_League_FC_Salzburg_vs._AS_Roma_22.JPG\/120px-UEFA_Youth_League_FC_Salzburg_vs._AS_Roma_22.JPG%3Futm_source%3Dcommons.wikimedia.org%26utm_campaign%3Dimageinfo%26utm_content%3Dthumbnail\" decoding=\"async\" width=\"120\" height=\"67\" srcset=\"\/images\/thumb\/3\/39\/UEFA_Youth_League_FC_Salzburg_vs._AS_Roma_22.JPG\/250px-UEFA_Youth_League_FC_Salzburg_vs._AS_Roma_22.JPG%3Futm_source%3Dcommons.wikimedia.org%26utm_campaign%3Dimageinfo%26utm_content%3Dthumbnail 1.5x\" \/><\/a><\/div>\n<\/div>\n<div class=\"gallerytext\">\n\t\t\t<\/div>\n<\/p><\/div>\n<\/li>\n<li class=\"gallerybox\" style=\"width: 155px\">\n<div style=\"width: 155px\">\n<div class=\"thumb\" style=\"width: 150px;\">\n<div style=\"margin:15px auto;\"><a href=\"\/Datei:UEFA_Youth_League_FC_Salzburg_vs._AS_Roma_11.JPG\" class=\"image\"><img alt=\"UEFA Youth League FC Salzburg vs. AS Roma 11.JPG\" src=\"\/images\/thumb\/c\/c0\/UEFA_Youth_League_FC_Salzburg_vs._AS_Roma_11.JPG\/120px-UEFA_Youth_League_FC_Salzburg_vs._AS_Roma_11.JPG%3Futm_source%3Dcommons.wikimedia.org%26utm_campaign%3Dimageinfo%26utm_content%3Dthumbnail\" decoding=\"async\" width=\"104\" height=\"120\" srcset=\"\/images\/thumb\/c\/c0\/UEFA_Youth_League_FC_Salzburg_vs._AS_Roma_11.JPG\/250px-UEFA_Youth_League_FC_Salzburg_vs._AS_Roma_11.JPG%3Futm_source%3Dcommons.wikimedia.org%26utm_campaign%3Dimageinfo%26utm_content%3Dthumbnail 1.5x\" \/><\/a><\/div>\n<\/div>\n<div class=\"gallerytext\">\n\t\t\t<\/div>\n<\/p><\/div>\n<\/li>\n<li class=\"gallerybox\" style=\"width: 155px\">\n<div style=\"width: 155px\">\n<div class=\"thumb\" style=\"width: 150px;\">\n<div style=\"margin:15px auto;\"><a href=\"\/Datei:UEF_Youth_League_FC_Salzburg_gegen_AS_Roma_15.JPG\" class=\"image\"><img alt=\"UEF Youth League FC Salzburg gegen AS Roma 15.JPG\" src=\"\/images\/thumb\/5\/5f\/UEF_Youth_League_FC_Salzburg_gegen_AS_Roma_15.JPG\/120px-UEF_Youth_League_FC_Salzburg_gegen_AS_Roma_15.JPG%3Futm_source%3Dcommons.wikimedia.org%26utm_campaign%3Dimageinfo%26utm_content%3Dthumbnail\" decoding=\"async\" width=\"92\" height=\"120\" srcset=\"\/images\/thumb\/5\/5f\/UEF_Youth_League_FC_Salzburg_gegen_AS_Roma_15.JPG\/250px-UEF_Youth_League_FC_Salzburg_gegen_AS_Roma_15.JPG%3Futm_source%3Dcommons.wikimedia.org%26utm_campaign%3Dimageinfo%26utm_content%3Dthumbnail 1.5x\" \/><\/a><\/div>\n<\/div>\n<div class=\"gallerytext\">\n\t\t\t<\/div>\n<\/p><\/div>\n<\/li>\n<li class=\"gallerybox\" style=\"width: 155px\">\n<div style=\"width: 155px\">\n<div class=\"thumb\" style=\"width: 150px;\">\n<div style=\"margin:15px auto;\"><a href=\"\/Datei:UEF_Youth_League_FC_Salzburg_gegen_AS_Roma_03.JPG\" class=\"image\"><img loading=\"lazy\" alt=\"UEF Youth League FC Salzburg gegen AS Roma 03.JPG\" src=\"\/images\/thumb\/3\/31\/UEF_Youth_League_FC_Salzburg_gegen_AS_Roma_03.JPG\/120px-UEF_Youth_League_FC_Salzburg_gegen_AS_Roma_03.JPG%3Futm_source%3Dcommons.wikimedia.org%26utm_campaign%3Dimageinfo%26utm_content%3Dthumbnail\" decoding=\"async\" width=\"98\" height=\"120\" srcset=\"\/images\/thumb\/3\/31\/UEF_Youth_League_FC_Salzburg_gegen_AS_Roma_03.JPG\/250px-UEF_Youth_League_FC_Salzburg_gegen_AS_Roma_03.JPG%3Futm_source%3Dcommons.wikimedia.org%26utm_campaign%3Dimageinfo%26utm_content%3Dthumbnail 1.5x\" \/><\/a><\/div>\n<\/div>\n<div class=\"gallerytext\">\n\t\t\t<\/div>\n<\/p><\/div>\n<\/li>\n<\/ul>\n<p><img loading=\"lazy\" alt=\"\" src=\"\/images\/thumb\/4\/4a\/Commons-logo.svg\/langde-20px-Commons-logo.svg.png%3Futm_source%3Dcommons.wikimedia.org%26utm_campaign%3Dimageinfo%26utm_content%3Dthumbnail\" decoding=\"async\" title=\"Commons\" width=\"12\" height=\"16\" srcset=\"\/images\/thumb\/4\/4a\/Commons-logo.svg\/langde-40px-Commons-logo.svg.png%3Futm_source%3Dcommons.wikimedia.org%26utm_campaign%3Dimageinfo%26utm_content%3Dthumbnail 2x\" \/>&#160;<b><a href=\"http:\/\/commons.wikimedia.org\/wiki\/Category:UEFA_Youth_League_FC_Salzburg_gegen_AS_Roma\" class=\"extiw\" title=\"commons:Category:UEFA Youth League FC Salzburg gegen AS Roma\">FC Salzburg gegen AS Roma<\/a><\/b>&#160;\u2013 Sammlung von Bildern, Videos und Audiodateien auf <a href=\"\/Wikimedia_Commons\" title=\"Wikimedia Commons\">Wikimedia Commons<\/a>\n<\/p>\n<h2><span class=\"mw-headline\" id=\"Stimmen_zum_Spiel\">Stimmen zum Spiel<\/span><a href=\"\/index.php?title=FC_Salzburg_gegen_AS_Roma&amp;action=edit&amp;section=4\" title=\"Abschnitt bearbeiten: Stimmen zum Spiel\">Bearbeiten<\/a><span class=\"mw-editsection-bracket\">]<\/span><\/span><\/h2>\n<ul>\n<li><b>Thomas Letsch:<\/b> Wenn man 4:0 verliert, gibt es nat\u00fcrlich viele Dinge, mit denen man nicht zufrieden sein kann. Wir sind gut in die Partie gekommen und haben das, was wir uns vorgenommen hatten, gut umgesetzt. Trotz Unterzahl waren wir dann die bessere Mannschaft, konnten unsere Chancen aber leider nicht nutzen. Der Gegner hat heute unsere Fehler eiskalt, vor allem bei Standardsituationen, bestraft. Wir wussten \u00fcber die Qualit\u00e4t der R\u00f6mer Bescheid, haben aber gezeigt, dass wir mit der Art und Weise, wie wir Fu\u00dfball spielen wollen, jeden Gegner \u00e4rgern k\u00f6nnen. Um ein Spiel auf diesem Niveau zu gewinnen, muss man weniger Fehler machen als der Gegner \u2013 das ist uns heute nicht gelungen.<\/li>\n<\/ul>\n<\/div>\n","protected":false},"excerpt":{"rendered":"<p>FaktenBearbeiten] FC Salzburg gegen AS Roma, 0:4 Spieltag Uefa-Youth-League Play off Datum 10. Februar 2016 Anpfiff 16 Uhr Aufstellung Tor Bartlomiej Zynel Verteidigung Dmitri Skopintchev Dayot Upamecano David Gugganig Maximilian Mayer Mittelfeld Benjamin Kaufmann Xaver Schlager Emir Karic Mergim Berisha Sturm Dimitri Oberlin Hannes Wolf Wechsel Wechsel Oliver Filip f\u00fcr Skopintchev (68.), Michael Switil f\u00fcr [&hellip;]<\/p>\n","protected":false},"author":1,"featured_media":0,"parent":0,"menu_order":0,"comment_status":"closed","ping_status":"closed","template":"","meta":{"footnotes":""},"class_list":["post-4278","page","type-page","status-publish","hentry"],"_links":{"self":[{"href":"https:\/\/wiki.s12.at\/index.php\/wp-json\/wp\/v2\/pages\/4278","targetHints":{"allow":["GET"]}}],"collection":[{"href":"https:\/\/wiki.s12.at\/index.php\/wp-json\/wp\/v2\/pages"}],"about":[{"href":"https:\/\/wiki.s12.at\/index.php\/wp-json\/wp\/v2\/types\/page"}],"author":[{"embeddable":true,"href":"https:\/\/wiki.s12.at\/index.php\/wp-json\/wp\/v2\/users\/1"}],"replies":[{"embeddable":true,"href":"https:\/\/wiki.s12.at\/index.php\/wp-json\/wp\/v2\/comments?post=4278"}],"version-history":[{"count":0,"href":"https:\/\/wiki.s12.at\/index.php\/wp-json\/wp\/v2\/pages\/4278\/revisions"}],"wp:attachment":[{"href":"https:\/\/wiki.s12.at\/index.php\/wp-json\/wp\/v2\/media?parent=4278"}],"curies":[{"name":"wp","href":"https:\/\/api.w.org\/{rel}","templated":true}]}}

<div class="mw-parser-output">
<h2><span class="mw-headline" id="Fakten">Fakten</span><a href="/index.php?title=FC_Salzburg_gegen_AS_Roma&amp;action=edit&amp;section=1" title="Abschnitt bearbeiten: Fakten">Bearbeiten</a><span class="mw-editsection-bracket">]</span></span></h2>
<table class="toptextcells toccolours">
<tbody>
<tr>
<th colspan="2" style="text-align: center; vertical-align: top; padding: 0.3em 0.8em; font-size: 125%; background-color: lightsteelblue;">FC Salzburg gegen AS Roma, 0:4
</th>
</tr>
<tr>
<th style="text-align:left;"><b>Spieltag</b>
</th>
<th style="text-align:left;">Uefa-Youth-League Play off
</th>
</tr>
<tr>
<th style="text-align:left;"><b>Datum</b>
</th>
<th style="text-align:left;">10. Februar 2016
</th>
</tr>
<tr>
<th style="text-align:left;"><b>Anpfiff</b>
</th>
<th style="text-align:left;">16 Uhr
</th>
</tr>
<tr>
<td colspan="2" style="text-align:center;" bgcolor="lightgray"><b>Aufstellung</b>
</td>
</tr>
<tr>
<th style="text-align:left;"><b>Tor</b>
</th>
<th><a href="/Bartlomiej_Zynel" class="mw-redirect" title="Bartlomiej Zynel">Bartlomiej Zynel</a>
</th>
</tr>
<tr>
<th style="text-align:left;"><b>Verteidigung</b>
</th>
<th><a href="/Dmitri_Skopintchev" title="Dmitri Skopintchev">Dmitri Skopintchev</a> <a href="/Dayot_Upamecano" title="Dayot Upamecano">Dayot Upamecano</a> <a href="/David_Gugganig" title="David Gugganig">David Gugganig</a> <a href="/Maximilian_Mayer" title="Maximilian Mayer">Maximilian Mayer</a>
</th>
</tr>
<tr>
<th style="text-align:left;"><b>Mittelfeld</b>
</th>
<th><a href="/Benjamin_Kaufmann" title="Benjamin Kaufmann">Benjamin Kaufmann</a> <a href="/Xaver_Schlager" title="Xaver Schlager">Xaver Schlager</a> <a href="/Emir_Karic" title="Emir Karic">Emir Karic</a> <a href="/Mergim_Berisha" title="Mergim Berisha">Mergim Berisha</a>
</th>
</tr>
<tr>
<th style="text-align:left;"><b>Sturm</b>
</th>
<th><a href="/Dimitri_Oberlin" title="Dimitri Oberlin">Dimitri Oberlin</a> <a href="/Hannes_Wolf" title="Hannes Wolf">Hannes Wolf</a>
</th>
</tr>
<tr>
<td colspan="2" style="text-align:center;" bgcolor="lightgray"><b>Wechsel</b>
</td>
</tr>
<tr>
<th style="text-align:left;"><b>Wechsel</b>
</th>
<th style="text-align:left;"><a href="/Oliver_Filip" title="Oliver Filip">Oliver Filip</a>   für Skopintchev (68.), <a href="/Michael_Switil" title="Michael Switil">Michael Switil</a> für Wolf (79.), <a href="/Daniel_Raischl" title="Daniel Raischl">Daniel Raischl</a> für Berisha (86.)
</th>
</tr>
<tr>
<td colspan="2" style="text-align:center;" bgcolor="lightgray"><b>Statistik</b>
</td>
</tr>
<tr>
<th style="text-align:left;"><b>Endstand</b>
</th>
<th style="text-align:left;">0:4 (0:3)
</th>
</tr>
<tr>
<th style="text-align:left;"><b>Torschützen</b>
</th>
<th style="text-align:left;">Marchizza (8.,E.), Umar (17.), Soleri (39.), Di Livio (72.)
</th>
</tr>
<tr>
<th style="text-align:left;"><b>Gelbe Karten</b>
</th>
<th style="text-align:left;">Karic (81.); Di Livio (31.), Bordin (49.), Umar (67.)
</th>
</tr>
<tr>
<th style="text-align:left;"><b>Rote Karten</b>
</th>
<th style="text-align:left;">Upamecano (7.), Kaufmann (83.)
</th>
</tr>
<tr>
<th style="text-align:left;"><b>Schiedsrichter</b>
</th>
<th style="text-align:left;">Radu Marian Petrescu (ROM)
</th>
</tr>
<tr>
<th style="text-align:left;"><b>Stadion</b>
</th>
<th style="text-align:left;">EM Stadion Wals-Siezenheim
</th>
</tr>
<tr>
<th style="text-align:left;"><b>Zuschauer</b>
</th>
<th style="text-align:left;">1 080
</th>
</tr>
</tbody>
</table>
<h2><span class="mw-headline" id="Weblinks">Weblinks</span><a href="/index.php?title=FC_Salzburg_gegen_AS_Roma&amp;action=edit&amp;section=2" title="Abschnitt bearbeiten: Weblinks">Bearbeiten</a><span class="mw-editsection-bracket">]</span></span></h2>
<ul>
<li><a rel="nofollow" class="external text" href="http://www.redbullsalzburg.at/de/fc-red-bull-salzburg/news/saison_2015_16/jungbullen-scheitern-in-unterzahl-an-as-roma.html">Spielbericht Vereinshomepage</a></li>
</ul>
<h2><span class="mw-headline" id="Bilder">Bilder</span><a href="/index.php?title=FC_Salzburg_gegen_AS_Roma&amp;action=edit&amp;section=3" title="Abschnitt bearbeiten: Bilder">Bearbeiten</a><span class="mw-editsection-bracket">]</span></span></h2>
<ul class="gallery mw-gallery-traditional">
<li class="gallerybox" style="width: 155px">
<div style="width: 155px">
<div class="thumb" style="width: 150px;">
<div style="margin:41.5px auto;"><a href="/Datei:UEFA_Youth_League_FC_Salzburg_vs._AS_Roma_22.JPG" class="image"><img alt="UEFA Youth League FC Salzburg vs. AS Roma 22.JPG" src="/images/thumb/3/39/UEFA_Youth_League_FC_Salzburg_vs._AS_Roma_22.JPG/120px-UEFA_Youth_League_FC_Salzburg_vs._AS_Roma_22.JPG%3Futm_source%3Dcommons.wikimedia.org%26utm_campaign%3Dimageinfo%26utm_content%3Dthumbnail" decoding="async" width="120" height="67" srcset="/images/thumb/3/39/UEFA_Youth_League_FC_Salzburg_vs._AS_Roma_22.JPG/250px-UEFA_Youth_League_FC_Salzburg_vs._AS_Roma_22.JPG%3Futm_source%3Dcommons.wikimedia.org%26utm_campaign%3Dimageinfo%26utm_content%3Dthumbnail 1.5x" /></a></div>
</div>
<div class="gallerytext">
			</div>
</p></div>
</li>
<li class="gallerybox" style="width: 155px">
<div style="width: 155px">
<div class="thumb" style="width: 150px;">
<div style="margin:15px auto;"><a href="/Datei:UEFA_Youth_League_FC_Salzburg_vs._AS_Roma_11.JPG" class="image"><img alt="UEFA Youth League FC Salzburg vs. AS Roma 11.JPG" src="/images/thumb/c/c0/UEFA_Youth_League_FC_Salzburg_vs._AS_Roma_11.JPG/120px-UEFA_Youth_League_FC_Salzburg_vs._AS_Roma_11.JPG%3Futm_source%3Dcommons.wikimedia.org%26utm_campaign%3Dimageinfo%26utm_content%3Dthumbnail" decoding="async" width="104" height="120" srcset="/images/thumb/c/c0/UEFA_Youth_League_FC_Salzburg_vs._AS_Roma_11.JPG/250px-UEFA_Youth_League_FC_Salzburg_vs._AS_Roma_11.JPG%3Futm_source%3Dcommons.wikimedia.org%26utm_campaign%3Dimageinfo%26utm_content%3Dthumbnail 1.5x" /></a></div>
</div>
<div class="gallerytext">
			</div>
</p></div>
</li>
<li class="gallerybox" style="width: 155px">
<div style="width: 155px">
<div class="thumb" style="width: 150px;">
<div style="margin:15px auto;"><a href="/Datei:UEF_Youth_League_FC_Salzburg_gegen_AS_Roma_15.JPG" class="image"><img alt="UEF Youth League FC Salzburg gegen AS Roma 15.JPG" src="/images/thumb/5/5f/UEF_Youth_League_FC_Salzburg_gegen_AS_Roma_15.JPG/120px-UEF_Youth_League_FC_Salzburg_gegen_AS_Roma_15.JPG%3Futm_source%3Dcommons.wikimedia.org%26utm_campaign%3Dimageinfo%26utm_content%3Dthumbnail" decoding="async" width="92" height="120" srcset="/images/thumb/5/5f/UEF_Youth_League_FC_Salzburg_gegen_AS_Roma_15.JPG/250px-UEF_Youth_League_FC_Salzburg_gegen_AS_Roma_15.JPG%3Futm_source%3Dcommons.wikimedia.org%26utm_campaign%3Dimageinfo%26utm_content%3Dthumbnail 1.5x" /></a></div>
</div>
<div class="gallerytext">
			</div>
</p></div>
</li>
<li class="gallerybox" style="width: 155px">
<div style="width: 155px">
<div class="thumb" style="width: 150px;">
<div style="margin:15px auto;"><a href="/Datei:UEF_Youth_League_FC_Salzburg_gegen_AS_Roma_03.JPG" class="image"><img loading="lazy" alt="UEF Youth League FC Salzburg gegen AS Roma 03.JPG" src="/images/thumb/3/31/UEF_Youth_League_FC_Salzburg_gegen_AS_Roma_03.JPG/120px-UEF_Youth_League_FC_Salzburg_gegen_AS_Roma_03.JPG%3Futm_source%3Dcommons.wikimedia.org%26utm_campaign%3Dimageinfo%26utm_content%3Dthumbnail" decoding="async" width="98" height="120" srcset="/images/thumb/3/31/UEF_Youth_League_FC_Salzburg_gegen_AS_Roma_03.JPG/250px-UEF_Youth_League_FC_Salzburg_gegen_AS_Roma_03.JPG%3Futm_source%3Dcommons.wikimedia.org%26utm_campaign%3Dimageinfo%26utm_content%3Dthumbnail 1.5x" /></a></div>
</div>
<div class="gallerytext">
			</div>
</p></div>
</li>
</ul>
<p><img loading="lazy" alt="" src="/images/thumb/4/4a/Commons-logo.svg/langde-20px-Commons-logo.svg.png%3Futm_source%3Dcommons.wikimedia.org%26utm_campaign%3Dimageinfo%26utm_content%3Dthumbnail" decoding="async" title="Commons" width="12" height="16" srcset="/images/thumb/4/4a/Commons-logo.svg/langde-40px-Commons-logo.svg.png%3Futm_source%3Dcommons.wikimedia.org%26utm_campaign%3Dimageinfo%26utm_content%3Dthumbnail 2x" />&#160;<b><a href="http://commons.wikimedia.org/wiki/Category:UEFA_Youth_League_FC_Salzburg_gegen_AS_Roma" class="extiw" title="commons:Category:UEFA Youth League FC Salzburg gegen AS Roma">FC Salzburg gegen AS Roma</a></b>&#160;– Sammlung von Bildern, Videos und Audiodateien auf <a href="/Wikimedia_Commons" title="Wikimedia Commons">Wikimedia Commons</a>
</p>
<h2><span class="mw-headline" id="Stimmen_zum_Spiel">Stimmen zum Spiel</span><a href="/index.php?title=FC_Salzburg_gegen_AS_Roma&amp;action=edit&amp;section=4" title="Abschnitt bearbeiten: Stimmen zum Spiel">Bearbeiten</a><span class="mw-editsection-bracket">]</span></span></h2>
<ul>
<li><b>Thomas Letsch:</b> Wenn man 4:0 verliert, gibt es natürlich viele Dinge, mit denen man nicht zufrieden sein kann. Wir sind gut in die Partie gekommen und haben das, was wir uns vorgenommen hatten, gut umgesetzt. Trotz Unterzahl waren wir dann die bessere Mannschaft, konnten unsere Chancen aber leider nicht nutzen. Der Gegner hat heute unsere Fehler eiskalt, vor allem bei Standardsituationen, bestraft. Wir wussten über die Qualität der Römer Bescheid, haben aber gezeigt, dass wir mit der Art und Weise, wie wir Fußball spielen wollen, jeden Gegner ärgern können. Um ein Spiel auf diesem Niveau zu gewinnen, muss man weniger Fehler machen als der Gegner – das ist uns heute nicht gelungen.</li>
</ul>
</div>

<p>FaktenBearbeiten] FC Salzburg gegen AS Roma, 0:4 Spieltag Uefa-Youth-League Play off Datum 10. Februar 2016 Anpfiff 16 Uhr Aufstellung Tor Bartlomiej Zynel Verteidigung Dmitri Skopintchev Dayot Upamecano David Gugganig Maximilian Mayer Mittelfeld Benjamin Kaufmann Xaver Schlager Emir Karic Mergim Berisha Sturm Dimitri Oberlin Hannes Wolf Wechsel Wechsel Oliver Filip für Skopintchev (68.), Michael Switil für [&hellip;]</p>
