{"id":4275,"date":"2026-05-06T15:39:39","date_gmt":"2026-05-06T13:39:39","guid":{"rendered":"https:\/\/wiki.s12.at\/index.php\/fc-salzburg-u19-gegen-vfl-wolfsburg-u19\/"},"modified":"2026-05-06T15:39:39","modified_gmt":"2026-05-06T13:39:39","slug":"fc-salzburg-u19-gegen-vfl-wolfsburg-u19","status":"publish","type":"page","link":"https:\/\/wiki.s12.at\/index.php\/fc-salzburg-u19-gegen-vfl-wolfsburg-u19\/","title":{"rendered":"FC Salzburg U19 gegen VfL Wolfsburg U19"},"content":{"rendered":"<div class=\"mw-parser-output\">\n<table class=\"toptextcells toccolours\">\n<tbody>\n<tr>\n<th colspan=\"2\" style=\"text-align: center; vertical-align: top; padding: 0.3em 0.8em; font-size: 125%; background-color: lightsteelblue;\">FC Salzburg U19 gegen VfL Wolfsburg U19, 3:0\n<\/th>\n<\/tr>\n<tr>\n<th style=\"text-align:left;\"><b>Spieltag<\/b>\n<\/th>\n<th style=\"text-align:left;\">Uefa Youth League, 3. Runde\n<\/th>\n<\/tr>\n<tr>\n<th style=\"text-align:left;\"><b>Datum<\/b>\n<\/th>\n<th style=\"text-align:left;\">20. Oktober 2021\n<\/th>\n<\/tr>\n<tr>\n<th style=\"text-align:left;\"><b>Anpfiff<\/b>\n<\/th>\n<th style=\"text-align:left;\">14 Uhr\n<\/th>\n<\/tr>\n<tr>\n<td colspan=\"2\" style=\"text-align:center;\" bgcolor=\"lightgray\"><b>Aufstellung<\/b>\n<\/td>\n<\/tr>\n<tr>\n<th style=\"text-align:left;\"><b>Tor<\/b>\n<\/th>\n<th><a href=\"\/Adam_Stejskal\" title=\"Adam Stejskal\">Adam Stejskal<\/a>\n<\/th>\n<\/tr>\n<tr>\n<th style=\"text-align:left;\"><b>Verteidigung<\/b>\n<\/th>\n<th><a href=\"\/Benjamin_Atiabou\" title=\"Benjamin Atiabou\">Benjamin Atiabou<\/a> &#8211; <a href=\"\/Lukas_Wallner\" title=\"Lukas Wallner\">Lukas Wallner<\/a> &#8211; <a href=\"\/Samson_Baidoo\" title=\"Samson Baidoo\">Samson Baidoo<\/a> &#8211; <a href=\"\/Benjamin_B%C3%B6ckle\" title=\"Benjamin B\u00f6ckle\">Benjamin B\u00f6ckle<\/a>\n<\/th>\n<\/tr>\n<tr>\n<th style=\"text-align:left;\"><b>Mittelfeld<\/b>\n<\/th>\n<th><a href=\"\/Justin_Omoregie\" title=\"Justin Omoregie\">Justin Omoregie<\/a> &#8211; <a href=\"\/Tolgahan_Sahin\" title=\"Tolgahan Sahin\">Tolgahan Sahin<\/a> &#8211; <a href=\"\/Dijon_Kameri\" title=\"Dijon Kameri\">Dijon Kameri<\/a>\n<\/th>\n<\/tr>\n<tr>\n<th style=\"text-align:left;\"><b>Sturm<\/b>\n<\/th>\n<th><a href=\"\/Federico_Crescenti\" class=\"mw-redirect\" title=\"Federico Crescenti\">Federico Crescenti<\/a> &#8211; <a href=\"\/Elias_Havel\" title=\"Elias Havel\">Elias Havel<\/a> &#8211; <a href=\"\/Luka_Reischl\" title=\"Luka Reischl\">Luka Reischl<\/a>\n<\/th>\n<\/tr>\n<tr>\n<td colspan=\"2\" style=\"text-align:center;\" bgcolor=\"lightgray\"><b>Wechsel<\/b>\n<\/td>\n<\/tr>\n<tr>\n<th style=\"text-align:left;\"><b>Wechsel<\/b>\n<\/th>\n<th style=\"text-align:left;\"><a href=\"\/Tim_Paumgartner\" title=\"Tim Paumgartner\">Tim Paumgartner<\/a> f\u00fcr Crescenti (80.), <a href=\"\/Daniel_Owusu\" title=\"Daniel Owusu\">Daniel Owusu<\/a> f\u00fcr Kameri (80.), <a href=\"\/Daniel_Klicnik\" title=\"Daniel Klicnik\">Daniel Klicnik<\/a> f\u00fcr Havel (89.),<br \/> <a href=\"\/Samuel_Major\" title=\"Samuel Major\">Samuel Major<\/a> f\u00fcr Atiabou (89.), <a href=\"\/Sandro-Luca_Molnar\" title=\"Sandro-Luca Molnar\">Sandro-Luca Molnar<\/a> f\u00fcr Baidoo (91.)\n<\/th>\n<\/tr>\n<tr>\n<td colspan=\"2\" style=\"text-align:center;\" bgcolor=\"lightgray\"><b>Statistik<\/b>\n<\/td>\n<\/tr>\n<tr>\n<th style=\"text-align:left;\"><b>Endstand<\/b>\n<\/th>\n<th style=\"text-align:left;\">3:0 (1:0)\n<\/th>\n<\/tr>\n<tr>\n<th style=\"text-align:left;\"><b>Torsch\u00fctzen<\/b>\n<\/th>\n<th style=\"text-align:left;\">Omoregie (37., 89.), Owusu (81.), Meier (88., ET.)\n<\/th>\n<\/tr>\n<tr>\n<th style=\"text-align:left;\"><b>Gelbe Karten<\/b>\n<\/th>\n<th style=\"text-align:left;\">Reischl (29.), Sahin (63.), Molnar (94.); Homann  (18.), Busch  (22.), Lang (39.), MacNulty (49.),  <br \/>Littbarski (59.), Boakye (61.)\n<\/th>\n<\/tr>\n<tr>\n<th style=\"text-align:left;\"><b>Rote Karten<\/b>\n<\/th>\n<th style=\"text-align:left;\">gelb-rote Karte:MacNulty (73.)\n<\/th>\n<\/tr>\n<tr>\n<th style=\"text-align:left;\"><b>Schiedsrichter<\/b>\n<\/th>\n<th style=\"text-align:left;\">Ondrej Pechanec (CZE)\n<\/th>\n<\/tr>\n<tr>\n<th style=\"text-align:left;\"><b>Stadion<\/b>\n<\/th>\n<th style=\"text-align:left;\">Untersberg-Arena, Gr\u00f6dig\n<\/th>\n<\/tr>\n<tr>\n<th style=\"text-align:left;\"><b>Zuschauer<\/b>\n<\/th>\n<th style=\"text-align:left;\">500\n<\/th>\n<\/tr>\n<\/tbody>\n<\/table>\n<h2><span class=\"mw-headline\" id=\"Spielbericht\">Spielbericht<\/span><a href=\"\/index.php?title=FC_Salzburg_U19_gegen_VfL_Wolfsburg_U19&amp;action=edit&amp;section=1\" title=\"Abschnitt bearbeiten: Spielbericht\">Bearbeiten<\/a><span class=\"mw-editsection-bracket\">]<\/span><\/span><\/h2>\n<p><a rel=\"nofollow\" class=\"external text\" href=\"https:\/\/www.redbullsalzburg.at\/de\/jungbullen\/uefa-youth-league\/news\/saison_2021_22\/uyl-vfl-sb.html\">Spielbericht Vereinshomepage<\/a>\n<\/p>\n<h2><span class=\"mw-headline\" id=\"Video\">Video<\/span><a href=\"\/index.php?title=FC_Salzburg_U19_gegen_VfL_Wolfsburg_U19&amp;action=edit&amp;section=2\" title=\"Abschnitt bearbeiten: Video\">Bearbeiten<\/a><span class=\"mw-editsection-bracket\">]<\/span><\/span><\/h2>\n<p>&lt;youtube&gt;DKoRsv87O3s&lt;\/youtube&gt;\n<\/p>\n<h2><span class=\"mw-headline\" id=\"Stimmen_zum_Spiel\">Stimmen zum Spiel<\/span><a href=\"\/index.php?title=FC_Salzburg_U19_gegen_VfL_Wolfsburg_U19&amp;action=edit&amp;section=3\" title=\"Abschnitt bearbeiten: Stimmen zum Spiel\">Bearbeiten<\/a><span class=\"mw-editsection-bracket\">]<\/span><\/span><\/h2>\n<p><b>Rene Aufhauser: <\/b> Ich glaube, dass der Sieg auch in der H\u00f6he verdient war! Wir waren dr\u00fcckend \u00fcberlegen, hatten einzig bei der einen Chance von Wolfsburg etwas Gl\u00fcck. Die Burschen haben gegen den robusten Gegner dagegengehalten und die Partie, die wegen des Spielstands lange auf Messers Schneide stand, durch Daniel Owusu entschieden. Kompliment an die Burschen! Dass so viele \u201eHomegrown\u201c-Spieler dabei waren, ist eine Riesenauszeichnung f\u00fcr die Akademie, wo hervorragende Arbeit betrieben wird. Dass sie dann auch bei diesem Bewerb so performen, macht uns alle richtig stolz!\n<\/p>\n<\/div>\n","protected":false},"excerpt":{"rendered":"<p>FC Salzburg U19 gegen VfL Wolfsburg U19, 3:0 Spieltag Uefa Youth League, 3. Runde Datum 20. Oktober 2021 Anpfiff 14 Uhr Aufstellung Tor Adam Stejskal Verteidigung Benjamin Atiabou &#8211; Lukas Wallner &#8211; Samson Baidoo &#8211; Benjamin B\u00f6ckle Mittelfeld Justin Omoregie &#8211; Tolgahan Sahin &#8211; Dijon Kameri Sturm Federico Crescenti &#8211; Elias Havel &#8211; Luka Reischl [&hellip;]<\/p>\n","protected":false},"author":1,"featured_media":0,"parent":0,"menu_order":0,"comment_status":"closed","ping_status":"closed","template":"","meta":{"footnotes":""},"class_list":["post-4275","page","type-page","status-publish","hentry"],"_links":{"self":[{"href":"https:\/\/wiki.s12.at\/index.php\/wp-json\/wp\/v2\/pages\/4275","targetHints":{"allow":["GET"]}}],"collection":[{"href":"https:\/\/wiki.s12.at\/index.php\/wp-json\/wp\/v2\/pages"}],"about":[{"href":"https:\/\/wiki.s12.at\/index.php\/wp-json\/wp\/v2\/types\/page"}],"author":[{"embeddable":true,"href":"https:\/\/wiki.s12.at\/index.php\/wp-json\/wp\/v2\/users\/1"}],"replies":[{"embeddable":true,"href":"https:\/\/wiki.s12.at\/index.php\/wp-json\/wp\/v2\/comments?post=4275"}],"version-history":[{"count":0,"href":"https:\/\/wiki.s12.at\/index.php\/wp-json\/wp\/v2\/pages\/4275\/revisions"}],"wp:attachment":[{"href":"https:\/\/wiki.s12.at\/index.php\/wp-json\/wp\/v2\/media?parent=4275"}],"curies":[{"name":"wp","href":"https:\/\/api.w.org\/{rel}","templated":true}]}}

<div class="mw-parser-output">
<table class="toptextcells toccolours">
<tbody>
<tr>
<th colspan="2" style="text-align: center; vertical-align: top; padding: 0.3em 0.8em; font-size: 125%; background-color: lightsteelblue;">FC Salzburg U19 gegen VfL Wolfsburg U19, 3:0
</th>
</tr>
<tr>
<th style="text-align:left;"><b>Spieltag</b>
</th>
<th style="text-align:left;">Uefa Youth League, 3. Runde
</th>
</tr>
<tr>
<th style="text-align:left;"><b>Datum</b>
</th>
<th style="text-align:left;">20. Oktober 2021
</th>
</tr>
<tr>
<th style="text-align:left;"><b>Anpfiff</b>
</th>
<th style="text-align:left;">14 Uhr
</th>
</tr>
<tr>
<td colspan="2" style="text-align:center;" bgcolor="lightgray"><b>Aufstellung</b>
</td>
</tr>
<tr>
<th style="text-align:left;"><b>Tor</b>
</th>
<th><a href="/Adam_Stejskal" title="Adam Stejskal">Adam Stejskal</a>
</th>
</tr>
<tr>
<th style="text-align:left;"><b>Verteidigung</b>
</th>
<th><a href="/Benjamin_Atiabou" title="Benjamin Atiabou">Benjamin Atiabou</a> &#8211; <a href="/Lukas_Wallner" title="Lukas Wallner">Lukas Wallner</a> &#8211; <a href="/Samson_Baidoo" title="Samson Baidoo">Samson Baidoo</a> &#8211; <a href="/Benjamin_B%C3%B6ckle" title="Benjamin Böckle">Benjamin Böckle</a>
</th>
</tr>
<tr>
<th style="text-align:left;"><b>Mittelfeld</b>
</th>
<th><a href="/Justin_Omoregie" title="Justin Omoregie">Justin Omoregie</a> &#8211; <a href="/Tolgahan_Sahin" title="Tolgahan Sahin">Tolgahan Sahin</a> &#8211; <a href="/Dijon_Kameri" title="Dijon Kameri">Dijon Kameri</a>
</th>
</tr>
<tr>
<th style="text-align:left;"><b>Sturm</b>
</th>
<th><a href="/Federico_Crescenti" class="mw-redirect" title="Federico Crescenti">Federico Crescenti</a> &#8211; <a href="/Elias_Havel" title="Elias Havel">Elias Havel</a> &#8211; <a href="/Luka_Reischl" title="Luka Reischl">Luka Reischl</a>
</th>
</tr>
<tr>
<td colspan="2" style="text-align:center;" bgcolor="lightgray"><b>Wechsel</b>
</td>
</tr>
<tr>
<th style="text-align:left;"><b>Wechsel</b>
</th>
<th style="text-align:left;"><a href="/Tim_Paumgartner" title="Tim Paumgartner">Tim Paumgartner</a> für Crescenti (80.), <a href="/Daniel_Owusu" title="Daniel Owusu">Daniel Owusu</a> für Kameri (80.), <a href="/Daniel_Klicnik" title="Daniel Klicnik">Daniel Klicnik</a> für Havel (89.),<br /> <a href="/Samuel_Major" title="Samuel Major">Samuel Major</a> für Atiabou (89.), <a href="/Sandro-Luca_Molnar" title="Sandro-Luca Molnar">Sandro-Luca Molnar</a> für Baidoo (91.)
</th>
</tr>
<tr>
<td colspan="2" style="text-align:center;" bgcolor="lightgray"><b>Statistik</b>
</td>
</tr>
<tr>
<th style="text-align:left;"><b>Endstand</b>
</th>
<th style="text-align:left;">3:0 (1:0)
</th>
</tr>
<tr>
<th style="text-align:left;"><b>Torschützen</b>
</th>
<th style="text-align:left;">Omoregie (37., 89.), Owusu (81.), Meier (88., ET.)
</th>
</tr>
<tr>
<th style="text-align:left;"><b>Gelbe Karten</b>
</th>
<th style="text-align:left;">Reischl (29.), Sahin (63.), Molnar (94.); Homann  (18.), Busch  (22.), Lang (39.), MacNulty (49.),  <br />Littbarski (59.), Boakye (61.)
</th>
</tr>
<tr>
<th style="text-align:left;"><b>Rote Karten</b>
</th>
<th style="text-align:left;">gelb-rote Karte:MacNulty (73.)
</th>
</tr>
<tr>
<th style="text-align:left;"><b>Schiedsrichter</b>
</th>
<th style="text-align:left;">Ondrej Pechanec (CZE)
</th>
</tr>
<tr>
<th style="text-align:left;"><b>Stadion</b>
</th>
<th style="text-align:left;">Untersberg-Arena, Grödig
</th>
</tr>
<tr>
<th style="text-align:left;"><b>Zuschauer</b>
</th>
<th style="text-align:left;">500
</th>
</tr>
</tbody>
</table>
<h2><span class="mw-headline" id="Spielbericht">Spielbericht</span><a href="/index.php?title=FC_Salzburg_U19_gegen_VfL_Wolfsburg_U19&amp;action=edit&amp;section=1" title="Abschnitt bearbeiten: Spielbericht">Bearbeiten</a><span class="mw-editsection-bracket">]</span></span></h2>
<p><a rel="nofollow" class="external text" href="https://www.redbullsalzburg.at/de/jungbullen/uefa-youth-league/news/saison_2021_22/uyl-vfl-sb.html">Spielbericht Vereinshomepage</a>
</p>
<h2><span class="mw-headline" id="Video">Video</span><a href="/index.php?title=FC_Salzburg_U19_gegen_VfL_Wolfsburg_U19&amp;action=edit&amp;section=2" title="Abschnitt bearbeiten: Video">Bearbeiten</a><span class="mw-editsection-bracket">]</span></span></h2>
<p>&lt;youtube&gt;DKoRsv87O3s&lt;/youtube&gt;
</p>
<h2><span class="mw-headline" id="Stimmen_zum_Spiel">Stimmen zum Spiel</span><a href="/index.php?title=FC_Salzburg_U19_gegen_VfL_Wolfsburg_U19&amp;action=edit&amp;section=3" title="Abschnitt bearbeiten: Stimmen zum Spiel">Bearbeiten</a><span class="mw-editsection-bracket">]</span></span></h2>
<p><b>Rene Aufhauser: </b> Ich glaube, dass der Sieg auch in der Höhe verdient war! Wir waren drückend überlegen, hatten einzig bei der einen Chance von Wolfsburg etwas Glück. Die Burschen haben gegen den robusten Gegner dagegengehalten und die Partie, die wegen des Spielstands lange auf Messers Schneide stand, durch Daniel Owusu entschieden. Kompliment an die Burschen! Dass so viele „Homegrown“-Spieler dabei waren, ist eine Riesenauszeichnung für die Akademie, wo hervorragende Arbeit betrieben wird. Dass sie dann auch bei diesem Bewerb so performen, macht uns alle richtig stolz!
</p>
</div>

<p>FC Salzburg U19 gegen VfL Wolfsburg U19, 3:0 Spieltag Uefa Youth League, 3. Runde Datum 20. Oktober 2021 Anpfiff 14 Uhr Aufstellung Tor Adam Stejskal Verteidigung Benjamin Atiabou &#8211; Lukas Wallner &#8211; Samson Baidoo &#8211; Benjamin Böckle Mittelfeld Justin Omoregie &#8211; Tolgahan Sahin &#8211; Dijon Kameri Sturm Federico Crescenti &#8211; Elias Havel &#8211; Luka Reischl [&hellip;]</p>
