{"id":4271,"date":"2026-05-06T15:39:36","date_gmt":"2026-05-06T13:39:36","guid":{"rendered":"https:\/\/wiki.s12.at\/index.php\/fc-salzburg-u19-gegen-sl-benfica-lissabon-u19\/"},"modified":"2026-05-06T15:39:36","modified_gmt":"2026-05-06T13:39:36","slug":"fc-salzburg-u19-gegen-sl-benfica-lissabon-u19","status":"publish","type":"page","link":"https:\/\/wiki.s12.at\/index.php\/fc-salzburg-u19-gegen-sl-benfica-lissabon-u19\/","title":{"rendered":"FC Salzburg U19 gegen SL Benfica Lissabon U19"},"content":{"rendered":"<div class=\"mw-parser-output\">\n<table class=\"toptextcells toccolours\">\n<tbody>\n<tr>\n<th colspan=\"2\" style=\"text-align: center; vertical-align: top; padding: 0.3em 0.8em; font-size: 125%; background-color: lightsteelblue;\">FC Salzburg U19 gegen SL Benfica Lissabon U19, 0:6\n<\/th>\n<\/tr>\n<tr>\n<th style=\"text-align:left;\"><b>Spieltag<\/b>\n<\/th>\n<th style=\"text-align:left;\">Uefa Youth League, Finale\n<\/th>\n<\/tr>\n<tr>\n<th style=\"text-align:left;\"><b>Datum<\/b>\n<\/th>\n<th style=\"text-align:left;\">25. April  2022\n<\/th>\n<\/tr>\n<tr>\n<th style=\"text-align:left;\"><b>Anpfiff<\/b>\n<\/th>\n<th style=\"text-align:left;\">18 Uhr\n<\/th>\n<\/tr>\n<tr>\n<td colspan=\"2\" style=\"text-align:center;\" bgcolor=\"lightgray\"><b>Aufstellung<\/b>\n<\/td>\n<\/tr>\n<tr>\n<th style=\"text-align:left;\"><b>Tor<\/b>\n<\/th>\n<th><a href=\"\/Adam_Stejskal\" title=\"Adam Stejskal\">Adam Stejskal<\/a>\n<\/th>\n<\/tr>\n<tr>\n<th style=\"text-align:left;\"><b>Verteidigung<\/b>\n<\/th>\n<th><a href=\"\/Benjamin_Atiabou\" title=\"Benjamin Atiabou\">Benjamin Atiabou<\/a> &#8211; <a href=\"\/Lukas_Wallner\" title=\"Lukas Wallner\">Lukas Wallner<\/a> &#8211; <a href=\"\/Samson_Baidoo\" title=\"Samson Baidoo\">Samson Baidoo<\/a> &#8211; <a href=\"\/Lukas_Ibertsberger\" title=\"Lukas Ibertsberger\">Lukas Ibertsberger<\/a>\n<\/th>\n<\/tr>\n<tr>\n<th style=\"text-align:left;\"><b>Mittelfeld<\/b>\n<\/th>\n<th><a href=\"\/Tolgahan_Sahin\" title=\"Tolgahan Sahin\">Tolgahan Sahin<\/a> &#8211; <a href=\"\/Raphael_Hofer\" title=\"Raphael Hofer\">Raphael Hofer<\/a> &#8211; <a href=\"\/Lawrence_Agyekum\" title=\"Lawrence Agyekum\">Lawrence Agyekum<\/a> &#8211; <a href=\"\/Dijon_Kameri\" title=\"Dijon Kameri\">Dijon Kameri<\/a>\n<\/th>\n<\/tr>\n<tr>\n<th style=\"text-align:left;\"><b>Sturm<\/b>\n<\/th>\n<th><a href=\"\/Oumar_Diakite\" title=\"Oumar Diakite\">Oumar Diakite<\/a> &#8211; <a href=\"\/Roko_Simic\" title=\"Roko Simic\">Roko Simic<\/a>\n<\/th>\n<\/tr>\n<tr>\n<td colspan=\"2\" style=\"text-align:center;\" bgcolor=\"lightgray\"><b>Wechsel<\/b>\n<\/td>\n<\/tr>\n<tr>\n<th style=\"text-align:left;\"><b>Wechsel<\/b>\n<\/th>\n<th style=\"text-align:left;\"><a href=\"\/Mario_Pejazic\" title=\"Mario Pejazic\">Mario Pejazic<\/a> f\u00fcr Atiabou (39.),  <a href=\"\/Luka_Reischl\" title=\"Luka Reischl\">Luka Reischl<\/a> f\u00fcr Hofer (46.),  <a href=\"\/Zeteny_Jano\" title=\"Zeteny Jano\">Zeteny Jano<\/a> f\u00fcr Kameri (77.), <br \/><a href=\"\/Marcel_Moswitzer\" title=\"Marcel Moswitzer\">Marcel Moswitzer<\/a> f\u00fcr Wallner (77.), <a href=\"\/Marcell_Berki\" title=\"Marcell Berki\">Marcell Berki<\/a> f\u00fcr Diakite (86.)\n<\/th>\n<\/tr>\n<tr>\n<td colspan=\"2\" style=\"text-align:center;\" bgcolor=\"lightgray\"><b>Statistik<\/b>\n<\/td>\n<\/tr>\n<tr>\n<th style=\"text-align:left;\"><b>Endstand<\/b>\n<\/th>\n<th style=\"text-align:left;\">0:6 (0:2)\n<\/th>\n<\/tr>\n<tr>\n<th style=\"text-align:left;\"><b>Torsch\u00fctzen<\/b>\n<\/th>\n<th style=\"text-align:left;\">Neto (2.),  Ara\u00fajo (15., 57. 89., E.), N&#8217;Dour (53.), Semedo (69.)\n<\/th>\n<\/tr>\n<tr>\n<th style=\"text-align:left;\"><b>Gelbe Karten<\/b>\n<\/th>\n<th style=\"text-align:left;\">Moreira  (22.),  Silva  (26.); Atiabou (29.), Moswitzer (90.)\n<\/th>\n<\/tr>\n<tr>\n<th style=\"text-align:left;\"><b>Rote Karten<\/b>\n<\/th>\n<th style=\"text-align:left;\">\n<\/th>\n<\/tr>\n<tr>\n<th style=\"text-align:left;\"><b>Schiedsrichter<\/b>\n<\/th>\n<th style=\"text-align:left;\">Harm Osmers (GER)\n<\/th>\n<\/tr>\n<tr>\n<th style=\"text-align:left;\"><b>Stadion<\/b>\n<\/th>\n<th style=\"text-align:left;\">Centre Sportif de Colovray, Nyon\n<\/th>\n<\/tr>\n<tr>\n<th style=\"text-align:left;\"><b>Zuschauer<\/b>\n<\/th>\n<th style=\"text-align:left;\">\n<\/th>\n<\/tr>\n<\/tbody>\n<\/table>\n<h2><span class=\"mw-headline\" id=\"Spielbericht\">Spielbericht<\/span><a href=\"\/index.php?title=FC_Salzburg_U19_gegen_SL_Benfica_Lissabon_U19&amp;action=edit&amp;section=1\" title=\"Abschnitt bearbeiten: Spielbericht\">Bearbeiten<\/a><span class=\"mw-editsection-bracket\">]<\/span><\/span><\/h2>\n<ul>\n<li><a rel=\"nofollow\" class=\"external text\" href=\"https:\/\/www.redbullsalzburg.at\/de\/uefa-youth-league\/spielplan-u19\/youth-league-finale-fc-salzburg-u19-vs-benfica-u19#spielbericht\">Spielbericht Vereinshomepage<\/a><\/li>\n<\/ul>\n<h2><span class=\"mw-headline\" id=\"Stimmen_zum_Spiel\">Stimmen zum Spiel<\/span><a href=\"\/index.php?title=FC_Salzburg_U19_gegen_SL_Benfica_Lissabon_U19&amp;action=edit&amp;section=2\" title=\"Abschnitt bearbeiten: Stimmen zum Spiel\">Bearbeiten<\/a><span class=\"mw-editsection-bracket\">]<\/span><\/span><\/h2>\n<p><b>Rene Aufhauser:<\/b> Kurz und schmerzlos, wir waren nicht so scharf wie am vergangenen Freitag, und der Gegner war um eine Stufe st\u00e4rker, der Spielverlauf war dementsprechend. Nach gef\u00fchlt zwei, drei Sch\u00fcssen waren wir mit 0:2 hinten, danach hat Benfica die Qualit\u00e4t ausspielen k\u00f6nnen. Das tut jedem weh, wenn man so knapp davor ist, mir pers\u00f6nlich geht\u2019s genauso. Wir wollten nat\u00fcrlich diesen Titel und haben auch alles daf\u00fcr investiert. Aber im Sport gibt\u2019s einfach Sieger und Verlierer, Ups und Downs. Die Burschen werden das insgesamt Geleistete nach ein paar Tagen verstehen, wenn Eindr\u00fccke von zu Hause kommen, von Familie und Freunden, die wirklich stolz sind.\n<\/p>\n<\/div>\n","protected":false},"excerpt":{"rendered":"<p>FC Salzburg U19 gegen SL Benfica Lissabon U19, 0:6 Spieltag Uefa Youth League, Finale Datum 25. April 2022 Anpfiff 18 Uhr Aufstellung Tor Adam Stejskal Verteidigung Benjamin Atiabou &#8211; Lukas Wallner &#8211; Samson Baidoo &#8211; Lukas Ibertsberger Mittelfeld Tolgahan Sahin &#8211; Raphael Hofer &#8211; Lawrence Agyekum &#8211; Dijon Kameri Sturm Oumar Diakite &#8211; Roko Simic [&hellip;]<\/p>\n","protected":false},"author":1,"featured_media":0,"parent":0,"menu_order":0,"comment_status":"closed","ping_status":"closed","template":"","meta":{"footnotes":""},"class_list":["post-4271","page","type-page","status-publish","hentry"],"_links":{"self":[{"href":"https:\/\/wiki.s12.at\/index.php\/wp-json\/wp\/v2\/pages\/4271","targetHints":{"allow":["GET"]}}],"collection":[{"href":"https:\/\/wiki.s12.at\/index.php\/wp-json\/wp\/v2\/pages"}],"about":[{"href":"https:\/\/wiki.s12.at\/index.php\/wp-json\/wp\/v2\/types\/page"}],"author":[{"embeddable":true,"href":"https:\/\/wiki.s12.at\/index.php\/wp-json\/wp\/v2\/users\/1"}],"replies":[{"embeddable":true,"href":"https:\/\/wiki.s12.at\/index.php\/wp-json\/wp\/v2\/comments?post=4271"}],"version-history":[{"count":0,"href":"https:\/\/wiki.s12.at\/index.php\/wp-json\/wp\/v2\/pages\/4271\/revisions"}],"wp:attachment":[{"href":"https:\/\/wiki.s12.at\/index.php\/wp-json\/wp\/v2\/media?parent=4271"}],"curies":[{"name":"wp","href":"https:\/\/api.w.org\/{rel}","templated":true}]}}

<div class="mw-parser-output">
<table class="toptextcells toccolours">
<tbody>
<tr>
<th colspan="2" style="text-align: center; vertical-align: top; padding: 0.3em 0.8em; font-size: 125%; background-color: lightsteelblue;">FC Salzburg U19 gegen SL Benfica Lissabon U19, 0:6
</th>
</tr>
<tr>
<th style="text-align:left;"><b>Spieltag</b>
</th>
<th style="text-align:left;">Uefa Youth League, Finale
</th>
</tr>
<tr>
<th style="text-align:left;"><b>Datum</b>
</th>
<th style="text-align:left;">25. April  2022
</th>
</tr>
<tr>
<th style="text-align:left;"><b>Anpfiff</b>
</th>
<th style="text-align:left;">18 Uhr
</th>
</tr>
<tr>
<td colspan="2" style="text-align:center;" bgcolor="lightgray"><b>Aufstellung</b>
</td>
</tr>
<tr>
<th style="text-align:left;"><b>Tor</b>
</th>
<th><a href="/Adam_Stejskal" title="Adam Stejskal">Adam Stejskal</a>
</th>
</tr>
<tr>
<th style="text-align:left;"><b>Verteidigung</b>
</th>
<th><a href="/Benjamin_Atiabou" title="Benjamin Atiabou">Benjamin Atiabou</a> &#8211; <a href="/Lukas_Wallner" title="Lukas Wallner">Lukas Wallner</a> &#8211; <a href="/Samson_Baidoo" title="Samson Baidoo">Samson Baidoo</a> &#8211; <a href="/Lukas_Ibertsberger" title="Lukas Ibertsberger">Lukas Ibertsberger</a>
</th>
</tr>
<tr>
<th style="text-align:left;"><b>Mittelfeld</b>
</th>
<th><a href="/Tolgahan_Sahin" title="Tolgahan Sahin">Tolgahan Sahin</a> &#8211; <a href="/Raphael_Hofer" title="Raphael Hofer">Raphael Hofer</a> &#8211; <a href="/Lawrence_Agyekum" title="Lawrence Agyekum">Lawrence Agyekum</a> &#8211; <a href="/Dijon_Kameri" title="Dijon Kameri">Dijon Kameri</a>
</th>
</tr>
<tr>
<th style="text-align:left;"><b>Sturm</b>
</th>
<th><a href="/Oumar_Diakite" title="Oumar Diakite">Oumar Diakite</a> &#8211; <a href="/Roko_Simic" title="Roko Simic">Roko Simic</a>
</th>
</tr>
<tr>
<td colspan="2" style="text-align:center;" bgcolor="lightgray"><b>Wechsel</b>
</td>
</tr>
<tr>
<th style="text-align:left;"><b>Wechsel</b>
</th>
<th style="text-align:left;"><a href="/Mario_Pejazic" title="Mario Pejazic">Mario Pejazic</a> für Atiabou (39.),  <a href="/Luka_Reischl" title="Luka Reischl">Luka Reischl</a> für Hofer (46.),  <a href="/Zeteny_Jano" title="Zeteny Jano">Zeteny Jano</a> für Kameri (77.), <br /><a href="/Marcel_Moswitzer" title="Marcel Moswitzer">Marcel Moswitzer</a> für Wallner (77.), <a href="/Marcell_Berki" title="Marcell Berki">Marcell Berki</a> für Diakite (86.)
</th>
</tr>
<tr>
<td colspan="2" style="text-align:center;" bgcolor="lightgray"><b>Statistik</b>
</td>
</tr>
<tr>
<th style="text-align:left;"><b>Endstand</b>
</th>
<th style="text-align:left;">0:6 (0:2)
</th>
</tr>
<tr>
<th style="text-align:left;"><b>Torschützen</b>
</th>
<th style="text-align:left;">Neto (2.),  Araújo (15., 57. 89., E.), N&#8217;Dour (53.), Semedo (69.)
</th>
</tr>
<tr>
<th style="text-align:left;"><b>Gelbe Karten</b>
</th>
<th style="text-align:left;">Moreira  (22.),  Silva  (26.); Atiabou (29.), Moswitzer (90.)
</th>
</tr>
<tr>
<th style="text-align:left;"><b>Rote Karten</b>
</th>
<th style="text-align:left;">
</th>
</tr>
<tr>
<th style="text-align:left;"><b>Schiedsrichter</b>
</th>
<th style="text-align:left;">Harm Osmers (GER)
</th>
</tr>
<tr>
<th style="text-align:left;"><b>Stadion</b>
</th>
<th style="text-align:left;">Centre Sportif de Colovray, Nyon
</th>
</tr>
<tr>
<th style="text-align:left;"><b>Zuschauer</b>
</th>
<th style="text-align:left;">
</th>
</tr>
</tbody>
</table>
<h2><span class="mw-headline" id="Spielbericht">Spielbericht</span><a href="/index.php?title=FC_Salzburg_U19_gegen_SL_Benfica_Lissabon_U19&amp;action=edit&amp;section=1" title="Abschnitt bearbeiten: Spielbericht">Bearbeiten</a><span class="mw-editsection-bracket">]</span></span></h2>
<ul>
<li><a rel="nofollow" class="external text" href="https://www.redbullsalzburg.at/de/uefa-youth-league/spielplan-u19/youth-league-finale-fc-salzburg-u19-vs-benfica-u19#spielbericht">Spielbericht Vereinshomepage</a></li>
</ul>
<h2><span class="mw-headline" id="Stimmen_zum_Spiel">Stimmen zum Spiel</span><a href="/index.php?title=FC_Salzburg_U19_gegen_SL_Benfica_Lissabon_U19&amp;action=edit&amp;section=2" title="Abschnitt bearbeiten: Stimmen zum Spiel">Bearbeiten</a><span class="mw-editsection-bracket">]</span></span></h2>
<p><b>Rene Aufhauser:</b> Kurz und schmerzlos, wir waren nicht so scharf wie am vergangenen Freitag, und der Gegner war um eine Stufe stärker, der Spielverlauf war dementsprechend. Nach gefühlt zwei, drei Schüssen waren wir mit 0:2 hinten, danach hat Benfica die Qualität ausspielen können. Das tut jedem weh, wenn man so knapp davor ist, mir persönlich geht’s genauso. Wir wollten natürlich diesen Titel und haben auch alles dafür investiert. Aber im Sport gibt’s einfach Sieger und Verlierer, Ups und Downs. Die Burschen werden das insgesamt Geleistete nach ein paar Tagen verstehen, wenn Eindrücke von zu Hause kommen, von Familie und Freunden, die wirklich stolz sind.
</p>
</div>
