{"id":4267,"date":"2026-05-06T15:39:34","date_gmt":"2026-05-06T13:39:34","guid":{"rendered":"https:\/\/wiki.s12.at\/index.php\/fc-salzburg-u19-gegen-olympique-lyon-u19\/"},"modified":"2026-05-06T15:39:34","modified_gmt":"2026-05-06T13:39:34","slug":"fc-salzburg-u19-gegen-olympique-lyon-u19","status":"publish","type":"page","link":"https:\/\/wiki.s12.at\/index.php\/fc-salzburg-u19-gegen-olympique-lyon-u19\/","title":{"rendered":"FC Salzburg U19 gegen Olympique Lyon U19"},"content":{"rendered":"<div class=\"mw-parser-output\">\n<h2><span class=\"mw-headline\" id=\"Fakten\">Fakten<\/span><a href=\"\/index.php?title=FC_Salzburg_U19_gegen_Olympique_Lyon_U19&amp;action=edit&amp;section=1\" title=\"Abschnitt bearbeiten: Fakten\">Bearbeiten<\/a><span class=\"mw-editsection-bracket\">]<\/span><\/span><\/h2>\n<table class=\"toptextcells toccolours\">\n<tbody>\n<tr>\n<th colspan=\"2\" style=\"text-align: center; vertical-align: top; padding: 0.3em 0.8em; font-size: 125%; background-color: lightsteelblue;\">FC Salzburg (U19) gegen Olympique Lyon U19, 4:3\n<\/th>\n<\/tr>\n<tr>\n<th style=\"text-align:left;\"><b>Spieltag<\/b>\n<\/th>\n<th style=\"text-align:left;\">UEFA Youth League Viertelfinale\n<\/th>\n<\/tr>\n<tr>\n<th style=\"text-align:left;\"><b>Datum<\/b>\n<\/th>\n<th style=\"text-align:left;\">19. August 2020\n<\/th>\n<\/tr>\n<tr>\n<th style=\"text-align:left;\"><b>Anpfiff<\/b>\n<\/th>\n<th style=\"text-align:left;\">15 Uhr\n<\/th>\n<\/tr>\n<tr>\n<td colspan=\"2\" style=\"text-align:center;\" bgcolor=\"lightgray\"><b>Aufstellung<\/b>\n<\/td>\n<\/tr>\n<tr>\n<th style=\"text-align:left;\"><b>Tor<\/b>\n<\/th>\n<th><a href=\"\/Daniel_Antosch\" title=\"Daniel Antosch\">Daniel Antosch<\/a>\n<\/th>\n<\/tr>\n<tr>\n<th style=\"text-align:left;\"><b>Verteidigung<\/b>\n<\/th>\n<th><a href=\"\/Amar_Dedic\" title=\"Amar Dedic\">Amar Dedic<\/a> &#8211; <a href=\"\/David_Affengruber\" title=\"David Affengruber\">David Affengruber<\/a> &#8211; <a href=\"\/Bryan_Okoh\" title=\"Bryan Okoh\">Bryan Okoh<\/a> &#8211; <a href=\"\/Jusuf_Gazibegovic\" title=\"Jusuf Gazibegovic\">Jusuf Gazibegovic<\/a>\n<\/th>\n<\/tr>\n<tr>\n<th style=\"text-align:left;\"><b>Mittelfeld<\/b>\n<\/th>\n<th><a href=\"\/Nicolas_Seiwald\" title=\"Nicolas Seiwald\">Nicolas Seiwald<\/a> &#8211; <a href=\"\/Peter_Pokorny\" title=\"Peter Pokorny\">Peter Pokorny<\/a> &#8211; <a href=\"\/Maurits_Kjaergaard\" title=\"Maurits Kjaergaard\">Maurits Kjaergaard<\/a> &#8211; <a href=\"\/Luka_Sucic\" title=\"Luka Sucic\">Luka Sucic<\/a>\n<\/th>\n<\/tr>\n<tr>\n<th style=\"text-align:left;\"><b>Sturm<\/b>\n<\/th>\n<th><a href=\"\/Junior_Adamu\" class=\"mw-redirect\" title=\"Junior Adamu\">Junior Adamu<\/a> &#8211; <a href=\"\/Karim_Adeyemi\" title=\"Karim Adeyemi\">Karim Adeyemi<\/a>\n<\/th>\n<\/tr>\n<tr>\n<td colspan=\"2\" style=\"text-align:center;\" bgcolor=\"lightgray\"><b>Wechsel<\/b>\n<\/td>\n<\/tr>\n<tr>\n<th style=\"text-align:left;\"><b>Wechsel<\/b>\n<\/th>\n<th style=\"text-align:left;\"><a href=\"\/Alexander_Prass\" title=\"Alexander Prass\">Alexander Prass<\/a> f\u00fcr Adamu (61.), <a href=\"\/Samuel_Major\" title=\"Samuel Major\">Samuel Major<\/a> f\u00fcr Sucic (71.),<br \/> <a href=\"\/Benjamin_Sesko\" class=\"mw-redirect\" title=\"Benjamin Sesko\">Benjamin Sesko<\/a> f\u00fcr Adeyemi (71.), <a href=\"\/Sebastian_Aigner\" title=\"Sebastian Aigner\">Sebastian Aigner<\/a> f\u00fcr Pokorny (93.)\n<\/th>\n<\/tr>\n<tr>\n<td colspan=\"2\" style=\"text-align:center;\" bgcolor=\"lightgray\"><b>Statistik<\/b>\n<\/td>\n<\/tr>\n<tr>\n<th style=\"text-align:left;\"><b>Endstand<\/b>\n<\/th>\n<th style=\"text-align:left;\">4:3 (2:1)\n<\/th>\n<\/tr>\n<tr>\n<th style=\"text-align:left;\"><b>Torsch\u00fctzen<\/b>\n<\/th>\n<th style=\"text-align:left;\">Okoh (39.), Adamu (45+1., 54., 55.); Soumare (30.), Da Silva (71.), Wissa (78.)\n<\/th>\n<\/tr>\n<tr>\n<th style=\"text-align:left;\"><b>Gelbe Karten<\/b>\n<\/th>\n<th style=\"text-align:left;\">Antosch  (10.), Gazibegovic (10.), Adeyemi (45.), Prass (93.);Bonnet (45.),  Gusto  (63.), Lukeba (67.)\n<\/th>\n<\/tr>\n<tr>\n<th style=\"text-align:left;\"><b>Rote Karten<\/b>\n<\/th>\n<th style=\"text-align:left;\">\n<\/th>\n<\/tr>\n<tr>\n<th style=\"text-align:left;\"><b>Schiedsrichter<\/b>\n<\/th>\n<th style=\"text-align:left;\">Donatas Rumsas (LIT)\n<\/th>\n<\/tr>\n<tr>\n<th style=\"text-align:left;\"><b>Stadion<\/b>\n<\/th>\n<th style=\"text-align:left;\">Colovray Sports Centre , Nyon\n<\/th>\n<\/tr>\n<tr>\n<th style=\"text-align:left;\"><b>Zuschauer<\/b>\n<\/th>\n<th style=\"text-align:left;\">\n<\/th>\n<\/tr>\n<\/tbody>\n<\/table>\n<h2><span class=\"mw-headline\" id=\"Weblinks\">Weblinks<\/span><a href=\"\/index.php?title=FC_Salzburg_U19_gegen_Olympique_Lyon_U19&amp;action=edit&amp;section=2\" title=\"Abschnitt bearbeiten: Weblinks\">Bearbeiten<\/a><span class=\"mw-editsection-bracket\">]<\/span><\/span><\/h2>\n<ul>\n<li><a rel=\"nofollow\" class=\"external text\" href=\"https:\/\/www.redbullsalzburg.at\/de\/jungbullen\/uefa-youth-league\/news\/saison_2020_21\/semifinalticket-nach-torspektakel.html\">Spielbericht Vereinshomepage<\/a><\/li>\n<\/ul>\n<h2><span class=\"mw-headline\" id=\"Stimmen_zum_Spiel\">Stimmen zum Spiel<\/span><a href=\"\/index.php?title=FC_Salzburg_U19_gegen_Olympique_Lyon_U19&amp;action=edit&amp;section=3\" title=\"Abschnitt bearbeiten: Stimmen zum Spiel\">Bearbeiten<\/a><span class=\"mw-editsection-bracket\">]<\/span><\/span><\/h2>\n<p><b>Bo Svensson:<\/b>  Es war ein ganz komisches Spiel, schon in der Art, wie es begonnen hat. Dass Daniel Antosch drei Mal den Ball in dieser Art herausfischt, ist unglaublich. Danach ging es hin und her. Insgesamt war es keine \u00fcberragende Leistung von uns, das k\u00f6nnen wir viel besser. Klar war es warm, aber trotzdem m\u00fcssen wir konditionell am Ende besser in Schuss sein.\n<\/p>\n<p><b>Matthias Jaissle:<\/b>   Es war wahnsinnig spannend, spannender, als es h\u00e4tte sein m\u00fcssen. Aber der Modus ist klar, hier geht es nur ums Weiterkommen. Jetzt haben wir es geschafft, wir sind unter den letzten vier. Da braucht es aber eine bessere Leistung, um ins Finale einzuziehen.\n<\/p>\n<\/div>\n","protected":false},"excerpt":{"rendered":"<p>FaktenBearbeiten] FC Salzburg (U19) gegen Olympique Lyon U19, 4:3 Spieltag UEFA Youth League Viertelfinale Datum 19. August 2020 Anpfiff 15 Uhr Aufstellung Tor Daniel Antosch Verteidigung Amar Dedic &#8211; David Affengruber &#8211; Bryan Okoh &#8211; Jusuf Gazibegovic Mittelfeld Nicolas Seiwald &#8211; Peter Pokorny &#8211; Maurits Kjaergaard &#8211; Luka Sucic Sturm Junior Adamu &#8211; Karim Adeyemi [&hellip;]<\/p>\n","protected":false},"author":1,"featured_media":0,"parent":0,"menu_order":0,"comment_status":"closed","ping_status":"closed","template":"","meta":{"footnotes":""},"class_list":["post-4267","page","type-page","status-publish","hentry"],"_links":{"self":[{"href":"https:\/\/wiki.s12.at\/index.php\/wp-json\/wp\/v2\/pages\/4267","targetHints":{"allow":["GET"]}}],"collection":[{"href":"https:\/\/wiki.s12.at\/index.php\/wp-json\/wp\/v2\/pages"}],"about":[{"href":"https:\/\/wiki.s12.at\/index.php\/wp-json\/wp\/v2\/types\/page"}],"author":[{"embeddable":true,"href":"https:\/\/wiki.s12.at\/index.php\/wp-json\/wp\/v2\/users\/1"}],"replies":[{"embeddable":true,"href":"https:\/\/wiki.s12.at\/index.php\/wp-json\/wp\/v2\/comments?post=4267"}],"version-history":[{"count":0,"href":"https:\/\/wiki.s12.at\/index.php\/wp-json\/wp\/v2\/pages\/4267\/revisions"}],"wp:attachment":[{"href":"https:\/\/wiki.s12.at\/index.php\/wp-json\/wp\/v2\/media?parent=4267"}],"curies":[{"name":"wp","href":"https:\/\/api.w.org\/{rel}","templated":true}]}}

<div class="mw-parser-output">
<h2><span class="mw-headline" id="Fakten">Fakten</span><a href="/index.php?title=FC_Salzburg_U19_gegen_Olympique_Lyon_U19&amp;action=edit&amp;section=1" title="Abschnitt bearbeiten: Fakten">Bearbeiten</a><span class="mw-editsection-bracket">]</span></span></h2>
<table class="toptextcells toccolours">
<tbody>
<tr>
<th colspan="2" style="text-align: center; vertical-align: top; padding: 0.3em 0.8em; font-size: 125%; background-color: lightsteelblue;">FC Salzburg (U19) gegen Olympique Lyon U19, 4:3
</th>
</tr>
<tr>
<th style="text-align:left;"><b>Spieltag</b>
</th>
<th style="text-align:left;">UEFA Youth League Viertelfinale
</th>
</tr>
<tr>
<th style="text-align:left;"><b>Datum</b>
</th>
<th style="text-align:left;">19. August 2020
</th>
</tr>
<tr>
<th style="text-align:left;"><b>Anpfiff</b>
</th>
<th style="text-align:left;">15 Uhr
</th>
</tr>
<tr>
<td colspan="2" style="text-align:center;" bgcolor="lightgray"><b>Aufstellung</b>
</td>
</tr>
<tr>
<th style="text-align:left;"><b>Tor</b>
</th>
<th><a href="/Daniel_Antosch" title="Daniel Antosch">Daniel Antosch</a>
</th>
</tr>
<tr>
<th style="text-align:left;"><b>Verteidigung</b>
</th>
<th><a href="/Amar_Dedic" title="Amar Dedic">Amar Dedic</a> &#8211; <a href="/David_Affengruber" title="David Affengruber">David Affengruber</a> &#8211; <a href="/Bryan_Okoh" title="Bryan Okoh">Bryan Okoh</a> &#8211; <a href="/Jusuf_Gazibegovic" title="Jusuf Gazibegovic">Jusuf Gazibegovic</a>
</th>
</tr>
<tr>
<th style="text-align:left;"><b>Mittelfeld</b>
</th>
<th><a href="/Nicolas_Seiwald" title="Nicolas Seiwald">Nicolas Seiwald</a> &#8211; <a href="/Peter_Pokorny" title="Peter Pokorny">Peter Pokorny</a> &#8211; <a href="/Maurits_Kjaergaard" title="Maurits Kjaergaard">Maurits Kjaergaard</a> &#8211; <a href="/Luka_Sucic" title="Luka Sucic">Luka Sucic</a>
</th>
</tr>
<tr>
<th style="text-align:left;"><b>Sturm</b>
</th>
<th><a href="/Junior_Adamu" class="mw-redirect" title="Junior Adamu">Junior Adamu</a> &#8211; <a href="/Karim_Adeyemi" title="Karim Adeyemi">Karim Adeyemi</a>
</th>
</tr>
<tr>
<td colspan="2" style="text-align:center;" bgcolor="lightgray"><b>Wechsel</b>
</td>
</tr>
<tr>
<th style="text-align:left;"><b>Wechsel</b>
</th>
<th style="text-align:left;"><a href="/Alexander_Prass" title="Alexander Prass">Alexander Prass</a> für Adamu (61.), <a href="/Samuel_Major" title="Samuel Major">Samuel Major</a> für Sucic (71.),<br /> <a href="/Benjamin_Sesko" class="mw-redirect" title="Benjamin Sesko">Benjamin Sesko</a> für Adeyemi (71.), <a href="/Sebastian_Aigner" title="Sebastian Aigner">Sebastian Aigner</a> für Pokorny (93.)
</th>
</tr>
<tr>
<td colspan="2" style="text-align:center;" bgcolor="lightgray"><b>Statistik</b>
</td>
</tr>
<tr>
<th style="text-align:left;"><b>Endstand</b>
</th>
<th style="text-align:left;">4:3 (2:1)
</th>
</tr>
<tr>
<th style="text-align:left;"><b>Torschützen</b>
</th>
<th style="text-align:left;">Okoh (39.), Adamu (45+1., 54., 55.); Soumare (30.), Da Silva (71.), Wissa (78.)
</th>
</tr>
<tr>
<th style="text-align:left;"><b>Gelbe Karten</b>
</th>
<th style="text-align:left;">Antosch  (10.), Gazibegovic (10.), Adeyemi (45.), Prass (93.);Bonnet (45.),  Gusto  (63.), Lukeba (67.)
</th>
</tr>
<tr>
<th style="text-align:left;"><b>Rote Karten</b>
</th>
<th style="text-align:left;">
</th>
</tr>
<tr>
<th style="text-align:left;"><b>Schiedsrichter</b>
</th>
<th style="text-align:left;">Donatas Rumsas (LIT)
</th>
</tr>
<tr>
<th style="text-align:left;"><b>Stadion</b>
</th>
<th style="text-align:left;">Colovray Sports Centre , Nyon
</th>
</tr>
<tr>
<th style="text-align:left;"><b>Zuschauer</b>
</th>
<th style="text-align:left;">
</th>
</tr>
</tbody>
</table>
<h2><span class="mw-headline" id="Weblinks">Weblinks</span><a href="/index.php?title=FC_Salzburg_U19_gegen_Olympique_Lyon_U19&amp;action=edit&amp;section=2" title="Abschnitt bearbeiten: Weblinks">Bearbeiten</a><span class="mw-editsection-bracket">]</span></span></h2>
<ul>
<li><a rel="nofollow" class="external text" href="https://www.redbullsalzburg.at/de/jungbullen/uefa-youth-league/news/saison_2020_21/semifinalticket-nach-torspektakel.html">Spielbericht Vereinshomepage</a></li>
</ul>
<h2><span class="mw-headline" id="Stimmen_zum_Spiel">Stimmen zum Spiel</span><a href="/index.php?title=FC_Salzburg_U19_gegen_Olympique_Lyon_U19&amp;action=edit&amp;section=3" title="Abschnitt bearbeiten: Stimmen zum Spiel">Bearbeiten</a><span class="mw-editsection-bracket">]</span></span></h2>
<p><b>Bo Svensson:</b>  Es war ein ganz komisches Spiel, schon in der Art, wie es begonnen hat. Dass Daniel Antosch drei Mal den Ball in dieser Art herausfischt, ist unglaublich. Danach ging es hin und her. Insgesamt war es keine überragende Leistung von uns, das können wir viel besser. Klar war es warm, aber trotzdem müssen wir konditionell am Ende besser in Schuss sein.
</p>
<p><b>Matthias Jaissle:</b>   Es war wahnsinnig spannend, spannender, als es hätte sein müssen. Aber der Modus ist klar, hier geht es nur ums Weiterkommen. Jetzt haben wir es geschafft, wir sind unter den letzten vier. Da braucht es aber eine bessere Leistung, um ins Finale einzuziehen.
</p>
</div>
