{"id":4257,"date":"2026-05-06T15:39:26","date_gmt":"2026-05-06T13:39:26","guid":{"rendered":"https:\/\/wiki.s12.at\/index.php\/fc-salzburg-u19-gegen-fc-sevilla-u19-2\/"},"modified":"2026-05-06T15:39:26","modified_gmt":"2026-05-06T13:39:26","slug":"fc-salzburg-u19-gegen-fc-sevilla-u19-2","status":"publish","type":"page","link":"https:\/\/wiki.s12.at\/index.php\/fc-salzburg-u19-gegen-fc-sevilla-u19-2\/","title":{"rendered":"FC Salzburg U19 gegen FC Sevilla U19"},"content":{"rendered":"<div class=\"mw-parser-output\">\n<table class=\"toptextcells toccolours\">\n<tbody>\n<tr>\n<th colspan=\"2\" style=\"text-align: center; vertical-align: top; padding: 0.3em 0.8em; font-size: 125%; background-color: lightsteelblue;\">FC Salzburg U19 gegen FC Sevilla U19, 2:0\n<\/th>\n<\/tr>\n<tr>\n<th style=\"text-align:left;\"><b>Spieltag<\/b>\n<\/th>\n<th style=\"text-align:left;\">Uefa Youth League, 6. Runde\n<\/th>\n<\/tr>\n<tr>\n<th style=\"text-align:left;\"><b>Datum<\/b>\n<\/th>\n<th style=\"text-align:left;\">8. Dezember 2021\n<\/th>\n<\/tr>\n<tr>\n<th style=\"text-align:left;\"><b>Anpfiff<\/b>\n<\/th>\n<th style=\"text-align:left;\">14 Uhr\n<\/th>\n<\/tr>\n<tr>\n<td colspan=\"2\" style=\"text-align:center;\" bgcolor=\"lightgray\"><b>Aufstellung<\/b>\n<\/td>\n<\/tr>\n<tr>\n<th style=\"text-align:left;\"><b>Tor<\/b>\n<\/th>\n<th><a href=\"\/Adam_Stejskal\" title=\"Adam Stejskal\">Adam Stejskal<\/a>\n<\/th>\n<\/tr>\n<tr>\n<th style=\"text-align:left;\"><b>Verteidigung<\/b>\n<\/th>\n<th><a href=\"\/Benjamin_Atiabou\" title=\"Benjamin Atiabou\">Benjamin Atiabou<\/a> &#8211; <a href=\"\/Lukas_Wallner\" title=\"Lukas Wallner\">Lukas Wallner<\/a> &#8211; <a href=\"\/Samson_Baidoo\" title=\"Samson Baidoo\">Samson Baidoo<\/a> &#8211; <a href=\"\/Benjamin_B%C3%B6ckle\" title=\"Benjamin B\u00f6ckle\">Benjamin B\u00f6ckle<\/a>\n<\/th>\n<\/tr>\n<tr>\n<th style=\"text-align:left;\"><b>Mittelfeld<\/b>\n<\/th>\n<th><a href=\"\/Justin_Omoregie\" title=\"Justin Omoregie\">Justin Omoregie<\/a> &#8211; <a href=\"\/Tolgahan_Sahin\" title=\"Tolgahan Sahin\">Tolgahan Sahin<\/a> &#8211; <a href=\"\/Dijon_Kameri\" title=\"Dijon Kameri\">Dijon Kameri<\/a>&#8211; <a href=\"\/Samuel_Major\" title=\"Samuel Major\">Samuel Major<\/a>\n<\/th>\n<\/tr>\n<tr>\n<th style=\"text-align:left;\"><b>Sturm<\/b>\n<\/th>\n<th><a href=\"\/Elias_Havel\" title=\"Elias Havel\">Elias Havel<\/a> &#8211; <a href=\"\/Roko_Simic\" title=\"Roko Simic\">Roko Simic<\/a>\n<\/th>\n<\/tr>\n<tr>\n<td colspan=\"2\" style=\"text-align:center;\" bgcolor=\"lightgray\"><b>Wechsel<\/b>\n<\/td>\n<\/tr>\n<tr>\n<th style=\"text-align:left;\"><b>Wechsel<\/b>\n<\/th>\n<th style=\"text-align:left;\"><a href=\"\/Daniel_Owusu\" title=\"Daniel Owusu\">Daniel Owusu<\/a> f\u00fcr Havel (64.), <a href=\"\/Raphael_Hofer\" title=\"Raphael Hofer\">Raphael Hofer<\/a> f\u00fcr Kameri (91.), <a href=\"\/Lukas_Ibertsberger\" title=\"Lukas Ibertsberger\">Lukas Ibertsberger<\/a> f\u00fcr B\u00f6ckle (94.),<br \/> <a href=\"\/Daniel_Klicnik\" title=\"Daniel Klicnik\">Daniel Klicnik<\/a> f\u00fcr Atriabou (94.). <a href=\"\/Tim_Paumgartner\" title=\"Tim Paumgartner\">Tim Paumgartner<\/a> f\u00fcr Omoregie (94.)\n<\/th>\n<\/tr>\n<tr>\n<td colspan=\"2\" style=\"text-align:center;\" bgcolor=\"lightgray\"><b>Statistik<\/b>\n<\/td>\n<\/tr>\n<tr>\n<th style=\"text-align:left;\"><b>Endstand<\/b>\n<\/th>\n<th style=\"text-align:left;\">2:0 (0:0)\n<\/th>\n<\/tr>\n<tr>\n<th style=\"text-align:left;\"><b>Torsch\u00fctzen<\/b>\n<\/th>\n<th style=\"text-align:left;\">Major (74.), Simic (91.)\n<\/th>\n<\/tr>\n<tr>\n<th style=\"text-align:left;\"><b>Gelbe Karten<\/b>\n<\/th>\n<th style=\"text-align:left;\">B\u00f6ckle (66.), Wallner (84.); Jim\u00e9nez (42.), Monta\u00f1o  (44.), Hormigo (51.),G\u00f3mez  (54.), Calero  (84.)\n<\/th>\n<\/tr>\n<tr>\n<th style=\"text-align:left;\"><b>Rote Karten<\/b>\n<\/th>\n<th style=\"text-align:left;\">\n<\/th>\n<\/tr>\n<tr>\n<th style=\"text-align:left;\"><b>Schiedsrichter<\/b>\n<\/th>\n<th style=\"text-align:left;\">Vilhjalmur Thorarinsson (ISL)\n<\/th>\n<\/tr>\n<tr>\n<th style=\"text-align:left;\"><b>Stadion<\/b>\n<\/th>\n<th style=\"text-align:left;\">Untersberg-Arena, Gr\u00f6dig\n<\/th>\n<\/tr>\n<tr>\n<th style=\"text-align:left;\"><b>Zuschauer<\/b>\n<\/th>\n<th style=\"text-align:left;\">0 (wg. Corona)\n<\/th>\n<\/tr>\n<\/tbody>\n<\/table>\n<h2><span class=\"mw-headline\" id=\"Spielbericht\">Spielbericht<\/span><a href=\"\/index.php?title=FC_Salzburg_U19_gegen_FC_Sevilla_U19&amp;action=edit&amp;section=1\" title=\"Abschnitt bearbeiten: Spielbericht\">Bearbeiten<\/a><span class=\"mw-editsection-bracket\">]<\/span><\/span><\/h2>\n<p><a rel=\"nofollow\" class=\"external text\" href=\"https:\/\/www.redbullsalzburg.at\/de\/jungbullen\/uefa-youth-league\/news\/saison_2021_22\/uyl-sevilla-spielbericht-r06.html\">Spielbericht Vereinshomepage<\/a>\n<\/p>\n<h2><span class=\"mw-headline\" id=\"Stimmen_zum_Spiel\">Stimmen zum Spiel<\/span><a href=\"\/index.php?title=FC_Salzburg_U19_gegen_FC_Sevilla_U19&amp;action=edit&amp;section=2\" title=\"Abschnitt bearbeiten: Stimmen zum Spiel\">Bearbeiten<\/a><span class=\"mw-editsection-bracket\">]<\/span><\/span><\/h2>\n<p><b>Rene Aufhauser: <\/b> Das war eine sehr, sehr reife Leistung! Wir haben uns zus\u00e4tzlich im Laufe der Partie gesteigert und gegen einen sehr starken Gegner verdient gewonnen. Dass die Burschen in dieser ganz besonderen Situation auf dem Punkt da waren und ihre Leistung gebracht haben, macht mich richtig stolz. Wir haben als Mannschaft \u00fcber diesen Herbst hinweg gro\u00dfe Entwicklungsschritte gemacht. Jetzt steht der Urlaub an, danach gehen wir aber mit gro\u00dfer Begeisterung in die Vorbereitung. Unser Hunger ist noch nicht gestillt!\n<\/p>\n<\/div>\n","protected":false},"excerpt":{"rendered":"<p>FC Salzburg U19 gegen FC Sevilla U19, 2:0 Spieltag Uefa Youth League, 6. Runde Datum 8. Dezember 2021 Anpfiff 14 Uhr Aufstellung Tor Adam Stejskal Verteidigung Benjamin Atiabou &#8211; Lukas Wallner &#8211; Samson Baidoo &#8211; Benjamin B\u00f6ckle Mittelfeld Justin Omoregie &#8211; Tolgahan Sahin &#8211; Dijon Kameri&#8211; Samuel Major Sturm Elias Havel &#8211; Roko Simic Wechsel [&hellip;]<\/p>\n","protected":false},"author":1,"featured_media":0,"parent":0,"menu_order":0,"comment_status":"closed","ping_status":"closed","template":"","meta":{"footnotes":""},"class_list":["post-4257","page","type-page","status-publish","hentry"],"_links":{"self":[{"href":"https:\/\/wiki.s12.at\/index.php\/wp-json\/wp\/v2\/pages\/4257","targetHints":{"allow":["GET"]}}],"collection":[{"href":"https:\/\/wiki.s12.at\/index.php\/wp-json\/wp\/v2\/pages"}],"about":[{"href":"https:\/\/wiki.s12.at\/index.php\/wp-json\/wp\/v2\/types\/page"}],"author":[{"embeddable":true,"href":"https:\/\/wiki.s12.at\/index.php\/wp-json\/wp\/v2\/users\/1"}],"replies":[{"embeddable":true,"href":"https:\/\/wiki.s12.at\/index.php\/wp-json\/wp\/v2\/comments?post=4257"}],"version-history":[{"count":0,"href":"https:\/\/wiki.s12.at\/index.php\/wp-json\/wp\/v2\/pages\/4257\/revisions"}],"wp:attachment":[{"href":"https:\/\/wiki.s12.at\/index.php\/wp-json\/wp\/v2\/media?parent=4257"}],"curies":[{"name":"wp","href":"https:\/\/api.w.org\/{rel}","templated":true}]}}

<div class="mw-parser-output">
<table class="toptextcells toccolours">
<tbody>
<tr>
<th colspan="2" style="text-align: center; vertical-align: top; padding: 0.3em 0.8em; font-size: 125%; background-color: lightsteelblue;">FC Salzburg U19 gegen FC Sevilla U19, 2:0
</th>
</tr>
<tr>
<th style="text-align:left;"><b>Spieltag</b>
</th>
<th style="text-align:left;">Uefa Youth League, 6. Runde
</th>
</tr>
<tr>
<th style="text-align:left;"><b>Datum</b>
</th>
<th style="text-align:left;">8. Dezember 2021
</th>
</tr>
<tr>
<th style="text-align:left;"><b>Anpfiff</b>
</th>
<th style="text-align:left;">14 Uhr
</th>
</tr>
<tr>
<td colspan="2" style="text-align:center;" bgcolor="lightgray"><b>Aufstellung</b>
</td>
</tr>
<tr>
<th style="text-align:left;"><b>Tor</b>
</th>
<th><a href="/Adam_Stejskal" title="Adam Stejskal">Adam Stejskal</a>
</th>
</tr>
<tr>
<th style="text-align:left;"><b>Verteidigung</b>
</th>
<th><a href="/Benjamin_Atiabou" title="Benjamin Atiabou">Benjamin Atiabou</a> &#8211; <a href="/Lukas_Wallner" title="Lukas Wallner">Lukas Wallner</a> &#8211; <a href="/Samson_Baidoo" title="Samson Baidoo">Samson Baidoo</a> &#8211; <a href="/Benjamin_B%C3%B6ckle" title="Benjamin Böckle">Benjamin Böckle</a>
</th>
</tr>
<tr>
<th style="text-align:left;"><b>Mittelfeld</b>
</th>
<th><a href="/Justin_Omoregie" title="Justin Omoregie">Justin Omoregie</a> &#8211; <a href="/Tolgahan_Sahin" title="Tolgahan Sahin">Tolgahan Sahin</a> &#8211; <a href="/Dijon_Kameri" title="Dijon Kameri">Dijon Kameri</a>&#8211; <a href="/Samuel_Major" title="Samuel Major">Samuel Major</a>
</th>
</tr>
<tr>
<th style="text-align:left;"><b>Sturm</b>
</th>
<th><a href="/Elias_Havel" title="Elias Havel">Elias Havel</a> &#8211; <a href="/Roko_Simic" title="Roko Simic">Roko Simic</a>
</th>
</tr>
<tr>
<td colspan="2" style="text-align:center;" bgcolor="lightgray"><b>Wechsel</b>
</td>
</tr>
<tr>
<th style="text-align:left;"><b>Wechsel</b>
</th>
<th style="text-align:left;"><a href="/Daniel_Owusu" title="Daniel Owusu">Daniel Owusu</a> für Havel (64.), <a href="/Raphael_Hofer" title="Raphael Hofer">Raphael Hofer</a> für Kameri (91.), <a href="/Lukas_Ibertsberger" title="Lukas Ibertsberger">Lukas Ibertsberger</a> für Böckle (94.),<br /> <a href="/Daniel_Klicnik" title="Daniel Klicnik">Daniel Klicnik</a> für Atriabou (94.). <a href="/Tim_Paumgartner" title="Tim Paumgartner">Tim Paumgartner</a> für Omoregie (94.)
</th>
</tr>
<tr>
<td colspan="2" style="text-align:center;" bgcolor="lightgray"><b>Statistik</b>
</td>
</tr>
<tr>
<th style="text-align:left;"><b>Endstand</b>
</th>
<th style="text-align:left;">2:0 (0:0)
</th>
</tr>
<tr>
<th style="text-align:left;"><b>Torschützen</b>
</th>
<th style="text-align:left;">Major (74.), Simic (91.)
</th>
</tr>
<tr>
<th style="text-align:left;"><b>Gelbe Karten</b>
</th>
<th style="text-align:left;">Böckle (66.), Wallner (84.); Jiménez (42.), Montaño  (44.), Hormigo (51.),Gómez  (54.), Calero  (84.)
</th>
</tr>
<tr>
<th style="text-align:left;"><b>Rote Karten</b>
</th>
<th style="text-align:left;">
</th>
</tr>
<tr>
<th style="text-align:left;"><b>Schiedsrichter</b>
</th>
<th style="text-align:left;">Vilhjalmur Thorarinsson (ISL)
</th>
</tr>
<tr>
<th style="text-align:left;"><b>Stadion</b>
</th>
<th style="text-align:left;">Untersberg-Arena, Grödig
</th>
</tr>
<tr>
<th style="text-align:left;"><b>Zuschauer</b>
</th>
<th style="text-align:left;">0 (wg. Corona)
</th>
</tr>
</tbody>
</table>
<h2><span class="mw-headline" id="Spielbericht">Spielbericht</span><a href="/index.php?title=FC_Salzburg_U19_gegen_FC_Sevilla_U19&amp;action=edit&amp;section=1" title="Abschnitt bearbeiten: Spielbericht">Bearbeiten</a><span class="mw-editsection-bracket">]</span></span></h2>
<p><a rel="nofollow" class="external text" href="https://www.redbullsalzburg.at/de/jungbullen/uefa-youth-league/news/saison_2021_22/uyl-sevilla-spielbericht-r06.html">Spielbericht Vereinshomepage</a>
</p>
<h2><span class="mw-headline" id="Stimmen_zum_Spiel">Stimmen zum Spiel</span><a href="/index.php?title=FC_Salzburg_U19_gegen_FC_Sevilla_U19&amp;action=edit&amp;section=2" title="Abschnitt bearbeiten: Stimmen zum Spiel">Bearbeiten</a><span class="mw-editsection-bracket">]</span></span></h2>
<p><b>Rene Aufhauser: </b> Das war eine sehr, sehr reife Leistung! Wir haben uns zusätzlich im Laufe der Partie gesteigert und gegen einen sehr starken Gegner verdient gewonnen. Dass die Burschen in dieser ganz besonderen Situation auf dem Punkt da waren und ihre Leistung gebracht haben, macht mich richtig stolz. Wir haben als Mannschaft über diesen Herbst hinweg große Entwicklungsschritte gemacht. Jetzt steht der Urlaub an, danach gehen wir aber mit großer Begeisterung in die Vorbereitung. Unser Hunger ist noch nicht gestillt!
</p>
</div>

<p>FC Salzburg U19 gegen FC Sevilla U19, 2:0 Spieltag Uefa Youth League, 6. Runde Datum 8. Dezember 2021 Anpfiff 14 Uhr Aufstellung Tor Adam Stejskal Verteidigung Benjamin Atiabou &#8211; Lukas Wallner &#8211; Samson Baidoo &#8211; Benjamin Böckle Mittelfeld Justin Omoregie &#8211; Tolgahan Sahin &#8211; Dijon Kameri&#8211; Samuel Major Sturm Elias Havel &#8211; Roko Simic Wechsel [&hellip;]</p>
