{"id":4230,"date":"2026-05-06T15:35:54","date_gmt":"2026-05-06T13:35:54","guid":{"rendered":"https:\/\/wiki.s12.at\/index.php\/fc-red-bull-salzburg-gegen-wsg-tirol-oefb-cup\/"},"modified":"2026-05-06T15:35:54","modified_gmt":"2026-05-06T13:35:54","slug":"fc-red-bull-salzburg-gegen-wsg-tirol-oefb-cup","status":"publish","type":"page","link":"https:\/\/wiki.s12.at\/index.php\/fc-red-bull-salzburg-gegen-wsg-tirol-oefb-cup\/","title":{"rendered":"FC Red Bull Salzburg gegen WSG Tirol (\u00d6FB-Cup)"},"content":{"rendered":"<div class=\"mw-parser-output\">\n<table class=\"toptextcells toccolours\">\n<tbody>\n<tr>\n<th colspan=\"2\" style=\"text-align: center; vertical-align: top; padding: 0.3em 0.8em; font-size: 125%; background-color: lightsteelblue;\">FC Red Bull Salzburg gegen WSG Tirol, 3:1 n.V.\n<\/th>\n<\/tr>\n<tr>\n<th style=\"text-align:left;\"><b>Spieltag<\/b>\n<\/th>\n<th style=\"text-align:left;\">\u00d6FB Cup- 3. Runde\n<\/th>\n<\/tr>\n<tr>\n<th style=\"text-align:left;\"><b>Datum<\/b>\n<\/th>\n<th style=\"text-align:left;\">30. Oktober 2025\n<\/th>\n<\/tr>\n<tr>\n<th style=\"text-align:left;\"><b>Anpfiff<\/b>\n<\/th>\n<th style=\"text-align:left;\">19 Uhr\n<\/th>\n<\/tr>\n<tr>\n<td colspan=\"2\" style=\"text-align:center;\" bgcolor=\"lightgray\"><b>Aufstellung<\/b>\n<\/td>\n<\/tr>\n<tr>\n<th style=\"text-align:left;\"><b>Tor<\/b>\n<\/th>\n<th><a href=\"\/Alexander_Schlager\" title=\"Alexander Schlager\">Alexander Schlager<\/a>\n<\/th>\n<\/tr>\n<tr>\n<th style=\"text-align:left;\"><b>Verteidigung<\/b>\n<\/th>\n<th><a href=\"\/Stefan_Lainer\" title=\"Stefan Lainer\">Stefan Lainer<\/a> &#8211;  <a href=\"\/Jannik_Schuster\" title=\"Jannik Schuster\">Jannik Schuster<\/a> &#8211;  <a href=\"\/Jacob_Rasmussen\" title=\"Jacob Rasmussen\">Jacob Rasmussen<\/a>&#8211;  <a href=\"\/Aleksa_Terzic\" title=\"Aleksa Terzic\">Aleksa Terzic<\/a>\n<\/th>\n<\/tr>\n<tr>\n<th style=\"text-align:left;\"><b>Mittelfeld<\/b>\n<\/th>\n<th><a href=\"\/Mamady_Diambou\" title=\"Mamady Diambou\">Mamady Diambou<\/a> &#8211; <a href=\"\/Soumaila_Diabate\" title=\"Soumaila Diabate\">Soumaila Diabate<\/a> &#8211; <a href=\"\/Sota_Kitano\" title=\"Sota Kitano\">Sota Kitano<\/a> &#8211;  <a href=\"\/Kerim_Alajbegovic\" title=\"Kerim Alajbegovic\">Kerim Alajbegovic<\/a>\n<\/th>\n<\/tr>\n<tr>\n<th style=\"text-align:left;\"><b>Sturm<\/b>\n<\/th>\n<th><a href=\"\/Edmund_Baidoo\" title=\"Edmund Baidoo\">Edmund Baidoo<\/a> &#8211;  <a href=\"\/Yorbe_Vertessen\" title=\"Yorbe Vertessen\">Yorbe Vertessen<\/a>\n<\/th>\n<\/tr>\n<tr>\n<td colspan=\"2\" style=\"text-align:center;\" bgcolor=\"lightgray\"><b>Wechsel<\/b>\n<\/td>\n<\/tr>\n<tr>\n<th style=\"text-align:left;\"><b>Wechsel<\/b>\n<\/th>\n<th style=\"text-align:left;\"><a href=\"\/Moussa_Yeo\" class=\"mw-redirect\" title=\"Moussa Yeo\">Moussa Yeo<\/a> f\u00fcr Vertessen (46.), <a href=\"\/Maurits_Kjaergaard\" title=\"Maurits Kjaergaard\">Maurits Kjaergaard<\/a> f\u00fcr Diambou (46.), <a href=\"\/Clement_Bischoff\" title=\"Clement Bischoff\">Clement Bischoff<\/a> f\u00fcr Kitano (61.), <br \/> <a href=\"\/Petar_Ratkov\" title=\"Petar Ratkov\">Petar Ratkov<\/a> f\u00fcr Alajbegovic (61.), <a href=\"\/Tim_Trummer\" title=\"Tim Trummer\">Tim Trummer<\/a> f\u00fcr Lainer (101.), <a href=\"\/Aleksa_Terzic\" title=\"Aleksa Terzic\">Aleksa Terzic<\/a> f\u00fcr Kr\u00e4tzig (104.)\n<\/th>\n<\/tr>\n<tr>\n<td colspan=\"2\" style=\"text-align:center;\" bgcolor=\"lightgray\"><b>Statistik<\/b>\n<\/td>\n<\/tr>\n<tr>\n<th style=\"text-align:left;\"><b>Endstand<\/b>\n<\/th>\n<th style=\"text-align:left;\">3:1 n. V. (1:1, 0:0)\n<\/th>\n<\/tr>\n<tr>\n<th style=\"text-align:left;\"><b>Torsch\u00fctzen<\/b>\n<\/th>\n<th style=\"text-align:left;\">Yeo (75.), Kjaergaard (93.), Bischoff (107.); Lawrence (68.)\n<\/th>\n<\/tr>\n<tr>\n<th style=\"text-align:left;\"><b>Gelbe Karten<\/b>\n<\/th>\n<th style=\"text-align:left;\">Diambou (32.)&#160;; Ola-Adebomi (48.), Trainer Semlic (63.), Taferner (65.), B\u00f6ckle (90.+1), Stejskal (90.+3),<br \/> Sabitzer (90.+4), Jaunegg (120.+2)\n<\/th>\n<\/tr>\n<tr>\n<th style=\"text-align:left;\"><b>Rote Karten<\/b>\n<\/th>\n<th style=\"text-align:left;\">\n<\/th>\n<\/tr>\n<tr>\n<th style=\"text-align:left;\"><b>Schiedsrichter<\/b>\n<\/th>\n<th style=\"text-align:left;\">\n<\/th>\n<\/tr>\n<tr>\n<th style=\"text-align:left;\"><b>Stadion<\/b>\n<\/th>\n<th style=\"text-align:left;\">EM- Stadion Wals Siezenheim, Salzburg\n<\/th>\n<\/tr>\n<tr>\n<th style=\"text-align:left;\"><b>Zuschauer<\/b>\n<\/th>\n<th style=\"text-align:left;\">5.016\n<\/th>\n<\/tr>\n<\/tbody>\n<\/table>\n<p>Erstes Pflichtspieltor f\u00fcr <a href=\"\/Clement_Bischoff\" title=\"Clement Bischoff\">Clement Bischoff<\/a>.\n<\/p>\n<h2><span class=\"mw-headline\" id=\"Spielbericht\">Spielbericht<\/span><a href=\"\/index.php?title=FC_Red_Bull_Salzburg_gegen_WSG_Tirol_(%C3%96FB-Cup)&amp;action=edit&amp;section=1\" title=\"Abschnitt bearbeiten: Spielbericht\">Bearbeiten<\/a><span class=\"mw-editsection-bracket\">]<\/span><\/span><\/h2>\n<p><a rel=\"nofollow\" class=\"external text\" href=\"https:\/\/www.redbullsalzburg.at\/de\/2025-2026\/spielplan\/oefb-cup-runde-3-fc-red-bull-salzburg-vs-wsg-tirol#spielbericht\">Spielbericht Vereinshomepage<\/a>\n<\/p>\n<h2><span class=\"mw-headline\" id=\"Stimmen_zum_Spiel\">Stimmen zum Spiel<\/span><a href=\"\/index.php?title=FC_Red_Bull_Salzburg_gegen_WSG_Tirol_(%C3%96FB-Cup)&amp;action=edit&amp;section=2\" title=\"Abschnitt bearbeiten: Stimmen zum Spiel\">Bearbeiten<\/a><span class=\"mw-editsection-bracket\">]<\/span><\/span><\/h2>\n<p><b>Thomas Letsch:<\/b> Ich denke, beide Mannschaften haben nahtlos an die restlichen Achtelfinal-Partien angekn\u00fcpft. Es war ein enger Fight und hat gezeigt, dass so ein Cup-Duell nie ein Selbstl\u00e4ufer ist. Mich freut, dass die Mannschaft immer an sich geglaubt hat und wir letztlich diesen Fight verdient gewonnen haben. Zu Beginn stand der Gegner sehr tief, da war es nicht einfach, L\u00f6sungen zu finden. Dieser letzte Punch hat uns gefehlt, und gleichzeitig ist die WSG in Standardsituationen immer gef\u00e4hrlich. Wir sind aber zur\u00fcckgekommen und \u00fcbers ganze Spiel gesehen haben wir uns den Sieg auch verdient! Jetzt m\u00fcssen wir f\u00fcr Sonntag in der kurzen Zeit gut regenerieren und werden schauen, welche Elf wir auf den Platz bringen.\n<\/p>\n<p><b>Alexander Schlager:<\/b> Ich finde, die erste H\u00e4lfte hatten wir sie gut im Griff. Danach war es ein bisschen komisch, wir haben sie aktiver ins Spiel kommen lassen. Das war ein hartes St\u00fcck Arbeit, aber das wussten wir vor dem Spiel schon, und insofern tut es einfach gut, dass wir weitergekommen sind. Am Ende des Tages stehen wir jetzt unter den letzten acht Teams im Bewerb und wollen diesen nat\u00fcrlich gewinnen \u2013 davor haben wir aber noch einige Aufgaben vor uns!\n<\/p>\n<\/div>\n","protected":false},"excerpt":{"rendered":"<p>FC Red Bull Salzburg gegen WSG Tirol, 3:1 n.V. Spieltag \u00d6FB Cup- 3. Runde Datum 30. Oktober 2025 Anpfiff 19 Uhr Aufstellung Tor Alexander Schlager Verteidigung Stefan Lainer &#8211; Jannik Schuster &#8211; Jacob Rasmussen&#8211; Aleksa Terzic Mittelfeld Mamady Diambou &#8211; Soumaila Diabate &#8211; Sota Kitano &#8211; Kerim Alajbegovic Sturm Edmund Baidoo &#8211; Yorbe Vertessen Wechsel [&hellip;]<\/p>\n","protected":false},"author":1,"featured_media":0,"parent":0,"menu_order":0,"comment_status":"closed","ping_status":"closed","template":"","meta":{"footnotes":""},"class_list":["post-4230","page","type-page","status-publish","hentry"],"_links":{"self":[{"href":"https:\/\/wiki.s12.at\/index.php\/wp-json\/wp\/v2\/pages\/4230","targetHints":{"allow":["GET"]}}],"collection":[{"href":"https:\/\/wiki.s12.at\/index.php\/wp-json\/wp\/v2\/pages"}],"about":[{"href":"https:\/\/wiki.s12.at\/index.php\/wp-json\/wp\/v2\/types\/page"}],"author":[{"embeddable":true,"href":"https:\/\/wiki.s12.at\/index.php\/wp-json\/wp\/v2\/users\/1"}],"replies":[{"embeddable":true,"href":"https:\/\/wiki.s12.at\/index.php\/wp-json\/wp\/v2\/comments?post=4230"}],"version-history":[{"count":0,"href":"https:\/\/wiki.s12.at\/index.php\/wp-json\/wp\/v2\/pages\/4230\/revisions"}],"wp:attachment":[{"href":"https:\/\/wiki.s12.at\/index.php\/wp-json\/wp\/v2\/media?parent=4230"}],"curies":[{"name":"wp","href":"https:\/\/api.w.org\/{rel}","templated":true}]}}

FC Red Bull Salzburg gegen WSG Tirol (ÖFB-Cup)

<div class="mw-parser-output">
<table class="toptextcells toccolours">
<tbody>
<tr>
<th colspan="2" style="text-align: center; vertical-align: top; padding: 0.3em 0.8em; font-size: 125%; background-color: lightsteelblue;">FC Red Bull Salzburg gegen WSG Tirol, 3:1 n.V.
</th>
</tr>
<tr>
<th style="text-align:left;"><b>Spieltag</b>
</th>
<th style="text-align:left;">ÖFB Cup- 3. Runde
</th>
</tr>
<tr>
<th style="text-align:left;"><b>Datum</b>
</th>
<th style="text-align:left;">30. Oktober 2025
</th>
</tr>
<tr>
<th style="text-align:left;"><b>Anpfiff</b>
</th>
<th style="text-align:left;">19 Uhr
</th>
</tr>
<tr>
<td colspan="2" style="text-align:center;" bgcolor="lightgray"><b>Aufstellung</b>
</td>
</tr>
<tr>
<th style="text-align:left;"><b>Tor</b>
</th>
<th><a href="/Alexander_Schlager" title="Alexander Schlager">Alexander Schlager</a>
</th>
</tr>
<tr>
<th style="text-align:left;"><b>Verteidigung</b>
</th>
<th><a href="/Stefan_Lainer" title="Stefan Lainer">Stefan Lainer</a> &#8211;  <a href="/Jannik_Schuster" title="Jannik Schuster">Jannik Schuster</a> &#8211;  <a href="/Jacob_Rasmussen" title="Jacob Rasmussen">Jacob Rasmussen</a>&#8211;  <a href="/Aleksa_Terzic" title="Aleksa Terzic">Aleksa Terzic</a>
</th>
</tr>
<tr>
<th style="text-align:left;"><b>Mittelfeld</b>
</th>
<th><a href="/Mamady_Diambou" title="Mamady Diambou">Mamady Diambou</a> &#8211; <a href="/Soumaila_Diabate" title="Soumaila Diabate">Soumaila Diabate</a> &#8211; <a href="/Sota_Kitano" title="Sota Kitano">Sota Kitano</a> &#8211;  <a href="/Kerim_Alajbegovic" title="Kerim Alajbegovic">Kerim Alajbegovic</a>
</th>
</tr>
<tr>
<th style="text-align:left;"><b>Sturm</b>
</th>
<th><a href="/Edmund_Baidoo" title="Edmund Baidoo">Edmund Baidoo</a> &#8211;  <a href="/Yorbe_Vertessen" title="Yorbe Vertessen">Yorbe Vertessen</a>
</th>
</tr>
<tr>
<td colspan="2" style="text-align:center;" bgcolor="lightgray"><b>Wechsel</b>
</td>
</tr>
<tr>
<th style="text-align:left;"><b>Wechsel</b>
</th>
<th style="text-align:left;"><a href="/Moussa_Yeo" class="mw-redirect" title="Moussa Yeo">Moussa Yeo</a> für Vertessen (46.), <a href="/Maurits_Kjaergaard" title="Maurits Kjaergaard">Maurits Kjaergaard</a> für Diambou (46.), <a href="/Clement_Bischoff" title="Clement Bischoff">Clement Bischoff</a> für Kitano (61.), <br /> <a href="/Petar_Ratkov" title="Petar Ratkov">Petar Ratkov</a> für Alajbegovic (61.), <a href="/Tim_Trummer" title="Tim Trummer">Tim Trummer</a> für Lainer (101.), <a href="/Aleksa_Terzic" title="Aleksa Terzic">Aleksa Terzic</a> für Krätzig (104.)
</th>
</tr>
<tr>
<td colspan="2" style="text-align:center;" bgcolor="lightgray"><b>Statistik</b>
</td>
</tr>
<tr>
<th style="text-align:left;"><b>Endstand</b>
</th>
<th style="text-align:left;">3:1 n. V. (1:1, 0:0)
</th>
</tr>
<tr>
<th style="text-align:left;"><b>Torschützen</b>
</th>
<th style="text-align:left;">Yeo (75.), Kjaergaard (93.), Bischoff (107.); Lawrence (68.)
</th>
</tr>
<tr>
<th style="text-align:left;"><b>Gelbe Karten</b>
</th>
<th style="text-align:left;">Diambou (32.)&#160;; Ola-Adebomi (48.), Trainer Semlic (63.), Taferner (65.), Böckle (90.+1), Stejskal (90.+3),<br /> Sabitzer (90.+4), Jaunegg (120.+2)
</th>
</tr>
<tr>
<th style="text-align:left;"><b>Rote Karten</b>
</th>
<th style="text-align:left;">
</th>
</tr>
<tr>
<th style="text-align:left;"><b>Schiedsrichter</b>
</th>
<th style="text-align:left;">
</th>
</tr>
<tr>
<th style="text-align:left;"><b>Stadion</b>
</th>
<th style="text-align:left;">EM- Stadion Wals Siezenheim, Salzburg
</th>
</tr>
<tr>
<th style="text-align:left;"><b>Zuschauer</b>
</th>
<th style="text-align:left;">5.016
</th>
</tr>
</tbody>
</table>
<p>Erstes Pflichtspieltor für <a href="/Clement_Bischoff" title="Clement Bischoff">Clement Bischoff</a>.
</p>
<h2><span class="mw-headline" id="Spielbericht">Spielbericht</span><a href="/index.php?title=FC_Red_Bull_Salzburg_gegen_WSG_Tirol_(%C3%96FB-Cup)&amp;action=edit&amp;section=1" title="Abschnitt bearbeiten: Spielbericht">Bearbeiten</a><span class="mw-editsection-bracket">]</span></span></h2>
<p><a rel="nofollow" class="external text" href="https://www.redbullsalzburg.at/de/2025-2026/spielplan/oefb-cup-runde-3-fc-red-bull-salzburg-vs-wsg-tirol#spielbericht">Spielbericht Vereinshomepage</a>
</p>
<h2><span class="mw-headline" id="Stimmen_zum_Spiel">Stimmen zum Spiel</span><a href="/index.php?title=FC_Red_Bull_Salzburg_gegen_WSG_Tirol_(%C3%96FB-Cup)&amp;action=edit&amp;section=2" title="Abschnitt bearbeiten: Stimmen zum Spiel">Bearbeiten</a><span class="mw-editsection-bracket">]</span></span></h2>
<p><b>Thomas Letsch:</b> Ich denke, beide Mannschaften haben nahtlos an die restlichen Achtelfinal-Partien angeknüpft. Es war ein enger Fight und hat gezeigt, dass so ein Cup-Duell nie ein Selbstläufer ist. Mich freut, dass die Mannschaft immer an sich geglaubt hat und wir letztlich diesen Fight verdient gewonnen haben. Zu Beginn stand der Gegner sehr tief, da war es nicht einfach, Lösungen zu finden. Dieser letzte Punch hat uns gefehlt, und gleichzeitig ist die WSG in Standardsituationen immer gefährlich. Wir sind aber zurückgekommen und übers ganze Spiel gesehen haben wir uns den Sieg auch verdient! Jetzt müssen wir für Sonntag in der kurzen Zeit gut regenerieren und werden schauen, welche Elf wir auf den Platz bringen.
</p>
<p><b>Alexander Schlager:</b> Ich finde, die erste Hälfte hatten wir sie gut im Griff. Danach war es ein bisschen komisch, wir haben sie aktiver ins Spiel kommen lassen. Das war ein hartes Stück Arbeit, aber das wussten wir vor dem Spiel schon, und insofern tut es einfach gut, dass wir weitergekommen sind. Am Ende des Tages stehen wir jetzt unter den letzten acht Teams im Bewerb und wollen diesen natürlich gewinnen – davor haben wir aber noch einige Aufgaben vor uns!
</p>
</div>

<p>FC Red Bull Salzburg gegen WSG Tirol, 3:1 n.V. Spieltag ÖFB Cup- 3. Runde Datum 30. Oktober 2025 Anpfiff 19 Uhr Aufstellung Tor Alexander Schlager Verteidigung Stefan Lainer &#8211; Jannik Schuster &#8211; Jacob Rasmussen&#8211; Aleksa Terzic Mittelfeld Mamady Diambou &#8211; Soumaila Diabate &#8211; Sota Kitano &#8211; Kerim Alajbegovic Sturm Edmund Baidoo &#8211; Yorbe Vertessen Wechsel [&hellip;]</p>
