{"id":4229,"date":"2026-05-06T15:35:38","date_gmt":"2026-05-06T13:35:38","guid":{"rendered":"https:\/\/wiki.s12.at\/index.php\/fc-red-bull-salzburg-gegen-wsg-tirol-cup\/"},"modified":"2026-05-06T15:35:38","modified_gmt":"2026-05-06T13:35:38","slug":"fc-red-bull-salzburg-gegen-wsg-tirol-cup","status":"publish","type":"page","link":"https:\/\/wiki.s12.at\/index.php\/fc-red-bull-salzburg-gegen-wsg-tirol-cup\/","title":{"rendered":"FC Red Bull Salzburg gegen WSG Tirol (Cup)"},"content":{"rendered":"<div class=\"mw-parser-output\">\n<table class=\"toptextcells toccolours\">\n<tbody>\n<tr>\n<th colspan=\"2\" style=\"text-align: center; vertical-align: top; padding: 0.3em 0.8em; font-size: 125%; background-color: lightsteelblue;\">FC Red Bull Salzburg gegen WSG Tirol, 3:0\n<\/th>\n<\/tr>\n<tr>\n<th style=\"text-align:left;\"><b>Spieltag<\/b>\n<\/th>\n<th style=\"text-align:left;\">\u00d6FB-Cup\n<\/th>\n<\/tr>\n<tr>\n<th style=\"text-align:left;\"><b>Datum<\/b>\n<\/th>\n<th style=\"text-align:left;\">30. Oktober 2024\n<\/th>\n<\/tr>\n<tr>\n<th style=\"text-align:left;\"><b>Anpfiff<\/b>\n<\/th>\n<th style=\"text-align:left;\">20:30 Uhr\n<\/th>\n<\/tr>\n<tr>\n<td colspan=\"2\" style=\"text-align:center;\" bgcolor=\"lightgray\"><b>Aufstellung<\/b>\n<\/td>\n<\/tr>\n<tr>\n<th style=\"text-align:left;\"><b>Tor<\/b>\n<\/th>\n<th><a href=\"\/Janis_Blaswich\" title=\"Janis Blaswich\">Janis Blaswich<\/a>\n<\/th>\n<\/tr>\n<tr>\n<th style=\"text-align:left;\"><b>Verteidigung<\/b>\n<\/th>\n<th><a href=\"\/Nicolas_Capaldo\" title=\"Nicolas Capaldo\">Nicolas Capaldo<\/a>  &#8211;  <a href=\"\/Kamil_Piatkowski\" title=\"Kamil Piatkowski\">Kamil Piatkowski<\/a> &#8211; <a href=\"\/Joane_Gadou\" title=\"Joane Gadou\">Joane Gadou<\/a>  &#8211;  <a href=\"\/Aleksa_Terzic\" title=\"Aleksa Terzic\">Aleksa Terzic<\/a>\n<\/th>\n<\/tr>\n<tr>\n<th style=\"text-align:left;\"><b>Mittelfeld<\/b>\n<\/th>\n<th><a href=\"\/Stefan_Bajcetic\" title=\"Stefan Bajcetic\">Stefan Bajcetic<\/a>  &#8211; <a href=\"\/Bobby_Clark\" title=\"Bobby Clark\">Bobby Clark<\/a>  &#8211;  <a href=\"\/Mads_Bidstrup\" title=\"Mads Bidstrup\">Mads Bidstrup<\/a>\n<\/th>\n<\/tr>\n<tr>\n<th style=\"text-align:left;\"><b>Sturm<\/b>\n<\/th>\n<th><a href=\"\/Edmund_Baidoo\" title=\"Edmund Baidoo\">Edmund Baidoo<\/a> &#8211; <a href=\"\/Karim_Konate\" title=\"Karim Konate\">Karim Konate<\/a> &#8211; <a href=\"\/Dorgeles_Nene\" class=\"mw-redirect\" title=\"Dorgeles Nene\">Dorgeles Nene<\/a>\n<\/th>\n<\/tr>\n<tr>\n<td colspan=\"2\" style=\"text-align:center;\" bgcolor=\"lightgray\"><b>Wechsel<\/b>\n<\/td>\n<\/tr>\n<tr>\n<th style=\"text-align:left;\"><b>Wechsel<\/b>\n<\/th>\n<th style=\"text-align:left;\"><a href=\"\/Daouda_Guindo\" title=\"Daouda Guindo\">Daouda Guindo<\/a> f\u00fcr Terzic (82.), <a href=\"\/Adam_Daghim\" title=\"Adam Daghim\">Adam Daghim<\/a> f\u00fcr Nene (82.), <a href=\"\/Mamady_Diambou\" title=\"Mamady Diambou\">Mamady Diambou<\/a> f\u00fcr Bajcetic (82.),<br \/> <a href=\"\/Leandro_Morgalla\" title=\"Leandro Morgalla\">Leandro Morgalla<\/a> f\u00fcr Capaldo (82.), <a href=\"\/Oliver_Lukic\" title=\"Oliver Lukic\">Oliver Lukic<\/a> f\u00fcr Konate (85.)\n<\/th>\n<\/tr>\n<tr>\n<td colspan=\"2\" style=\"text-align:center;\" bgcolor=\"lightgray\"><b>Statistik<\/b>\n<\/td>\n<\/tr>\n<tr>\n<th style=\"text-align:left;\"><b>Endstand<\/b>\n<\/th>\n<th style=\"text-align:left;\">3:0 (1:0)\n<\/th>\n<\/tr>\n<tr>\n<th style=\"text-align:left;\"><b>Torsch\u00fctzen<\/b>\n<\/th>\n<th style=\"text-align:left;\">Konate (35., E.), Terzic (53.), Daghim (83.)\n<\/th>\n<\/tr>\n<tr>\n<th style=\"text-align:left;\"><b>Gelbe Karten<\/b>\n<\/th>\n<th style=\"text-align:left;\">Baj\u010deti\u0107 (10.), Gadou (43.); Taferner (2.), Blume (31.), V\u00f6tter (81.), Lawrence(92.)\n<\/th>\n<\/tr>\n<tr>\n<th style=\"text-align:left;\"><b>Rote Karten<\/b>\n<\/th>\n<th style=\"text-align:left;\">\n<\/th>\n<\/tr>\n<tr>\n<th style=\"text-align:left;\"><b>Schiedsrichter<\/b>\n<\/th>\n<th style=\"text-align:left;\">Harald Lechner\n<\/th>\n<\/tr>\n<tr>\n<th style=\"text-align:left;\"><b>Stadion<\/b>\n<\/th>\n<th style=\"text-align:left;\">EM-Stadion Wals-Siezenheim, Salzburg\n<\/th>\n<\/tr>\n<tr>\n<th style=\"text-align:left;\"><b>Zuschauer<\/b>\n<\/th>\n<th style=\"text-align:left;\">2.437\n<\/th>\n<\/tr>\n<\/tbody>\n<\/table>\n<h2><span class=\"mw-headline\" id=\"Spielbericht\">Spielbericht<\/span><a href=\"\/index.php?title=FC_Red_Bull_Salzburg_gegen_WSG_Tirol_(Cup)&amp;action=edit&amp;section=1\" title=\"Abschnitt bearbeiten: Spielbericht\">Bearbeiten<\/a><span class=\"mw-editsection-bracket\">]<\/span><\/span><\/h2>\n<p><a rel=\"nofollow\" class=\"external text\" href=\"https:\/\/www.redbullsalzburg.at\/de\/2024-2025\/spielplan\/oefb-cup-runde-3-fc-red-bull-salzburg-vs-wsg-tirol#spielbericht\">Spielbericht Vereinshomepage<\/a>\n<\/p>\n<h2><span class=\"mw-headline\" id=\"Stimmen_zum_Spiel\">Stimmen zum Spiel<\/span><a href=\"\/index.php?title=FC_Red_Bull_Salzburg_gegen_WSG_Tirol_(Cup)&amp;action=edit&amp;section=2\" title=\"Abschnitt bearbeiten: Stimmen zum Spiel\">Bearbeiten<\/a><span class=\"mw-editsection-bracket\">]<\/span><\/span><\/h2>\n<p><b>Pepijn Lijnders:<\/b>  Das war ein wichtiger Sieg f\u00fcr uns! Wir wollten den Fans hier im Stadion ein gutes Fu\u00dfballspiel zeigen, das war das Wichtigste, und das ist uns am Ende auch weitestgehend gelungen. Wir haben zwar keinen optimalen Start in die Partie erwischt, mir gef\u00e4llt aber, welche Reaktion die Mannschaft daraufhin gezeigt hat. Es war definitiv ein Schritt in die richtige Richtung!\n<\/p>\n<p><b>Janis Blaswich:<\/b><br \/>\nBereits die 1:0-F\u00fchrung war sehr verdient, in der zweiten H\u00e4lfte haben wir es dann aber noch mal deutlich besser gemacht. Ich denke, es ist normal, dass man nach den letzten Wochen nicht von Anfang an direkt komplett befreit aufspielt und aufdribbelt, wir sind heute aber gut an die Sache herangegangen und haben uns mit drei Toren und einem Sieg belohnt. Diese Energie wollen wir jetzt ins Liga-Heimspiel gegen den GAK mitnehmen!\n<\/p>\n<\/div>\n","protected":false},"excerpt":{"rendered":"<p>FC Red Bull Salzburg gegen WSG Tirol, 3:0 Spieltag \u00d6FB-Cup Datum 30. Oktober 2024 Anpfiff 20:30 Uhr Aufstellung Tor Janis Blaswich Verteidigung Nicolas Capaldo &#8211; Kamil Piatkowski &#8211; Joane Gadou &#8211; Aleksa Terzic Mittelfeld Stefan Bajcetic &#8211; Bobby Clark &#8211; Mads Bidstrup Sturm Edmund Baidoo &#8211; Karim Konate &#8211; Dorgeles Nene Wechsel Wechsel Daouda Guindo [&hellip;]<\/p>\n","protected":false},"author":1,"featured_media":0,"parent":0,"menu_order":0,"comment_status":"closed","ping_status":"closed","template":"","meta":{"footnotes":""},"class_list":["post-4229","page","type-page","status-publish","hentry"],"_links":{"self":[{"href":"https:\/\/wiki.s12.at\/index.php\/wp-json\/wp\/v2\/pages\/4229","targetHints":{"allow":["GET"]}}],"collection":[{"href":"https:\/\/wiki.s12.at\/index.php\/wp-json\/wp\/v2\/pages"}],"about":[{"href":"https:\/\/wiki.s12.at\/index.php\/wp-json\/wp\/v2\/types\/page"}],"author":[{"embeddable":true,"href":"https:\/\/wiki.s12.at\/index.php\/wp-json\/wp\/v2\/users\/1"}],"replies":[{"embeddable":true,"href":"https:\/\/wiki.s12.at\/index.php\/wp-json\/wp\/v2\/comments?post=4229"}],"version-history":[{"count":0,"href":"https:\/\/wiki.s12.at\/index.php\/wp-json\/wp\/v2\/pages\/4229\/revisions"}],"wp:attachment":[{"href":"https:\/\/wiki.s12.at\/index.php\/wp-json\/wp\/v2\/media?parent=4229"}],"curies":[{"name":"wp","href":"https:\/\/api.w.org\/{rel}","templated":true}]}}

<div class="mw-parser-output">
<table class="toptextcells toccolours">
<tbody>
<tr>
<th colspan="2" style="text-align: center; vertical-align: top; padding: 0.3em 0.8em; font-size: 125%; background-color: lightsteelblue;">FC Red Bull Salzburg gegen WSG Tirol, 3:0
</th>
</tr>
<tr>
<th style="text-align:left;"><b>Spieltag</b>
</th>
<th style="text-align:left;">ÖFB-Cup
</th>
</tr>
<tr>
<th style="text-align:left;"><b>Datum</b>
</th>
<th style="text-align:left;">30. Oktober 2024
</th>
</tr>
<tr>
<th style="text-align:left;"><b>Anpfiff</b>
</th>
<th style="text-align:left;">20:30 Uhr
</th>
</tr>
<tr>
<td colspan="2" style="text-align:center;" bgcolor="lightgray"><b>Aufstellung</b>
</td>
</tr>
<tr>
<th style="text-align:left;"><b>Tor</b>
</th>
<th><a href="/Janis_Blaswich" title="Janis Blaswich">Janis Blaswich</a>
</th>
</tr>
<tr>
<th style="text-align:left;"><b>Verteidigung</b>
</th>
<th><a href="/Nicolas_Capaldo" title="Nicolas Capaldo">Nicolas Capaldo</a>  &#8211;  <a href="/Kamil_Piatkowski" title="Kamil Piatkowski">Kamil Piatkowski</a> &#8211; <a href="/Joane_Gadou" title="Joane Gadou">Joane Gadou</a>  &#8211;  <a href="/Aleksa_Terzic" title="Aleksa Terzic">Aleksa Terzic</a>
</th>
</tr>
<tr>
<th style="text-align:left;"><b>Mittelfeld</b>
</th>
<th><a href="/Stefan_Bajcetic" title="Stefan Bajcetic">Stefan Bajcetic</a>  &#8211; <a href="/Bobby_Clark" title="Bobby Clark">Bobby Clark</a>  &#8211;  <a href="/Mads_Bidstrup" title="Mads Bidstrup">Mads Bidstrup</a>
</th>
</tr>
<tr>
<th style="text-align:left;"><b>Sturm</b>
</th>
<th><a href="/Edmund_Baidoo" title="Edmund Baidoo">Edmund Baidoo</a> &#8211; <a href="/Karim_Konate" title="Karim Konate">Karim Konate</a> &#8211; <a href="/Dorgeles_Nene" class="mw-redirect" title="Dorgeles Nene">Dorgeles Nene</a>
</th>
</tr>
<tr>
<td colspan="2" style="text-align:center;" bgcolor="lightgray"><b>Wechsel</b>
</td>
</tr>
<tr>
<th style="text-align:left;"><b>Wechsel</b>
</th>
<th style="text-align:left;"><a href="/Daouda_Guindo" title="Daouda Guindo">Daouda Guindo</a> für Terzic (82.), <a href="/Adam_Daghim" title="Adam Daghim">Adam Daghim</a> für Nene (82.), <a href="/Mamady_Diambou" title="Mamady Diambou">Mamady Diambou</a> für Bajcetic (82.),<br /> <a href="/Leandro_Morgalla" title="Leandro Morgalla">Leandro Morgalla</a> für Capaldo (82.), <a href="/Oliver_Lukic" title="Oliver Lukic">Oliver Lukic</a> für Konate (85.)
</th>
</tr>
<tr>
<td colspan="2" style="text-align:center;" bgcolor="lightgray"><b>Statistik</b>
</td>
</tr>
<tr>
<th style="text-align:left;"><b>Endstand</b>
</th>
<th style="text-align:left;">3:0 (1:0)
</th>
</tr>
<tr>
<th style="text-align:left;"><b>Torschützen</b>
</th>
<th style="text-align:left;">Konate (35., E.), Terzic (53.), Daghim (83.)
</th>
</tr>
<tr>
<th style="text-align:left;"><b>Gelbe Karten</b>
</th>
<th style="text-align:left;">Bajčetić (10.), Gadou (43.); Taferner (2.), Blume (31.), Vötter (81.), Lawrence(92.)
</th>
</tr>
<tr>
<th style="text-align:left;"><b>Rote Karten</b>
</th>
<th style="text-align:left;">
</th>
</tr>
<tr>
<th style="text-align:left;"><b>Schiedsrichter</b>
</th>
<th style="text-align:left;">Harald Lechner
</th>
</tr>
<tr>
<th style="text-align:left;"><b>Stadion</b>
</th>
<th style="text-align:left;">EM-Stadion Wals-Siezenheim, Salzburg
</th>
</tr>
<tr>
<th style="text-align:left;"><b>Zuschauer</b>
</th>
<th style="text-align:left;">2.437
</th>
</tr>
</tbody>
</table>
<h2><span class="mw-headline" id="Spielbericht">Spielbericht</span><a href="/index.php?title=FC_Red_Bull_Salzburg_gegen_WSG_Tirol_(Cup)&amp;action=edit&amp;section=1" title="Abschnitt bearbeiten: Spielbericht">Bearbeiten</a><span class="mw-editsection-bracket">]</span></span></h2>
<p><a rel="nofollow" class="external text" href="https://www.redbullsalzburg.at/de/2024-2025/spielplan/oefb-cup-runde-3-fc-red-bull-salzburg-vs-wsg-tirol#spielbericht">Spielbericht Vereinshomepage</a>
</p>
<h2><span class="mw-headline" id="Stimmen_zum_Spiel">Stimmen zum Spiel</span><a href="/index.php?title=FC_Red_Bull_Salzburg_gegen_WSG_Tirol_(Cup)&amp;action=edit&amp;section=2" title="Abschnitt bearbeiten: Stimmen zum Spiel">Bearbeiten</a><span class="mw-editsection-bracket">]</span></span></h2>
<p><b>Pepijn Lijnders:</b>  Das war ein wichtiger Sieg für uns! Wir wollten den Fans hier im Stadion ein gutes Fußballspiel zeigen, das war das Wichtigste, und das ist uns am Ende auch weitestgehend gelungen. Wir haben zwar keinen optimalen Start in die Partie erwischt, mir gefällt aber, welche Reaktion die Mannschaft daraufhin gezeigt hat. Es war definitiv ein Schritt in die richtige Richtung!
</p>
<p><b>Janis Blaswich:</b><br />
Bereits die 1:0-Führung war sehr verdient, in der zweiten Hälfte haben wir es dann aber noch mal deutlich besser gemacht. Ich denke, es ist normal, dass man nach den letzten Wochen nicht von Anfang an direkt komplett befreit aufspielt und aufdribbelt, wir sind heute aber gut an die Sache herangegangen und haben uns mit drei Toren und einem Sieg belohnt. Diese Energie wollen wir jetzt ins Liga-Heimspiel gegen den GAK mitnehmen!
</p>
</div>

<p>FC Red Bull Salzburg gegen WSG Tirol, 3:0 Spieltag ÖFB-Cup Datum 30. Oktober 2024 Anpfiff 20:30 Uhr Aufstellung Tor Janis Blaswich Verteidigung Nicolas Capaldo &#8211; Kamil Piatkowski &#8211; Joane Gadou &#8211; Aleksa Terzic Mittelfeld Stefan Bajcetic &#8211; Bobby Clark &#8211; Mads Bidstrup Sturm Edmund Baidoo &#8211; Karim Konate &#8211; Dorgeles Nene Wechsel Wechsel Daouda Guindo [&hellip;]</p>
