{"id":4224,"date":"2026-05-06T15:34:43","date_gmt":"2026-05-06T13:34:43","guid":{"rendered":"https:\/\/wiki.s12.at\/index.php\/fc-red-bull-salzburg-gegen-tuerkguecue-muenchen\/"},"modified":"2026-05-06T15:34:43","modified_gmt":"2026-05-06T13:34:43","slug":"fc-red-bull-salzburg-gegen-tuerkguecue-muenchen","status":"publish","type":"page","link":"https:\/\/wiki.s12.at\/index.php\/fc-red-bull-salzburg-gegen-tuerkguecue-muenchen\/","title":{"rendered":"FC Red Bull Salzburg gegen T\u00fcrkg\u00fcc\u00fc M\u00fcnchen"},"content":{"rendered":"<div class=\"mw-parser-output\">\n<h2><span class=\"mw-headline\" id=\"Fakten\">Fakten<\/span><a href=\"\/index.php?title=FC_Red_Bull_Salzburg_gegen_T%C3%BCrkg%C3%BCc%C3%BC_M%C3%BCnchen&amp;action=edit&amp;section=1\" title=\"Abschnitt bearbeiten: Fakten\">Bearbeiten<\/a><span class=\"mw-editsection-bracket\">]<\/span><\/span><\/h2>\n<table class=\"toptextcells toccolours\">\n<tbody>\n<tr>\n<th colspan=\"2\" style=\"text-align: center; vertical-align: top; padding: 0.3em 0.8em; font-size: 125%; background-color: lightsteelblue;\">FC Red Bull Salzburg gegen T\u00fcrkg\u00fcc\u00fc M\u00fcnchen, 3:0\n<\/th>\n<\/tr>\n<tr>\n<th style=\"text-align:left;\"><b>Spieltag<\/b>\n<\/th>\n<th style=\"text-align:left;\">Testspiel\n<\/th>\n<\/tr>\n<tr>\n<th style=\"text-align:left;\"><b>Datum<\/b>\n<\/th>\n<th style=\"text-align:left;\">4. September 2020\n<\/th>\n<\/tr>\n<tr>\n<th style=\"text-align:left;\"><b>Anpfiff<\/b>\n<\/th>\n<th style=\"text-align:left;\">14 Uhr\n<\/th>\n<\/tr>\n<tr>\n<td colspan=\"2\" style=\"text-align:center;\" bgcolor=\"lightgray\"><b>Aufstellung<\/b>\n<\/td>\n<\/tr>\n<tr>\n<th style=\"text-align:left;\"><b>Tor<\/b>\n<\/th>\n<th><a href=\"\/Alexander_Walke\" title=\"Alexander Walke\">Alexander Walke<\/a>\n<\/th>\n<\/tr>\n<tr>\n<th style=\"text-align:left;\"><b>Verteidigung<\/b>\n<\/th>\n<th><a href=\"\/Albert_Vallci\" title=\"Albert Vallci\">Albert Vallci<\/a> &#8211; <a href=\"\/Andre_Ramalho\" class=\"mw-redirect\" title=\"Andre Ramalho\">Andre Ramalho<\/a> &#8211; <a href=\"\/Jerome_Onguene\" title=\"Jerome Onguene\">Jerome Onguene<\/a> &#8211; <a href=\"\/Rasmus_Kristensen\" title=\"Rasmus Kristensen\">Rasmus Kristensen<\/a>\n<\/th>\n<\/tr>\n<tr>\n<th style=\"text-align:left;\"><b>Mittelfeld<\/b>\n<\/th>\n<th><a href=\"\/Mohamed_Camara\" title=\"Mohamed Camara\">Mohamed Camara<\/a> &#8211; <a href=\"\/Enock_Mwepu\" title=\"Enock Mwepu\">Enock Mwepu<\/a>  &#8211; <a href=\"\/Masaya_Okugawa\" title=\"Masaya Okugawa\">Masaya Okugawa<\/a> &#8211;  <a href=\"\/Antoine_Bernede\" title=\"Antoine Bernede\">Antoine Bernede<\/a>\n<\/th>\n<\/tr>\n<tr>\n<th style=\"text-align:left;\"><b>Sturm<\/b>\n<\/th>\n<th><a href=\"\/Patson_Daka\" title=\"Patson Daka\">Patson Daka<\/a> &#8211; <a href=\"\/Karim_Adeyemi\" title=\"Karim Adeyemi\">Karim Adeyemi<\/a>\n<\/th>\n<\/tr>\n<tr>\n<td colspan=\"2\" style=\"text-align:center;\" bgcolor=\"lightgray\"><b>Wechsel<\/b>\n<\/td>\n<\/tr>\n<tr>\n<th style=\"text-align:left;\"><b>Wechsel<\/b>\n<\/th>\n<th style=\"text-align:left;\"><a href=\"\/Patrick_Farkas\" title=\"Patrick Farkas\">Patrick Farkas<\/a> f\u00fcr Onguene (35.), <a href=\"\/Sekou_Koita\" title=\"Sekou Koita\">Sekou Koita<\/a> f\u00fcr Adeyemi (35.), <a href=\"\/Daniel_Antosch\" title=\"Daniel Antosch\">Daniel Antosch<\/a> f\u00fcr Walke (46.), <br \/><a href=\"\/Alois_Oroz\" title=\"Alois Oroz\">Alois Oroz<\/a> f\u00fcr Vallci (68.), <a href=\"\/index.php?title=Nicola_Stosic&amp;action=edit&amp;redlink=1\" class=\"new\" title=\"Nicola Stosic (Seite nicht vorhanden)\">Nicola Stosic<\/a> f\u00fcr Okugawa, <a href=\"\/Amar_Dedic\" title=\"Amar Dedic\">Amar Dedic<\/a> f\u00fcr Kristensen, <br \/><a href=\"\/Thomas_Schiestl\" title=\"Thomas Schiestl\">Thomas Schiestl<\/a> f\u00fcr Daka ( alle 81.)\n<\/th>\n<\/tr>\n<tr>\n<td colspan=\"2\" style=\"text-align:center;\" bgcolor=\"lightgray\"><b>Statistik<\/b>\n<\/td>\n<\/tr>\n<tr>\n<th style=\"text-align:left;\"><b>Endstand<\/b>\n<\/th>\n<th style=\"text-align:left;\">3:0 (3:0)\n<\/th>\n<\/tr>\n<tr>\n<th style=\"text-align:left;\"><b>Torsch\u00fctzen<\/b>\n<\/th>\n<th style=\"text-align:left;\">Mwepu (5.), Adeyemi (14.), Daka (36.)\n<\/th>\n<\/tr>\n<tr>\n<th style=\"text-align:left;\"><b>Gelbe Karten<\/b>\n<\/th>\n<th style=\"text-align:left;\">\n<\/th>\n<\/tr>\n<tr>\n<th style=\"text-align:left;\"><b>Rote Karten<\/b>\n<\/th>\n<th style=\"text-align:left;\">\n<\/th>\n<\/tr>\n<tr>\n<th style=\"text-align:left;\"><b>Schiedsrichter<\/b>\n<\/th>\n<th style=\"text-align:left;\">\n<\/th>\n<\/tr>\n<tr>\n<th style=\"text-align:left;\"><b>Stadion<\/b>\n<\/th>\n<th style=\"text-align:left;\">Red Bull Trainingszentrum, Taxham\n<\/th>\n<\/tr>\n<tr>\n<th style=\"text-align:left;\"><b>Zuschauer<\/b>\n<\/th>\n<th style=\"text-align:left;\">keine Zuschauer (Corona)\n<\/th>\n<\/tr>\n<\/tbody>\n<\/table>\n<h2><span class=\"mw-headline\" id=\"Weblinks\">Weblinks<\/span><a href=\"\/index.php?title=FC_Red_Bull_Salzburg_gegen_T%C3%BCrkg%C3%BCc%C3%BC_M%C3%BCnchen&amp;action=edit&amp;section=2\" title=\"Abschnitt bearbeiten: Weblinks\">Bearbeiten<\/a><span class=\"mw-editsection-bracket\">]<\/span><\/span><\/h2>\n<p><a rel=\"nofollow\" class=\"external text\" href=\"https:\/\/www.redbullsalzburg.at\/de\/fc-red-bull-salzburg\/news\/saison_2020_21\/lackmustest-bravouroes-bestanden.html\">Spielbericht Vereinshomepage<\/a>\n<\/p>\n<h2><span class=\"mw-headline\" id=\"Stimmen_zum_Spiel\">Stimmen zum Spiel<\/span><a href=\"\/index.php?title=FC_Red_Bull_Salzburg_gegen_T%C3%BCrkg%C3%BCc%C3%BC_M%C3%BCnchen&amp;action=edit&amp;section=3\" title=\"Abschnitt bearbeiten: Stimmen zum Spiel\">Bearbeiten<\/a><span class=\"mw-editsection-bracket\">]<\/span><\/span><\/h2>\n<p><b>Jesse Marsch:<\/b>   Es war f\u00fcr uns generell eine sehr gute Trainingswoche, da wir auch einige Spieler aus Liefering dabei hatten, die sich sehr ins Zeug gelegt haben. Unser Spiel hat heute dementsprechend begonnen, mit einer guten Mentalit\u00e4t und einem fr\u00fchen Tor. Die ersten 45 Minuten waren mit dem Ball und gegen den Ball sehr stark. Danach hat uns der Gegner mit ver\u00e4nderter Spielanlage den Wind aus den Segeln genommen.\n<\/p>\n<p><b>Amar Dedic:<\/b> Es war ein guter Test, der Gegner war eine Herausforderung f\u00fcr uns. Dennoch haben wir mit einer starken Teamleistung klar mit 3:0 gewonnen. In der zweiten Halbzeit haben wir etwas die Konsequenz im Abschluss vermissen lassen.\n<\/p>\n<\/div>\n","protected":false},"excerpt":{"rendered":"<p>FaktenBearbeiten] FC Red Bull Salzburg gegen T\u00fcrkg\u00fcc\u00fc M\u00fcnchen, 3:0 Spieltag Testspiel Datum 4. September 2020 Anpfiff 14 Uhr Aufstellung Tor Alexander Walke Verteidigung Albert Vallci &#8211; Andre Ramalho &#8211; Jerome Onguene &#8211; Rasmus Kristensen Mittelfeld Mohamed Camara &#8211; Enock Mwepu &#8211; Masaya Okugawa &#8211; Antoine Bernede Sturm Patson Daka &#8211; Karim Adeyemi Wechsel Wechsel Patrick [&hellip;]<\/p>\n","protected":false},"author":1,"featured_media":0,"parent":0,"menu_order":0,"comment_status":"closed","ping_status":"closed","template":"","meta":{"footnotes":""},"class_list":["post-4224","page","type-page","status-publish","hentry"],"_links":{"self":[{"href":"https:\/\/wiki.s12.at\/index.php\/wp-json\/wp\/v2\/pages\/4224","targetHints":{"allow":["GET"]}}],"collection":[{"href":"https:\/\/wiki.s12.at\/index.php\/wp-json\/wp\/v2\/pages"}],"about":[{"href":"https:\/\/wiki.s12.at\/index.php\/wp-json\/wp\/v2\/types\/page"}],"author":[{"embeddable":true,"href":"https:\/\/wiki.s12.at\/index.php\/wp-json\/wp\/v2\/users\/1"}],"replies":[{"embeddable":true,"href":"https:\/\/wiki.s12.at\/index.php\/wp-json\/wp\/v2\/comments?post=4224"}],"version-history":[{"count":0,"href":"https:\/\/wiki.s12.at\/index.php\/wp-json\/wp\/v2\/pages\/4224\/revisions"}],"wp:attachment":[{"href":"https:\/\/wiki.s12.at\/index.php\/wp-json\/wp\/v2\/media?parent=4224"}],"curies":[{"name":"wp","href":"https:\/\/api.w.org\/{rel}","templated":true}]}}

FC Red Bull Salzburg gegen Türkgücü München

<div class="mw-parser-output">
<h2><span class="mw-headline" id="Fakten">Fakten</span><a href="/index.php?title=FC_Red_Bull_Salzburg_gegen_T%C3%BCrkg%C3%BCc%C3%BC_M%C3%BCnchen&amp;action=edit&amp;section=1" title="Abschnitt bearbeiten: Fakten">Bearbeiten</a><span class="mw-editsection-bracket">]</span></span></h2>
<table class="toptextcells toccolours">
<tbody>
<tr>
<th colspan="2" style="text-align: center; vertical-align: top; padding: 0.3em 0.8em; font-size: 125%; background-color: lightsteelblue;">FC Red Bull Salzburg gegen Türkgücü München, 3:0
</th>
</tr>
<tr>
<th style="text-align:left;"><b>Spieltag</b>
</th>
<th style="text-align:left;">Testspiel
</th>
</tr>
<tr>
<th style="text-align:left;"><b>Datum</b>
</th>
<th style="text-align:left;">4. September 2020
</th>
</tr>
<tr>
<th style="text-align:left;"><b>Anpfiff</b>
</th>
<th style="text-align:left;">14 Uhr
</th>
</tr>
<tr>
<td colspan="2" style="text-align:center;" bgcolor="lightgray"><b>Aufstellung</b>
</td>
</tr>
<tr>
<th style="text-align:left;"><b>Tor</b>
</th>
<th><a href="/Alexander_Walke" title="Alexander Walke">Alexander Walke</a>
</th>
</tr>
<tr>
<th style="text-align:left;"><b>Verteidigung</b>
</th>
<th><a href="/Albert_Vallci" title="Albert Vallci">Albert Vallci</a> &#8211; <a href="/Andre_Ramalho" class="mw-redirect" title="Andre Ramalho">Andre Ramalho</a> &#8211; <a href="/Jerome_Onguene" title="Jerome Onguene">Jerome Onguene</a> &#8211; <a href="/Rasmus_Kristensen" title="Rasmus Kristensen">Rasmus Kristensen</a>
</th>
</tr>
<tr>
<th style="text-align:left;"><b>Mittelfeld</b>
</th>
<th><a href="/Mohamed_Camara" title="Mohamed Camara">Mohamed Camara</a> &#8211; <a href="/Enock_Mwepu" title="Enock Mwepu">Enock Mwepu</a>  &#8211; <a href="/Masaya_Okugawa" title="Masaya Okugawa">Masaya Okugawa</a> &#8211;  <a href="/Antoine_Bernede" title="Antoine Bernede">Antoine Bernede</a>
</th>
</tr>
<tr>
<th style="text-align:left;"><b>Sturm</b>
</th>
<th><a href="/Patson_Daka" title="Patson Daka">Patson Daka</a> &#8211; <a href="/Karim_Adeyemi" title="Karim Adeyemi">Karim Adeyemi</a>
</th>
</tr>
<tr>
<td colspan="2" style="text-align:center;" bgcolor="lightgray"><b>Wechsel</b>
</td>
</tr>
<tr>
<th style="text-align:left;"><b>Wechsel</b>
</th>
<th style="text-align:left;"><a href="/Patrick_Farkas" title="Patrick Farkas">Patrick Farkas</a> für Onguene (35.), <a href="/Sekou_Koita" title="Sekou Koita">Sekou Koita</a> für Adeyemi (35.), <a href="/Daniel_Antosch" title="Daniel Antosch">Daniel Antosch</a> für Walke (46.), <br /><a href="/Alois_Oroz" title="Alois Oroz">Alois Oroz</a> für Vallci (68.), <a href="/index.php?title=Nicola_Stosic&amp;action=edit&amp;redlink=1" class="new" title="Nicola Stosic (Seite nicht vorhanden)">Nicola Stosic</a> für Okugawa, <a href="/Amar_Dedic" title="Amar Dedic">Amar Dedic</a> für Kristensen, <br /><a href="/Thomas_Schiestl" title="Thomas Schiestl">Thomas Schiestl</a> für Daka ( alle 81.)
</th>
</tr>
<tr>
<td colspan="2" style="text-align:center;" bgcolor="lightgray"><b>Statistik</b>
</td>
</tr>
<tr>
<th style="text-align:left;"><b>Endstand</b>
</th>
<th style="text-align:left;">3:0 (3:0)
</th>
</tr>
<tr>
<th style="text-align:left;"><b>Torschützen</b>
</th>
<th style="text-align:left;">Mwepu (5.), Adeyemi (14.), Daka (36.)
</th>
</tr>
<tr>
<th style="text-align:left;"><b>Gelbe Karten</b>
</th>
<th style="text-align:left;">
</th>
</tr>
<tr>
<th style="text-align:left;"><b>Rote Karten</b>
</th>
<th style="text-align:left;">
</th>
</tr>
<tr>
<th style="text-align:left;"><b>Schiedsrichter</b>
</th>
<th style="text-align:left;">
</th>
</tr>
<tr>
<th style="text-align:left;"><b>Stadion</b>
</th>
<th style="text-align:left;">Red Bull Trainingszentrum, Taxham
</th>
</tr>
<tr>
<th style="text-align:left;"><b>Zuschauer</b>
</th>
<th style="text-align:left;">keine Zuschauer (Corona)
</th>
</tr>
</tbody>
</table>
<h2><span class="mw-headline" id="Weblinks">Weblinks</span><a href="/index.php?title=FC_Red_Bull_Salzburg_gegen_T%C3%BCrkg%C3%BCc%C3%BC_M%C3%BCnchen&amp;action=edit&amp;section=2" title="Abschnitt bearbeiten: Weblinks">Bearbeiten</a><span class="mw-editsection-bracket">]</span></span></h2>
<p><a rel="nofollow" class="external text" href="https://www.redbullsalzburg.at/de/fc-red-bull-salzburg/news/saison_2020_21/lackmustest-bravouroes-bestanden.html">Spielbericht Vereinshomepage</a>
</p>
<h2><span class="mw-headline" id="Stimmen_zum_Spiel">Stimmen zum Spiel</span><a href="/index.php?title=FC_Red_Bull_Salzburg_gegen_T%C3%BCrkg%C3%BCc%C3%BC_M%C3%BCnchen&amp;action=edit&amp;section=3" title="Abschnitt bearbeiten: Stimmen zum Spiel">Bearbeiten</a><span class="mw-editsection-bracket">]</span></span></h2>
<p><b>Jesse Marsch:</b>   Es war für uns generell eine sehr gute Trainingswoche, da wir auch einige Spieler aus Liefering dabei hatten, die sich sehr ins Zeug gelegt haben. Unser Spiel hat heute dementsprechend begonnen, mit einer guten Mentalität und einem frühen Tor. Die ersten 45 Minuten waren mit dem Ball und gegen den Ball sehr stark. Danach hat uns der Gegner mit veränderter Spielanlage den Wind aus den Segeln genommen.
</p>
<p><b>Amar Dedic:</b> Es war ein guter Test, der Gegner war eine Herausforderung für uns. Dennoch haben wir mit einer starken Teamleistung klar mit 3:0 gewonnen. In der zweiten Halbzeit haben wir etwas die Konsequenz im Abschluss vermissen lassen.
</p>
</div>

<p>FaktenBearbeiten] FC Red Bull Salzburg gegen Türkgücü München, 3:0 Spieltag Testspiel Datum 4. September 2020 Anpfiff 14 Uhr Aufstellung Tor Alexander Walke Verteidigung Albert Vallci &#8211; Andre Ramalho &#8211; Jerome Onguene &#8211; Rasmus Kristensen Mittelfeld Mohamed Camara &#8211; Enock Mwepu &#8211; Masaya Okugawa &#8211; Antoine Bernede Sturm Patson Daka &#8211; Karim Adeyemi Wechsel Wechsel Patrick [&hellip;]</p>
