{"id":4214,"date":"2026-05-06T15:34:26","date_gmt":"2026-05-06T13:34:26","guid":{"rendered":"https:\/\/wiki.s12.at\/index.php\/fc-red-bull-salzburg-gegen-sv-wals-gruenau\/"},"modified":"2026-05-06T15:34:26","modified_gmt":"2026-05-06T13:34:26","slug":"fc-red-bull-salzburg-gegen-sv-wals-gruenau","status":"publish","type":"page","link":"https:\/\/wiki.s12.at\/index.php\/fc-red-bull-salzburg-gegen-sv-wals-gruenau\/","title":{"rendered":"FC Red Bull Salzburg gegen SV Wals-Gr\u00fcnau"},"content":{"rendered":"<div class=\"mw-parser-output\">\n<h2><span class=\"mw-headline\" id=\"Fakten\">Fakten<\/span><a href=\"\/index.php?title=FC_Red_Bull_Salzburg_gegen_SV_Wals-Gr%C3%BCnau&amp;action=edit&amp;section=1\" title=\"Abschnitt bearbeiten: Fakten\">Bearbeiten<\/a><span class=\"mw-editsection-bracket\">]<\/span><\/span><\/h2>\n<table class=\"toptextcells toccolours\">\n<tbody>\n<tr>\n<th colspan=\"2\" style=\"text-align: center; vertical-align: top; padding: 0.3em 0.8em; font-size: 125%; background-color: lightsteelblue;\">FC Red Bull Salzburg gegen SV Wals &#8211; Gr\u00fcnau, 13:1\n<\/th>\n<\/tr>\n<tr>\n<th style=\"text-align:left;\"><b>Spieltag<\/b>\n<\/th>\n<th style=\"text-align:left;\">Testspiel\n<\/th>\n<\/tr>\n<tr>\n<th style=\"text-align:left;\"><b>Datum<\/b>\n<\/th>\n<th style=\"text-align:left;\">12. J\u00e4nner 2018\n<\/th>\n<\/tr>\n<tr>\n<th style=\"text-align:left;\"><b>Anpfiff<\/b>\n<\/th>\n<th style=\"text-align:left;\">19 Uhr\n<\/th>\n<\/tr>\n<tr>\n<td colspan=\"2\" style=\"text-align:center;\" bgcolor=\"lightgray\"><b>Aufstellung<\/b>\n<\/td>\n<\/tr>\n<tr>\n<th style=\"text-align:left;\"><b>Tor<\/b>\n<\/th>\n<th><a href=\"\/Cican_Stankovic\" title=\"Cican Stankovic\">Cican Stankovic<\/a>\n<\/th>\n<\/tr>\n<tr>\n<th style=\"text-align:left;\"><b>Verteidigung<\/b>\n<\/th>\n<th><a href=\"\/Stefan_Lainer\" title=\"Stefan Lainer\">Stefan Lainer<\/a> &#8211; <a href=\"\/Jerome_Onguene\" title=\"Jerome Onguene\">Jerome Onguene<\/a> &#8211; <a href=\"\/Mahamadou_Dembele\" title=\"Mahamadou Dembele\">Mahamadou Dembele<\/a> &#8211; <a href=\"\/Andreas_Ulmer\" title=\"Andreas Ulmer\">Andreas Ulmer<\/a>\n<\/th>\n<\/tr>\n<tr>\n<th style=\"text-align:left;\"><b>Mittelfeld<\/b>\n<\/th>\n<th><a href=\"\/Christoph_Leitgeb\" title=\"Christoph Leitgeb\">Christoph Leitgeb<\/a> &#8211; <a href=\"\/Romano_Schmid\" title=\"Romano Schmid\">Romano Schmid<\/a> &#8211; <a href=\"\/Enock_Mwepu\" title=\"Enock Mwepu\">Enock Mwepu<\/a> &#8211; <a href=\"\/Marc_Rzatkowski\" title=\"Marc Rzatkowski\">Marc Rzatkowski<\/a>\n<\/th>\n<\/tr>\n<tr>\n<th style=\"text-align:left;\"><b>Sturm<\/b>\n<\/th>\n<th><a href=\"\/Hee-Chan_Hwang\" title=\"Hee-Chan Hwang\">Hee-Chan Hwang<\/a> &#8211; <a href=\"\/Takumi_Minamino\" title=\"Takumi Minamino\">Takumi Minamino<\/a>\n<\/th>\n<\/tr>\n<tr>\n<td colspan=\"2\" style=\"text-align:center;\" bgcolor=\"lightgray\"><b>Wechsel<\/b>\n<\/td>\n<\/tr>\n<tr>\n<th style=\"text-align:left;\"><b>Wechsel<\/b>\n<\/th>\n<th style=\"text-align:left;\"><a href=\"\/Carlos_Coronel\" class=\"mw-redirect\" title=\"Carlos Coronel\">Carlos Coronel<\/a> f\u00fcr Stankovic (46.), <a href=\"\/Luca_Meisl\" title=\"Luca Meisl\">Luca Meisl<\/a> f\u00fcr Onguene (46.), <a href=\"\/Patrick_Farkas\" title=\"Patrick Farkas\">Patrick Farkas<\/a> f\u00fcr Lainer (46.), <a href=\"\/Duje_Caleta-Car\" title=\"Duje Caleta-Car\">Duje Caleta-Car<\/a> f\u00fcr Dembele (46.), <a href=\"\/Dominik_Szoboszlai\" title=\"Dominik Szoboszlai\">Dominik Szoboszlai<\/a> f\u00fcr Rzatkowski (46.), <a href=\"\/Diadie_Samassekou\" title=\"Diadie Samassekou\">Diadie Samassekou <\/a> f\u00fcr Mwepu (46.), <a href=\"\/Xaver_Schlager\" title=\"Xaver Schlager\">Xaver Schlager <\/a> f\u00fcr Leitgeb (46.), <a href=\"\/Amadou_Haidara\" title=\"Amadou Haidara\">Amadou Haidara<\/a> f\u00fcr Schmid (46.), <a href=\"\/Fredrik_Gulbrandsen\" title=\"Fredrik Gulbrandsen\">Fredrik Gulbrandsen <\/a> f\u00fcr Hwang (46.), <a href=\"\/Munas_Dabbur\" title=\"Munas Dabbur\">Munas Dabbur <\/a> f\u00fcr Minamino (46.)\n<\/th>\n<\/tr>\n<tr>\n<td colspan=\"2\" style=\"text-align:center;\" bgcolor=\"lightgray\"><b>Statistik<\/b>\n<\/td>\n<\/tr>\n<tr>\n<th style=\"text-align:left;\"><b>Endstand<\/b>\n<\/th>\n<th style=\"text-align:left;\">13:1 (4:1)\n<\/th>\n<\/tr>\n<tr>\n<th style=\"text-align:left;\"><b>Torsch\u00fctzen<\/b>\n<\/th>\n<th style=\"text-align:left;\">Hwang (25.), Minamino (29., 37.),  Rzatkowski  (32.), Gulbrandsen (55., 57., 60., 66., 86.), Dabbur (76., 84., 90.), Szoboszlai (89.);&#160;?\n<\/th>\n<\/tr>\n<tr>\n<th style=\"text-align:left;\"><b>Gelbe Karten<\/b>\n<\/th>\n<th style=\"text-align:left;\">\n<\/th>\n<\/tr>\n<tr>\n<th style=\"text-align:left;\"><b>Rote Karten<\/b>\n<\/th>\n<th style=\"text-align:left;\">\n<\/th>\n<\/tr>\n<tr>\n<th style=\"text-align:left;\"><b>Schiedsrichter<\/b>\n<\/th>\n<th style=\"text-align:left;\">Christopher J\u00e4ger\n<\/th>\n<\/tr>\n<tr>\n<th style=\"text-align:left;\"><b>Stadion<\/b>\n<\/th>\n<th style=\"text-align:left;\">Trainingsgel\u00e4nde Taxham\n<\/th>\n<\/tr>\n<tr>\n<th style=\"text-align:left;\"><b>Zuschauer<\/b>\n<\/th>\n<th style=\"text-align:left;\">\n<\/th>\n<\/tr>\n<\/tbody>\n<\/table>\n<h2><span class=\"mw-headline\" id=\"Weblinks\">Weblinks<\/span><a href=\"\/index.php?title=FC_Red_Bull_Salzburg_gegen_SV_Wals-Gr%C3%BCnau&amp;action=edit&amp;section=2\" title=\"Abschnitt bearbeiten: Weblinks\">Bearbeiten<\/a><span class=\"mw-editsection-bracket\">]<\/span><\/span><\/h2>\n<p><a rel=\"nofollow\" class=\"external text\" href=\"http:\/\/www.redbullsalzburg.at\/de\/fc-red-bull-salzburg\/news\/saison_2017_18\/13-1-kantersieg-im-ersten-testspiel-2018.html\">Spielbericht Vereinshomepage<\/a>\n<\/p>\n<h2><span class=\"mw-headline\" id=\"Stimmen_zum_Spiel\">Stimmen zum Spiel<\/span><a href=\"\/index.php?title=FC_Red_Bull_Salzburg_gegen_SV_Wals-Gr%C3%BCnau&amp;action=edit&amp;section=3\" title=\"Abschnitt bearbeiten: Stimmen zum Spiel\">Bearbeiten<\/a><span class=\"mw-editsection-bracket\">]<\/span><\/span><\/h2>\n<ul>\n<li><b>Marco Rose:<\/b>Wir sind jetzt eine Woche dran, haben ordentlich trainiert und heute unser erstes Testspiel auch mit einer sehr ordentlichen Leistung absolviert. Die Mannschaft war extrem spielfreudig, hat viele Chancen herausgespielt und auch viele Tore geschossen. Deswegen bin ich bis hierhin sehr zufrieden und wei\u00df aber auch, dass wir noch viel vor uns haben.<\/li>\n<\/ul>\n<ul>\n<li><b>Fredrik Gulbrandsen<\/b> Es war gut, dass wir endlich wieder ein Spiel machen konnten, und man hat gesehen, dass wir mit gro\u00dfem Spa\u00df bei der Sache waren. Wir haben heute einen sehr guten Job gemacht, gut gespielt und auch viele Tore erzielen k\u00f6nnen. Wir sind mit diesem Start sehr zufrieden.<\/li>\n<\/ul>\n<\/div>\n","protected":false},"excerpt":{"rendered":"<p>FaktenBearbeiten] FC Red Bull Salzburg gegen SV Wals &#8211; Gr\u00fcnau, 13:1 Spieltag Testspiel Datum 12. J\u00e4nner 2018 Anpfiff 19 Uhr Aufstellung Tor Cican Stankovic Verteidigung Stefan Lainer &#8211; Jerome Onguene &#8211; Mahamadou Dembele &#8211; Andreas Ulmer Mittelfeld Christoph Leitgeb &#8211; Romano Schmid &#8211; Enock Mwepu &#8211; Marc Rzatkowski Sturm Hee-Chan Hwang &#8211; Takumi Minamino Wechsel [&hellip;]<\/p>\n","protected":false},"author":1,"featured_media":0,"parent":0,"menu_order":0,"comment_status":"closed","ping_status":"closed","template":"","meta":{"footnotes":""},"class_list":["post-4214","page","type-page","status-publish","hentry"],"_links":{"self":[{"href":"https:\/\/wiki.s12.at\/index.php\/wp-json\/wp\/v2\/pages\/4214","targetHints":{"allow":["GET"]}}],"collection":[{"href":"https:\/\/wiki.s12.at\/index.php\/wp-json\/wp\/v2\/pages"}],"about":[{"href":"https:\/\/wiki.s12.at\/index.php\/wp-json\/wp\/v2\/types\/page"}],"author":[{"embeddable":true,"href":"https:\/\/wiki.s12.at\/index.php\/wp-json\/wp\/v2\/users\/1"}],"replies":[{"embeddable":true,"href":"https:\/\/wiki.s12.at\/index.php\/wp-json\/wp\/v2\/comments?post=4214"}],"version-history":[{"count":0,"href":"https:\/\/wiki.s12.at\/index.php\/wp-json\/wp\/v2\/pages\/4214\/revisions"}],"wp:attachment":[{"href":"https:\/\/wiki.s12.at\/index.php\/wp-json\/wp\/v2\/media?parent=4214"}],"curies":[{"name":"wp","href":"https:\/\/api.w.org\/{rel}","templated":true}]}}

FC Red Bull Salzburg gegen SV Wals-Grünau

<div class="mw-parser-output">
<h2><span class="mw-headline" id="Fakten">Fakten</span><a href="/index.php?title=FC_Red_Bull_Salzburg_gegen_SV_Wals-Gr%C3%BCnau&amp;action=edit&amp;section=1" title="Abschnitt bearbeiten: Fakten">Bearbeiten</a><span class="mw-editsection-bracket">]</span></span></h2>
<table class="toptextcells toccolours">
<tbody>
<tr>
<th colspan="2" style="text-align: center; vertical-align: top; padding: 0.3em 0.8em; font-size: 125%; background-color: lightsteelblue;">FC Red Bull Salzburg gegen SV Wals &#8211; Grünau, 13:1
</th>
</tr>
<tr>
<th style="text-align:left;"><b>Spieltag</b>
</th>
<th style="text-align:left;">Testspiel
</th>
</tr>
<tr>
<th style="text-align:left;"><b>Datum</b>
</th>
<th style="text-align:left;">12. Jänner 2018
</th>
</tr>
<tr>
<th style="text-align:left;"><b>Anpfiff</b>
</th>
<th style="text-align:left;">19 Uhr
</th>
</tr>
<tr>
<td colspan="2" style="text-align:center;" bgcolor="lightgray"><b>Aufstellung</b>
</td>
</tr>
<tr>
<th style="text-align:left;"><b>Tor</b>
</th>
<th><a href="/Cican_Stankovic" title="Cican Stankovic">Cican Stankovic</a>
</th>
</tr>
<tr>
<th style="text-align:left;"><b>Verteidigung</b>
</th>
<th><a href="/Stefan_Lainer" title="Stefan Lainer">Stefan Lainer</a> &#8211; <a href="/Jerome_Onguene" title="Jerome Onguene">Jerome Onguene</a> &#8211; <a href="/Mahamadou_Dembele" title="Mahamadou Dembele">Mahamadou Dembele</a> &#8211; <a href="/Andreas_Ulmer" title="Andreas Ulmer">Andreas Ulmer</a>
</th>
</tr>
<tr>
<th style="text-align:left;"><b>Mittelfeld</b>
</th>
<th><a href="/Christoph_Leitgeb" title="Christoph Leitgeb">Christoph Leitgeb</a> &#8211; <a href="/Romano_Schmid" title="Romano Schmid">Romano Schmid</a> &#8211; <a href="/Enock_Mwepu" title="Enock Mwepu">Enock Mwepu</a> &#8211; <a href="/Marc_Rzatkowski" title="Marc Rzatkowski">Marc Rzatkowski</a>
</th>
</tr>
<tr>
<th style="text-align:left;"><b>Sturm</b>
</th>
<th><a href="/Hee-Chan_Hwang" title="Hee-Chan Hwang">Hee-Chan Hwang</a> &#8211; <a href="/Takumi_Minamino" title="Takumi Minamino">Takumi Minamino</a>
</th>
</tr>
<tr>
<td colspan="2" style="text-align:center;" bgcolor="lightgray"><b>Wechsel</b>
</td>
</tr>
<tr>
<th style="text-align:left;"><b>Wechsel</b>
</th>
<th style="text-align:left;"><a href="/Carlos_Coronel" class="mw-redirect" title="Carlos Coronel">Carlos Coronel</a> für Stankovic (46.), <a href="/Luca_Meisl" title="Luca Meisl">Luca Meisl</a> für Onguene (46.), <a href="/Patrick_Farkas" title="Patrick Farkas">Patrick Farkas</a> für Lainer (46.), <a href="/Duje_Caleta-Car" title="Duje Caleta-Car">Duje Caleta-Car</a> für Dembele (46.), <a href="/Dominik_Szoboszlai" title="Dominik Szoboszlai">Dominik Szoboszlai</a> für Rzatkowski (46.), <a href="/Diadie_Samassekou" title="Diadie Samassekou">Diadie Samassekou </a> für Mwepu (46.), <a href="/Xaver_Schlager" title="Xaver Schlager">Xaver Schlager </a> für Leitgeb (46.), <a href="/Amadou_Haidara" title="Amadou Haidara">Amadou Haidara</a> für Schmid (46.), <a href="/Fredrik_Gulbrandsen" title="Fredrik Gulbrandsen">Fredrik Gulbrandsen </a> für Hwang (46.), <a href="/Munas_Dabbur" title="Munas Dabbur">Munas Dabbur </a> für Minamino (46.)
</th>
</tr>
<tr>
<td colspan="2" style="text-align:center;" bgcolor="lightgray"><b>Statistik</b>
</td>
</tr>
<tr>
<th style="text-align:left;"><b>Endstand</b>
</th>
<th style="text-align:left;">13:1 (4:1)
</th>
</tr>
<tr>
<th style="text-align:left;"><b>Torschützen</b>
</th>
<th style="text-align:left;">Hwang (25.), Minamino (29., 37.),  Rzatkowski  (32.), Gulbrandsen (55., 57., 60., 66., 86.), Dabbur (76., 84., 90.), Szoboszlai (89.);&#160;?
</th>
</tr>
<tr>
<th style="text-align:left;"><b>Gelbe Karten</b>
</th>
<th style="text-align:left;">
</th>
</tr>
<tr>
<th style="text-align:left;"><b>Rote Karten</b>
</th>
<th style="text-align:left;">
</th>
</tr>
<tr>
<th style="text-align:left;"><b>Schiedsrichter</b>
</th>
<th style="text-align:left;">Christopher Jäger
</th>
</tr>
<tr>
<th style="text-align:left;"><b>Stadion</b>
</th>
<th style="text-align:left;">Trainingsgelände Taxham
</th>
</tr>
<tr>
<th style="text-align:left;"><b>Zuschauer</b>
</th>
<th style="text-align:left;">
</th>
</tr>
</tbody>
</table>
<h2><span class="mw-headline" id="Weblinks">Weblinks</span><a href="/index.php?title=FC_Red_Bull_Salzburg_gegen_SV_Wals-Gr%C3%BCnau&amp;action=edit&amp;section=2" title="Abschnitt bearbeiten: Weblinks">Bearbeiten</a><span class="mw-editsection-bracket">]</span></span></h2>
<p><a rel="nofollow" class="external text" href="http://www.redbullsalzburg.at/de/fc-red-bull-salzburg/news/saison_2017_18/13-1-kantersieg-im-ersten-testspiel-2018.html">Spielbericht Vereinshomepage</a>
</p>
<h2><span class="mw-headline" id="Stimmen_zum_Spiel">Stimmen zum Spiel</span><a href="/index.php?title=FC_Red_Bull_Salzburg_gegen_SV_Wals-Gr%C3%BCnau&amp;action=edit&amp;section=3" title="Abschnitt bearbeiten: Stimmen zum Spiel">Bearbeiten</a><span class="mw-editsection-bracket">]</span></span></h2>
<ul>
<li><b>Marco Rose:</b>Wir sind jetzt eine Woche dran, haben ordentlich trainiert und heute unser erstes Testspiel auch mit einer sehr ordentlichen Leistung absolviert. Die Mannschaft war extrem spielfreudig, hat viele Chancen herausgespielt und auch viele Tore geschossen. Deswegen bin ich bis hierhin sehr zufrieden und weiß aber auch, dass wir noch viel vor uns haben.</li>
</ul>
<ul>
<li><b>Fredrik Gulbrandsen</b> Es war gut, dass wir endlich wieder ein Spiel machen konnten, und man hat gesehen, dass wir mit großem Spaß bei der Sache waren. Wir haben heute einen sehr guten Job gemacht, gut gespielt und auch viele Tore erzielen können. Wir sind mit diesem Start sehr zufrieden.</li>
</ul>
</div>

<p>FaktenBearbeiten] FC Red Bull Salzburg gegen SV Wals &#8211; Grünau, 13:1 Spieltag Testspiel Datum 12. Jänner 2018 Anpfiff 19 Uhr Aufstellung Tor Cican Stankovic Verteidigung Stefan Lainer &#8211; Jerome Onguene &#8211; Mahamadou Dembele &#8211; Andreas Ulmer Mittelfeld Christoph Leitgeb &#8211; Romano Schmid &#8211; Enock Mwepu &#8211; Marc Rzatkowski Sturm Hee-Chan Hwang &#8211; Takumi Minamino Wechsel [&hellip;]</p>
