{"id":4207,"date":"2026-05-06T15:34:11","date_gmt":"2026-05-06T13:34:11","guid":{"rendered":"https:\/\/wiki.s12.at\/index.php\/fc-red-bull-salzburg-gegen-sk-vorwaerts-steyr-testspiel-2021\/"},"modified":"2026-05-06T15:34:11","modified_gmt":"2026-05-06T13:34:11","slug":"fc-red-bull-salzburg-gegen-sk-vorwaerts-steyr-testspiel-2021","status":"publish","type":"page","link":"https:\/\/wiki.s12.at\/index.php\/fc-red-bull-salzburg-gegen-sk-vorwaerts-steyr-testspiel-2021\/","title":{"rendered":"FC Red Bull Salzburg gegen SK Vorw\u00e4rts Steyr (Testspiel 2021)"},"content":{"rendered":"<div class=\"mw-parser-output\">\n<h2><span class=\"mw-headline\" id=\"Fakten\">Fakten<\/span><a href=\"\/index.php?title=FC_Red_Bull_Salzburg_gegen_SK_Vorw%C3%A4rts_Steyr_(Testspiel_2021)&amp;action=edit&amp;section=1\" title=\"Abschnitt bearbeiten: Fakten\">Bearbeiten<\/a><span class=\"mw-editsection-bracket\">]<\/span><\/span><\/h2>\n<table class=\"toptextcells toccolours\">\n<tbody>\n<tr>\n<th colspan=\"2\" style=\"text-align: center; vertical-align: top; padding: 0.3em 0.8em; font-size: 125%; background-color: lightsteelblue;\">FC Red Bull Salzburg gegen SK Vorw\u00e4rts Steyr, 7:0\n<\/th>\n<\/tr>\n<tr>\n<th style=\"text-align:left;\"><b>Spieltag<\/b>\n<\/th>\n<th style=\"text-align:left;\">Testspiel\n<\/th>\n<\/tr>\n<tr>\n<th style=\"text-align:left;\"><b>Datum<\/b>\n<\/th>\n<th style=\"text-align:left;\">25. M\u00e4rz 2021\n<\/th>\n<\/tr>\n<tr>\n<th style=\"text-align:left;\"><b>Anpfiff<\/b>\n<\/th>\n<th style=\"text-align:left;\">\n<\/th>\n<\/tr>\n<tr>\n<td colspan=\"2\" style=\"text-align:center;\" bgcolor=\"lightgray\"><b>Aufstellung<\/b>\n<\/td>\n<\/tr>\n<tr>\n<th style=\"text-align:left;\"><b>Tor<\/b>\n<\/th>\n<th><a href=\"\/Nico_Mantl\" title=\"Nico Mantl\">Nico Mantl<\/a>\n<\/th>\n<\/tr>\n<tr>\n<th style=\"text-align:left;\"><b>Verteidigung<\/b>\n<\/th>\n<th><a href=\"\/Albert_Vallci\" title=\"Albert Vallci\">Albert Vallci<\/a> &#8211; <a href=\"\/Oumar_Solet\" title=\"Oumar Solet\">Oumar Solet<\/a> &#8211; <a href=\"\/David_Affengruber\" title=\"David Affengruber\">David Affengruber<\/a> &#8211; <a href=\"\/Daouda_Guindo\" title=\"Daouda Guindo\">Daouda Guindo<\/a>\n<\/th>\n<\/tr>\n<tr>\n<th style=\"text-align:left;\"><b>Mittelfeld<\/b>\n<\/th>\n<th><a href=\"\/Maurits_Kjaergaard\" title=\"Maurits Kjaergaard\">Maurits Kjaergaard<\/a> &#8211; <a href=\"\/Sebastian_Aigner\" title=\"Sebastian Aigner\">Sebastian Aigner<\/a>  &#8211; <a href=\"\/Mamady_Diambou\" title=\"Mamady Diambou\">Mamady Diambou<\/a> &#8211;  <a href=\"\/Mamadou_Sangare\" title=\"Mamadou Sangare\">Mamadou Sangare<\/a>\n<\/th>\n<\/tr>\n<tr>\n<th style=\"text-align:left;\"><b>Sturm<\/b>\n<\/th>\n<th><a href=\"\/Antonin_Svoboda\" title=\"Antonin Svoboda\">Antonin Svoboda<\/a> &#8211; <a href=\"\/Karim_Adeyemi\" title=\"Karim Adeyemi\">Karim Adeyemi<\/a>\n<\/th>\n<\/tr>\n<tr>\n<td colspan=\"2\" style=\"text-align:center;\" bgcolor=\"lightgray\"><b>Wechsel<\/b>\n<\/td>\n<\/tr>\n<tr>\n<th style=\"text-align:left;\"><b>Wechsel<\/b>\n<\/th>\n<th style=\"text-align:left;\"><a href=\"\/Benjamin_B%C3%B6ckle\" title=\"Benjamin B\u00f6ckle\">Benjamin B\u00f6ckle<\/a> f\u00fcr Guindo (46.), <a href=\"\/Nene_Dorgeles\" title=\"Nene Dorgeles\">Nene Dorgeles <\/a> f\u00fcr Kjaergaard (46.),<br \/> <a href=\"\/Samuel_Major\" title=\"Samuel Major\">Samuel Major<\/a> f\u00fcr Aigner (46.), <a href=\"\/Forson_Amankwah\" class=\"mw-redirect\" title=\"Forson Amankwah\">Forson Amankwah<\/a> f\u00fcr Sangare (46.), <br \/><a href=\"\/Sebastian_Aigner\" title=\"Sebastian Aigner\">Sebastian Aigner<\/a> f\u00fcr Affengruber (55.)\n<\/th>\n<\/tr>\n<tr>\n<td colspan=\"2\" style=\"text-align:center;\" bgcolor=\"lightgray\"><b>Statistik<\/b>\n<\/td>\n<\/tr>\n<tr>\n<th style=\"text-align:left;\"><b>Endstand<\/b>\n<\/th>\n<th style=\"text-align:left;\">7:0 (4:0)\n<\/th>\n<\/tr>\n<tr>\n<th style=\"text-align:left;\"><b>Torsch\u00fctzen<\/b>\n<\/th>\n<th style=\"text-align:left;\">Svoboda (2., 20.), Adeyemi (10., 73, 75.), Affengruber (25.),  Major (87.)\n<\/th>\n<\/tr>\n<tr>\n<th style=\"text-align:left;\"><b>Gelbe Karten<\/b>\n<\/th>\n<th style=\"text-align:left;\">\n<\/th>\n<\/tr>\n<tr>\n<th style=\"text-align:left;\"><b>Rote Karten<\/b>\n<\/th>\n<th style=\"text-align:left;\">\n<\/th>\n<\/tr>\n<tr>\n<th style=\"text-align:left;\"><b>Schiedsrichter<\/b>\n<\/th>\n<th style=\"text-align:left;\">Christopher J\u00e4ger\n<\/th>\n<\/tr>\n<tr>\n<th style=\"text-align:left;\"><b>Stadion<\/b>\n<\/th>\n<th style=\"text-align:left;\">Trainingszentrum Taxham\n<\/th>\n<\/tr>\n<tr>\n<th style=\"text-align:left;\"><b>Zuschauer<\/b>\n<\/th>\n<th style=\"text-align:left;\">\n<\/th>\n<\/tr>\n<\/tbody>\n<\/table>\n<h2><span class=\"mw-headline\" id=\"Weblinks\">Weblinks<\/span><a href=\"\/index.php?title=FC_Red_Bull_Salzburg_gegen_SK_Vorw%C3%A4rts_Steyr_(Testspiel_2021)&amp;action=edit&amp;section=2\" title=\"Abschnitt bearbeiten: Weblinks\">Bearbeiten<\/a><span class=\"mw-editsection-bracket\">]<\/span><\/span><\/h2>\n<p><a rel=\"nofollow\" class=\"external text\" href=\"https:\/\/www.redbullsalzburg.at\/de\/fc-red-bull-salzburg\/news\/saison_2020_21\/schwere-verletzung-ueberschattet-klaren-testspielsieg.html\">Spielbericht Vereinshomepage<\/a>\n<\/p>\n<h2><span class=\"mw-headline\" id=\"Stimmen_zum_Spiel\">Stimmen zum Spiel<\/span><a href=\"\/index.php?title=FC_Red_Bull_Salzburg_gegen_SK_Vorw%C3%A4rts_Steyr_(Testspiel_2021)&amp;action=edit&amp;section=3\" title=\"Abschnitt bearbeiten: Stimmen zum Spiel\">Bearbeiten<\/a><span class=\"mw-editsection-bracket\">]<\/span><\/span><\/h2>\n<ul>\n<li><b>Jesse Marsch:<\/b> Wir haben heute mit einer Mischung aus Spielern des FC Red Bull Salzburg und des FC Liefering gespielt. Dabei haben wir die taktischen Aufgaben sehr gut umgesetzt, die Mentalit\u00e4t f\u00fcr ein Testspiel war super, und ich bin sehr zufrieden mit dem gesamten Team. Bitter ist f\u00fcr uns jedoch die schwere Verletzung von Albert Vallci, der jetzt f\u00fcr lange Zeit fehlen wird.<\/li>\n<\/ul>\n<ul>\n<li><b>Karim Adeyemi:<\/b> Das Spiel hat mir heute gro\u00dfen Spa\u00df gemacht, und wir haben als Gruppe von Anfang an gezeigt, dass wir gewinnen wollen. Es war ein super Spiel. F\u00fcr mich ist es der erste Hattrick f\u00fcr den FC Red Bull Salzburg, ich bin sehr gl\u00fccklich, so kann es gern weitergehen.<\/li>\n<\/ul>\n<\/div>\n","protected":false},"excerpt":{"rendered":"<p>FaktenBearbeiten] FC Red Bull Salzburg gegen SK Vorw\u00e4rts Steyr, 7:0 Spieltag Testspiel Datum 25. M\u00e4rz 2021 Anpfiff Aufstellung Tor Nico Mantl Verteidigung Albert Vallci &#8211; Oumar Solet &#8211; David Affengruber &#8211; Daouda Guindo Mittelfeld Maurits Kjaergaard &#8211; Sebastian Aigner &#8211; Mamady Diambou &#8211; Mamadou Sangare Sturm Antonin Svoboda &#8211; Karim Adeyemi Wechsel Wechsel Benjamin B\u00f6ckle [&hellip;]<\/p>\n","protected":false},"author":1,"featured_media":0,"parent":0,"menu_order":0,"comment_status":"closed","ping_status":"closed","template":"","meta":{"footnotes":""},"class_list":["post-4207","page","type-page","status-publish","hentry"],"_links":{"self":[{"href":"https:\/\/wiki.s12.at\/index.php\/wp-json\/wp\/v2\/pages\/4207","targetHints":{"allow":["GET"]}}],"collection":[{"href":"https:\/\/wiki.s12.at\/index.php\/wp-json\/wp\/v2\/pages"}],"about":[{"href":"https:\/\/wiki.s12.at\/index.php\/wp-json\/wp\/v2\/types\/page"}],"author":[{"embeddable":true,"href":"https:\/\/wiki.s12.at\/index.php\/wp-json\/wp\/v2\/users\/1"}],"replies":[{"embeddable":true,"href":"https:\/\/wiki.s12.at\/index.php\/wp-json\/wp\/v2\/comments?post=4207"}],"version-history":[{"count":0,"href":"https:\/\/wiki.s12.at\/index.php\/wp-json\/wp\/v2\/pages\/4207\/revisions"}],"wp:attachment":[{"href":"https:\/\/wiki.s12.at\/index.php\/wp-json\/wp\/v2\/media?parent=4207"}],"curies":[{"name":"wp","href":"https:\/\/api.w.org\/{rel}","templated":true}]}}

FC Red Bull Salzburg gegen SK Vorwärts Steyr (Testspiel 2021)

<div class="mw-parser-output">
<h2><span class="mw-headline" id="Fakten">Fakten</span><a href="/index.php?title=FC_Red_Bull_Salzburg_gegen_SK_Vorw%C3%A4rts_Steyr_(Testspiel_2021)&amp;action=edit&amp;section=1" title="Abschnitt bearbeiten: Fakten">Bearbeiten</a><span class="mw-editsection-bracket">]</span></span></h2>
<table class="toptextcells toccolours">
<tbody>
<tr>
<th colspan="2" style="text-align: center; vertical-align: top; padding: 0.3em 0.8em; font-size: 125%; background-color: lightsteelblue;">FC Red Bull Salzburg gegen SK Vorwärts Steyr, 7:0
</th>
</tr>
<tr>
<th style="text-align:left;"><b>Spieltag</b>
</th>
<th style="text-align:left;">Testspiel
</th>
</tr>
<tr>
<th style="text-align:left;"><b>Datum</b>
</th>
<th style="text-align:left;">25. März 2021
</th>
</tr>
<tr>
<th style="text-align:left;"><b>Anpfiff</b>
</th>
<th style="text-align:left;">
</th>
</tr>
<tr>
<td colspan="2" style="text-align:center;" bgcolor="lightgray"><b>Aufstellung</b>
</td>
</tr>
<tr>
<th style="text-align:left;"><b>Tor</b>
</th>
<th><a href="/Nico_Mantl" title="Nico Mantl">Nico Mantl</a>
</th>
</tr>
<tr>
<th style="text-align:left;"><b>Verteidigung</b>
</th>
<th><a href="/Albert_Vallci" title="Albert Vallci">Albert Vallci</a> &#8211; <a href="/Oumar_Solet" title="Oumar Solet">Oumar Solet</a> &#8211; <a href="/David_Affengruber" title="David Affengruber">David Affengruber</a> &#8211; <a href="/Daouda_Guindo" title="Daouda Guindo">Daouda Guindo</a>
</th>
</tr>
<tr>
<th style="text-align:left;"><b>Mittelfeld</b>
</th>
<th><a href="/Maurits_Kjaergaard" title="Maurits Kjaergaard">Maurits Kjaergaard</a> &#8211; <a href="/Sebastian_Aigner" title="Sebastian Aigner">Sebastian Aigner</a>  &#8211; <a href="/Mamady_Diambou" title="Mamady Diambou">Mamady Diambou</a> &#8211;  <a href="/Mamadou_Sangare" title="Mamadou Sangare">Mamadou Sangare</a>
</th>
</tr>
<tr>
<th style="text-align:left;"><b>Sturm</b>
</th>
<th><a href="/Antonin_Svoboda" title="Antonin Svoboda">Antonin Svoboda</a> &#8211; <a href="/Karim_Adeyemi" title="Karim Adeyemi">Karim Adeyemi</a>
</th>
</tr>
<tr>
<td colspan="2" style="text-align:center;" bgcolor="lightgray"><b>Wechsel</b>
</td>
</tr>
<tr>
<th style="text-align:left;"><b>Wechsel</b>
</th>
<th style="text-align:left;"><a href="/Benjamin_B%C3%B6ckle" title="Benjamin Böckle">Benjamin Böckle</a> für Guindo (46.), <a href="/Nene_Dorgeles" title="Nene Dorgeles">Nene Dorgeles </a> für Kjaergaard (46.),<br /> <a href="/Samuel_Major" title="Samuel Major">Samuel Major</a> für Aigner (46.), <a href="/Forson_Amankwah" class="mw-redirect" title="Forson Amankwah">Forson Amankwah</a> für Sangare (46.), <br /><a href="/Sebastian_Aigner" title="Sebastian Aigner">Sebastian Aigner</a> für Affengruber (55.)
</th>
</tr>
<tr>
<td colspan="2" style="text-align:center;" bgcolor="lightgray"><b>Statistik</b>
</td>
</tr>
<tr>
<th style="text-align:left;"><b>Endstand</b>
</th>
<th style="text-align:left;">7:0 (4:0)
</th>
</tr>
<tr>
<th style="text-align:left;"><b>Torschützen</b>
</th>
<th style="text-align:left;">Svoboda (2., 20.), Adeyemi (10., 73, 75.), Affengruber (25.),  Major (87.)
</th>
</tr>
<tr>
<th style="text-align:left;"><b>Gelbe Karten</b>
</th>
<th style="text-align:left;">
</th>
</tr>
<tr>
<th style="text-align:left;"><b>Rote Karten</b>
</th>
<th style="text-align:left;">
</th>
</tr>
<tr>
<th style="text-align:left;"><b>Schiedsrichter</b>
</th>
<th style="text-align:left;">Christopher Jäger
</th>
</tr>
<tr>
<th style="text-align:left;"><b>Stadion</b>
</th>
<th style="text-align:left;">Trainingszentrum Taxham
</th>
</tr>
<tr>
<th style="text-align:left;"><b>Zuschauer</b>
</th>
<th style="text-align:left;">
</th>
</tr>
</tbody>
</table>
<h2><span class="mw-headline" id="Weblinks">Weblinks</span><a href="/index.php?title=FC_Red_Bull_Salzburg_gegen_SK_Vorw%C3%A4rts_Steyr_(Testspiel_2021)&amp;action=edit&amp;section=2" title="Abschnitt bearbeiten: Weblinks">Bearbeiten</a><span class="mw-editsection-bracket">]</span></span></h2>
<p><a rel="nofollow" class="external text" href="https://www.redbullsalzburg.at/de/fc-red-bull-salzburg/news/saison_2020_21/schwere-verletzung-ueberschattet-klaren-testspielsieg.html">Spielbericht Vereinshomepage</a>
</p>
<h2><span class="mw-headline" id="Stimmen_zum_Spiel">Stimmen zum Spiel</span><a href="/index.php?title=FC_Red_Bull_Salzburg_gegen_SK_Vorw%C3%A4rts_Steyr_(Testspiel_2021)&amp;action=edit&amp;section=3" title="Abschnitt bearbeiten: Stimmen zum Spiel">Bearbeiten</a><span class="mw-editsection-bracket">]</span></span></h2>
<ul>
<li><b>Jesse Marsch:</b> Wir haben heute mit einer Mischung aus Spielern des FC Red Bull Salzburg und des FC Liefering gespielt. Dabei haben wir die taktischen Aufgaben sehr gut umgesetzt, die Mentalität für ein Testspiel war super, und ich bin sehr zufrieden mit dem gesamten Team. Bitter ist für uns jedoch die schwere Verletzung von Albert Vallci, der jetzt für lange Zeit fehlen wird.</li>
</ul>
<ul>
<li><b>Karim Adeyemi:</b> Das Spiel hat mir heute großen Spaß gemacht, und wir haben als Gruppe von Anfang an gezeigt, dass wir gewinnen wollen. Es war ein super Spiel. Für mich ist es der erste Hattrick für den FC Red Bull Salzburg, ich bin sehr glücklich, so kann es gern weitergehen.</li>
</ul>
</div>

<p>FaktenBearbeiten] FC Red Bull Salzburg gegen SK Vorwärts Steyr, 7:0 Spieltag Testspiel Datum 25. März 2021 Anpfiff Aufstellung Tor Nico Mantl Verteidigung Albert Vallci &#8211; Oumar Solet &#8211; David Affengruber &#8211; Daouda Guindo Mittelfeld Maurits Kjaergaard &#8211; Sebastian Aigner &#8211; Mamady Diambou &#8211; Mamadou Sangare Sturm Antonin Svoboda &#8211; Karim Adeyemi Wechsel Wechsel Benjamin Böckle [&hellip;]</p>
