{"id":4191,"date":"2026-05-06T15:32:36","date_gmt":"2026-05-06T13:32:36","guid":{"rendered":"https:\/\/wiki.s12.at\/index.php\/fc-red-bull-salzburg-gegen-qarabag-fk\/"},"modified":"2026-05-06T15:32:36","modified_gmt":"2026-05-06T13:32:36","slug":"fc-red-bull-salzburg-gegen-qarabag-fk","status":"publish","type":"page","link":"https:\/\/wiki.s12.at\/index.php\/fc-red-bull-salzburg-gegen-qarabag-fk\/","title":{"rendered":"FC Red Bull Salzburg gegen Qarabag FK"},"content":{"rendered":"<div class=\"mw-parser-output\">\n<table class=\"toptextcells toccolours\">\n<tbody>\n<tr>\n<th colspan=\"2\" style=\"text-align: center; vertical-align: top; padding: 0.3em 0.8em; font-size: 125%; background-color: lightsteelblue;\">FC Red Bull Salzburg gegen Qarabag FK, 2:1\n<\/th>\n<\/tr>\n<tr>\n<th style=\"text-align:left;\"><b>Spieltag<\/b>\n<\/th>\n<th style=\"text-align:left;\">Testspiel\n<\/th>\n<\/tr>\n<tr>\n<th style=\"text-align:left;\"><b>Datum<\/b>\n<\/th>\n<th style=\"text-align:left;\">15. Juli 2025\n<\/th>\n<\/tr>\n<tr>\n<th style=\"text-align:left;\"><b>Anpfiff<\/b>\n<\/th>\n<th style=\"text-align:left;\">18 Uhr\n<\/th>\n<\/tr>\n<tr>\n<td colspan=\"2\" style=\"text-align:center;\" bgcolor=\"lightgray\"><b>Aufstellung<\/b>\n<\/td>\n<\/tr>\n<tr>\n<th style=\"text-align:left;\"><b>Tor<\/b>\n<\/th>\n<th><a href=\"\/Alexander_Schlager\" title=\"Alexander Schlager\">Alexander Schlager<\/a>\n<\/th>\n<\/tr>\n<tr>\n<th style=\"text-align:left;\"><b>Verteidigung<\/b>\n<\/th>\n<th><a href=\"\/Stefan_Lainer\" title=\"Stefan Lainer\">Stefan Lainer<\/a> &#8211;  <a href=\"\/Joane_Gadou\" title=\"Joane Gadou\">Joane Gadou <\/a> &#8211;  <a href=\"\/Jacob_Rasmussen\" title=\"Jacob Rasmussen\">Jacob Rasmussen<\/a>&#8211; <a href=\"\/Frans_Kr%C3%A4tzig\" title=\"Frans Kr\u00e4tzig\">Frans Kr\u00e4tzig<\/a>\n<\/th>\n<\/tr>\n<tr>\n<th style=\"text-align:left;\"><b>Mittelfeld<\/b>\n<\/th>\n<th><a href=\"\/Mads_Bidstrup\" title=\"Mads Bidstrup\">Mads Bidstrup <\/a> \u2013  <a href=\"\/Mamady_Diambou\" title=\"Mamady Diambou\">Mamady Diambou <\/a>&#8211;  <a href=\"\/Kerim_Alajbegovic\" title=\"Kerim Alajbegovic\">Kerim Alajbegovic<\/a> &#8211; <a href=\"\/Sota_Kitano\" title=\"Sota Kitano\">Sota Kitano <\/a>\n<\/th>\n<\/tr>\n<tr>\n<th style=\"text-align:left;\"><b>Sturm<\/b>\n<\/th>\n<th><a href=\"\/Yorbe_Vertessen\" title=\"Yorbe Vertessen\">Yorbe Vertessen <\/a> &#8211; <a href=\"\/Karim_Onisiwo\" title=\"Karim Onisiwo\">Karim Onisiwo<\/a>\n<\/th>\n<\/tr>\n<tr>\n<td colspan=\"2\" style=\"text-align:center;\" bgcolor=\"lightgray\"><b>Wechsel<\/b>\n<\/td>\n<\/tr>\n<tr>\n<th style=\"text-align:left;\"><b>Wechsel<\/b>\n<\/th>\n<th style=\"text-align:left;\"><a href=\"\/Edmund_Baidoo\" title=\"Edmund Baidoo\">Edmund Baidoo<\/a> f\u00fcr  Vertessen (46.) ,  <a href=\"\/Petar_Ratkov\" title=\"Petar Ratkov\">Petar Ratkov<\/a> f\u00fcr Onisiwo  (46.), <a href=\"\/Soumaila_Diabate\" title=\"Soumaila Diabate\">Soumaila Diabate<\/a> f\u00fcr Bidstrup (46.), <br \/><a href=\"\/Aleksa_Terzic\" title=\"Aleksa Terzic\">Aleksa Terzic<\/a> f\u00fcr Kr\u00e4tzig (57.) , <a href=\"\/Tim_Trummer\" title=\"Tim Trummer\">Tim Trummer<\/a> f\u00fcr Lainer (57.), <a href=\"\/Dorgeles_Nene\" class=\"mw-redirect\" title=\"Dorgeles Nene\">Dorgeles Nene<\/a> f\u00fcr Alajbegovic(59.), <br \/> <a href=\"\/Enrique_Aguilar\" title=\"Enrique Aguilar\">Enrique Aguilar<\/a> f\u00fcr Kitano (59.), <a href=\"\/Oliver_Lukic\" title=\"Oliver Lukic\">Oliver Lukic<\/a> f\u00fcr Diambou (67.), <a href=\"\/Marcel_Moswitzer\" title=\"Marcel Moswitzer\">Marcel Moswitzer<\/a> f\u00fcr Gadou (67.), <br \/> <a href=\"\/Rocco_Zikovic\" title=\"Rocco Zikovic\">Rocco Zikovic<\/a> f\u00fcr Rasmussen (67.)\n<\/th>\n<\/tr>\n<tr>\n<td colspan=\"2\" style=\"text-align:center;\" bgcolor=\"lightgray\"><b>Statistik<\/b>\n<\/td>\n<\/tr>\n<tr>\n<th style=\"text-align:left;\"><b>Endstand<\/b>\n<\/th>\n<th style=\"text-align:left;\">2:1 (1:1)\n<\/th>\n<\/tr>\n<tr>\n<th style=\"text-align:left;\"><b>Torsch\u00fctzen<\/b>\n<\/th>\n<th style=\"text-align:left;\">Kitano (29.), Baidoo (55.); Akhundzada (42.)\n<\/th>\n<\/tr>\n<tr>\n<th style=\"text-align:left;\"><b>Gelbe Karten<\/b>\n<\/th>\n<th style=\"text-align:left;\">\n<\/th>\n<\/tr>\n<tr>\n<th style=\"text-align:left;\"><b>Rote Karten<\/b>\n<\/th>\n<th style=\"text-align:left;\">\n<\/th>\n<\/tr>\n<tr>\n<th style=\"text-align:left;\"><b>Schiedsrichter<\/b>\n<\/th>\n<th style=\"text-align:left;\">Phillip Maier\n<\/th>\n<\/tr>\n<tr>\n<th style=\"text-align:left;\"><b>Stadion<\/b>\n<\/th>\n<th style=\"text-align:left;\">Alois Latini Stadion, Zell am See\n<\/th>\n<\/tr>\n<tr>\n<th style=\"text-align:left;\"><b>Zuschauer<\/b>\n<\/th>\n<th style=\"text-align:left;\">\n<\/th>\n<\/tr>\n<\/tbody>\n<\/table>\n<h2><span class=\"mw-headline\" id=\"Spielbericht\">Spielbericht<\/span><a href=\"\/index.php?title=FC_Red_Bull_Salzburg_gegen_Qarabag_FK&amp;action=edit&amp;section=1\" title=\"Abschnitt bearbeiten: Spielbericht\">Bearbeiten<\/a><span class=\"mw-editsection-bracket\">]<\/span><\/span><\/h2>\n<p><a rel=\"nofollow\" class=\"external text\" href=\"https:\/\/www.redbullsalzburg.at\/de\/2025-2026\/spielplan\/testspiel-fc-red-bull-salzburg-vs-fk-qarabag-agdam\">Spielbericht Vereinshomepage<\/a>\n<\/p>\n<h2><span class=\"mw-headline\" id=\"Stimmen_zum_Spiel\">Stimmen zum Spiel<\/span><a href=\"\/index.php?title=FC_Red_Bull_Salzburg_gegen_Qarabag_FK&amp;action=edit&amp;section=2\" title=\"Abschnitt bearbeiten: Stimmen zum Spiel\">Bearbeiten<\/a><span class=\"mw-editsection-bracket\">]<\/span><\/span><\/h2>\n<p><b>Thomas Letsch:<\/b>  Wir wollen die beiden Testspiele vor Brann wie Pflichtspiele angehen, weshalb es wichtig war, das heutige Match zu gewinnen. Ich glaube, dass wir viele Sachen gut gemacht haben. Wir haben uns das Leben aber auch unn\u00f6tig schwer gemacht, weil wir mit etlichen einfachen Ballverlusten den Gegner ins Spiel gebracht haben. Unterm Strich war es ein guter Test gegen einen Champions League-Starter, bei dem wir viele Erkenntnisse gewinnen konnten. Zudem sind auch ein paar Jungs zum Einsatz gekommen, die zuletzt weniger gespielt haben. Das Spiel hat seinen Zweck gut erf\u00fcllt. Jetzt hei\u00dft es, das Richtige f\u00fcr den Test am Freitag gegen Derby County zu tun. Danach wird es dann eh schon ernst.\n<\/p>\n<p><b>Alexander Schlager:<\/b> F\u00fcr mich war es sch\u00f6n, nach l\u00e4ngerer Zeit wieder \u00fcber 90 Minuten spielen zu k\u00f6nnen. Als Fu\u00dfballer lebt man daf\u00fcr, und deswegen freut es mich, dass ich wieder am Platz stehen konnte. Wir sind hergekommen, um das heutige Testspiel zu gewinnen, ein gutes Gef\u00fchl zu bekommen und den Drive aus der Klub-WM fortzuf\u00fchren, weil es f\u00fcr uns ja schon in einer Woche mit der Champions League losgeht. Es ist wichtig, dass wir daf\u00fcr positive Momente sammeln, was uns heute gegl\u00fcckt ist. Auch wenn wir viele Sachen sicher noch besser machen k\u00f6nnen, war das ein sehr solides, gutes Spiel von uns. Darauf k\u00f6nnen wir aufbauen.\n<\/p>\n<\/div>\n","protected":false},"excerpt":{"rendered":"<p>FC Red Bull Salzburg gegen Qarabag FK, 2:1 Spieltag Testspiel Datum 15. Juli 2025 Anpfiff 18 Uhr Aufstellung Tor Alexander Schlager Verteidigung Stefan Lainer &#8211; Joane Gadou &#8211; Jacob Rasmussen&#8211; Frans Kr\u00e4tzig Mittelfeld Mads Bidstrup \u2013 Mamady Diambou &#8211; Kerim Alajbegovic &#8211; Sota Kitano Sturm Yorbe Vertessen &#8211; Karim Onisiwo Wechsel Wechsel Edmund Baidoo f\u00fcr [&hellip;]<\/p>\n","protected":false},"author":1,"featured_media":0,"parent":0,"menu_order":0,"comment_status":"closed","ping_status":"closed","template":"","meta":{"footnotes":""},"class_list":["post-4191","page","type-page","status-publish","hentry"],"_links":{"self":[{"href":"https:\/\/wiki.s12.at\/index.php\/wp-json\/wp\/v2\/pages\/4191","targetHints":{"allow":["GET"]}}],"collection":[{"href":"https:\/\/wiki.s12.at\/index.php\/wp-json\/wp\/v2\/pages"}],"about":[{"href":"https:\/\/wiki.s12.at\/index.php\/wp-json\/wp\/v2\/types\/page"}],"author":[{"embeddable":true,"href":"https:\/\/wiki.s12.at\/index.php\/wp-json\/wp\/v2\/users\/1"}],"replies":[{"embeddable":true,"href":"https:\/\/wiki.s12.at\/index.php\/wp-json\/wp\/v2\/comments?post=4191"}],"version-history":[{"count":0,"href":"https:\/\/wiki.s12.at\/index.php\/wp-json\/wp\/v2\/pages\/4191\/revisions"}],"wp:attachment":[{"href":"https:\/\/wiki.s12.at\/index.php\/wp-json\/wp\/v2\/media?parent=4191"}],"curies":[{"name":"wp","href":"https:\/\/api.w.org\/{rel}","templated":true}]}}

<div class="mw-parser-output">
<table class="toptextcells toccolours">
<tbody>
<tr>
<th colspan="2" style="text-align: center; vertical-align: top; padding: 0.3em 0.8em; font-size: 125%; background-color: lightsteelblue;">FC Red Bull Salzburg gegen Qarabag FK, 2:1
</th>
</tr>
<tr>
<th style="text-align:left;"><b>Spieltag</b>
</th>
<th style="text-align:left;">Testspiel
</th>
</tr>
<tr>
<th style="text-align:left;"><b>Datum</b>
</th>
<th style="text-align:left;">15. Juli 2025
</th>
</tr>
<tr>
<th style="text-align:left;"><b>Anpfiff</b>
</th>
<th style="text-align:left;">18 Uhr
</th>
</tr>
<tr>
<td colspan="2" style="text-align:center;" bgcolor="lightgray"><b>Aufstellung</b>
</td>
</tr>
<tr>
<th style="text-align:left;"><b>Tor</b>
</th>
<th><a href="/Alexander_Schlager" title="Alexander Schlager">Alexander Schlager</a>
</th>
</tr>
<tr>
<th style="text-align:left;"><b>Verteidigung</b>
</th>
<th><a href="/Stefan_Lainer" title="Stefan Lainer">Stefan Lainer</a> &#8211;  <a href="/Joane_Gadou" title="Joane Gadou">Joane Gadou </a> &#8211;  <a href="/Jacob_Rasmussen" title="Jacob Rasmussen">Jacob Rasmussen</a>&#8211; <a href="/Frans_Kr%C3%A4tzig" title="Frans Krätzig">Frans Krätzig</a>
</th>
</tr>
<tr>
<th style="text-align:left;"><b>Mittelfeld</b>
</th>
<th><a href="/Mads_Bidstrup" title="Mads Bidstrup">Mads Bidstrup </a> –  <a href="/Mamady_Diambou" title="Mamady Diambou">Mamady Diambou </a>&#8211;  <a href="/Kerim_Alajbegovic" title="Kerim Alajbegovic">Kerim Alajbegovic</a> &#8211; <a href="/Sota_Kitano" title="Sota Kitano">Sota Kitano </a>
</th>
</tr>
<tr>
<th style="text-align:left;"><b>Sturm</b>
</th>
<th><a href="/Yorbe_Vertessen" title="Yorbe Vertessen">Yorbe Vertessen </a> &#8211; <a href="/Karim_Onisiwo" title="Karim Onisiwo">Karim Onisiwo</a>
</th>
</tr>
<tr>
<td colspan="2" style="text-align:center;" bgcolor="lightgray"><b>Wechsel</b>
</td>
</tr>
<tr>
<th style="text-align:left;"><b>Wechsel</b>
</th>
<th style="text-align:left;"><a href="/Edmund_Baidoo" title="Edmund Baidoo">Edmund Baidoo</a> für  Vertessen (46.) ,  <a href="/Petar_Ratkov" title="Petar Ratkov">Petar Ratkov</a> für Onisiwo  (46.), <a href="/Soumaila_Diabate" title="Soumaila Diabate">Soumaila Diabate</a> für Bidstrup (46.), <br /><a href="/Aleksa_Terzic" title="Aleksa Terzic">Aleksa Terzic</a> für Krätzig (57.) , <a href="/Tim_Trummer" title="Tim Trummer">Tim Trummer</a> für Lainer (57.), <a href="/Dorgeles_Nene" class="mw-redirect" title="Dorgeles Nene">Dorgeles Nene</a> für Alajbegovic(59.), <br /> <a href="/Enrique_Aguilar" title="Enrique Aguilar">Enrique Aguilar</a> für Kitano (59.), <a href="/Oliver_Lukic" title="Oliver Lukic">Oliver Lukic</a> für Diambou (67.), <a href="/Marcel_Moswitzer" title="Marcel Moswitzer">Marcel Moswitzer</a> für Gadou (67.), <br /> <a href="/Rocco_Zikovic" title="Rocco Zikovic">Rocco Zikovic</a> für Rasmussen (67.)
</th>
</tr>
<tr>
<td colspan="2" style="text-align:center;" bgcolor="lightgray"><b>Statistik</b>
</td>
</tr>
<tr>
<th style="text-align:left;"><b>Endstand</b>
</th>
<th style="text-align:left;">2:1 (1:1)
</th>
</tr>
<tr>
<th style="text-align:left;"><b>Torschützen</b>
</th>
<th style="text-align:left;">Kitano (29.), Baidoo (55.); Akhundzada (42.)
</th>
</tr>
<tr>
<th style="text-align:left;"><b>Gelbe Karten</b>
</th>
<th style="text-align:left;">
</th>
</tr>
<tr>
<th style="text-align:left;"><b>Rote Karten</b>
</th>
<th style="text-align:left;">
</th>
</tr>
<tr>
<th style="text-align:left;"><b>Schiedsrichter</b>
</th>
<th style="text-align:left;">Phillip Maier
</th>
</tr>
<tr>
<th style="text-align:left;"><b>Stadion</b>
</th>
<th style="text-align:left;">Alois Latini Stadion, Zell am See
</th>
</tr>
<tr>
<th style="text-align:left;"><b>Zuschauer</b>
</th>
<th style="text-align:left;">
</th>
</tr>
</tbody>
</table>
<h2><span class="mw-headline" id="Spielbericht">Spielbericht</span><a href="/index.php?title=FC_Red_Bull_Salzburg_gegen_Qarabag_FK&amp;action=edit&amp;section=1" title="Abschnitt bearbeiten: Spielbericht">Bearbeiten</a><span class="mw-editsection-bracket">]</span></span></h2>
<p><a rel="nofollow" class="external text" href="https://www.redbullsalzburg.at/de/2025-2026/spielplan/testspiel-fc-red-bull-salzburg-vs-fk-qarabag-agdam">Spielbericht Vereinshomepage</a>
</p>
<h2><span class="mw-headline" id="Stimmen_zum_Spiel">Stimmen zum Spiel</span><a href="/index.php?title=FC_Red_Bull_Salzburg_gegen_Qarabag_FK&amp;action=edit&amp;section=2" title="Abschnitt bearbeiten: Stimmen zum Spiel">Bearbeiten</a><span class="mw-editsection-bracket">]</span></span></h2>
<p><b>Thomas Letsch:</b>  Wir wollen die beiden Testspiele vor Brann wie Pflichtspiele angehen, weshalb es wichtig war, das heutige Match zu gewinnen. Ich glaube, dass wir viele Sachen gut gemacht haben. Wir haben uns das Leben aber auch unnötig schwer gemacht, weil wir mit etlichen einfachen Ballverlusten den Gegner ins Spiel gebracht haben. Unterm Strich war es ein guter Test gegen einen Champions League-Starter, bei dem wir viele Erkenntnisse gewinnen konnten. Zudem sind auch ein paar Jungs zum Einsatz gekommen, die zuletzt weniger gespielt haben. Das Spiel hat seinen Zweck gut erfüllt. Jetzt heißt es, das Richtige für den Test am Freitag gegen Derby County zu tun. Danach wird es dann eh schon ernst.
</p>
<p><b>Alexander Schlager:</b> Für mich war es schön, nach längerer Zeit wieder über 90 Minuten spielen zu können. Als Fußballer lebt man dafür, und deswegen freut es mich, dass ich wieder am Platz stehen konnte. Wir sind hergekommen, um das heutige Testspiel zu gewinnen, ein gutes Gefühl zu bekommen und den Drive aus der Klub-WM fortzuführen, weil es für uns ja schon in einer Woche mit der Champions League losgeht. Es ist wichtig, dass wir dafür positive Momente sammeln, was uns heute geglückt ist. Auch wenn wir viele Sachen sicher noch besser machen können, war das ein sehr solides, gutes Spiel von uns. Darauf können wir aufbauen.
</p>
</div>

<p>FC Red Bull Salzburg gegen Qarabag FK, 2:1 Spieltag Testspiel Datum 15. Juli 2025 Anpfiff 18 Uhr Aufstellung Tor Alexander Schlager Verteidigung Stefan Lainer &#8211; Joane Gadou &#8211; Jacob Rasmussen&#8211; Frans Krätzig Mittelfeld Mads Bidstrup – Mamady Diambou &#8211; Kerim Alajbegovic &#8211; Sota Kitano Sturm Yorbe Vertessen &#8211; Karim Onisiwo Wechsel Wechsel Edmund Baidoo für [&hellip;]</p>
