{"id":4187,"date":"2026-05-06T15:32:30","date_gmt":"2026-05-06T13:32:30","guid":{"rendered":"https:\/\/wiki.s12.at\/index.php\/fc-red-bull-salzburg-gegen-nk-bravo-ljubljana\/"},"modified":"2026-05-06T15:32:30","modified_gmt":"2026-05-06T13:32:30","slug":"fc-red-bull-salzburg-gegen-nk-bravo-ljubljana","status":"publish","type":"page","link":"https:\/\/wiki.s12.at\/index.php\/fc-red-bull-salzburg-gegen-nk-bravo-ljubljana\/","title":{"rendered":"FC Red Bull Salzburg gegen NK Bravo Ljubljana"},"content":{"rendered":"<div class=\"mw-parser-output\">\n<h2><span class=\"mw-headline\" id=\"Fakten\">Fakten<\/span><a href=\"\/index.php?title=FC_Red_Bull_Salzburg_gegen_NK_Bravo_Ljubljana&amp;action=edit&amp;section=1\" title=\"Abschnitt bearbeiten: Fakten\">Bearbeiten<\/a><span class=\"mw-editsection-bracket\">]<\/span><\/span><\/h2>\n<table class=\"toptextcells toccolours\">\n<tbody>\n<tr>\n<th colspan=\"2\" style=\"text-align: center; vertical-align: top; padding: 0.3em 0.8em; font-size: 125%; background-color: lightsteelblue;\">FC Red Bull Salzburg gegen gegen NK Bravo Ljubljana, 2:2\n<\/th>\n<\/tr>\n<tr>\n<th style=\"text-align:left;\"><b>Spieltag<\/b>\n<\/th>\n<th style=\"text-align:left;\">Testspiel\n<\/th>\n<\/tr>\n<tr>\n<th style=\"text-align:left;\"><b>Datum<\/b>\n<\/th>\n<th style=\"text-align:left;\">4. August 2020\n<\/th>\n<\/tr>\n<tr>\n<th style=\"text-align:left;\"><b>Anpfiff<\/b>\n<\/th>\n<th style=\"text-align:left;\">17 Uhr\n<\/th>\n<\/tr>\n<tr>\n<td colspan=\"2\" style=\"text-align:center;\" bgcolor=\"lightgray\"><b>Aufstellung<\/b>\n<\/td>\n<\/tr>\n<tr>\n<th style=\"text-align:left;\"><b>Tor<\/b>\n<\/th>\n<th><a href=\"\/Carlos_Coronel\" class=\"mw-redirect\" title=\"Carlos Coronel\">Carlos Coronel<\/a>\n<\/th>\n<\/tr>\n<tr>\n<th style=\"text-align:left;\"><b>Verteidigung<\/b>\n<\/th>\n<th><a href=\"\/Patrick_Farkas\" title=\"Patrick Farkas\">Patrick Farkas<\/a> &#8211; <a href=\"\/Andre_Ramalho\" class=\"mw-redirect\" title=\"Andre Ramalho\">Andre Ramalho<\/a> &#8211; <a href=\"\/Jerome_Onguene\" title=\"Jerome Onguene\">Jerome Onguene<\/a> &#8211; <a href=\"\/Andreas_Ulmer\" title=\"Andreas Ulmer\">Andreas Ulmer<\/a>\n<\/th>\n<\/tr>\n<tr>\n<th style=\"text-align:left;\"><b>Mittelfeld<\/b>\n<\/th>\n<th><a href=\"\/Mergim_Berisha\" title=\"Mergim Berisha\">Mergim Berisha<\/a> &#8211; <a href=\"\/Nicolas_Seiwald\" title=\"Nicolas Seiwald\">Nicolas Seiwald<\/a>  &#8211; <a href=\"\/Antoine_Bernede\" title=\"Antoine Bernede\">Antoine Bernede<\/a> &#8211;  <a href=\"\/Dominik_Szoboszlai\" title=\"Dominik Szoboszlai\">Dominik Szoboszlai<\/a>\n<\/th>\n<\/tr>\n<tr>\n<th style=\"text-align:left;\"><b>Sturm<\/b>\n<\/th>\n<th><a href=\"\/Patson_Daka\" title=\"Patson Daka\">Patson Daka<\/a> &#8211; <a href=\"\/Smail_Prevljak\" title=\"Smail Prevljak\">Smail Prevljak<\/a>\n<\/th>\n<\/tr>\n<tr>\n<td colspan=\"2\" style=\"text-align:center;\" bgcolor=\"lightgray\"><b>Wechsel<\/b>\n<\/td>\n<\/tr>\n<tr>\n<th style=\"text-align:left;\"><b>Wechsel<\/b>\n<\/th>\n<th style=\"text-align:left;\"><a href=\"\/Alexander_Walke\" title=\"Alexander Walke\">Alexander Walke<\/a> f\u00fcr Coronel (46.), <a href=\"\/Rasmus_Kristensen\" title=\"Rasmus Kristensen\">Rasmus Kristensen<\/a> f\u00fcr Farkas (46.), <a href=\"\/Albert_Vallci\" title=\"Albert Vallci\">Albert Vallci<\/a> f\u00fcr Ramalho (46.)<br \/><a href=\"\/Maximilian_W%C3%B6ber\" title=\"Maximilian W\u00f6ber\">Maximilian W\u00f6ber<\/a> f\u00fcr Onguene (46.), <a href=\"\/Amar_Dedic\" title=\"Amar Dedic\">Amar Dedic<\/a> f\u00fcr Ulmer (46.), <a href=\"\/Luka_Sucic\" title=\"Luka Sucic\">Luka Sucic<\/a> f\u00fcr Berisha (46.),<br \/><a href=\"\/Masaya_Okugawa\" title=\"Masaya Okugawa\">Masaya Okugawa<\/a> f\u00fcr Susic (61.), <a href=\"\/Mohamed_Camara\" title=\"Mohamed Camara\">Mohamed Camara<\/a> f\u00fcr Seiwald (46.), <a href=\"\/Enock_Mwepu\" title=\"Enock Mwepu\">Enock Mwepu<\/a> f\u00fcr Bernede (46.)<br \/><a href=\"\/Noah_Okafor\" title=\"Noah Okafor\">Noah Okafor<\/a> f\u00fcr Szoboszlai (32.), <a href=\"\/Peter_Pokorny\" title=\"Peter Pokorny\">Peter Pokorny<\/a> f\u00fcr Okafor (61.), <a href=\"\/Karim_Adeyemi\" title=\"Karim Adeyemi\">Karim Adeyemi<\/a> f\u00fcr Daka (46.),<br \/><a href=\"\/Junior_Adamu\" class=\"mw-redirect\" title=\"Junior Adamu\">Junior Adamu<\/a> f\u00fcr Adeyemi (62.), <a href=\"\/Sekou_Koita\" title=\"Sekou Koita\">Sekou Koita<\/a> f\u00fcr Prevljak (46.), <a href=\"\/Luka_Sucic\" title=\"Luka Sucic\">Luka Sucic<\/a> f\u00fcr Dedic (75.)\n<\/th>\n<\/tr>\n<tr>\n<td colspan=\"2\" style=\"text-align:center;\" bgcolor=\"lightgray\"><b>Statistik<\/b>\n<\/td>\n<\/tr>\n<tr>\n<th style=\"text-align:left;\"><b>Endstand<\/b>\n<\/th>\n<th style=\"text-align:left;\">2:2 (1:1)\n<\/th>\n<\/tr>\n<tr>\n<th style=\"text-align:left;\"><b>Torsch\u00fctzen<\/b>\n<\/th>\n<th style=\"text-align:left;\">Szoboszlai (18.), Adeyemi (48.); Zinko (4., 78.)\n<\/th>\n<\/tr>\n<tr>\n<th style=\"text-align:left;\"><b>Gelbe Karten<\/b>\n<\/th>\n<th style=\"text-align:left;\">\n<\/th>\n<\/tr>\n<tr>\n<th style=\"text-align:left;\"><b>Rote Karten<\/b>\n<\/th>\n<th style=\"text-align:left;\">\n<\/th>\n<\/tr>\n<tr>\n<th style=\"text-align:left;\"><b>Schiedsrichter<\/b>\n<\/th>\n<th style=\"text-align:left;\">\n<\/th>\n<\/tr>\n<tr>\n<th style=\"text-align:left;\"><b>Stadion<\/b>\n<\/th>\n<th style=\"text-align:left;\">Sportplatz Bramberg\n<\/th>\n<\/tr>\n<tr>\n<th style=\"text-align:left;\"><b>Zuschauer<\/b>\n<\/th>\n<th style=\"text-align:left;\">Wegen Corona keine Zuschauer\n<\/th>\n<\/tr>\n<\/tbody>\n<\/table>\n<h2><span class=\"mw-headline\" id=\"Weblinks\">Weblinks<\/span><a href=\"\/index.php?title=FC_Red_Bull_Salzburg_gegen_NK_Bravo_Ljubljana&amp;action=edit&amp;section=2\" title=\"Abschnitt bearbeiten: Weblinks\">Bearbeiten<\/a><span class=\"mw-editsection-bracket\">]<\/span><\/span><\/h2>\n<p><a rel=\"nofollow\" class=\"external text\" href=\"https:\/\/www.redbullsalzburg.at\/de\/fc-red-bull-salzburg\/news\/saison_2020_21\/testspielremis-gegen-bravo-ljubljana.html\">Spielbericht Vereinshomepage<\/a>\n<\/p>\n<h2><span class=\"mw-headline\" id=\"Stimmen_zum_Spiel\">Stimmen zum Spiel<\/span><a href=\"\/index.php?title=FC_Red_Bull_Salzburg_gegen_NK_Bravo_Ljubljana&amp;action=edit&amp;section=3\" title=\"Abschnitt bearbeiten: Stimmen zum Spiel\">Bearbeiten<\/a><span class=\"mw-editsection-bracket\">]<\/span><\/span><\/h2>\n<p><b>Jesse Marsch:<\/b>  Anfangs war ich nicht zufrieden, weil wir nicht bereit waren, das Spiel anzunehmen. Wir haben zu viele Zweik\u00e4mpfe verloren und sind deshalb auch rasch in R\u00fcckstand geraten. Aber es war auch ein Warnschuss f\u00fcr uns, wir haben danach besser gespielt. Die zweite Halbzeit war dann sehr gut \u2013 die Energie, das Tempo mit dem Ball und auch das Spiel gegen den Ball haben gepasst. Schade, dass wir kurz vor dem Ende noch den Ausgleich erhalten haben. Insgesamt war es ein gutes erstes Testspiel mit vielen Dingen, die wir mitnehmen k\u00f6nnen.\n<\/p>\n<p><b>Albert Vallci:<\/b>   Mit dem Ergebnis bin ich definitiv nicht zufrieden. Wir sind nicht sehr gut gestartet, haben uns mit Fortdauer der Begegnung zwar mehr Szenen herausspielen k\u00f6nnen, sind aber dabei nicht so richtig zwingend geworden. Im ersten Testspiel gab es ein paar gute Sachen, aber mehr Sachen, an denen wir noch arbeiten m\u00fcssen.\n<\/p>\n<\/div>\n","protected":false},"excerpt":{"rendered":"<p>FaktenBearbeiten] FC Red Bull Salzburg gegen gegen NK Bravo Ljubljana, 2:2 Spieltag Testspiel Datum 4. August 2020 Anpfiff 17 Uhr Aufstellung Tor Carlos Coronel Verteidigung Patrick Farkas &#8211; Andre Ramalho &#8211; Jerome Onguene &#8211; Andreas Ulmer Mittelfeld Mergim Berisha &#8211; Nicolas Seiwald &#8211; Antoine Bernede &#8211; Dominik Szoboszlai Sturm Patson Daka &#8211; Smail Prevljak Wechsel [&hellip;]<\/p>\n","protected":false},"author":1,"featured_media":0,"parent":0,"menu_order":0,"comment_status":"closed","ping_status":"closed","template":"","meta":{"footnotes":""},"class_list":["post-4187","page","type-page","status-publish","hentry"],"_links":{"self":[{"href":"https:\/\/wiki.s12.at\/index.php\/wp-json\/wp\/v2\/pages\/4187","targetHints":{"allow":["GET"]}}],"collection":[{"href":"https:\/\/wiki.s12.at\/index.php\/wp-json\/wp\/v2\/pages"}],"about":[{"href":"https:\/\/wiki.s12.at\/index.php\/wp-json\/wp\/v2\/types\/page"}],"author":[{"embeddable":true,"href":"https:\/\/wiki.s12.at\/index.php\/wp-json\/wp\/v2\/users\/1"}],"replies":[{"embeddable":true,"href":"https:\/\/wiki.s12.at\/index.php\/wp-json\/wp\/v2\/comments?post=4187"}],"version-history":[{"count":0,"href":"https:\/\/wiki.s12.at\/index.php\/wp-json\/wp\/v2\/pages\/4187\/revisions"}],"wp:attachment":[{"href":"https:\/\/wiki.s12.at\/index.php\/wp-json\/wp\/v2\/media?parent=4187"}],"curies":[{"name":"wp","href":"https:\/\/api.w.org\/{rel}","templated":true}]}}

<div class="mw-parser-output">
<h2><span class="mw-headline" id="Fakten">Fakten</span><a href="/index.php?title=FC_Red_Bull_Salzburg_gegen_NK_Bravo_Ljubljana&amp;action=edit&amp;section=1" title="Abschnitt bearbeiten: Fakten">Bearbeiten</a><span class="mw-editsection-bracket">]</span></span></h2>
<table class="toptextcells toccolours">
<tbody>
<tr>
<th colspan="2" style="text-align: center; vertical-align: top; padding: 0.3em 0.8em; font-size: 125%; background-color: lightsteelblue;">FC Red Bull Salzburg gegen gegen NK Bravo Ljubljana, 2:2
</th>
</tr>
<tr>
<th style="text-align:left;"><b>Spieltag</b>
</th>
<th style="text-align:left;">Testspiel
</th>
</tr>
<tr>
<th style="text-align:left;"><b>Datum</b>
</th>
<th style="text-align:left;">4. August 2020
</th>
</tr>
<tr>
<th style="text-align:left;"><b>Anpfiff</b>
</th>
<th style="text-align:left;">17 Uhr
</th>
</tr>
<tr>
<td colspan="2" style="text-align:center;" bgcolor="lightgray"><b>Aufstellung</b>
</td>
</tr>
<tr>
<th style="text-align:left;"><b>Tor</b>
</th>
<th><a href="/Carlos_Coronel" class="mw-redirect" title="Carlos Coronel">Carlos Coronel</a>
</th>
</tr>
<tr>
<th style="text-align:left;"><b>Verteidigung</b>
</th>
<th><a href="/Patrick_Farkas" title="Patrick Farkas">Patrick Farkas</a> &#8211; <a href="/Andre_Ramalho" class="mw-redirect" title="Andre Ramalho">Andre Ramalho</a> &#8211; <a href="/Jerome_Onguene" title="Jerome Onguene">Jerome Onguene</a> &#8211; <a href="/Andreas_Ulmer" title="Andreas Ulmer">Andreas Ulmer</a>
</th>
</tr>
<tr>
<th style="text-align:left;"><b>Mittelfeld</b>
</th>
<th><a href="/Mergim_Berisha" title="Mergim Berisha">Mergim Berisha</a> &#8211; <a href="/Nicolas_Seiwald" title="Nicolas Seiwald">Nicolas Seiwald</a>  &#8211; <a href="/Antoine_Bernede" title="Antoine Bernede">Antoine Bernede</a> &#8211;  <a href="/Dominik_Szoboszlai" title="Dominik Szoboszlai">Dominik Szoboszlai</a>
</th>
</tr>
<tr>
<th style="text-align:left;"><b>Sturm</b>
</th>
<th><a href="/Patson_Daka" title="Patson Daka">Patson Daka</a> &#8211; <a href="/Smail_Prevljak" title="Smail Prevljak">Smail Prevljak</a>
</th>
</tr>
<tr>
<td colspan="2" style="text-align:center;" bgcolor="lightgray"><b>Wechsel</b>
</td>
</tr>
<tr>
<th style="text-align:left;"><b>Wechsel</b>
</th>
<th style="text-align:left;"><a href="/Alexander_Walke" title="Alexander Walke">Alexander Walke</a> für Coronel (46.), <a href="/Rasmus_Kristensen" title="Rasmus Kristensen">Rasmus Kristensen</a> für Farkas (46.), <a href="/Albert_Vallci" title="Albert Vallci">Albert Vallci</a> für Ramalho (46.)<br /><a href="/Maximilian_W%C3%B6ber" title="Maximilian Wöber">Maximilian Wöber</a> für Onguene (46.), <a href="/Amar_Dedic" title="Amar Dedic">Amar Dedic</a> für Ulmer (46.), <a href="/Luka_Sucic" title="Luka Sucic">Luka Sucic</a> für Berisha (46.),<br /><a href="/Masaya_Okugawa" title="Masaya Okugawa">Masaya Okugawa</a> für Susic (61.), <a href="/Mohamed_Camara" title="Mohamed Camara">Mohamed Camara</a> für Seiwald (46.), <a href="/Enock_Mwepu" title="Enock Mwepu">Enock Mwepu</a> für Bernede (46.)<br /><a href="/Noah_Okafor" title="Noah Okafor">Noah Okafor</a> für Szoboszlai (32.), <a href="/Peter_Pokorny" title="Peter Pokorny">Peter Pokorny</a> für Okafor (61.), <a href="/Karim_Adeyemi" title="Karim Adeyemi">Karim Adeyemi</a> für Daka (46.),<br /><a href="/Junior_Adamu" class="mw-redirect" title="Junior Adamu">Junior Adamu</a> für Adeyemi (62.), <a href="/Sekou_Koita" title="Sekou Koita">Sekou Koita</a> für Prevljak (46.), <a href="/Luka_Sucic" title="Luka Sucic">Luka Sucic</a> für Dedic (75.)
</th>
</tr>
<tr>
<td colspan="2" style="text-align:center;" bgcolor="lightgray"><b>Statistik</b>
</td>
</tr>
<tr>
<th style="text-align:left;"><b>Endstand</b>
</th>
<th style="text-align:left;">2:2 (1:1)
</th>
</tr>
<tr>
<th style="text-align:left;"><b>Torschützen</b>
</th>
<th style="text-align:left;">Szoboszlai (18.), Adeyemi (48.); Zinko (4., 78.)
</th>
</tr>
<tr>
<th style="text-align:left;"><b>Gelbe Karten</b>
</th>
<th style="text-align:left;">
</th>
</tr>
<tr>
<th style="text-align:left;"><b>Rote Karten</b>
</th>
<th style="text-align:left;">
</th>
</tr>
<tr>
<th style="text-align:left;"><b>Schiedsrichter</b>
</th>
<th style="text-align:left;">
</th>
</tr>
<tr>
<th style="text-align:left;"><b>Stadion</b>
</th>
<th style="text-align:left;">Sportplatz Bramberg
</th>
</tr>
<tr>
<th style="text-align:left;"><b>Zuschauer</b>
</th>
<th style="text-align:left;">Wegen Corona keine Zuschauer
</th>
</tr>
</tbody>
</table>
<h2><span class="mw-headline" id="Weblinks">Weblinks</span><a href="/index.php?title=FC_Red_Bull_Salzburg_gegen_NK_Bravo_Ljubljana&amp;action=edit&amp;section=2" title="Abschnitt bearbeiten: Weblinks">Bearbeiten</a><span class="mw-editsection-bracket">]</span></span></h2>
<p><a rel="nofollow" class="external text" href="https://www.redbullsalzburg.at/de/fc-red-bull-salzburg/news/saison_2020_21/testspielremis-gegen-bravo-ljubljana.html">Spielbericht Vereinshomepage</a>
</p>
<h2><span class="mw-headline" id="Stimmen_zum_Spiel">Stimmen zum Spiel</span><a href="/index.php?title=FC_Red_Bull_Salzburg_gegen_NK_Bravo_Ljubljana&amp;action=edit&amp;section=3" title="Abschnitt bearbeiten: Stimmen zum Spiel">Bearbeiten</a><span class="mw-editsection-bracket">]</span></span></h2>
<p><b>Jesse Marsch:</b>  Anfangs war ich nicht zufrieden, weil wir nicht bereit waren, das Spiel anzunehmen. Wir haben zu viele Zweikämpfe verloren und sind deshalb auch rasch in Rückstand geraten. Aber es war auch ein Warnschuss für uns, wir haben danach besser gespielt. Die zweite Halbzeit war dann sehr gut – die Energie, das Tempo mit dem Ball und auch das Spiel gegen den Ball haben gepasst. Schade, dass wir kurz vor dem Ende noch den Ausgleich erhalten haben. Insgesamt war es ein gutes erstes Testspiel mit vielen Dingen, die wir mitnehmen können.
</p>
<p><b>Albert Vallci:</b>   Mit dem Ergebnis bin ich definitiv nicht zufrieden. Wir sind nicht sehr gut gestartet, haben uns mit Fortdauer der Begegnung zwar mehr Szenen herausspielen können, sind aber dabei nicht so richtig zwingend geworden. Im ersten Testspiel gab es ein paar gute Sachen, aber mehr Sachen, an denen wir noch arbeiten müssen.
</p>
</div>
