{"id":4186,"date":"2026-05-06T15:32:29","date_gmt":"2026-05-06T13:32:29","guid":{"rendered":"https:\/\/wiki.s12.at\/index.php\/fc-red-bull-salzburg-gegen-liverpool-fc-testspiel\/"},"modified":"2026-05-06T15:32:29","modified_gmt":"2026-05-06T13:32:29","slug":"fc-red-bull-salzburg-gegen-liverpool-fc-testspiel","status":"publish","type":"page","link":"https:\/\/wiki.s12.at\/index.php\/fc-red-bull-salzburg-gegen-liverpool-fc-testspiel\/","title":{"rendered":"FC Red Bull Salzburg gegen Liverpool FC (Testspiel)"},"content":{"rendered":"<div class=\"mw-parser-output\">\n<table class=\"toptextcells toccolours\">\n<tbody>\n<tr>\n<th colspan=\"2\" style=\"text-align: center; vertical-align: top; padding: 0.3em 0.8em; font-size: 125%; background-color: lightsteelblue;\">FC Red Bull Salzburg gegen FC Liverpool, 1:0\n<\/th>\n<\/tr>\n<tr>\n<th style=\"text-align:left;\"><b>Spieltag<\/b>\n<\/th>\n<th style=\"text-align:left;\">Testspiel\n<\/th>\n<\/tr>\n<tr>\n<th style=\"text-align:left;\"><b>Datum<\/b>\n<\/th>\n<th style=\"text-align:left;\">27. Juli 2022\n<\/th>\n<\/tr>\n<tr>\n<th style=\"text-align:left;\"><b>Anpfiff<\/b>\n<\/th>\n<th style=\"text-align:left;\">20 Uhr\n<\/th>\n<\/tr>\n<tr>\n<td colspan=\"2\" style=\"text-align:center;\" bgcolor=\"lightgray\"><b>Aufstellung<\/b>\n<\/td>\n<\/tr>\n<tr>\n<th style=\"text-align:left;\"><b>Tor<\/b>\n<\/th>\n<th><a href=\"\/Nico_Mantl\" title=\"Nico Mantl\">Nico Mantl <\/a>\n<\/th>\n<\/tr>\n<tr>\n<th style=\"text-align:left;\"><b>Verteidigung<\/b>\n<\/th>\n<th><a href=\"\/Ignace_Van_der_Brempt\" title=\"Ignace Van der Brempt\">Ignace Van der Brempt<\/a> &#8211; <a href=\"\/Bernardo\" title=\"Bernardo\">Bernardo<\/a>  &#8211;<a href=\"\/Oumar_Solet\" title=\"Oumar Solet\">Oumar Solet<\/a>  &#8211;  <a href=\"\/Andreas_Ulmer\" title=\"Andreas Ulmer\">Andreas Ulmer<\/a>\n<\/th>\n<\/tr>\n<tr>\n<th style=\"text-align:left;\"><b>Mittelfeld<\/b>\n<\/th>\n<th><a href=\"\/Maurits_Kjaergaard\" title=\"Maurits Kjaergaard\">Maurits Kjaergaard<\/a> &#8211; <a href=\"\/Nicolas_Seiwald\" title=\"Nicolas Seiwald\">Nicolas Seiwald<\/a> &#8211;  <a href=\"\/Fernando\" class=\"mw-redirect\" title=\"Fernando\">Fernando<\/a> &#8211; <a href=\"\/Luka_Sucic\" title=\"Luka Sucic\">Luka Sucic<\/a>\n<\/th>\n<\/tr>\n<tr>\n<th style=\"text-align:left;\"><b>Sturm<\/b>\n<\/th>\n<th><a href=\"\/Benjamin_Sesko\" class=\"mw-redirect\" title=\"Benjamin Sesko\">Benjamin Sesko<\/a>  &#8211; <a href=\"\/Noah_Okafor\" title=\"Noah Okafor\">Noah Okafor<\/a>\n<\/th>\n<\/tr>\n<tr>\n<td colspan=\"2\" style=\"text-align:center;\" bgcolor=\"lightgray\"><b>Wechsel<\/b>\n<\/td>\n<\/tr>\n<tr>\n<th style=\"text-align:left;\"><b>Wechsel<\/b>\n<\/th>\n<th style=\"text-align:left;\"><a href=\"\/Amar_Dedic\" title=\"Amar Dedic\">Amar Dedic<\/a> f\u00fcr Van der Brempt, <a href=\"\/Samson_Baidoo\" title=\"Samson Baidoo\">Samson Baidoo<\/a> f\u00fcr Solet, <a href=\"\/Strahinja_Pavlovic\" title=\"Strahinja Pavlovic\">Strahinja Pavlovic<\/a> f\u00fcr Bernardo,<br \/> <a href=\"\/Albert_Vallci\" title=\"Albert Vallci\">Albert Vallci<\/a> f\u00fcr Ulmer, <a href=\"\/Antoine_Bernede\" title=\"Antoine Bernede\">Antoine  Bernede<\/a> f\u00fcr Sucic, <a href=\"\/Youba_Diarra\" title=\"Youba Diarra\">Youba Diarra<\/a> f\u00fcr Seiwald,<br \/><a href=\"\/Mamady_Diambou\" title=\"Mamady Diambou\">Mamady  Diambou<\/a> f\u00fcr Kjaergaard, <a href=\"\/Sekou_Koita\" title=\"Sekou Koita\">Sekou  Koita<\/a> f\u00fcr Fernando, <a href=\"\/Junior_Adamu\" class=\"mw-redirect\" title=\"Junior Adamu\">Junior Adamu<\/a> f\u00fcr Sesko, <br \/> <a href=\"\/Roko_Simic\" title=\"Roko Simic\">Roko Simic<\/a> f\u00fcr Okafor (alle 46.), <a href=\"\/Dijon_Kameri\" title=\"Dijon Kameri\">Dijon Kameri<\/a> f\u00fcr Simic (75.)\n<\/th>\n<\/tr>\n<tr>\n<td colspan=\"2\" style=\"text-align:center;\" bgcolor=\"lightgray\"><b>Statistik<\/b>\n<\/td>\n<\/tr>\n<tr>\n<th style=\"text-align:left;\"><b>Endstand<\/b>\n<\/th>\n<th style=\"text-align:left;\">1:0 (1:0)\n<\/th>\n<\/tr>\n<tr>\n<th style=\"text-align:left;\"><b>Torsch\u00fctzen<\/b>\n<\/th>\n<th style=\"text-align:left;\">Sesko (31.)\n<\/th>\n<\/tr>\n<tr>\n<th style=\"text-align:left;\"><b>Gelbe Karten<\/b>\n<\/th>\n<th style=\"text-align:left;\">Van der Brempt (3.),  Simic (65.); Tavares (89.)\n<\/th>\n<\/tr>\n<tr>\n<th style=\"text-align:left;\"><b>Rote Karten<\/b>\n<\/th>\n<th style=\"text-align:left;\">\n<\/th>\n<\/tr>\n<tr>\n<th style=\"text-align:left;\"><b>Schiedsrichter<\/b>\n<\/th>\n<th style=\"text-align:left;\">\n<\/th>\n<\/tr>\n<tr>\n<th style=\"text-align:left;\"><b>Stadion<\/b>\n<\/th>\n<th style=\"text-align:left;\">EM-Stadion Wals-Siezenheim\n<\/th>\n<\/tr>\n<tr>\n<th style=\"text-align:left;\"><b>Zuschauer<\/b>\n<\/th>\n<th style=\"text-align:left;\">29 520\n<\/th>\n<\/tr>\n<\/tbody>\n<\/table>\n<h2><span class=\"mw-headline\" id=\"Spielbericht\">Spielbericht<\/span><a href=\"\/index.php?title=FC_Red_Bull_Salzburg_gegen_Liverpool_FC_(Testspiel)&amp;action=edit&amp;section=1\" title=\"Abschnitt bearbeiten: Spielbericht\">Bearbeiten<\/a><span class=\"mw-editsection-bracket\">]<\/span><\/span><\/h2>\n<p><a rel=\"nofollow\" class=\"external text\" href=\"https:\/\/www.redbullsalzburg.at\/de\/2022-2023\/spielplan\/testspiel-fc-red-bull-salzburg-vs-liverpool-fc#spielbericht\">Spielbericht Vereinshomepage<\/a>\n<\/p>\n<h2><span class=\"mw-headline\" id=\"Stimmen_zum_Spiel\">Stimmen zum Spiel<\/span><a href=\"\/index.php?title=FC_Red_Bull_Salzburg_gegen_Liverpool_FC_(Testspiel)&amp;action=edit&amp;section=2\" title=\"Abschnitt bearbeiten: Stimmen zum Spiel\">Bearbeiten<\/a><span class=\"mw-editsection-bracket\">]<\/span><\/span><\/h2>\n<p><b>Nicolas Seiwald:<\/b> Wir sind stolz, wir sind defensiv gut gestanden und haben die Chance, die wir aufs 1:0 hatten, dann auch genutzt \u2013 auch wenn uns der Gegner phasenweise dominiert hat. Es ist eine riesige Motivation, wie uns die Fans schon vor dem Spiel gepusht haben. Wenn man merkt, dass man gegen einen solchen Gegner gewinnen kann, gibt das einen richtigen Schub, ein geiles Gef\u00fchl!\n<\/p>\n<p><b>Benjamin Sesko:<\/b> Um ehrlich zu sein, war ich in der Kabine nach der ersten Halbzeit den Freudentr\u00e4nen nahe! Es ist ein spezieller Moment, gegen einen der gr\u00f6\u00dften Klubs der Welt zu treffen. Ich bin sehr happy, auch mit den Mitspielern. Ich habe noch immer so viel Energie und noch ordentlich Puls.\n<\/p>\n<p><b>Naby Keita (FC Liverpool):<\/b> Ich bin sehr gl\u00fccklich dar\u00fcber, wieder in Salzburg gespielt haben zu d\u00fcrfen. Hier bin ich gewisserma\u00dfen gro\u00df geworden, hier habe ich sehr viel gelernt. Ich liebe diese Stadt einfach! Wir haben gewusst, dass wir auf einen starken Gegner treffen w\u00fcrden. Ich hoffe auf ein Wiedersehen in der Champions League!\n<\/p>\n<p><b>J\u00fcrgen Klopp (FC Liverpool):<\/b> Salzburg hat einfach eine tolle Mannschaft und wird auch in der Champions League jedem wehtun k\u00f6nnen! Wir haben in der ersten Halbzeit viele einfache Fehler gemacht. Und die Qualit\u00e4t von Salzburg ist richtig gut \u2013 ich mag so ziemlich alles, was ihr macht!\n<\/p>\n<\/div>\n","protected":false},"excerpt":{"rendered":"<p>FC Red Bull Salzburg gegen FC Liverpool, 1:0 Spieltag Testspiel Datum 27. Juli 2022 Anpfiff 20 Uhr Aufstellung Tor Nico Mantl Verteidigung Ignace Van der Brempt &#8211; Bernardo &#8211;Oumar Solet &#8211; Andreas Ulmer Mittelfeld Maurits Kjaergaard &#8211; Nicolas Seiwald &#8211; Fernando &#8211; Luka Sucic Sturm Benjamin Sesko &#8211; Noah Okafor Wechsel Wechsel Amar Dedic f\u00fcr [&hellip;]<\/p>\n","protected":false},"author":1,"featured_media":0,"parent":0,"menu_order":0,"comment_status":"closed","ping_status":"closed","template":"","meta":{"footnotes":""},"class_list":["post-4186","page","type-page","status-publish","hentry"],"_links":{"self":[{"href":"https:\/\/wiki.s12.at\/index.php\/wp-json\/wp\/v2\/pages\/4186","targetHints":{"allow":["GET"]}}],"collection":[{"href":"https:\/\/wiki.s12.at\/index.php\/wp-json\/wp\/v2\/pages"}],"about":[{"href":"https:\/\/wiki.s12.at\/index.php\/wp-json\/wp\/v2\/types\/page"}],"author":[{"embeddable":true,"href":"https:\/\/wiki.s12.at\/index.php\/wp-json\/wp\/v2\/users\/1"}],"replies":[{"embeddable":true,"href":"https:\/\/wiki.s12.at\/index.php\/wp-json\/wp\/v2\/comments?post=4186"}],"version-history":[{"count":0,"href":"https:\/\/wiki.s12.at\/index.php\/wp-json\/wp\/v2\/pages\/4186\/revisions"}],"wp:attachment":[{"href":"https:\/\/wiki.s12.at\/index.php\/wp-json\/wp\/v2\/media?parent=4186"}],"curies":[{"name":"wp","href":"https:\/\/api.w.org\/{rel}","templated":true}]}}

<div class="mw-parser-output">
<table class="toptextcells toccolours">
<tbody>
<tr>
<th colspan="2" style="text-align: center; vertical-align: top; padding: 0.3em 0.8em; font-size: 125%; background-color: lightsteelblue;">FC Red Bull Salzburg gegen FC Liverpool, 1:0
</th>
</tr>
<tr>
<th style="text-align:left;"><b>Spieltag</b>
</th>
<th style="text-align:left;">Testspiel
</th>
</tr>
<tr>
<th style="text-align:left;"><b>Datum</b>
</th>
<th style="text-align:left;">27. Juli 2022
</th>
</tr>
<tr>
<th style="text-align:left;"><b>Anpfiff</b>
</th>
<th style="text-align:left;">20 Uhr
</th>
</tr>
<tr>
<td colspan="2" style="text-align:center;" bgcolor="lightgray"><b>Aufstellung</b>
</td>
</tr>
<tr>
<th style="text-align:left;"><b>Tor</b>
</th>
<th><a href="/Nico_Mantl" title="Nico Mantl">Nico Mantl </a>
</th>
</tr>
<tr>
<th style="text-align:left;"><b>Verteidigung</b>
</th>
<th><a href="/Ignace_Van_der_Brempt" title="Ignace Van der Brempt">Ignace Van der Brempt</a> &#8211; <a href="/Bernardo" title="Bernardo">Bernardo</a>  &#8211;<a href="/Oumar_Solet" title="Oumar Solet">Oumar Solet</a>  &#8211;  <a href="/Andreas_Ulmer" title="Andreas Ulmer">Andreas Ulmer</a>
</th>
</tr>
<tr>
<th style="text-align:left;"><b>Mittelfeld</b>
</th>
<th><a href="/Maurits_Kjaergaard" title="Maurits Kjaergaard">Maurits Kjaergaard</a> &#8211; <a href="/Nicolas_Seiwald" title="Nicolas Seiwald">Nicolas Seiwald</a> &#8211;  <a href="/Fernando" class="mw-redirect" title="Fernando">Fernando</a> &#8211; <a href="/Luka_Sucic" title="Luka Sucic">Luka Sucic</a>
</th>
</tr>
<tr>
<th style="text-align:left;"><b>Sturm</b>
</th>
<th><a href="/Benjamin_Sesko" class="mw-redirect" title="Benjamin Sesko">Benjamin Sesko</a>  &#8211; <a href="/Noah_Okafor" title="Noah Okafor">Noah Okafor</a>
</th>
</tr>
<tr>
<td colspan="2" style="text-align:center;" bgcolor="lightgray"><b>Wechsel</b>
</td>
</tr>
<tr>
<th style="text-align:left;"><b>Wechsel</b>
</th>
<th style="text-align:left;"><a href="/Amar_Dedic" title="Amar Dedic">Amar Dedic</a> für Van der Brempt, <a href="/Samson_Baidoo" title="Samson Baidoo">Samson Baidoo</a> für Solet, <a href="/Strahinja_Pavlovic" title="Strahinja Pavlovic">Strahinja Pavlovic</a> für Bernardo,<br /> <a href="/Albert_Vallci" title="Albert Vallci">Albert Vallci</a> für Ulmer, <a href="/Antoine_Bernede" title="Antoine Bernede">Antoine  Bernede</a> für Sucic, <a href="/Youba_Diarra" title="Youba Diarra">Youba Diarra</a> für Seiwald,<br /><a href="/Mamady_Diambou" title="Mamady Diambou">Mamady  Diambou</a> für Kjaergaard, <a href="/Sekou_Koita" title="Sekou Koita">Sekou  Koita</a> für Fernando, <a href="/Junior_Adamu" class="mw-redirect" title="Junior Adamu">Junior Adamu</a> für Sesko, <br /> <a href="/Roko_Simic" title="Roko Simic">Roko Simic</a> für Okafor (alle 46.), <a href="/Dijon_Kameri" title="Dijon Kameri">Dijon Kameri</a> für Simic (75.)
</th>
</tr>
<tr>
<td colspan="2" style="text-align:center;" bgcolor="lightgray"><b>Statistik</b>
</td>
</tr>
<tr>
<th style="text-align:left;"><b>Endstand</b>
</th>
<th style="text-align:left;">1:0 (1:0)
</th>
</tr>
<tr>
<th style="text-align:left;"><b>Torschützen</b>
</th>
<th style="text-align:left;">Sesko (31.)
</th>
</tr>
<tr>
<th style="text-align:left;"><b>Gelbe Karten</b>
</th>
<th style="text-align:left;">Van der Brempt (3.),  Simic (65.); Tavares (89.)
</th>
</tr>
<tr>
<th style="text-align:left;"><b>Rote Karten</b>
</th>
<th style="text-align:left;">
</th>
</tr>
<tr>
<th style="text-align:left;"><b>Schiedsrichter</b>
</th>
<th style="text-align:left;">
</th>
</tr>
<tr>
<th style="text-align:left;"><b>Stadion</b>
</th>
<th style="text-align:left;">EM-Stadion Wals-Siezenheim
</th>
</tr>
<tr>
<th style="text-align:left;"><b>Zuschauer</b>
</th>
<th style="text-align:left;">29 520
</th>
</tr>
</tbody>
</table>
<h2><span class="mw-headline" id="Spielbericht">Spielbericht</span><a href="/index.php?title=FC_Red_Bull_Salzburg_gegen_Liverpool_FC_(Testspiel)&amp;action=edit&amp;section=1" title="Abschnitt bearbeiten: Spielbericht">Bearbeiten</a><span class="mw-editsection-bracket">]</span></span></h2>
<p><a rel="nofollow" class="external text" href="https://www.redbullsalzburg.at/de/2022-2023/spielplan/testspiel-fc-red-bull-salzburg-vs-liverpool-fc#spielbericht">Spielbericht Vereinshomepage</a>
</p>
<h2><span class="mw-headline" id="Stimmen_zum_Spiel">Stimmen zum Spiel</span><a href="/index.php?title=FC_Red_Bull_Salzburg_gegen_Liverpool_FC_(Testspiel)&amp;action=edit&amp;section=2" title="Abschnitt bearbeiten: Stimmen zum Spiel">Bearbeiten</a><span class="mw-editsection-bracket">]</span></span></h2>
<p><b>Nicolas Seiwald:</b> Wir sind stolz, wir sind defensiv gut gestanden und haben die Chance, die wir aufs 1:0 hatten, dann auch genutzt – auch wenn uns der Gegner phasenweise dominiert hat. Es ist eine riesige Motivation, wie uns die Fans schon vor dem Spiel gepusht haben. Wenn man merkt, dass man gegen einen solchen Gegner gewinnen kann, gibt das einen richtigen Schub, ein geiles Gefühl!
</p>
<p><b>Benjamin Sesko:</b> Um ehrlich zu sein, war ich in der Kabine nach der ersten Halbzeit den Freudentränen nahe! Es ist ein spezieller Moment, gegen einen der größten Klubs der Welt zu treffen. Ich bin sehr happy, auch mit den Mitspielern. Ich habe noch immer so viel Energie und noch ordentlich Puls.
</p>
<p><b>Naby Keita (FC Liverpool):</b> Ich bin sehr glücklich darüber, wieder in Salzburg gespielt haben zu dürfen. Hier bin ich gewissermaßen groß geworden, hier habe ich sehr viel gelernt. Ich liebe diese Stadt einfach! Wir haben gewusst, dass wir auf einen starken Gegner treffen würden. Ich hoffe auf ein Wiedersehen in der Champions League!
</p>
<p><b>Jürgen Klopp (FC Liverpool):</b> Salzburg hat einfach eine tolle Mannschaft und wird auch in der Champions League jedem wehtun können! Wir haben in der ersten Halbzeit viele einfache Fehler gemacht. Und die Qualität von Salzburg ist richtig gut – ich mag so ziemlich alles, was ihr macht!
</p>
</div>

<p>FC Red Bull Salzburg gegen FC Liverpool, 1:0 Spieltag Testspiel Datum 27. Juli 2022 Anpfiff 20 Uhr Aufstellung Tor Nico Mantl Verteidigung Ignace Van der Brempt &#8211; Bernardo &#8211;Oumar Solet &#8211; Andreas Ulmer Mittelfeld Maurits Kjaergaard &#8211; Nicolas Seiwald &#8211; Fernando &#8211; Luka Sucic Sturm Benjamin Sesko &#8211; Noah Okafor Wechsel Wechsel Amar Dedic für [&hellip;]</p>
