{"id":4181,"date":"2026-05-06T15:32:25","date_gmt":"2026-05-06T13:32:25","guid":{"rendered":"https:\/\/wiki.s12.at\/index.php\/fc-red-bull-salzburg-gegen-lask-linz\/"},"modified":"2026-05-06T15:32:25","modified_gmt":"2026-05-06T13:32:25","slug":"fc-red-bull-salzburg-gegen-lask-linz","status":"publish","type":"page","link":"https:\/\/wiki.s12.at\/index.php\/fc-red-bull-salzburg-gegen-lask-linz\/","title":{"rendered":"FC Red Bull Salzburg gegen LASK Linz"},"content":{"rendered":"<div class=\"mw-parser-output\">\n<h2><span class=\"mw-headline\" id=\"Fakten\">Fakten<\/span><a href=\"\/index.php?title=FC_Red_Bull_Salzburg_gegen_LASK_Linz&amp;action=edit&amp;section=1\" title=\"Abschnitt bearbeiten: Fakten\">Bearbeiten<\/a><span class=\"mw-editsection-bracket\">]<\/span><\/span><\/h2>\n<table class=\"toptextcells toccolours\">\n<tbody>\n<tr>\n<th colspan=\"2\" style=\"text-align: center; vertical-align: top; padding: 0.3em 0.8em; font-size: 125%; background-color: lightsteelblue;\">FC Red Bull Salzburg gegen LASK, 2:1\n<\/th>\n<\/tr>\n<tr>\n<th style=\"text-align:left;\"><b>Spieltag<\/b>\n<\/th>\n<th style=\"text-align:left;\">Testspiel\n<\/th>\n<\/tr>\n<tr>\n<th style=\"text-align:left;\"><b>Datum<\/b>\n<\/th>\n<th style=\"text-align:left;\">16. J\u00e4nner 2016\n<\/th>\n<\/tr>\n<tr>\n<th style=\"text-align:left;\"><b>Anpfiff<\/b>\n<\/th>\n<th style=\"text-align:left;\">14 Uhr\n<\/th>\n<\/tr>\n<tr>\n<td colspan=\"2\" style=\"text-align:center;\" bgcolor=\"lightgray\"><b>Aufstellung<\/b>\n<\/td>\n<\/tr>\n<tr>\n<th style=\"text-align:left;\"><b>Tor<\/b>\n<\/th>\n<th><a href=\"\/Cican_Stankovic\" title=\"Cican Stankovic\">Cican Stankovic<\/a>\n<\/th>\n<\/tr>\n<tr>\n<th style=\"text-align:left;\"><b>Verteidigung<\/b>\n<\/th>\n<th><a href=\"\/Stefan_Lainer\" title=\"Stefan Lainer\">Stefan Lainer<\/a> &#8211; <a href=\"\/Dayot_Upamecano\" title=\"Dayot Upamecano\">Dayot Upamecano<\/a> &#8211; <a href=\"\/Duje_Caleta-Car\" title=\"Duje Caleta-Car\">Duje Caleta-Car<\/a> &#8211; <a href=\"\/Andreas_Ulmer\" title=\"Andreas Ulmer\">Andreas Ulmer<\/a>\n<\/th>\n<\/tr>\n<tr>\n<th style=\"text-align:left;\"><b>Mittelfeld<\/b>\n<\/th>\n<th><a href=\"\/Benno_Schmitz\" title=\"Benno Schmitz\">Benno Schmitz<\/a> &#8211; <a href=\"\/Konrad_Laimer\" title=\"Konrad Laimer\">Konrad Laimer<\/a> &#8211; <a href=\"\/Valentino_Lazaro\" title=\"Valentino Lazaro\">Valentino Lazaro<\/a> &#8211; <a href=\"\/Masaya_Okugawa\" title=\"Masaya Okugawa\">Masaya Okugawa<\/a>\n<\/th>\n<\/tr>\n<tr>\n<th style=\"text-align:left;\"><b>Sturm<\/b>\n<\/th>\n<th><a href=\"\/Smail_Prevljak\" title=\"Smail Prevljak\">Smail Prevljak<\/a> &#8211; <a href=\"\/Omer_Damari\" title=\"Omer Damari\">Omer Damari<\/a>\n<\/th>\n<\/tr>\n<tr>\n<td colspan=\"2\" style=\"text-align:center;\" bgcolor=\"lightgray\"><b>Wechsel<\/b>\n<\/td>\n<\/tr>\n<tr>\n<th style=\"text-align:left;\"><b>Wechsel<\/b>\n<\/th>\n<th style=\"text-align:left;\">\n<\/th>\n<\/tr>\n<tr>\n<td colspan=\"2\" style=\"text-align:center;\" bgcolor=\"lightgray\"><b>Statistik<\/b>\n<\/td>\n<\/tr>\n<tr>\n<th style=\"text-align:left;\"><b>Endstand<\/b>\n<\/th>\n<th style=\"text-align:left;\">2:1 (1:1)\n<\/th>\n<\/tr>\n<tr>\n<th style=\"text-align:left;\"><b>Torsch\u00fctzen<\/b>\n<\/th>\n<th style=\"text-align:left;\">Prevljak (10.), Berisha (47.); Dovedan (5.)\n<\/th>\n<\/tr>\n<tr>\n<th style=\"text-align:left;\"><b>Gelbe Karten<\/b>\n<\/th>\n<th style=\"text-align:left;\">\n<\/th>\n<\/tr>\n<tr>\n<th style=\"text-align:left;\"><b>Rote Karten<\/b>\n<\/th>\n<th style=\"text-align:left;\">\n<\/th>\n<\/tr>\n<tr>\n<th style=\"text-align:left;\"><b>Schiedsrichter<\/b>\n<\/th>\n<th style=\"text-align:left;\">\n<\/th>\n<\/tr>\n<tr>\n<th style=\"text-align:left;\"><b>Stadion<\/b>\n<\/th>\n<th style=\"text-align:left;\">Akademie Liefering\n<\/th>\n<\/tr>\n<tr>\n<th style=\"text-align:left;\"><b>Zuschauer<\/b>\n<\/th>\n<th style=\"text-align:left;\">300\n<\/th>\n<\/tr>\n<\/tbody>\n<\/table>\n<p>Aufstellung 2. Halbzeit: Alex Walke; Christian Schwegler, Paulo Miranda, Asger S\u00f6rensen, Andreas Ulmer; Valon Berisha ,Bernardo, Yasin Pehlivan),David Atanga; Dimitri Oberlin, Jonatan Soriano\n<\/p>\n<h2><span class=\"mw-headline\" id=\"Weblinks\">Weblinks<\/span><a href=\"\/index.php?title=FC_Red_Bull_Salzburg_gegen_LASK_Linz&amp;action=edit&amp;section=2\" title=\"Abschnitt bearbeiten: Weblinks\">Bearbeiten<\/a><span class=\"mw-editsection-bracket\">]<\/span><\/span><\/h2>\n<ul>\n<li><a rel=\"nofollow\" class=\"external text\" href=\"http:\/\/www.redbullsalzburg.at\/de\/fc-red-bull-salzburg\/news\/saison_2015_16\/2-1-testspielsieg-der-roten-bullen-vs-lask-linz.html\">Spielbericht Vereinshomepage<\/a><\/li>\n<\/ul>\n<h2><span class=\"mw-headline\" id=\"Bilder\">Bilder<\/span><a href=\"\/index.php?title=FC_Red_Bull_Salzburg_gegen_LASK_Linz&amp;action=edit&amp;section=3\" title=\"Abschnitt bearbeiten: Bilder\">Bearbeiten<\/a><span class=\"mw-editsection-bracket\">]<\/span><\/span><\/h2>\n<ul class=\"gallery mw-gallery-traditional\">\n<li class=\"gallerybox\" style=\"width: 155px\">\n<div style=\"width: 155px\">\n<div class=\"thumb\" style=\"width: 150px;\">\n<div style=\"margin:15px auto;\"><a href=\"\/Datei:12509094_458035914380155_2585755917192388840_n.jpg\" class=\"image\" title=\"Ein FC des LASK rief die Spieler auf, das Spiel zu boykottieren.\"><img alt=\"Ein FC des LASK rief die Spieler auf, das Spiel zu boykottieren.\" src=\"\/images\/thumb\/7\/7a\/12509094_458035914380155_2585755917192388840_n.jpg\/90px-12509094_458035914380155_2585755917192388840_n.jpg\" decoding=\"async\" width=\"90\" height=\"120\" srcset=\"\/images\/thumb\/7\/7a\/12509094_458035914380155_2585755917192388840_n.jpg\/135px-12509094_458035914380155_2585755917192388840_n.jpg 1.5x, \/images\/thumb\/7\/7a\/12509094_458035914380155_2585755917192388840_n.jpg\/180px-12509094_458035914380155_2585755917192388840_n.jpg 2x\" \/><\/a><\/div>\n<\/div>\n<div class=\"gallerytext\">\n<p>Ein FC des LASK rief die Spieler auf, das Spiel zu boykottieren.\n<\/p>\n<\/p><\/div>\n<\/p><\/div>\n<\/li>\n<li class=\"gallerybox\" style=\"width: 155px\">\n<div style=\"width: 155px\">\n<div class=\"thumb\" style=\"width: 150px;\">\n<div style=\"margin:15px auto;\"><a href=\"\/Datei:FCS_LASK.jpg\" class=\"image\"><img alt=\"FCS LASK.jpg\" src=\"\/images\/thumb\/5\/5d\/FCS_LASK.jpg\/120px-FCS_LASK.jpg\" decoding=\"async\" width=\"120\" height=\"120\" srcset=\"\/images\/thumb\/5\/5d\/FCS_LASK.jpg\/180px-FCS_LASK.jpg 1.5x, \/images\/thumb\/5\/5d\/FCS_LASK.jpg\/240px-FCS_LASK.jpg 2x\" \/><\/a><\/div>\n<\/div>\n<div class=\"gallerytext\">\n\t\t\t<\/div>\n<\/p><\/div>\n<\/li>\n<li class=\"gallerybox\" style=\"width: 155px\">\n<div style=\"width: 155px\">\n<div class=\"thumb\" style=\"width: 150px;\">\n<div style=\"margin:34.5px auto;\"><a href=\"\/Datei:FCS_LASK1.jpg\" class=\"image\"><img alt=\"FCS LASK1.jpg\" src=\"\/images\/thumb\/4\/46\/FCS_LASK1.jpg\/120px-FCS_LASK1.jpg\" decoding=\"async\" width=\"120\" height=\"81\" srcset=\"\/images\/thumb\/4\/46\/FCS_LASK1.jpg\/180px-FCS_LASK1.jpg 1.5x, \/images\/thumb\/4\/46\/FCS_LASK1.jpg\/240px-FCS_LASK1.jpg 2x\" \/><\/a><\/div>\n<\/div>\n<div class=\"gallerytext\">\n\t\t\t<\/div>\n<\/p><\/div>\n<\/li>\n<\/ul>\n<h2><span class=\"mw-headline\" id=\"Stimmen_zum_Spiel\">Stimmen zum Spiel<\/span><a href=\"\/index.php?title=FC_Red_Bull_Salzburg_gegen_LASK_Linz&amp;action=edit&amp;section=4\" title=\"Abschnitt bearbeiten: Stimmen zum Spiel\">Bearbeiten<\/a><span class=\"mw-editsection-bracket\">]<\/span><\/span><\/h2>\n<p><b>Oscar Garcia:<\/b> \u201eIch bin mit der heute gezeigten Leistung meiner Mannschaft nach nur einer Trainingswoche zufrieden. Zwar hat man gesehen, dass wir aufgrund des harten Trainings ein wenig m\u00fcde waren. Aber die Intensit\u00e4t war zu diesem fr\u00fchen Zeitpunkt der Vorbereitung durchaus in Ordnung.\u201c\n<\/p>\n<p><b>Valon Berisha:<\/b> \u201eWir haben das erste Testspiel gewonnen, das ist immer gut. Aber die Vorbereitung hat gerade erst angefangen, wir haben noch viel zu arbeiten und hart zu trainieren, um f\u00fcr den Saisonstart fit zu sein.\u201c\n<\/p>\n<\/div>\n","protected":false},"excerpt":{"rendered":"<p>FaktenBearbeiten] FC Red Bull Salzburg gegen LASK, 2:1 Spieltag Testspiel Datum 16. J\u00e4nner 2016 Anpfiff 14 Uhr Aufstellung Tor Cican Stankovic Verteidigung Stefan Lainer &#8211; Dayot Upamecano &#8211; Duje Caleta-Car &#8211; Andreas Ulmer Mittelfeld Benno Schmitz &#8211; Konrad Laimer &#8211; Valentino Lazaro &#8211; Masaya Okugawa Sturm Smail Prevljak &#8211; Omer Damari Wechsel Wechsel Statistik Endstand [&hellip;]<\/p>\n","protected":false},"author":1,"featured_media":0,"parent":0,"menu_order":0,"comment_status":"closed","ping_status":"closed","template":"","meta":{"footnotes":""},"class_list":["post-4181","page","type-page","status-publish","hentry"],"_links":{"self":[{"href":"https:\/\/wiki.s12.at\/index.php\/wp-json\/wp\/v2\/pages\/4181","targetHints":{"allow":["GET"]}}],"collection":[{"href":"https:\/\/wiki.s12.at\/index.php\/wp-json\/wp\/v2\/pages"}],"about":[{"href":"https:\/\/wiki.s12.at\/index.php\/wp-json\/wp\/v2\/types\/page"}],"author":[{"embeddable":true,"href":"https:\/\/wiki.s12.at\/index.php\/wp-json\/wp\/v2\/users\/1"}],"replies":[{"embeddable":true,"href":"https:\/\/wiki.s12.at\/index.php\/wp-json\/wp\/v2\/comments?post=4181"}],"version-history":[{"count":0,"href":"https:\/\/wiki.s12.at\/index.php\/wp-json\/wp\/v2\/pages\/4181\/revisions"}],"wp:attachment":[{"href":"https:\/\/wiki.s12.at\/index.php\/wp-json\/wp\/v2\/media?parent=4181"}],"curies":[{"name":"wp","href":"https:\/\/api.w.org\/{rel}","templated":true}]}}

<div class="mw-parser-output">
<h2><span class="mw-headline" id="Fakten">Fakten</span><a href="/index.php?title=FC_Red_Bull_Salzburg_gegen_LASK_Linz&amp;action=edit&amp;section=1" title="Abschnitt bearbeiten: Fakten">Bearbeiten</a><span class="mw-editsection-bracket">]</span></span></h2>
<table class="toptextcells toccolours">
<tbody>
<tr>
<th colspan="2" style="text-align: center; vertical-align: top; padding: 0.3em 0.8em; font-size: 125%; background-color: lightsteelblue;">FC Red Bull Salzburg gegen LASK, 2:1
</th>
</tr>
<tr>
<th style="text-align:left;"><b>Spieltag</b>
</th>
<th style="text-align:left;">Testspiel
</th>
</tr>
<tr>
<th style="text-align:left;"><b>Datum</b>
</th>
<th style="text-align:left;">16. Jänner 2016
</th>
</tr>
<tr>
<th style="text-align:left;"><b>Anpfiff</b>
</th>
<th style="text-align:left;">14 Uhr
</th>
</tr>
<tr>
<td colspan="2" style="text-align:center;" bgcolor="lightgray"><b>Aufstellung</b>
</td>
</tr>
<tr>
<th style="text-align:left;"><b>Tor</b>
</th>
<th><a href="/Cican_Stankovic" title="Cican Stankovic">Cican Stankovic</a>
</th>
</tr>
<tr>
<th style="text-align:left;"><b>Verteidigung</b>
</th>
<th><a href="/Stefan_Lainer" title="Stefan Lainer">Stefan Lainer</a> &#8211; <a href="/Dayot_Upamecano" title="Dayot Upamecano">Dayot Upamecano</a> &#8211; <a href="/Duje_Caleta-Car" title="Duje Caleta-Car">Duje Caleta-Car</a> &#8211; <a href="/Andreas_Ulmer" title="Andreas Ulmer">Andreas Ulmer</a>
</th>
</tr>
<tr>
<th style="text-align:left;"><b>Mittelfeld</b>
</th>
<th><a href="/Benno_Schmitz" title="Benno Schmitz">Benno Schmitz</a> &#8211; <a href="/Konrad_Laimer" title="Konrad Laimer">Konrad Laimer</a> &#8211; <a href="/Valentino_Lazaro" title="Valentino Lazaro">Valentino Lazaro</a> &#8211; <a href="/Masaya_Okugawa" title="Masaya Okugawa">Masaya Okugawa</a>
</th>
</tr>
<tr>
<th style="text-align:left;"><b>Sturm</b>
</th>
<th><a href="/Smail_Prevljak" title="Smail Prevljak">Smail Prevljak</a> &#8211; <a href="/Omer_Damari" title="Omer Damari">Omer Damari</a>
</th>
</tr>
<tr>
<td colspan="2" style="text-align:center;" bgcolor="lightgray"><b>Wechsel</b>
</td>
</tr>
<tr>
<th style="text-align:left;"><b>Wechsel</b>
</th>
<th style="text-align:left;">
</th>
</tr>
<tr>
<td colspan="2" style="text-align:center;" bgcolor="lightgray"><b>Statistik</b>
</td>
</tr>
<tr>
<th style="text-align:left;"><b>Endstand</b>
</th>
<th style="text-align:left;">2:1 (1:1)
</th>
</tr>
<tr>
<th style="text-align:left;"><b>Torschützen</b>
</th>
<th style="text-align:left;">Prevljak (10.), Berisha (47.); Dovedan (5.)
</th>
</tr>
<tr>
<th style="text-align:left;"><b>Gelbe Karten</b>
</th>
<th style="text-align:left;">
</th>
</tr>
<tr>
<th style="text-align:left;"><b>Rote Karten</b>
</th>
<th style="text-align:left;">
</th>
</tr>
<tr>
<th style="text-align:left;"><b>Schiedsrichter</b>
</th>
<th style="text-align:left;">
</th>
</tr>
<tr>
<th style="text-align:left;"><b>Stadion</b>
</th>
<th style="text-align:left;">Akademie Liefering
</th>
</tr>
<tr>
<th style="text-align:left;"><b>Zuschauer</b>
</th>
<th style="text-align:left;">300
</th>
</tr>
</tbody>
</table>
<p>Aufstellung 2. Halbzeit: Alex Walke; Christian Schwegler, Paulo Miranda, Asger Sörensen, Andreas Ulmer; Valon Berisha ,Bernardo, Yasin Pehlivan),David Atanga; Dimitri Oberlin, Jonatan Soriano
</p>
<h2><span class="mw-headline" id="Weblinks">Weblinks</span><a href="/index.php?title=FC_Red_Bull_Salzburg_gegen_LASK_Linz&amp;action=edit&amp;section=2" title="Abschnitt bearbeiten: Weblinks">Bearbeiten</a><span class="mw-editsection-bracket">]</span></span></h2>
<ul>
<li><a rel="nofollow" class="external text" href="http://www.redbullsalzburg.at/de/fc-red-bull-salzburg/news/saison_2015_16/2-1-testspielsieg-der-roten-bullen-vs-lask-linz.html">Spielbericht Vereinshomepage</a></li>
</ul>
<h2><span class="mw-headline" id="Bilder">Bilder</span><a href="/index.php?title=FC_Red_Bull_Salzburg_gegen_LASK_Linz&amp;action=edit&amp;section=3" title="Abschnitt bearbeiten: Bilder">Bearbeiten</a><span class="mw-editsection-bracket">]</span></span></h2>
<ul class="gallery mw-gallery-traditional">
<li class="gallerybox" style="width: 155px">
<div style="width: 155px">
<div class="thumb" style="width: 150px;">
<div style="margin:15px auto;"><a href="/Datei:12509094_458035914380155_2585755917192388840_n.jpg" class="image" title="Ein FC des LASK rief die Spieler auf, das Spiel zu boykottieren."><img alt="Ein FC des LASK rief die Spieler auf, das Spiel zu boykottieren." src="/images/thumb/7/7a/12509094_458035914380155_2585755917192388840_n.jpg/90px-12509094_458035914380155_2585755917192388840_n.jpg" decoding="async" width="90" height="120" srcset="/images/thumb/7/7a/12509094_458035914380155_2585755917192388840_n.jpg/135px-12509094_458035914380155_2585755917192388840_n.jpg 1.5x, /images/thumb/7/7a/12509094_458035914380155_2585755917192388840_n.jpg/180px-12509094_458035914380155_2585755917192388840_n.jpg 2x" /></a></div>
</div>
<div class="gallerytext">
<p>Ein FC des LASK rief die Spieler auf, das Spiel zu boykottieren.
</p>
</p></div>
</p></div>
</li>
<li class="gallerybox" style="width: 155px">
<div style="width: 155px">
<div class="thumb" style="width: 150px;">
<div style="margin:15px auto;"><a href="/Datei:FCS_LASK.jpg" class="image"><img alt="FCS LASK.jpg" src="/images/thumb/5/5d/FCS_LASK.jpg/120px-FCS_LASK.jpg" decoding="async" width="120" height="120" srcset="/images/thumb/5/5d/FCS_LASK.jpg/180px-FCS_LASK.jpg 1.5x, /images/thumb/5/5d/FCS_LASK.jpg/240px-FCS_LASK.jpg 2x" /></a></div>
</div>
<div class="gallerytext">
			</div>
</p></div>
</li>
<li class="gallerybox" style="width: 155px">
<div style="width: 155px">
<div class="thumb" style="width: 150px;">
<div style="margin:34.5px auto;"><a href="/Datei:FCS_LASK1.jpg" class="image"><img alt="FCS LASK1.jpg" src="/images/thumb/4/46/FCS_LASK1.jpg/120px-FCS_LASK1.jpg" decoding="async" width="120" height="81" srcset="/images/thumb/4/46/FCS_LASK1.jpg/180px-FCS_LASK1.jpg 1.5x, /images/thumb/4/46/FCS_LASK1.jpg/240px-FCS_LASK1.jpg 2x" /></a></div>
</div>
<div class="gallerytext">
			</div>
</p></div>
</li>
</ul>
<h2><span class="mw-headline" id="Stimmen_zum_Spiel">Stimmen zum Spiel</span><a href="/index.php?title=FC_Red_Bull_Salzburg_gegen_LASK_Linz&amp;action=edit&amp;section=4" title="Abschnitt bearbeiten: Stimmen zum Spiel">Bearbeiten</a><span class="mw-editsection-bracket">]</span></span></h2>
<p><b>Oscar Garcia:</b> „Ich bin mit der heute gezeigten Leistung meiner Mannschaft nach nur einer Trainingswoche zufrieden. Zwar hat man gesehen, dass wir aufgrund des harten Trainings ein wenig müde waren. Aber die Intensität war zu diesem frühen Zeitpunkt der Vorbereitung durchaus in Ordnung.“
</p>
<p><b>Valon Berisha:</b> „Wir haben das erste Testspiel gewonnen, das ist immer gut. Aber die Vorbereitung hat gerade erst angefangen, wir haben noch viel zu arbeiten und hart zu trainieren, um für den Saisonstart fit zu sein.“
</p>
</div>

<p>FaktenBearbeiten] FC Red Bull Salzburg gegen LASK, 2:1 Spieltag Testspiel Datum 16. Jänner 2016 Anpfiff 14 Uhr Aufstellung Tor Cican Stankovic Verteidigung Stefan Lainer &#8211; Dayot Upamecano &#8211; Duje Caleta-Car &#8211; Andreas Ulmer Mittelfeld Benno Schmitz &#8211; Konrad Laimer &#8211; Valentino Lazaro &#8211; Masaya Okugawa Sturm Smail Prevljak &#8211; Omer Damari Wechsel Wechsel Statistik Endstand [&hellip;]</p>
