{"id":4178,"date":"2026-05-06T15:32:21","date_gmt":"2026-05-06T13:32:21","guid":{"rendered":"https:\/\/wiki.s12.at\/index.php\/fc-red-bull-salzburg-gegen-lask-2017\/"},"modified":"2026-05-06T15:32:21","modified_gmt":"2026-05-06T13:32:21","slug":"fc-red-bull-salzburg-gegen-lask-2017","status":"publish","type":"page","link":"https:\/\/wiki.s12.at\/index.php\/fc-red-bull-salzburg-gegen-lask-2017\/","title":{"rendered":"FC Red Bull Salzburg gegen LASK (2017)"},"content":{"rendered":"<div class=\"mw-parser-output\">\n<h2><span class=\"mw-headline\" id=\"Fakten\">Fakten<\/span><a href=\"\/index.php?title=FC_Red_Bull_Salzburg_gegen_LASK_(2017)&amp;action=edit&amp;section=1\" title=\"Abschnitt bearbeiten: Fakten\">Bearbeiten<\/a><span class=\"mw-editsection-bracket\">]<\/span><\/span><\/h2>\n<table class=\"toptextcells toccolours\">\n<tbody>\n<tr>\n<th colspan=\"2\" style=\"text-align: center; vertical-align: top; padding: 0.3em 0.8em; font-size: 125%; background-color: lightsteelblue;\">FC Red Bull Salzburg gegen LASK, 3:1\n<\/th>\n<\/tr>\n<tr>\n<th style=\"text-align:left;\"><b>Spieltag<\/b>\n<\/th>\n<th style=\"text-align:left;\">Testspiel\n<\/th>\n<\/tr>\n<tr>\n<th style=\"text-align:left;\"><b>Datum<\/b>\n<\/th>\n<th style=\"text-align:left;\">19. J\u00e4nner 2017\n<\/th>\n<\/tr>\n<tr>\n<th style=\"text-align:left;\"><b>Anpfiff<\/b>\n<\/th>\n<th style=\"text-align:left;\">14 Uhr\n<\/th>\n<\/tr>\n<tr>\n<td colspan=\"2\" style=\"text-align:center;\" bgcolor=\"lightgray\"><b>Aufstellung<\/b>\n<\/td>\n<\/tr>\n<tr>\n<th style=\"text-align:left;\"><b>Tor<\/b>\n<\/th>\n<th><a href=\"\/Cican_Stankovic\" title=\"Cican Stankovic\">Cican Stankovic<\/a>\n<\/th>\n<\/tr>\n<tr>\n<th style=\"text-align:left;\"><b>Verteidigung<\/b>\n<\/th>\n<th><a href=\"\/Christian_Schwegler\" title=\"Christian Schwegler\">Christian Schwegler<\/a> &#8211; <a href=\"\/Asger_S%C3%B6rensen\" title=\"Asger S\u00f6rensen\">Asger S\u00f6rensen<\/a> &#8211; <a href=\"\/Paulo_Miranda\" title=\"Paulo Miranda\">Paulo Miranda<\/a> &#8211; <a href=\"\/Andreas_Ulmer\" title=\"Andreas Ulmer\">Andreas Ulmer<\/a>\n<\/th>\n<\/tr>\n<tr>\n<th style=\"text-align:left;\"><b>Mittelfeld<\/b>\n<\/th>\n<th><a href=\"\/Marc_Rzatkowski\" title=\"Marc Rzatkowski\">Marc Rzatkowski<\/a> &#8211; <a href=\"\/Josip_Radosevic\" title=\"Josip Radosevic\">Josip Radosevic<\/a> &#8211; <a href=\"\/Christoph_Leitgeb\" title=\"Christoph Leitgeb\">Christoph Leitgeb<\/a> &#8211; <a href=\"\/Takumi_Minamino\" title=\"Takumi Minamino\">Takumi Minamino<\/a>\n<\/th>\n<\/tr>\n<tr>\n<th style=\"text-align:left;\"><b>Sturm<\/b>\n<\/th>\n<th><a href=\"\/Mergim_Berisha\" title=\"Mergim Berisha\">Mergim Berisha<\/a> &#8211; <a href=\"\/Dimitri_Oberlin\" title=\"Dimitri Oberlin\">Dimitri Oberlin<\/a>\n<\/th>\n<\/tr>\n<tr>\n<td colspan=\"2\" style=\"text-align:center;\" bgcolor=\"lightgray\"><b>Wechsel<\/b>\n<\/td>\n<\/tr>\n<tr>\n<th style=\"text-align:left;\"><b>Wechsel<\/b>\n<\/th>\n<th style=\"text-align:left;\"><a href=\"\/Alexander_Walke\" title=\"Alexander Walke\">Alexander Walke<\/a> f\u00fcr Stankovic (46.), <a href=\"\/Stefan_Lainer\" title=\"Stefan Lainer\">Stefan Lainer<\/a> f\u00fcr Schwegler (46.),<a href=\"\/Andre_Wisdom\" title=\"Andre Wisdom\">Andre Wisdom <\/a> f\u00fcr S\u00f6rensen (46.),<br \/> <a href=\"\/Duje_Caleta-Car\" title=\"Duje Caleta-Car\">Duje Caleta-Car<\/a> f\u00fcr Miranda (46.), <a href=\"\/Igor\" class=\"mw-redirect\" title=\"Igor\">Igor<\/a> f\u00fcr Ulmer (46.), <a href=\"\/Valentino_Lazaro\" title=\"Valentino Lazaro\">Valentino Lazaro<\/a> f\u00fcr Rzatkowski (46.), <br \/> <a href=\"\/Konrad_Laimer\" title=\"Konrad Laimer\">Konrad Laimer<\/a> f\u00fcr Radosevic (46.), <a href=\"\/Xaver_Schlager\" title=\"Xaver Schlager\">Xaver Schlager<\/a> f\u00fcr Leitgeb(46.),  <a href=\"\/Valon_Berisha\" title=\"Valon Berisha\">Valon Berisha<\/a> f\u00fcr Minamino (46.),<br \/> <a href=\"\/Fredrik_Gulbrandsen\" title=\"Fredrik Gulbrandsen\">Fredrik Gulbrandsen<\/a> f\u00fcr Oberlin (46.) <a href=\"\/Jonatan_Soriano\" title=\"Jonatan Soriano\">Jonatan Soriano<\/a> f\u00fcr M. Berisha (60.),\n<\/th>\n<\/tr>\n<tr>\n<td colspan=\"2\" style=\"text-align:center;\" bgcolor=\"lightgray\"><b>Statistik<\/b>\n<\/td>\n<\/tr>\n<tr>\n<th style=\"text-align:left;\"><b>Endstand<\/b>\n<\/th>\n<th style=\"text-align:left;\">3:1 (1:0)\n<\/th>\n<\/tr>\n<tr>\n<th style=\"text-align:left;\"><b>Torsch\u00fctzen<\/b>\n<\/th>\n<th style=\"text-align:left;\">Oberlin (40.), Soriano (61.), Lazaro (75.) bzw. Erdogan (67.)\n<\/th>\n<\/tr>\n<tr>\n<th style=\"text-align:left;\"><b>Gelbe Karten<\/b>\n<\/th>\n<th style=\"text-align:left;\">\n<\/th>\n<\/tr>\n<tr>\n<th style=\"text-align:left;\"><b>Rote Karten<\/b>\n<\/th>\n<th style=\"text-align:left;\">\n<\/th>\n<\/tr>\n<tr>\n<th style=\"text-align:left;\"><b>Schiedsrichter<\/b>\n<\/th>\n<th style=\"text-align:left;\">\n<\/th>\n<\/tr>\n<tr>\n<th style=\"text-align:left;\"><b>Stadion<\/b>\n<\/th>\n<th style=\"text-align:left;\">Red Bull Arena Salzburg\n<\/th>\n<\/tr>\n<tr>\n<th style=\"text-align:left;\"><b>Zuschauer<\/b>\n<\/th>\n<th style=\"text-align:left;\">\n<\/th>\n<\/tr>\n<\/tbody>\n<\/table>\n<ul>\n<li>Erstmals f\u00fcr den FC Red Bull Salzburg im  Match-Einsatz waren heute <a href=\"\/Mergim_Berisha\" title=\"Mergim Berisha\">Mergim Berisha<\/a> und FC Liefering-Spieler <a href=\"\/Igor\" class=\"mw-redirect\" title=\"Igor\">Igor<\/a>.<\/li>\n<\/ul>\n<h2><span class=\"mw-headline\" id=\"Weblinks\">Weblinks<\/span><a href=\"\/index.php?title=FC_Red_Bull_Salzburg_gegen_LASK_(2017)&amp;action=edit&amp;section=2\" title=\"Abschnitt bearbeiten: Weblinks\">Bearbeiten<\/a><span class=\"mw-editsection-bracket\">]<\/span><\/span><\/h2>\n<p><a rel=\"nofollow\" class=\"external text\" href=\"http:\/\/www.redbullsalzburg.at\/de\/fc-red-bull-salzburg\/news\/saison_2016_17\/rote-bullen-gewinnen-test-gegen-lask-linz.html\">Spielbericht Homepage<\/a>\n<\/p>\n<h2><span class=\"mw-headline\" id=\"Bilder\">Bilder<\/span><a href=\"\/index.php?title=FC_Red_Bull_Salzburg_gegen_LASK_(2017)&amp;action=edit&amp;section=3\" title=\"Abschnitt bearbeiten: Bilder\">Bearbeiten<\/a><span class=\"mw-editsection-bracket\">]<\/span><\/span><\/h2>\n<ul>\n<li>(c)GEPA<\/li>\n<\/ul>\n<ul class=\"gallery mw-gallery-traditional\">\n<li class=\"gallerybox\" style=\"width: 155px\">\n<div style=\"width: 155px\">\n<div class=\"thumb\" style=\"width: 150px;\">\n<div style=\"margin:35px auto;\"><a href=\"\/Datei:SBGLASK_(1).jpg\" class=\"image\"><img alt=\"SBGLASK (1).jpg\" src=\"\/images\/thumb\/2\/2b\/SBGLASK_%281%29.jpg\/120px-SBGLASK_%281%29.jpg\" decoding=\"async\" width=\"120\" height=\"80\" srcset=\"\/images\/thumb\/2\/2b\/SBGLASK_%281%29.jpg\/180px-SBGLASK_%281%29.jpg 1.5x, \/images\/thumb\/2\/2b\/SBGLASK_%281%29.jpg\/240px-SBGLASK_%281%29.jpg 2x\" \/><\/a><\/div>\n<\/div>\n<div class=\"gallerytext\">\n\t\t\t<\/div>\n<\/p><\/div>\n<\/li>\n<li class=\"gallerybox\" style=\"width: 155px\">\n<div style=\"width: 155px\">\n<div class=\"thumb\" style=\"width: 150px;\">\n<div style=\"margin:35px auto;\"><a href=\"\/Datei:SBGLASK_(2).jpg\" class=\"image\"><img alt=\"SBGLASK (2).jpg\" src=\"\/images\/thumb\/d\/de\/SBGLASK_%282%29.jpg\/120px-SBGLASK_%282%29.jpg\" decoding=\"async\" width=\"120\" height=\"80\" srcset=\"\/images\/thumb\/d\/de\/SBGLASK_%282%29.jpg\/180px-SBGLASK_%282%29.jpg 1.5x, \/images\/thumb\/d\/de\/SBGLASK_%282%29.jpg\/240px-SBGLASK_%282%29.jpg 2x\" \/><\/a><\/div>\n<\/div>\n<div class=\"gallerytext\">\n\t\t\t<\/div>\n<\/p><\/div>\n<\/li>\n<li class=\"gallerybox\" style=\"width: 155px\">\n<div style=\"width: 155px\">\n<div class=\"thumb\" style=\"width: 150px;\">\n<div style=\"margin:35px auto;\"><a href=\"\/Datei:SBGLASK_(3).jpg\" class=\"image\"><img alt=\"SBGLASK (3).jpg\" src=\"\/images\/thumb\/7\/77\/SBGLASK_%283%29.jpg\/120px-SBGLASK_%283%29.jpg\" decoding=\"async\" width=\"120\" height=\"80\" srcset=\"\/images\/thumb\/7\/77\/SBGLASK_%283%29.jpg\/180px-SBGLASK_%283%29.jpg 1.5x, \/images\/thumb\/7\/77\/SBGLASK_%283%29.jpg\/240px-SBGLASK_%283%29.jpg 2x\" \/><\/a><\/div>\n<\/div>\n<div class=\"gallerytext\">\n\t\t\t<\/div>\n<\/p><\/div>\n<\/li>\n<li class=\"gallerybox\" style=\"width: 155px\">\n<div style=\"width: 155px\">\n<div class=\"thumb\" style=\"width: 150px;\">\n<div style=\"margin:35px auto;\"><a href=\"\/Datei:SBGLASK_(4).jpg\" class=\"image\"><img loading=\"lazy\" alt=\"SBGLASK (4).jpg\" src=\"\/images\/thumb\/2\/22\/SBGLASK_%284%29.jpg\/120px-SBGLASK_%284%29.jpg\" decoding=\"async\" width=\"120\" height=\"80\" srcset=\"\/images\/thumb\/2\/22\/SBGLASK_%284%29.jpg\/180px-SBGLASK_%284%29.jpg 1.5x, \/images\/thumb\/2\/22\/SBGLASK_%284%29.jpg\/240px-SBGLASK_%284%29.jpg 2x\" \/><\/a><\/div>\n<\/div>\n<div class=\"gallerytext\">\n\t\t\t<\/div>\n<\/p><\/div>\n<\/li>\n<\/ul>\n<h2><span class=\"mw-headline\" id=\"Stimmen_zum_Spiel\">Stimmen zum Spiel<\/span><a href=\"\/index.php?title=FC_Red_Bull_Salzburg_gegen_LASK_(2017)&amp;action=edit&amp;section=4\" title=\"Abschnitt bearbeiten: Stimmen zum Spiel\">Bearbeiten<\/a><span class=\"mw-editsection-bracket\">]<\/span><\/span><\/h2>\n<p><b>Oscar Garcia:<\/b> Ich wusste, dass es f\u00fcr meine Spieler heute nicht einfach wird, weil wir bis jetzt sehr intensiv trainiert haben und m\u00fcde sind. Aber ich bin sehr zufrieden, wie wir heute gespielt haben und wie fit meine Mannschaft zu diesem fr\u00fchen Zeitpunkt schon ist. Ich habe auch viele Dinge gesehen, die wir trainiert und heute im Spiel schon sehr gut gemacht haben.\n<\/p>\n<p><b>Jonatan Soriano<\/b> Wir sind erst am Beginn der Vorbereitung und haben gezeigt, dass wir eine gute Mannschaft sind. F\u00fcr mich war es das erste Spiel nach zwei Monaten Pause und ich freue mich, dass ich endlich wieder spielen konnte und da auch gleich getroffen habe. Aber ich brauche noch mehr Training, um wieder ganz fit zu werden.\n<\/p>\n<\/div>\n","protected":false},"excerpt":{"rendered":"<p>FaktenBearbeiten] FC Red Bull Salzburg gegen LASK, 3:1 Spieltag Testspiel Datum 19. J\u00e4nner 2017 Anpfiff 14 Uhr Aufstellung Tor Cican Stankovic Verteidigung Christian Schwegler &#8211; Asger S\u00f6rensen &#8211; Paulo Miranda &#8211; Andreas Ulmer Mittelfeld Marc Rzatkowski &#8211; Josip Radosevic &#8211; Christoph Leitgeb &#8211; Takumi Minamino Sturm Mergim Berisha &#8211; Dimitri Oberlin Wechsel Wechsel Alexander Walke [&hellip;]<\/p>\n","protected":false},"author":1,"featured_media":0,"parent":0,"menu_order":0,"comment_status":"closed","ping_status":"closed","template":"","meta":{"footnotes":""},"class_list":["post-4178","page","type-page","status-publish","hentry"],"_links":{"self":[{"href":"https:\/\/wiki.s12.at\/index.php\/wp-json\/wp\/v2\/pages\/4178","targetHints":{"allow":["GET"]}}],"collection":[{"href":"https:\/\/wiki.s12.at\/index.php\/wp-json\/wp\/v2\/pages"}],"about":[{"href":"https:\/\/wiki.s12.at\/index.php\/wp-json\/wp\/v2\/types\/page"}],"author":[{"embeddable":true,"href":"https:\/\/wiki.s12.at\/index.php\/wp-json\/wp\/v2\/users\/1"}],"replies":[{"embeddable":true,"href":"https:\/\/wiki.s12.at\/index.php\/wp-json\/wp\/v2\/comments?post=4178"}],"version-history":[{"count":0,"href":"https:\/\/wiki.s12.at\/index.php\/wp-json\/wp\/v2\/pages\/4178\/revisions"}],"wp:attachment":[{"href":"https:\/\/wiki.s12.at\/index.php\/wp-json\/wp\/v2\/media?parent=4178"}],"curies":[{"name":"wp","href":"https:\/\/api.w.org\/{rel}","templated":true}]}}

<div class="mw-parser-output">
<h2><span class="mw-headline" id="Fakten">Fakten</span><a href="/index.php?title=FC_Red_Bull_Salzburg_gegen_LASK_(2017)&amp;action=edit&amp;section=1" title="Abschnitt bearbeiten: Fakten">Bearbeiten</a><span class="mw-editsection-bracket">]</span></span></h2>
<table class="toptextcells toccolours">
<tbody>
<tr>
<th colspan="2" style="text-align: center; vertical-align: top; padding: 0.3em 0.8em; font-size: 125%; background-color: lightsteelblue;">FC Red Bull Salzburg gegen LASK, 3:1
</th>
</tr>
<tr>
<th style="text-align:left;"><b>Spieltag</b>
</th>
<th style="text-align:left;">Testspiel
</th>
</tr>
<tr>
<th style="text-align:left;"><b>Datum</b>
</th>
<th style="text-align:left;">19. Jänner 2017
</th>
</tr>
<tr>
<th style="text-align:left;"><b>Anpfiff</b>
</th>
<th style="text-align:left;">14 Uhr
</th>
</tr>
<tr>
<td colspan="2" style="text-align:center;" bgcolor="lightgray"><b>Aufstellung</b>
</td>
</tr>
<tr>
<th style="text-align:left;"><b>Tor</b>
</th>
<th><a href="/Cican_Stankovic" title="Cican Stankovic">Cican Stankovic</a>
</th>
</tr>
<tr>
<th style="text-align:left;"><b>Verteidigung</b>
</th>
<th><a href="/Christian_Schwegler" title="Christian Schwegler">Christian Schwegler</a> &#8211; <a href="/Asger_S%C3%B6rensen" title="Asger Sörensen">Asger Sörensen</a> &#8211; <a href="/Paulo_Miranda" title="Paulo Miranda">Paulo Miranda</a> &#8211; <a href="/Andreas_Ulmer" title="Andreas Ulmer">Andreas Ulmer</a>
</th>
</tr>
<tr>
<th style="text-align:left;"><b>Mittelfeld</b>
</th>
<th><a href="/Marc_Rzatkowski" title="Marc Rzatkowski">Marc Rzatkowski</a> &#8211; <a href="/Josip_Radosevic" title="Josip Radosevic">Josip Radosevic</a> &#8211; <a href="/Christoph_Leitgeb" title="Christoph Leitgeb">Christoph Leitgeb</a> &#8211; <a href="/Takumi_Minamino" title="Takumi Minamino">Takumi Minamino</a>
</th>
</tr>
<tr>
<th style="text-align:left;"><b>Sturm</b>
</th>
<th><a href="/Mergim_Berisha" title="Mergim Berisha">Mergim Berisha</a> &#8211; <a href="/Dimitri_Oberlin" title="Dimitri Oberlin">Dimitri Oberlin</a>
</th>
</tr>
<tr>
<td colspan="2" style="text-align:center;" bgcolor="lightgray"><b>Wechsel</b>
</td>
</tr>
<tr>
<th style="text-align:left;"><b>Wechsel</b>
</th>
<th style="text-align:left;"><a href="/Alexander_Walke" title="Alexander Walke">Alexander Walke</a> für Stankovic (46.), <a href="/Stefan_Lainer" title="Stefan Lainer">Stefan Lainer</a> für Schwegler (46.),<a href="/Andre_Wisdom" title="Andre Wisdom">Andre Wisdom </a> für Sörensen (46.),<br /> <a href="/Duje_Caleta-Car" title="Duje Caleta-Car">Duje Caleta-Car</a> für Miranda (46.), <a href="/Igor" class="mw-redirect" title="Igor">Igor</a> für Ulmer (46.), <a href="/Valentino_Lazaro" title="Valentino Lazaro">Valentino Lazaro</a> für Rzatkowski (46.), <br /> <a href="/Konrad_Laimer" title="Konrad Laimer">Konrad Laimer</a> für Radosevic (46.), <a href="/Xaver_Schlager" title="Xaver Schlager">Xaver Schlager</a> für Leitgeb(46.),  <a href="/Valon_Berisha" title="Valon Berisha">Valon Berisha</a> für Minamino (46.),<br /> <a href="/Fredrik_Gulbrandsen" title="Fredrik Gulbrandsen">Fredrik Gulbrandsen</a> für Oberlin (46.) <a href="/Jonatan_Soriano" title="Jonatan Soriano">Jonatan Soriano</a> für M. Berisha (60.),
</th>
</tr>
<tr>
<td colspan="2" style="text-align:center;" bgcolor="lightgray"><b>Statistik</b>
</td>
</tr>
<tr>
<th style="text-align:left;"><b>Endstand</b>
</th>
<th style="text-align:left;">3:1 (1:0)
</th>
</tr>
<tr>
<th style="text-align:left;"><b>Torschützen</b>
</th>
<th style="text-align:left;">Oberlin (40.), Soriano (61.), Lazaro (75.) bzw. Erdogan (67.)
</th>
</tr>
<tr>
<th style="text-align:left;"><b>Gelbe Karten</b>
</th>
<th style="text-align:left;">
</th>
</tr>
<tr>
<th style="text-align:left;"><b>Rote Karten</b>
</th>
<th style="text-align:left;">
</th>
</tr>
<tr>
<th style="text-align:left;"><b>Schiedsrichter</b>
</th>
<th style="text-align:left;">
</th>
</tr>
<tr>
<th style="text-align:left;"><b>Stadion</b>
</th>
<th style="text-align:left;">Red Bull Arena Salzburg
</th>
</tr>
<tr>
<th style="text-align:left;"><b>Zuschauer</b>
</th>
<th style="text-align:left;">
</th>
</tr>
</tbody>
</table>
<ul>
<li>Erstmals für den FC Red Bull Salzburg im  Match-Einsatz waren heute <a href="/Mergim_Berisha" title="Mergim Berisha">Mergim Berisha</a> und FC Liefering-Spieler <a href="/Igor" class="mw-redirect" title="Igor">Igor</a>.</li>
</ul>
<h2><span class="mw-headline" id="Weblinks">Weblinks</span><a href="/index.php?title=FC_Red_Bull_Salzburg_gegen_LASK_(2017)&amp;action=edit&amp;section=2" title="Abschnitt bearbeiten: Weblinks">Bearbeiten</a><span class="mw-editsection-bracket">]</span></span></h2>
<p><a rel="nofollow" class="external text" href="http://www.redbullsalzburg.at/de/fc-red-bull-salzburg/news/saison_2016_17/rote-bullen-gewinnen-test-gegen-lask-linz.html">Spielbericht Homepage</a>
</p>
<h2><span class="mw-headline" id="Bilder">Bilder</span><a href="/index.php?title=FC_Red_Bull_Salzburg_gegen_LASK_(2017)&amp;action=edit&amp;section=3" title="Abschnitt bearbeiten: Bilder">Bearbeiten</a><span class="mw-editsection-bracket">]</span></span></h2>
<ul>
<li>(c)GEPA</li>
</ul>
<ul class="gallery mw-gallery-traditional">
<li class="gallerybox" style="width: 155px">
<div style="width: 155px">
<div class="thumb" style="width: 150px;">
<div style="margin:35px auto;"><a href="/Datei:SBGLASK_(1).jpg" class="image"><img alt="SBGLASK (1).jpg" src="/images/thumb/2/2b/SBGLASK_%281%29.jpg/120px-SBGLASK_%281%29.jpg" decoding="async" width="120" height="80" srcset="/images/thumb/2/2b/SBGLASK_%281%29.jpg/180px-SBGLASK_%281%29.jpg 1.5x, /images/thumb/2/2b/SBGLASK_%281%29.jpg/240px-SBGLASK_%281%29.jpg 2x" /></a></div>
</div>
<div class="gallerytext">
			</div>
</p></div>
</li>
<li class="gallerybox" style="width: 155px">
<div style="width: 155px">
<div class="thumb" style="width: 150px;">
<div style="margin:35px auto;"><a href="/Datei:SBGLASK_(2).jpg" class="image"><img alt="SBGLASK (2).jpg" src="/images/thumb/d/de/SBGLASK_%282%29.jpg/120px-SBGLASK_%282%29.jpg" decoding="async" width="120" height="80" srcset="/images/thumb/d/de/SBGLASK_%282%29.jpg/180px-SBGLASK_%282%29.jpg 1.5x, /images/thumb/d/de/SBGLASK_%282%29.jpg/240px-SBGLASK_%282%29.jpg 2x" /></a></div>
</div>
<div class="gallerytext">
			</div>
</p></div>
</li>
<li class="gallerybox" style="width: 155px">
<div style="width: 155px">
<div class="thumb" style="width: 150px;">
<div style="margin:35px auto;"><a href="/Datei:SBGLASK_(3).jpg" class="image"><img alt="SBGLASK (3).jpg" src="/images/thumb/7/77/SBGLASK_%283%29.jpg/120px-SBGLASK_%283%29.jpg" decoding="async" width="120" height="80" srcset="/images/thumb/7/77/SBGLASK_%283%29.jpg/180px-SBGLASK_%283%29.jpg 1.5x, /images/thumb/7/77/SBGLASK_%283%29.jpg/240px-SBGLASK_%283%29.jpg 2x" /></a></div>
</div>
<div class="gallerytext">
			</div>
</p></div>
</li>
<li class="gallerybox" style="width: 155px">
<div style="width: 155px">
<div class="thumb" style="width: 150px;">
<div style="margin:35px auto;"><a href="/Datei:SBGLASK_(4).jpg" class="image"><img loading="lazy" alt="SBGLASK (4).jpg" src="/images/thumb/2/22/SBGLASK_%284%29.jpg/120px-SBGLASK_%284%29.jpg" decoding="async" width="120" height="80" srcset="/images/thumb/2/22/SBGLASK_%284%29.jpg/180px-SBGLASK_%284%29.jpg 1.5x, /images/thumb/2/22/SBGLASK_%284%29.jpg/240px-SBGLASK_%284%29.jpg 2x" /></a></div>
</div>
<div class="gallerytext">
			</div>
</p></div>
</li>
</ul>
<h2><span class="mw-headline" id="Stimmen_zum_Spiel">Stimmen zum Spiel</span><a href="/index.php?title=FC_Red_Bull_Salzburg_gegen_LASK_(2017)&amp;action=edit&amp;section=4" title="Abschnitt bearbeiten: Stimmen zum Spiel">Bearbeiten</a><span class="mw-editsection-bracket">]</span></span></h2>
<p><b>Oscar Garcia:</b> Ich wusste, dass es für meine Spieler heute nicht einfach wird, weil wir bis jetzt sehr intensiv trainiert haben und müde sind. Aber ich bin sehr zufrieden, wie wir heute gespielt haben und wie fit meine Mannschaft zu diesem frühen Zeitpunkt schon ist. Ich habe auch viele Dinge gesehen, die wir trainiert und heute im Spiel schon sehr gut gemacht haben.
</p>
<p><b>Jonatan Soriano</b> Wir sind erst am Beginn der Vorbereitung und haben gezeigt, dass wir eine gute Mannschaft sind. Für mich war es das erste Spiel nach zwei Monaten Pause und ich freue mich, dass ich endlich wieder spielen konnte und da auch gleich getroffen habe. Aber ich brauche noch mehr Training, um wieder ganz fit zu werden.
</p>
</div>

<p>FaktenBearbeiten] FC Red Bull Salzburg gegen LASK, 3:1 Spieltag Testspiel Datum 19. Jänner 2017 Anpfiff 14 Uhr Aufstellung Tor Cican Stankovic Verteidigung Christian Schwegler &#8211; Asger Sörensen &#8211; Paulo Miranda &#8211; Andreas Ulmer Mittelfeld Marc Rzatkowski &#8211; Josip Radosevic &#8211; Christoph Leitgeb &#8211; Takumi Minamino Sturm Mergim Berisha &#8211; Dimitri Oberlin Wechsel Wechsel Alexander Walke [&hellip;]</p>
