{"id":4165,"date":"2026-05-06T15:32:08","date_gmt":"2026-05-06T13:32:08","guid":{"rendered":"https:\/\/wiki.s12.at\/index.php\/fc-red-bull-salzburg-gegen-fsv-frankfurt\/"},"modified":"2026-05-06T15:32:08","modified_gmt":"2026-05-06T13:32:08","slug":"fc-red-bull-salzburg-gegen-fsv-frankfurt","status":"publish","type":"page","link":"https:\/\/wiki.s12.at\/index.php\/fc-red-bull-salzburg-gegen-fsv-frankfurt\/","title":{"rendered":"FC Red Bull Salzburg gegen FSV Frankfurt"},"content":{"rendered":"<div class=\"mw-parser-output\">\n<h2><span class=\"mw-headline\" id=\"Fakten\">Fakten<\/span><a href=\"\/index.php?title=FC_Red_Bull_Salzburg_gegen_FSV_Frankfurt&amp;action=edit&amp;section=1\" title=\"Abschnitt bearbeiten: Fakten\">Bearbeiten<\/a><span class=\"mw-editsection-bracket\">]<\/span><\/span><\/h2>\n<table class=\"toptextcells toccolours\">\n<tbody>\n<tr>\n<th colspan=\"2\" style=\"text-align: center; vertical-align: top; padding: 0.3em 0.8em; font-size: 125%; background-color: lightsteelblue;\">FC Red Bull Salzburg gegen FSV Frankfurt, 0:1\n<\/th>\n<\/tr>\n<tr>\n<th style=\"text-align:left;\"><b>Spieltag<\/b>\n<\/th>\n<th style=\"text-align:left;\">Testspiel\n<\/th>\n<\/tr>\n<tr>\n<th style=\"text-align:left;\"><b>Datum<\/b>\n<\/th>\n<th style=\"text-align:left;\">23. J\u00e4nner 2016\n<\/th>\n<\/tr>\n<tr>\n<th style=\"text-align:left;\"><b>Anpfiff<\/b>\n<\/th>\n<th style=\"text-align:left;\">15.30 Uhr\n<\/th>\n<\/tr>\n<tr>\n<td colspan=\"2\" style=\"text-align:center;\" bgcolor=\"lightgray\"><b>Aufstellung<\/b>\n<\/td>\n<\/tr>\n<tr>\n<th style=\"text-align:left;\"><b>Tor<\/b>\n<\/th>\n<th><a href=\"\/Airton\" title=\"Airton\">Airton<\/a>\n<\/th>\n<\/tr>\n<tr>\n<th style=\"text-align:left;\"><b>Verteidigung<\/b>\n<\/th>\n<th><a href=\"\/Christian_Schwegler\" title=\"Christian Schwegler\">Christian Schwegler<\/a> &#8211; <a href=\"\/Paulo_Miranda\" title=\"Paulo Miranda\">Paulo Miranda<\/a> &#8211; <a href=\"\/Asger_S%C3%B6rensen\" title=\"Asger S\u00f6rensen\">Asger S\u00f6rensen <\/a> &#8211; <a href=\"\/Andreas_Ulmer\" title=\"Andreas Ulmer\">Andreas Ulmer<\/a>\n<\/th>\n<\/tr>\n<tr>\n<th style=\"text-align:left;\"><b>Mittelfeld<\/b>\n<\/th>\n<th><a href=\"\/Benno_Schmitz\" title=\"Benno Schmitz\">Benno Schmitz<\/a> &#8211;  <a href=\"\/Bernardo\" title=\"Bernardo\">Bernardo<\/a> &#8211; <a href=\"\/Valon_Berisha\" title=\"Valon Berisha\">Valon Berisha<\/a> &#8211; <a href=\"\/Valentino_Lazaro\" title=\"Valentino Lazaro\">Valentino Lazaro<\/a>\n<\/th>\n<\/tr>\n<tr>\n<th style=\"text-align:left;\"><b>Sturm<\/b>\n<\/th>\n<th><a href=\"\/Dimitri_Oberlin\" title=\"Dimitri Oberlin\">Dimitri Oberlin<\/a> &#8211; <a href=\"\/Omer_Damari\" title=\"Omer Damari\">Omer Damari<\/a>\n<\/th>\n<\/tr>\n<tr>\n<td colspan=\"2\" style=\"text-align:center;\" bgcolor=\"lightgray\"><b>Wechsel<\/b>\n<\/td>\n<\/tr>\n<tr>\n<th style=\"text-align:left;\"><b>Wechsel<\/b>\n<\/th>\n<th style=\"text-align:left;\"><a href=\"\/Alexander_Walke\" title=\"Alexander Walke\">Alexander Walke<\/a> f\u00fcr Airton, <a href=\"\/Duje_Caleta-Car\" title=\"Duje Caleta-Car\">Duje Caleta-Car<\/a> f\u00fcr S\u00f6rensen , <a href=\"\/Stefan_Lainer\" title=\"Stefan Lainer\">Stefan Lainer<\/a> f\u00fcr Schwegler,<br \/> <a href=\"\/Hany_Mukhtar\" title=\"Hany Mukhtar\">Hany Mukhtar<\/a> f\u00fcr Oberlin ,  <a href=\"\/Konrad_Laimer\" title=\"Konrad Laimer\">Konrad Laimer<\/a> f\u00fcr Bernardo, (alle 46.), <a href=\"\/Smail_Prevljak\" title=\"Smail Prevljak\">Smail Prevljak<\/a> f\u00fcr Damari, <br \/> <a href=\"\/Masaya_Okugawa\" title=\"Masaya Okugawa\">Masaya Okugawa<\/a> f\u00fcr Lazaro, <a href=\"\/Dayot_Upamecano\" title=\"Dayot Upamecano\">Dayot Upamecano<\/a> f\u00fcr Miranda, <a href=\"\/Xaver_Schlager\" title=\"Xaver Schlager\">Xaver Schlager<\/a> f\u00fcr Ulmer, <a href=\"\/David_Atanga\" title=\"David Atanga\">David Atanga<\/a> f\u00fcr Berisha (alle 65.)\n<\/th>\n<\/tr>\n<tr>\n<td colspan=\"2\" style=\"text-align:center;\" bgcolor=\"lightgray\"><b>Statistik<\/b>\n<\/td>\n<\/tr>\n<tr>\n<th style=\"text-align:left;\"><b>Endstand<\/b>\n<\/th>\n<th style=\"text-align:left;\">0:1 (0:1)\n<\/th>\n<\/tr>\n<tr>\n<th style=\"text-align:left;\"><b>Torsch\u00fctzen<\/b>\n<\/th>\n<th style=\"text-align:left;\">Dedic (37.)\n<\/th>\n<\/tr>\n<tr>\n<th style=\"text-align:left;\"><b>Gelbe Karten<\/b>\n<\/th>\n<th style=\"text-align:left;\">\n<\/th>\n<\/tr>\n<tr>\n<th style=\"text-align:left;\"><b>Rote Karten<\/b>\n<\/th>\n<th style=\"text-align:left;\">\n<\/th>\n<\/tr>\n<tr>\n<th style=\"text-align:left;\"><b>Schiedsrichter<\/b>\n<\/th>\n<th style=\"text-align:left;\">\n<\/th>\n<\/tr>\n<tr>\n<th style=\"text-align:left;\"><b>Stadion<\/b>\n<\/th>\n<th style=\"text-align:left;\">Belek\n<\/th>\n<\/tr>\n<tr>\n<th style=\"text-align:left;\"><b>Zuschauer<\/b>\n<\/th>\n<th style=\"text-align:left;\">\n<\/th>\n<\/tr>\n<\/tbody>\n<\/table>\n<h2><span class=\"mw-headline\" id=\"Weblinks\">Weblinks<\/span><a href=\"\/index.php?title=FC_Red_Bull_Salzburg_gegen_FSV_Frankfurt&amp;action=edit&amp;section=2\" title=\"Abschnitt bearbeiten: Weblinks\">Bearbeiten<\/a><span class=\"mw-editsection-bracket\">]<\/span><\/span><\/h2>\n<ul>\n<li><a rel=\"nofollow\" class=\"external text\" href=\"http:\/\/www.redbullsalzburg.at\/de\/fc-red-bull-salzburg\/news\/saison_2015_16\/rote-bullen-mit-knapper-testspielniederlage.html\">Spielbericht Homepage<\/a><\/li>\n<\/ul>\n<h2><span class=\"mw-headline\" id=\"Bilder\">Bilder<\/span><a href=\"\/index.php?title=FC_Red_Bull_Salzburg_gegen_FSV_Frankfurt&amp;action=edit&amp;section=3\" title=\"Abschnitt bearbeiten: Bilder\">Bearbeiten<\/a><span class=\"mw-editsection-bracket\">]<\/span><\/span><\/h2>\n<ul class=\"gallery mw-gallery-traditional\">\n<li class=\"gallerybox\" style=\"width: 155px\">\n<div style=\"width: 155px\">\n<div class=\"thumb\" style=\"width: 150px;\">\n<div style=\"margin:36.5px auto;\"><a href=\"\/Datei:FSV.PNG\" class=\"image\"><img alt=\"FSV.PNG\" src=\"\/images\/thumb\/9\/91\/FSV.PNG\/120px-FSV.PNG\" decoding=\"async\" width=\"120\" height=\"77\" srcset=\"\/images\/thumb\/9\/91\/FSV.PNG\/180px-FSV.PNG 1.5x, \/images\/thumb\/9\/91\/FSV.PNG\/240px-FSV.PNG 2x\" \/><\/a><\/div>\n<\/div>\n<div class=\"gallerytext\">\n\t\t\t<\/div>\n<\/p><\/div>\n<\/li>\n<li class=\"gallerybox\" style=\"width: 155px\">\n<div style=\"width: 155px\">\n<div class=\"thumb\" style=\"width: 150px;\">\n<div style=\"margin:46px auto;\"><a href=\"\/Datei:RBFSV.PNG\" class=\"image\"><img alt=\"RBFSV.PNG\" src=\"\/images\/thumb\/7\/7d\/RBFSV.PNG\/120px-RBFSV.PNG\" decoding=\"async\" width=\"120\" height=\"58\" srcset=\"\/images\/thumb\/7\/7d\/RBFSV.PNG\/180px-RBFSV.PNG 1.5x, \/images\/thumb\/7\/7d\/RBFSV.PNG\/240px-RBFSV.PNG 2x\" \/><\/a><\/div>\n<\/div>\n<div class=\"gallerytext\">\n\t\t\t<\/div>\n<\/p><\/div>\n<\/li>\n<li class=\"gallerybox\" style=\"width: 155px\">\n<div style=\"width: 155px\">\n<div class=\"thumb\" style=\"width: 150px;\">\n<div style=\"margin:20px auto;\"><a href=\"\/Datei:RBSnnt.PNG\" class=\"image\"><img alt=\"RBSnnt.PNG\" src=\"\/images\/thumb\/8\/8d\/RBSnnt.PNG\/120px-RBSnnt.PNG\" decoding=\"async\" width=\"120\" height=\"110\" srcset=\"\/images\/thumb\/8\/8d\/RBSnnt.PNG\/180px-RBSnnt.PNG 1.5x, \/images\/thumb\/8\/8d\/RBSnnt.PNG\/240px-RBSnnt.PNG 2x\" \/><\/a><\/div>\n<\/div>\n<div class=\"gallerytext\">\n\t\t\t<\/div>\n<\/p><\/div>\n<\/li>\n<\/ul>\n<h2><span class=\"mw-headline\" id=\"Stimmen_zum_Spiel\">Stimmen zum Spiel<\/span><a href=\"\/index.php?title=FC_Red_Bull_Salzburg_gegen_FSV_Frankfurt&amp;action=edit&amp;section=4\" title=\"Abschnitt bearbeiten: Stimmen zum Spiel\">Bearbeiten<\/a><span class=\"mw-editsection-bracket\">]<\/span><\/span><\/h2>\n<p><b>Oscar Garcia:<\/b> Mit der Leistung nach der Pause bin ich zufrieden, da waren schon einige gute Dinge dabei. Klar ist aber auch, dass jetzt noch nicht alles klappen kann, weil wir erst zwei Wochen miteinander arbeiten. Au\u00dferdem haben wir im Trainingslager sehr hart gearbeitet, die Spieler sind am Ende dieser Phase m\u00fcde. Aber wir haben die Zeit hier in Belek gut genutzt, konnten uns besser aufeinander einstellen, und die Mannschaft wei\u00df, welche Art von Fu\u00dfball ich spielen will.\n<\/p>\n<p><b>Andi Ulmer:<\/b> In der ersten H\u00e4lfte es war schwierig zu spielen, weil der Gegenwind sehr st\u00f6rend war. Nach der Pause war unser Spiel dann besser, wir h\u00e4tten aber noch ein wenig mehr Druck machen k\u00f6nnen. Das Trainingslager war insgesamt sehr gut, mit dem heutigen Spiel k\u00f6nnen wir nicht ganz zufrieden sein.\n<\/p>\n<\/div>\n","protected":false},"excerpt":{"rendered":"<p>FaktenBearbeiten] FC Red Bull Salzburg gegen FSV Frankfurt, 0:1 Spieltag Testspiel Datum 23. J\u00e4nner 2016 Anpfiff 15.30 Uhr Aufstellung Tor Airton Verteidigung Christian Schwegler &#8211; Paulo Miranda &#8211; Asger S\u00f6rensen &#8211; Andreas Ulmer Mittelfeld Benno Schmitz &#8211; Bernardo &#8211; Valon Berisha &#8211; Valentino Lazaro Sturm Dimitri Oberlin &#8211; Omer Damari Wechsel Wechsel Alexander Walke f\u00fcr [&hellip;]<\/p>\n","protected":false},"author":1,"featured_media":0,"parent":0,"menu_order":0,"comment_status":"closed","ping_status":"closed","template":"","meta":{"footnotes":""},"class_list":["post-4165","page","type-page","status-publish","hentry"],"_links":{"self":[{"href":"https:\/\/wiki.s12.at\/index.php\/wp-json\/wp\/v2\/pages\/4165","targetHints":{"allow":["GET"]}}],"collection":[{"href":"https:\/\/wiki.s12.at\/index.php\/wp-json\/wp\/v2\/pages"}],"about":[{"href":"https:\/\/wiki.s12.at\/index.php\/wp-json\/wp\/v2\/types\/page"}],"author":[{"embeddable":true,"href":"https:\/\/wiki.s12.at\/index.php\/wp-json\/wp\/v2\/users\/1"}],"replies":[{"embeddable":true,"href":"https:\/\/wiki.s12.at\/index.php\/wp-json\/wp\/v2\/comments?post=4165"}],"version-history":[{"count":0,"href":"https:\/\/wiki.s12.at\/index.php\/wp-json\/wp\/v2\/pages\/4165\/revisions"}],"wp:attachment":[{"href":"https:\/\/wiki.s12.at\/index.php\/wp-json\/wp\/v2\/media?parent=4165"}],"curies":[{"name":"wp","href":"https:\/\/api.w.org\/{rel}","templated":true}]}}

<div class="mw-parser-output">
<h2><span class="mw-headline" id="Fakten">Fakten</span><a href="/index.php?title=FC_Red_Bull_Salzburg_gegen_FSV_Frankfurt&amp;action=edit&amp;section=1" title="Abschnitt bearbeiten: Fakten">Bearbeiten</a><span class="mw-editsection-bracket">]</span></span></h2>
<table class="toptextcells toccolours">
<tbody>
<tr>
<th colspan="2" style="text-align: center; vertical-align: top; padding: 0.3em 0.8em; font-size: 125%; background-color: lightsteelblue;">FC Red Bull Salzburg gegen FSV Frankfurt, 0:1
</th>
</tr>
<tr>
<th style="text-align:left;"><b>Spieltag</b>
</th>
<th style="text-align:left;">Testspiel
</th>
</tr>
<tr>
<th style="text-align:left;"><b>Datum</b>
</th>
<th style="text-align:left;">23. Jänner 2016
</th>
</tr>
<tr>
<th style="text-align:left;"><b>Anpfiff</b>
</th>
<th style="text-align:left;">15.30 Uhr
</th>
</tr>
<tr>
<td colspan="2" style="text-align:center;" bgcolor="lightgray"><b>Aufstellung</b>
</td>
</tr>
<tr>
<th style="text-align:left;"><b>Tor</b>
</th>
<th><a href="/Airton" title="Airton">Airton</a>
</th>
</tr>
<tr>
<th style="text-align:left;"><b>Verteidigung</b>
</th>
<th><a href="/Christian_Schwegler" title="Christian Schwegler">Christian Schwegler</a> &#8211; <a href="/Paulo_Miranda" title="Paulo Miranda">Paulo Miranda</a> &#8211; <a href="/Asger_S%C3%B6rensen" title="Asger Sörensen">Asger Sörensen </a> &#8211; <a href="/Andreas_Ulmer" title="Andreas Ulmer">Andreas Ulmer</a>
</th>
</tr>
<tr>
<th style="text-align:left;"><b>Mittelfeld</b>
</th>
<th><a href="/Benno_Schmitz" title="Benno Schmitz">Benno Schmitz</a> &#8211;  <a href="/Bernardo" title="Bernardo">Bernardo</a> &#8211; <a href="/Valon_Berisha" title="Valon Berisha">Valon Berisha</a> &#8211; <a href="/Valentino_Lazaro" title="Valentino Lazaro">Valentino Lazaro</a>
</th>
</tr>
<tr>
<th style="text-align:left;"><b>Sturm</b>
</th>
<th><a href="/Dimitri_Oberlin" title="Dimitri Oberlin">Dimitri Oberlin</a> &#8211; <a href="/Omer_Damari" title="Omer Damari">Omer Damari</a>
</th>
</tr>
<tr>
<td colspan="2" style="text-align:center;" bgcolor="lightgray"><b>Wechsel</b>
</td>
</tr>
<tr>
<th style="text-align:left;"><b>Wechsel</b>
</th>
<th style="text-align:left;"><a href="/Alexander_Walke" title="Alexander Walke">Alexander Walke</a> für Airton, <a href="/Duje_Caleta-Car" title="Duje Caleta-Car">Duje Caleta-Car</a> für Sörensen , <a href="/Stefan_Lainer" title="Stefan Lainer">Stefan Lainer</a> für Schwegler,<br /> <a href="/Hany_Mukhtar" title="Hany Mukhtar">Hany Mukhtar</a> für Oberlin ,  <a href="/Konrad_Laimer" title="Konrad Laimer">Konrad Laimer</a> für Bernardo, (alle 46.), <a href="/Smail_Prevljak" title="Smail Prevljak">Smail Prevljak</a> für Damari, <br /> <a href="/Masaya_Okugawa" title="Masaya Okugawa">Masaya Okugawa</a> für Lazaro, <a href="/Dayot_Upamecano" title="Dayot Upamecano">Dayot Upamecano</a> für Miranda, <a href="/Xaver_Schlager" title="Xaver Schlager">Xaver Schlager</a> für Ulmer, <a href="/David_Atanga" title="David Atanga">David Atanga</a> für Berisha (alle 65.)
</th>
</tr>
<tr>
<td colspan="2" style="text-align:center;" bgcolor="lightgray"><b>Statistik</b>
</td>
</tr>
<tr>
<th style="text-align:left;"><b>Endstand</b>
</th>
<th style="text-align:left;">0:1 (0:1)
</th>
</tr>
<tr>
<th style="text-align:left;"><b>Torschützen</b>
</th>
<th style="text-align:left;">Dedic (37.)
</th>
</tr>
<tr>
<th style="text-align:left;"><b>Gelbe Karten</b>
</th>
<th style="text-align:left;">
</th>
</tr>
<tr>
<th style="text-align:left;"><b>Rote Karten</b>
</th>
<th style="text-align:left;">
</th>
</tr>
<tr>
<th style="text-align:left;"><b>Schiedsrichter</b>
</th>
<th style="text-align:left;">
</th>
</tr>
<tr>
<th style="text-align:left;"><b>Stadion</b>
</th>
<th style="text-align:left;">Belek
</th>
</tr>
<tr>
<th style="text-align:left;"><b>Zuschauer</b>
</th>
<th style="text-align:left;">
</th>
</tr>
</tbody>
</table>
<h2><span class="mw-headline" id="Weblinks">Weblinks</span><a href="/index.php?title=FC_Red_Bull_Salzburg_gegen_FSV_Frankfurt&amp;action=edit&amp;section=2" title="Abschnitt bearbeiten: Weblinks">Bearbeiten</a><span class="mw-editsection-bracket">]</span></span></h2>
<ul>
<li><a rel="nofollow" class="external text" href="http://www.redbullsalzburg.at/de/fc-red-bull-salzburg/news/saison_2015_16/rote-bullen-mit-knapper-testspielniederlage.html">Spielbericht Homepage</a></li>
</ul>
<h2><span class="mw-headline" id="Bilder">Bilder</span><a href="/index.php?title=FC_Red_Bull_Salzburg_gegen_FSV_Frankfurt&amp;action=edit&amp;section=3" title="Abschnitt bearbeiten: Bilder">Bearbeiten</a><span class="mw-editsection-bracket">]</span></span></h2>
<ul class="gallery mw-gallery-traditional">
<li class="gallerybox" style="width: 155px">
<div style="width: 155px">
<div class="thumb" style="width: 150px;">
<div style="margin:36.5px auto;"><a href="/Datei:FSV.PNG" class="image"><img alt="FSV.PNG" src="/images/thumb/9/91/FSV.PNG/120px-FSV.PNG" decoding="async" width="120" height="77" srcset="/images/thumb/9/91/FSV.PNG/180px-FSV.PNG 1.5x, /images/thumb/9/91/FSV.PNG/240px-FSV.PNG 2x" /></a></div>
</div>
<div class="gallerytext">
			</div>
</p></div>
</li>
<li class="gallerybox" style="width: 155px">
<div style="width: 155px">
<div class="thumb" style="width: 150px;">
<div style="margin:46px auto;"><a href="/Datei:RBFSV.PNG" class="image"><img alt="RBFSV.PNG" src="/images/thumb/7/7d/RBFSV.PNG/120px-RBFSV.PNG" decoding="async" width="120" height="58" srcset="/images/thumb/7/7d/RBFSV.PNG/180px-RBFSV.PNG 1.5x, /images/thumb/7/7d/RBFSV.PNG/240px-RBFSV.PNG 2x" /></a></div>
</div>
<div class="gallerytext">
			</div>
</p></div>
</li>
<li class="gallerybox" style="width: 155px">
<div style="width: 155px">
<div class="thumb" style="width: 150px;">
<div style="margin:20px auto;"><a href="/Datei:RBSnnt.PNG" class="image"><img alt="RBSnnt.PNG" src="/images/thumb/8/8d/RBSnnt.PNG/120px-RBSnnt.PNG" decoding="async" width="120" height="110" srcset="/images/thumb/8/8d/RBSnnt.PNG/180px-RBSnnt.PNG 1.5x, /images/thumb/8/8d/RBSnnt.PNG/240px-RBSnnt.PNG 2x" /></a></div>
</div>
<div class="gallerytext">
			</div>
</p></div>
</li>
</ul>
<h2><span class="mw-headline" id="Stimmen_zum_Spiel">Stimmen zum Spiel</span><a href="/index.php?title=FC_Red_Bull_Salzburg_gegen_FSV_Frankfurt&amp;action=edit&amp;section=4" title="Abschnitt bearbeiten: Stimmen zum Spiel">Bearbeiten</a><span class="mw-editsection-bracket">]</span></span></h2>
<p><b>Oscar Garcia:</b> Mit der Leistung nach der Pause bin ich zufrieden, da waren schon einige gute Dinge dabei. Klar ist aber auch, dass jetzt noch nicht alles klappen kann, weil wir erst zwei Wochen miteinander arbeiten. Außerdem haben wir im Trainingslager sehr hart gearbeitet, die Spieler sind am Ende dieser Phase müde. Aber wir haben die Zeit hier in Belek gut genutzt, konnten uns besser aufeinander einstellen, und die Mannschaft weiß, welche Art von Fußball ich spielen will.
</p>
<p><b>Andi Ulmer:</b> In der ersten Hälfte es war schwierig zu spielen, weil der Gegenwind sehr störend war. Nach der Pause war unser Spiel dann besser, wir hätten aber noch ein wenig mehr Druck machen können. Das Trainingslager war insgesamt sehr gut, mit dem heutigen Spiel können wir nicht ganz zufrieden sein.
</p>
</div>

<p>FaktenBearbeiten] FC Red Bull Salzburg gegen FSV Frankfurt, 0:1 Spieltag Testspiel Datum 23. Jänner 2016 Anpfiff 15.30 Uhr Aufstellung Tor Airton Verteidigung Christian Schwegler &#8211; Paulo Miranda &#8211; Asger Sörensen &#8211; Andreas Ulmer Mittelfeld Benno Schmitz &#8211; Bernardo &#8211; Valon Berisha &#8211; Valentino Lazaro Sturm Dimitri Oberlin &#8211; Omer Damari Wechsel Wechsel Alexander Walke für [&hellip;]</p>
