{"id":4157,"date":"2026-05-06T15:32:02","date_gmt":"2026-05-06T13:32:02","guid":{"rendered":"https:\/\/wiki.s12.at\/index.php\/fc-red-bull-salzburg-gegen-fc-wacker-innsbruck\/"},"modified":"2026-05-06T15:32:02","modified_gmt":"2026-05-06T13:32:02","slug":"fc-red-bull-salzburg-gegen-fc-wacker-innsbruck","status":"publish","type":"page","link":"https:\/\/wiki.s12.at\/index.php\/fc-red-bull-salzburg-gegen-fc-wacker-innsbruck\/","title":{"rendered":"FC Red Bull Salzburg gegen FC Wacker Innsbruck"},"content":{"rendered":"<div class=\"mw-parser-output\">\n<h2><span class=\"mw-headline\" id=\"Fakten\">Fakten<\/span><a href=\"\/index.php?title=FC_Red_Bull_Salzburg_gegen_FC_Wacker_Innsbruck&amp;action=edit&amp;section=1\" title=\"Abschnitt bearbeiten: Fakten\">Bearbeiten<\/a><span class=\"mw-editsection-bracket\">]<\/span><\/span><\/h2>\n<table class=\"toptextcells toccolours\">\n<tbody>\n<tr>\n<th colspan=\"2\" style=\"text-align: center; vertical-align: top; padding: 0.3em 0.8em; font-size: 125%; background-color: lightsteelblue;\">FC Red Bull Salzburg gegen FC Wacker Innsbruck, 8:0\n<\/th>\n<\/tr>\n<tr>\n<th style=\"text-align:left;\"><b>Spieltag<\/b>\n<\/th>\n<th style=\"text-align:left;\">Testspiel\n<\/th>\n<\/tr>\n<tr>\n<th style=\"text-align:left;\"><b>Datum<\/b>\n<\/th>\n<th style=\"text-align:left;\">17. J\u00e4nner 2015\n<\/th>\n<\/tr>\n<tr>\n<th style=\"text-align:left;\"><b>Anpfiff<\/b>\n<\/th>\n<th style=\"text-align:left;\">14 Uhr\n<\/th>\n<\/tr>\n<tr>\n<td colspan=\"2\" style=\"text-align:center;\" bgcolor=\"lightgray\"><b>Aufstellung<\/b>\n<\/td>\n<\/tr>\n<tr>\n<th style=\"text-align:left;\"><b>Tor<\/b>\n<\/th>\n<th><a href=\"\/Peter_Gulacsi\" class=\"mw-redirect\" title=\"Peter Gulacsi\">Peter Gulacsi<\/a>\n<\/th>\n<\/tr>\n<tr>\n<th style=\"text-align:left;\"><b>Verteidigung<\/b>\n<\/th>\n<th><a href=\"\/Christian_Schwegler\" title=\"Christian Schwegler\">Christian Schwegler<\/a> <a href=\"\/Duje_Caleta-Car\" title=\"Duje Caleta-Car\">Duje Caleta-Car<\/a> <a href=\"\/Martin_Hinteregger\" title=\"Martin Hinteregger\">Martin Hinteregger<\/a> <a href=\"\/Benno_Schmitz\" title=\"Benno Schmitz\">Benno Schmitz<\/a>\n<\/th>\n<\/tr>\n<tr>\n<th style=\"text-align:left;\"><b>Mittelfeld<\/b>\n<\/th>\n<th><a href=\"\/Stefan_Ilsanker\" title=\"Stefan Ilsanker\">Stefan Ilsanker<\/a> <a href=\"\/David_Atanga\" title=\"David Atanga\">David Atanga<\/a> <a href=\"\/Massimo_Bruno\" title=\"Massimo Bruno\">Massimo Bruno<\/a> <a href=\"\/Felipe_Pires\" title=\"Felipe Pires\">Felipe Pires<\/a>\n<\/th>\n<\/tr>\n<tr>\n<th style=\"text-align:left;\"><b>Sturm<\/b>\n<\/th>\n<th><a href=\"\/Jonatan_Soriano\" title=\"Jonatan Soriano\">Jonatan Soriano<\/a>  <a href=\"\/Valon_Berisha\" title=\"Valon Berisha\">Valon Berisha<\/a>\n<\/th>\n<\/tr>\n<tr>\n<td colspan=\"2\" style=\"text-align:center;\" bgcolor=\"lightgray\"><b>Wechsel<\/b>\n<\/td>\n<\/tr>\n<tr>\n<th style=\"text-align:left;\"><b>Wechsel<\/b>\n<\/th>\n<th style=\"text-align:left;\"><a href=\"\/Alexander_Walke\" title=\"Alexander Walke\">Alexander Walke<\/a> f\u00fcr Gulacsi (46.), <a href=\"\/Peter_Ankersen\" title=\"Peter Ankersen\">Peter Ankersen<\/a> f\u00fcr Schwegler (46.), <a href=\"\/Andre_Ramalho\" class=\"mw-redirect\" title=\"Andre Ramalho\">Andre Ramalho<\/a> f\u00fcr Caleta-Car (46.),<br \/> <a href=\"\/Rodnei\" title=\"Rodnei\">Rodnei<\/a> f\u00fcr Hinteregger (46.), <a href=\"\/Andreas_Ulmer\" title=\"Andreas Ulmer\">Andreas Ulmer<\/a> f\u00fcr Schmitz (46.), <br \/><a href=\"\/Konrad_Laimer\" title=\"Konrad Laimer\">Konrad Laimer<\/a> f\u00fcr Ilsanker (46.), <a href=\"\/Christoph_Leitgeb\" title=\"Christoph Leitgeb\">Christoph Leitgeb<\/a> f\u00fcr Atanga (46.), <a href=\"\/Takumi_Minamino\" title=\"Takumi Minamino\">Takumi Minamino<\/a> f\u00fcr Bruno (46.),<br \/> <a href=\"\/Marcel_Sabitzer\" title=\"Marcel Sabitzer\">Marcel Sabitzer<\/a> f\u00fcr Soriano (46.), <a href=\"\/Marco_Djuricin\" title=\"Marco Djuricin\">Marco Djuricin<\/a> f\u00fcr Berisha (46.)\n<\/th>\n<\/tr>\n<tr>\n<td colspan=\"2\" style=\"text-align:center;\" bgcolor=\"lightgray\"><b>Statistik<\/b>\n<\/td>\n<\/tr>\n<tr>\n<th style=\"text-align:left;\"><b>Endstand<\/b>\n<\/th>\n<th style=\"text-align:left;\">8:0 (3:0)\n<\/th>\n<\/tr>\n<tr>\n<th style=\"text-align:left;\"><b>Torsch\u00fctzen<\/b>\n<\/th>\n<th style=\"text-align:left;\">Soriano (10.), Berisha (15.), Bruno (39.), Minamino (58.), Sabitzer (61.), Ulmer (69.), Djuricin (83., 84.)\n<\/th>\n<\/tr>\n<tr>\n<th style=\"text-align:left;\"><b>Gelbe Karten<\/b>\n<\/th>\n<th style=\"text-align:left;\">1 f\u00fcr Innsbruck\n<\/th>\n<\/tr>\n<tr>\n<th style=\"text-align:left;\"><b>Rote Karten<\/b>\n<\/th>\n<th style=\"text-align:left;\">\n<\/th>\n<\/tr>\n<tr>\n<th style=\"text-align:left;\"><b>Schiedsrichter<\/b>\n<\/th>\n<th style=\"text-align:left;\">Christopher J\u00e4ger\n<\/th>\n<\/tr>\n<tr>\n<th style=\"text-align:left;\"><b>Stadion<\/b>\n<\/th>\n<th style=\"text-align:left;\">Akademie Liefering\n<\/th>\n<\/tr>\n<tr>\n<th style=\"text-align:left;\"><b>Zuschauer<\/b>\n<\/th>\n<th style=\"text-align:left;\">450\n<\/th>\n<\/tr>\n<\/tbody>\n<\/table>\n<h2><span class=\"mw-headline\" id=\"Sonstiges\">Sonstiges<\/span><a href=\"\/index.php?title=FC_Red_Bull_Salzburg_gegen_FC_Wacker_Innsbruck&amp;action=edit&amp;section=2\" title=\"Abschnitt bearbeiten: Sonstiges\">Bearbeiten<\/a><span class=\"mw-editsection-bracket\">]<\/span><\/span><\/h2>\n<p>Bei den Roten Bullen feierten heute <a href=\"\/Rodnei\" title=\"Rodnei\">Rodnei<\/a> und <a href=\"\/Valon_Berisha\" title=\"Valon Berisha\">Valon Berisha<\/a> nach langer Verletzungspause ein Comeback. Erstmals f\u00fcr Red Bull Salzburg im Einsatz waren die Kader-Neulinge <a href=\"\/Felipe_Pires\" title=\"Felipe Pires\">Felipe Pires<\/a>, <a href=\"\/David_Atanga\" title=\"David Atanga\">David Atanga<\/a>, <a href=\"\/Takumi_Minamino\" title=\"Takumi Minamino\">Takumi Minamino<\/a> und <a href=\"\/Marco_Djuricin\" title=\"Marco Djuricin\">Marco Djuricin<\/a>.\n<\/p>\n<h2><span class=\"mw-headline\" id=\"Bilder\">Bilder<\/span><a href=\"\/index.php?title=FC_Red_Bull_Salzburg_gegen_FC_Wacker_Innsbruck&amp;action=edit&amp;section=3\" title=\"Abschnitt bearbeiten: Bilder\">Bearbeiten<\/a><span class=\"mw-editsection-bracket\">]<\/span><\/span><\/h2>\n<p><img alt=\"\" src=\"\/images\/thumb\/4\/4a\/Commons-logo.svg\/langde-20px-Commons-logo.svg.png%3Futm_source%3Dcommons.wikimedia.org%26utm_campaign%3Dimageinfo%26utm_content%3Dthumbnail\" decoding=\"async\" title=\"Commons\" width=\"12\" height=\"16\" srcset=\"\/images\/thumb\/4\/4a\/Commons-logo.svg\/langde-40px-Commons-logo.svg.png%3Futm_source%3Dcommons.wikimedia.org%26utm_campaign%3Dimageinfo%26utm_content%3Dthumbnail 2x\" \/>&#160;<b><a href=\"http:\/\/commons.wikimedia.org\/wiki\/Category:Testspiel_FC_Red_Bull_Salzburg_gegen_FC_Wacker_Innsbruck\" class=\"extiw\" title=\"commons:Category:Testspiel FC Red Bull Salzburg gegen FC Wacker Innsbruck\">FC Red Bull Salzburg gegen FC Wacker Innsbruck<\/a><\/b>&#160;\u2013 Sammlung von Bildern, Videos und Audiodateien auf <a href=\"\/Wikimedia_Commons\" title=\"Wikimedia Commons\">Wikimedia Commons<\/a>\n<\/p>\n<h2><span class=\"mw-headline\" id=\"Weblinks\">Weblinks<\/span><a href=\"\/index.php?title=FC_Red_Bull_Salzburg_gegen_FC_Wacker_Innsbruck&amp;action=edit&amp;section=4\" title=\"Abschnitt bearbeiten: Weblinks\">Bearbeiten<\/a><span class=\"mw-editsection-bracket\">]<\/span><\/span><\/h2>\n<ul>\n<li><a rel=\"nofollow\" class=\"external text\" href=\"http:\/\/www.redbulls.com\/de\/fc-red-bull-salzburg\/news\/saison_2014_15\/rote-bullen-fertigen-innsbruck-8-0-ab.html\">Spielbericht Vereinshomepage<\/a><\/li>\n<\/ul>\n<h2><span class=\"mw-headline\" id=\"Stimmen_zum_Spiel\">Stimmen zum Spiel<\/span><a href=\"\/index.php?title=FC_Red_Bull_Salzburg_gegen_FC_Wacker_Innsbruck&amp;action=edit&amp;section=5\" title=\"Abschnitt bearbeiten: Stimmen zum Spiel\">Bearbeiten<\/a><span class=\"mw-editsection-bracket\">]<\/span><\/span><\/h2>\n<p><b>Adi H\u00fctter:<\/b> &#8222;Ich bin mit der Vorstellung meiner Mannschaft sehr zufrieden. Vor allem deshalb, weil wir sehr viel, was wir im Training ge\u00fcbt haben, schon umgesetzt haben. Beide Bl\u00f6cke haben ihre Aufgabe sehr gut gel\u00f6st. 8:0 gegen Innsbruck zu gewinnen, ist sehr positiv. Aber auch die Vorstellungen der Neuen und des lange verletzt gewesenen Berisha waren ansprechend.&#8220;\n<\/p>\n<p><b>Marco Djuricin<\/b>: &#8222;Wir haben das als Mannschaft heute sehr gut gemacht. Mir pers\u00f6nlich hat das erste Spiel f\u00fcr meinen neuen Verein sehr viel Spa\u00df gemacht. Die zwei Tore tun nat\u00fcrlich sehr gut und unterstreichen das. Das neue Spielsystem mit dem Pressing ist noch ungewohnt f\u00fcr mich. Aber da ist ja in der Vorbereitung noch gen\u00fcgend Zeit, um das zu optimieren.&#8220;\n<\/p>\n<p><b>Valon Berisha:<\/b> &#8222;Es war wirklich geil, mit den Jungs wieder am Platz stehen zu d\u00fcrfen. Auch wenn ich konditionell noch ein wenig aufholen muss, war das heute schon sehr gut. Ich f\u00fchle mich nach der langen Pause schon wieder sehr wohl. Es hat schon vieles sehr gut geklappt.&#8220;\n<\/p>\n<\/div>\n","protected":false},"excerpt":{"rendered":"<p>FaktenBearbeiten] FC Red Bull Salzburg gegen FC Wacker Innsbruck, 8:0 Spieltag Testspiel Datum 17. J\u00e4nner 2015 Anpfiff 14 Uhr Aufstellung Tor Peter Gulacsi Verteidigung Christian Schwegler Duje Caleta-Car Martin Hinteregger Benno Schmitz Mittelfeld Stefan Ilsanker David Atanga Massimo Bruno Felipe Pires Sturm Jonatan Soriano Valon Berisha Wechsel Wechsel Alexander Walke f\u00fcr Gulacsi (46.), Peter Ankersen [&hellip;]<\/p>\n","protected":false},"author":1,"featured_media":0,"parent":0,"menu_order":0,"comment_status":"closed","ping_status":"closed","template":"","meta":{"footnotes":""},"class_list":["post-4157","page","type-page","status-publish","hentry"],"_links":{"self":[{"href":"https:\/\/wiki.s12.at\/index.php\/wp-json\/wp\/v2\/pages\/4157","targetHints":{"allow":["GET"]}}],"collection":[{"href":"https:\/\/wiki.s12.at\/index.php\/wp-json\/wp\/v2\/pages"}],"about":[{"href":"https:\/\/wiki.s12.at\/index.php\/wp-json\/wp\/v2\/types\/page"}],"author":[{"embeddable":true,"href":"https:\/\/wiki.s12.at\/index.php\/wp-json\/wp\/v2\/users\/1"}],"replies":[{"embeddable":true,"href":"https:\/\/wiki.s12.at\/index.php\/wp-json\/wp\/v2\/comments?post=4157"}],"version-history":[{"count":0,"href":"https:\/\/wiki.s12.at\/index.php\/wp-json\/wp\/v2\/pages\/4157\/revisions"}],"wp:attachment":[{"href":"https:\/\/wiki.s12.at\/index.php\/wp-json\/wp\/v2\/media?parent=4157"}],"curies":[{"name":"wp","href":"https:\/\/api.w.org\/{rel}","templated":true}]}}

<div class="mw-parser-output">
<h2><span class="mw-headline" id="Fakten">Fakten</span><a href="/index.php?title=FC_Red_Bull_Salzburg_gegen_FC_Wacker_Innsbruck&amp;action=edit&amp;section=1" title="Abschnitt bearbeiten: Fakten">Bearbeiten</a><span class="mw-editsection-bracket">]</span></span></h2>
<table class="toptextcells toccolours">
<tbody>
<tr>
<th colspan="2" style="text-align: center; vertical-align: top; padding: 0.3em 0.8em; font-size: 125%; background-color: lightsteelblue;">FC Red Bull Salzburg gegen FC Wacker Innsbruck, 8:0
</th>
</tr>
<tr>
<th style="text-align:left;"><b>Spieltag</b>
</th>
<th style="text-align:left;">Testspiel
</th>
</tr>
<tr>
<th style="text-align:left;"><b>Datum</b>
</th>
<th style="text-align:left;">17. Jänner 2015
</th>
</tr>
<tr>
<th style="text-align:left;"><b>Anpfiff</b>
</th>
<th style="text-align:left;">14 Uhr
</th>
</tr>
<tr>
<td colspan="2" style="text-align:center;" bgcolor="lightgray"><b>Aufstellung</b>
</td>
</tr>
<tr>
<th style="text-align:left;"><b>Tor</b>
</th>
<th><a href="/Peter_Gulacsi" class="mw-redirect" title="Peter Gulacsi">Peter Gulacsi</a>
</th>
</tr>
<tr>
<th style="text-align:left;"><b>Verteidigung</b>
</th>
<th><a href="/Christian_Schwegler" title="Christian Schwegler">Christian Schwegler</a> <a href="/Duje_Caleta-Car" title="Duje Caleta-Car">Duje Caleta-Car</a> <a href="/Martin_Hinteregger" title="Martin Hinteregger">Martin Hinteregger</a> <a href="/Benno_Schmitz" title="Benno Schmitz">Benno Schmitz</a>
</th>
</tr>
<tr>
<th style="text-align:left;"><b>Mittelfeld</b>
</th>
<th><a href="/Stefan_Ilsanker" title="Stefan Ilsanker">Stefan Ilsanker</a> <a href="/David_Atanga" title="David Atanga">David Atanga</a> <a href="/Massimo_Bruno" title="Massimo Bruno">Massimo Bruno</a> <a href="/Felipe_Pires" title="Felipe Pires">Felipe Pires</a>
</th>
</tr>
<tr>
<th style="text-align:left;"><b>Sturm</b>
</th>
<th><a href="/Jonatan_Soriano" title="Jonatan Soriano">Jonatan Soriano</a>  <a href="/Valon_Berisha" title="Valon Berisha">Valon Berisha</a>
</th>
</tr>
<tr>
<td colspan="2" style="text-align:center;" bgcolor="lightgray"><b>Wechsel</b>
</td>
</tr>
<tr>
<th style="text-align:left;"><b>Wechsel</b>
</th>
<th style="text-align:left;"><a href="/Alexander_Walke" title="Alexander Walke">Alexander Walke</a> für Gulacsi (46.), <a href="/Peter_Ankersen" title="Peter Ankersen">Peter Ankersen</a> für Schwegler (46.), <a href="/Andre_Ramalho" class="mw-redirect" title="Andre Ramalho">Andre Ramalho</a> für Caleta-Car (46.),<br /> <a href="/Rodnei" title="Rodnei">Rodnei</a> für Hinteregger (46.), <a href="/Andreas_Ulmer" title="Andreas Ulmer">Andreas Ulmer</a> für Schmitz (46.), <br /><a href="/Konrad_Laimer" title="Konrad Laimer">Konrad Laimer</a> für Ilsanker (46.), <a href="/Christoph_Leitgeb" title="Christoph Leitgeb">Christoph Leitgeb</a> für Atanga (46.), <a href="/Takumi_Minamino" title="Takumi Minamino">Takumi Minamino</a> für Bruno (46.),<br /> <a href="/Marcel_Sabitzer" title="Marcel Sabitzer">Marcel Sabitzer</a> für Soriano (46.), <a href="/Marco_Djuricin" title="Marco Djuricin">Marco Djuricin</a> für Berisha (46.)
</th>
</tr>
<tr>
<td colspan="2" style="text-align:center;" bgcolor="lightgray"><b>Statistik</b>
</td>
</tr>
<tr>
<th style="text-align:left;"><b>Endstand</b>
</th>
<th style="text-align:left;">8:0 (3:0)
</th>
</tr>
<tr>
<th style="text-align:left;"><b>Torschützen</b>
</th>
<th style="text-align:left;">Soriano (10.), Berisha (15.), Bruno (39.), Minamino (58.), Sabitzer (61.), Ulmer (69.), Djuricin (83., 84.)
</th>
</tr>
<tr>
<th style="text-align:left;"><b>Gelbe Karten</b>
</th>
<th style="text-align:left;">1 für Innsbruck
</th>
</tr>
<tr>
<th style="text-align:left;"><b>Rote Karten</b>
</th>
<th style="text-align:left;">
</th>
</tr>
<tr>
<th style="text-align:left;"><b>Schiedsrichter</b>
</th>
<th style="text-align:left;">Christopher Jäger
</th>
</tr>
<tr>
<th style="text-align:left;"><b>Stadion</b>
</th>
<th style="text-align:left;">Akademie Liefering
</th>
</tr>
<tr>
<th style="text-align:left;"><b>Zuschauer</b>
</th>
<th style="text-align:left;">450
</th>
</tr>
</tbody>
</table>
<h2><span class="mw-headline" id="Sonstiges">Sonstiges</span><a href="/index.php?title=FC_Red_Bull_Salzburg_gegen_FC_Wacker_Innsbruck&amp;action=edit&amp;section=2" title="Abschnitt bearbeiten: Sonstiges">Bearbeiten</a><span class="mw-editsection-bracket">]</span></span></h2>
<p>Bei den Roten Bullen feierten heute <a href="/Rodnei" title="Rodnei">Rodnei</a> und <a href="/Valon_Berisha" title="Valon Berisha">Valon Berisha</a> nach langer Verletzungspause ein Comeback. Erstmals für Red Bull Salzburg im Einsatz waren die Kader-Neulinge <a href="/Felipe_Pires" title="Felipe Pires">Felipe Pires</a>, <a href="/David_Atanga" title="David Atanga">David Atanga</a>, <a href="/Takumi_Minamino" title="Takumi Minamino">Takumi Minamino</a> und <a href="/Marco_Djuricin" title="Marco Djuricin">Marco Djuricin</a>.
</p>
<h2><span class="mw-headline" id="Bilder">Bilder</span><a href="/index.php?title=FC_Red_Bull_Salzburg_gegen_FC_Wacker_Innsbruck&amp;action=edit&amp;section=3" title="Abschnitt bearbeiten: Bilder">Bearbeiten</a><span class="mw-editsection-bracket">]</span></span></h2>
<p><img alt="" src="/images/thumb/4/4a/Commons-logo.svg/langde-20px-Commons-logo.svg.png%3Futm_source%3Dcommons.wikimedia.org%26utm_campaign%3Dimageinfo%26utm_content%3Dthumbnail" decoding="async" title="Commons" width="12" height="16" srcset="/images/thumb/4/4a/Commons-logo.svg/langde-40px-Commons-logo.svg.png%3Futm_source%3Dcommons.wikimedia.org%26utm_campaign%3Dimageinfo%26utm_content%3Dthumbnail 2x" />&#160;<b><a href="http://commons.wikimedia.org/wiki/Category:Testspiel_FC_Red_Bull_Salzburg_gegen_FC_Wacker_Innsbruck" class="extiw" title="commons:Category:Testspiel FC Red Bull Salzburg gegen FC Wacker Innsbruck">FC Red Bull Salzburg gegen FC Wacker Innsbruck</a></b>&#160;– Sammlung von Bildern, Videos und Audiodateien auf <a href="/Wikimedia_Commons" title="Wikimedia Commons">Wikimedia Commons</a>
</p>
<h2><span class="mw-headline" id="Weblinks">Weblinks</span><a href="/index.php?title=FC_Red_Bull_Salzburg_gegen_FC_Wacker_Innsbruck&amp;action=edit&amp;section=4" title="Abschnitt bearbeiten: Weblinks">Bearbeiten</a><span class="mw-editsection-bracket">]</span></span></h2>
<ul>
<li><a rel="nofollow" class="external text" href="http://www.redbulls.com/de/fc-red-bull-salzburg/news/saison_2014_15/rote-bullen-fertigen-innsbruck-8-0-ab.html">Spielbericht Vereinshomepage</a></li>
</ul>
<h2><span class="mw-headline" id="Stimmen_zum_Spiel">Stimmen zum Spiel</span><a href="/index.php?title=FC_Red_Bull_Salzburg_gegen_FC_Wacker_Innsbruck&amp;action=edit&amp;section=5" title="Abschnitt bearbeiten: Stimmen zum Spiel">Bearbeiten</a><span class="mw-editsection-bracket">]</span></span></h2>
<p><b>Adi Hütter:</b> &#8222;Ich bin mit der Vorstellung meiner Mannschaft sehr zufrieden. Vor allem deshalb, weil wir sehr viel, was wir im Training geübt haben, schon umgesetzt haben. Beide Blöcke haben ihre Aufgabe sehr gut gelöst. 8:0 gegen Innsbruck zu gewinnen, ist sehr positiv. Aber auch die Vorstellungen der Neuen und des lange verletzt gewesenen Berisha waren ansprechend.&#8220;
</p>
<p><b>Marco Djuricin</b>: &#8222;Wir haben das als Mannschaft heute sehr gut gemacht. Mir persönlich hat das erste Spiel für meinen neuen Verein sehr viel Spaß gemacht. Die zwei Tore tun natürlich sehr gut und unterstreichen das. Das neue Spielsystem mit dem Pressing ist noch ungewohnt für mich. Aber da ist ja in der Vorbereitung noch genügend Zeit, um das zu optimieren.&#8220;
</p>
<p><b>Valon Berisha:</b> &#8222;Es war wirklich geil, mit den Jungs wieder am Platz stehen zu dürfen. Auch wenn ich konditionell noch ein wenig aufholen muss, war das heute schon sehr gut. Ich fühle mich nach der langen Pause schon wieder sehr wohl. Es hat schon vieles sehr gut geklappt.&#8220;
</p>
</div>

<p>FaktenBearbeiten] FC Red Bull Salzburg gegen FC Wacker Innsbruck, 8:0 Spieltag Testspiel Datum 17. Jänner 2015 Anpfiff 14 Uhr Aufstellung Tor Peter Gulacsi Verteidigung Christian Schwegler Duje Caleta-Car Martin Hinteregger Benno Schmitz Mittelfeld Stefan Ilsanker David Atanga Massimo Bruno Felipe Pires Sturm Jonatan Soriano Valon Berisha Wechsel Wechsel Alexander Walke für Gulacsi (46.), Peter Ankersen [&hellip;]</p>
