{"id":4148,"date":"2026-05-06T15:31:56","date_gmt":"2026-05-06T13:31:56","guid":{"rendered":"https:\/\/wiki.s12.at\/index.php\/fc-red-bull-salzburg-gegen-fc-metz\/"},"modified":"2026-05-06T15:31:56","modified_gmt":"2026-05-06T13:31:56","slug":"fc-red-bull-salzburg-gegen-fc-metz","status":"publish","type":"page","link":"https:\/\/wiki.s12.at\/index.php\/fc-red-bull-salzburg-gegen-fc-metz\/","title":{"rendered":"FC Red Bull Salzburg gegen FC Metz"},"content":{"rendered":"<div class=\"mw-parser-output\">\n<h3><span class=\"mw-headline\" id=\"Fakten\">Fakten<\/span><a href=\"\/index.php?title=FC_Red_Bull_Salzburg_gegen_FC_Metz&amp;action=edit&amp;section=1\" title=\"Abschnitt bearbeiten: Fakten\">Bearbeiten<\/a><span class=\"mw-editsection-bracket\">]<\/span><\/span><\/h3>\n<p><b>Testspiel, 7. Juli 2013<\/b><br \/>\n\n<\/p>\n<table class=\"wikitable\">\n<caption><big> <b>FC Red Bull Salzburg gegen FC Metz, 3:0<\/b><\/big><br \/>\n<\/caption>\n<tbody>\n<tr>\n<td>Aufstellung:<\/td>\n<td><a href=\"\/Alexander_Walke\" title=\"Alexander Walke\">Alexander Walke<\/a>\n<\/td>\n<\/tr>\n<tr>\n<td><\/td>\n<td><a href=\"\/Christian_Schwegler\" title=\"Christian Schwegler\">Christian Schwegler<\/a> <a href=\"\/Martin_Hinteregger\" title=\"Martin Hinteregger\">Martin Hinteregger<\/a> <a href=\"\/Andre_Ramalho\" class=\"mw-redirect\" title=\"Andre Ramalho\">Andre Ramalho<\/a> <a href=\"\/Andreas_Ulmer\" title=\"Andreas Ulmer\">Andreas Ulmer<\/a>\n<\/td>\n<\/tr>\n<tr>\n<td><\/td>\n<td><a href=\"\/Sadio_Man%C3%A9\" title=\"Sadio Man\u00e9\">Sadio Man\u00e9<\/a> <a href=\"\/Stefan_Ilsanker\" title=\"Stefan Ilsanker\">Stefan Ilsanker<\/a> <a href=\"\/Yordy_Reyna\" title=\"Yordy Reyna\">Yordy Reyna<\/a> <a href=\"\/Kevin_Kampl\" title=\"Kevin Kampl\">Kevin Kampl<\/a>\n<\/td>\n<\/tr>\n<tr>\n<td><\/td>\n<td><a href=\"\/Jonathan_Soriano\" class=\"mw-redirect\" title=\"Jonathan Soriano\">Jonathan Soriano<\/a> <a href=\"\/Alan\" title=\"Alan\">Alan<\/a>\n<\/td>\n<\/tr>\n<tr>\n<td>Wechsel:<\/td>\n<td><a href=\"\/Florian_Klein\" title=\"Florian Klein\">Florian Klein<\/a> f\u00fcr Ulmer (46.), <a href=\"\/Georg_Teigl\" title=\"Georg Teigl\">Georg Teigl<\/a> f\u00fcr Schwegler (46.), <a href=\"\/Valon_Berisha\" title=\"Valon Berisha\">Valon Berisha<\/a> f\u00fcr llsanker (46.) <a href=\"\/Jakob_Jantscher\" title=\"Jakob Jantscher\">Jakob Jantscher<\/a> f\u00fcr Alan (46.), <a href=\"\/Marco_Meilinger\" title=\"Marco Meilinger\">Marco Meilinger<\/a> f\u00fcr Soriano (46.), <a href=\"\/Christoph_Leitgeb\" title=\"Christoph Leitgeb\">Christoph Leitgeb<\/a> f\u00fcr Kampl (46.), Atanga f\u00fcr Reyna (87.), Dwamena f\u00fcr Mane (87.). Gastspieler aus der Akademie Ghana)\n<\/td>\n<\/tr>\n<tr>\n<td>Endstand:<\/td>\n<td>3:0 (0:0)\n<\/td>\n<\/tr>\n<tr>\n<td>Torsch\u00fctzen:<\/td>\n<td>Jantscher (65., 74.), Berisha (80.)\n<\/td>\n<\/tr>\n<tr>\n<td>Gelbe Karten:<\/td>\n<td>Reyna (41.);&#160;?\n<\/td>\n<\/tr>\n<tr>\n<td>Gelb-rote Karten:<\/td>\n<td>\n<\/td>\n<\/tr>\n<tr>\n<td>Rote Karten:<\/td>\n<td>eine f\u00fcr FC Matz\n<\/td>\n<\/tr>\n<tr>\n<td>Schiedsrichter:<\/td>\n<td>\n<\/td>\n<\/tr>\n<tr>\n<td>Stadion:<\/td>\n<td>Sportanlage Eugendorf\n<\/td>\n<\/tr>\n<tr>\n<td>Zuschauer:<\/td>\n<td>600\n<\/td>\n<\/tr>\n<\/tbody>\n<\/table>\n<h2><span class=\"mw-headline\" id=\"Stimmen_zum_Spiel\">Stimmen zum Spiel<\/span><a href=\"\/index.php?title=FC_Red_Bull_Salzburg_gegen_FC_Metz&amp;action=edit&amp;section=2\" title=\"Abschnitt bearbeiten: Stimmen zum Spiel\">Bearbeiten<\/a><span class=\"mw-editsection-bracket\">]<\/span><\/span><\/h2>\n<p><b>Roger Schmidt:<\/b> \u201eIch h\u00e4tte mir gew\u00fcnscht, dass wir die harte Gangart der Franzosen bereits in der ersten Halbzeit mit dem einen oder anderen Tor bestrafen. Das ist uns dann aber in der zweiten Spielh\u00e4lfte gut gelungen. Insgesamt bin ich mit dem Spiel meiner Mannschaft zufrieden, wir haben eine sehr gute Leistung gezeigt.\u201c\n<\/p>\n<p><b>Alexander Walke:<\/b> \u201eZum Gl\u00fcck hat der Schiri fr\u00fchzeitig durchgegriffen. Insgesamt haben wir das Spiel nicht nur aufgrund der numerischen \u00dcberlegenheit kontrolliert und konnten, trotz der Wechsel zur Pause, das Niveau hochhalten.\u201c\n<\/p>\n<h2><span class=\"mw-headline\" id=\"Bilder\">Bilder<\/span><a href=\"\/index.php?title=FC_Red_Bull_Salzburg_gegen_FC_Metz&amp;action=edit&amp;section=3\" title=\"Abschnitt bearbeiten: Bilder\">Bearbeiten<\/a><span class=\"mw-editsection-bracket\">]<\/span><\/span><\/h2>\n<p><img alt=\"\" src=\"\/images\/thumb\/4\/4a\/Commons-logo.svg\/langde-20px-Commons-logo.svg.png%3Futm_source%3Dcommons.wikimedia.org%26utm_campaign%3Dimageinfo%26utm_content%3Dthumbnail\" decoding=\"async\" title=\"Commons\" width=\"12\" height=\"16\" srcset=\"\/images\/thumb\/4\/4a\/Commons-logo.svg\/langde-40px-Commons-logo.svg.png%3Futm_source%3Dcommons.wikimedia.org%26utm_campaign%3Dimageinfo%26utm_content%3Dthumbnail 2x\" \/>&#160;<b><a href=\"http:\/\/commons.wikimedia.org\/wiki\/Category:Testspiel_gegen_FC_Metz\" class=\"extiw\" title=\"commons:Category:Testspiel gegen FC Metz\">FC Red Bull Salzburg gegen FC Metz<\/a><\/b>&#160;\u2013 Sammlung von Bildern, Videos und Audiodateien auf <a href=\"\/Wikimedia_Commons\" title=\"Wikimedia Commons\">Wikimedia Commons<\/a>\n<\/p>\n<\/div>\n","protected":false},"excerpt":{"rendered":"<p>FaktenBearbeiten] Testspiel, 7. Juli 2013 FC Red Bull Salzburg gegen FC Metz, 3:0 Aufstellung: Alexander Walke Christian Schwegler Martin Hinteregger Andre Ramalho Andreas Ulmer Sadio Man\u00e9 Stefan Ilsanker Yordy Reyna Kevin Kampl Jonathan Soriano Alan Wechsel: Florian Klein f\u00fcr Ulmer (46.), Georg Teigl f\u00fcr Schwegler (46.), Valon Berisha f\u00fcr llsanker (46.) Jakob Jantscher f\u00fcr Alan [&hellip;]<\/p>\n","protected":false},"author":1,"featured_media":0,"parent":0,"menu_order":0,"comment_status":"closed","ping_status":"closed","template":"","meta":{"footnotes":""},"class_list":["post-4148","page","type-page","status-publish","hentry"],"_links":{"self":[{"href":"https:\/\/wiki.s12.at\/index.php\/wp-json\/wp\/v2\/pages\/4148","targetHints":{"allow":["GET"]}}],"collection":[{"href":"https:\/\/wiki.s12.at\/index.php\/wp-json\/wp\/v2\/pages"}],"about":[{"href":"https:\/\/wiki.s12.at\/index.php\/wp-json\/wp\/v2\/types\/page"}],"author":[{"embeddable":true,"href":"https:\/\/wiki.s12.at\/index.php\/wp-json\/wp\/v2\/users\/1"}],"replies":[{"embeddable":true,"href":"https:\/\/wiki.s12.at\/index.php\/wp-json\/wp\/v2\/comments?post=4148"}],"version-history":[{"count":0,"href":"https:\/\/wiki.s12.at\/index.php\/wp-json\/wp\/v2\/pages\/4148\/revisions"}],"wp:attachment":[{"href":"https:\/\/wiki.s12.at\/index.php\/wp-json\/wp\/v2\/media?parent=4148"}],"curies":[{"name":"wp","href":"https:\/\/api.w.org\/{rel}","templated":true}]}}

<div class="mw-parser-output">
<h3><span class="mw-headline" id="Fakten">Fakten</span><a href="/index.php?title=FC_Red_Bull_Salzburg_gegen_FC_Metz&amp;action=edit&amp;section=1" title="Abschnitt bearbeiten: Fakten">Bearbeiten</a><span class="mw-editsection-bracket">]</span></span></h3>
<p><b>Testspiel, 7. Juli 2013</b><br />

</p>
<table class="wikitable">
<caption><big> <b>FC Red Bull Salzburg gegen FC Metz, 3:0</b></big><br />
</caption>
<tbody>
<tr>
<td>Aufstellung:</td>
<td><a href="/Alexander_Walke" title="Alexander Walke">Alexander Walke</a>
</td>
</tr>
<tr>
<td></td>
<td><a href="/Christian_Schwegler" title="Christian Schwegler">Christian Schwegler</a> <a href="/Martin_Hinteregger" title="Martin Hinteregger">Martin Hinteregger</a> <a href="/Andre_Ramalho" class="mw-redirect" title="Andre Ramalho">Andre Ramalho</a> <a href="/Andreas_Ulmer" title="Andreas Ulmer">Andreas Ulmer</a>
</td>
</tr>
<tr>
<td></td>
<td><a href="/Sadio_Man%C3%A9" title="Sadio Mané">Sadio Mané</a> <a href="/Stefan_Ilsanker" title="Stefan Ilsanker">Stefan Ilsanker</a> <a href="/Yordy_Reyna" title="Yordy Reyna">Yordy Reyna</a> <a href="/Kevin_Kampl" title="Kevin Kampl">Kevin Kampl</a>
</td>
</tr>
<tr>
<td></td>
<td><a href="/Jonathan_Soriano" class="mw-redirect" title="Jonathan Soriano">Jonathan Soriano</a> <a href="/Alan" title="Alan">Alan</a>
</td>
</tr>
<tr>
<td>Wechsel:</td>
<td><a href="/Florian_Klein" title="Florian Klein">Florian Klein</a> für Ulmer (46.), <a href="/Georg_Teigl" title="Georg Teigl">Georg Teigl</a> für Schwegler (46.), <a href="/Valon_Berisha" title="Valon Berisha">Valon Berisha</a> für llsanker (46.) <a href="/Jakob_Jantscher" title="Jakob Jantscher">Jakob Jantscher</a> für Alan (46.), <a href="/Marco_Meilinger" title="Marco Meilinger">Marco Meilinger</a> für Soriano (46.), <a href="/Christoph_Leitgeb" title="Christoph Leitgeb">Christoph Leitgeb</a> für Kampl (46.), Atanga für Reyna (87.), Dwamena für Mane (87.). Gastspieler aus der Akademie Ghana)
</td>
</tr>
<tr>
<td>Endstand:</td>
<td>3:0 (0:0)
</td>
</tr>
<tr>
<td>Torschützen:</td>
<td>Jantscher (65., 74.), Berisha (80.)
</td>
</tr>
<tr>
<td>Gelbe Karten:</td>
<td>Reyna (41.);&#160;?
</td>
</tr>
<tr>
<td>Gelb-rote Karten:</td>
<td>
</td>
</tr>
<tr>
<td>Rote Karten:</td>
<td>eine für FC Matz
</td>
</tr>
<tr>
<td>Schiedsrichter:</td>
<td>
</td>
</tr>
<tr>
<td>Stadion:</td>
<td>Sportanlage Eugendorf
</td>
</tr>
<tr>
<td>Zuschauer:</td>
<td>600
</td>
</tr>
</tbody>
</table>
<h2><span class="mw-headline" id="Stimmen_zum_Spiel">Stimmen zum Spiel</span><a href="/index.php?title=FC_Red_Bull_Salzburg_gegen_FC_Metz&amp;action=edit&amp;section=2" title="Abschnitt bearbeiten: Stimmen zum Spiel">Bearbeiten</a><span class="mw-editsection-bracket">]</span></span></h2>
<p><b>Roger Schmidt:</b> „Ich hätte mir gewünscht, dass wir die harte Gangart der Franzosen bereits in der ersten Halbzeit mit dem einen oder anderen Tor bestrafen. Das ist uns dann aber in der zweiten Spielhälfte gut gelungen. Insgesamt bin ich mit dem Spiel meiner Mannschaft zufrieden, wir haben eine sehr gute Leistung gezeigt.“
</p>
<p><b>Alexander Walke:</b> „Zum Glück hat der Schiri frühzeitig durchgegriffen. Insgesamt haben wir das Spiel nicht nur aufgrund der numerischen Überlegenheit kontrolliert und konnten, trotz der Wechsel zur Pause, das Niveau hochhalten.“
</p>
<h2><span class="mw-headline" id="Bilder">Bilder</span><a href="/index.php?title=FC_Red_Bull_Salzburg_gegen_FC_Metz&amp;action=edit&amp;section=3" title="Abschnitt bearbeiten: Bilder">Bearbeiten</a><span class="mw-editsection-bracket">]</span></span></h2>
<p><img alt="" src="/images/thumb/4/4a/Commons-logo.svg/langde-20px-Commons-logo.svg.png%3Futm_source%3Dcommons.wikimedia.org%26utm_campaign%3Dimageinfo%26utm_content%3Dthumbnail" decoding="async" title="Commons" width="12" height="16" srcset="/images/thumb/4/4a/Commons-logo.svg/langde-40px-Commons-logo.svg.png%3Futm_source%3Dcommons.wikimedia.org%26utm_campaign%3Dimageinfo%26utm_content%3Dthumbnail 2x" />&#160;<b><a href="http://commons.wikimedia.org/wiki/Category:Testspiel_gegen_FC_Metz" class="extiw" title="commons:Category:Testspiel gegen FC Metz">FC Red Bull Salzburg gegen FC Metz</a></b>&#160;– Sammlung von Bildern, Videos und Audiodateien auf <a href="/Wikimedia_Commons" title="Wikimedia Commons">Wikimedia Commons</a>
</p>
</div>

<p>FaktenBearbeiten] Testspiel, 7. Juli 2013 FC Red Bull Salzburg gegen FC Metz, 3:0 Aufstellung: Alexander Walke Christian Schwegler Martin Hinteregger Andre Ramalho Andreas Ulmer Sadio Mané Stefan Ilsanker Yordy Reyna Kevin Kampl Jonathan Soriano Alan Wechsel: Florian Klein für Ulmer (46.), Georg Teigl für Schwegler (46.), Valon Berisha für llsanker (46.) Jakob Jantscher für Alan [&hellip;]</p>
