{"id":4144,"date":"2026-05-06T15:30:57","date_gmt":"2026-05-06T13:30:57","guid":{"rendered":"https:\/\/wiki.s12.at\/index.php\/fc-red-bull-salzburg-gegen-derby-county\/"},"modified":"2026-05-06T15:30:57","modified_gmt":"2026-05-06T13:30:57","slug":"fc-red-bull-salzburg-gegen-derby-county","status":"publish","type":"page","link":"https:\/\/wiki.s12.at\/index.php\/fc-red-bull-salzburg-gegen-derby-county\/","title":{"rendered":"FC Red Bull Salzburg gegen Derby County"},"content":{"rendered":"<div class=\"mw-parser-output\">\n<table class=\"toptextcells toccolours\">\n<tbody>\n<tr>\n<th colspan=\"2\" style=\"text-align: center; vertical-align: top; padding: 0.3em 0.8em; font-size: 125%; background-color: lightsteelblue;\">FC Red Bull Salzburg gegen Derby County, 1:2\n<\/th>\n<\/tr>\n<tr>\n<th style=\"text-align:left;\"><b>Spieltag<\/b>\n<\/th>\n<th style=\"text-align:left;\">Testspiel\n<\/th>\n<\/tr>\n<tr>\n<th style=\"text-align:left;\"><b>Datum<\/b>\n<\/th>\n<th style=\"text-align:left;\">18. Juli 2025\n<\/th>\n<\/tr>\n<tr>\n<th style=\"text-align:left;\"><b>Anpfiff<\/b>\n<\/th>\n<th style=\"text-align:left;\">18 Uhr\n<\/th>\n<\/tr>\n<tr>\n<td colspan=\"2\" style=\"text-align:center;\" bgcolor=\"lightgray\"><b>Aufstellung<\/b>\n<\/td>\n<\/tr>\n<tr>\n<th style=\"text-align:left;\"><b>Tor<\/b>\n<\/th>\n<th><a href=\"\/Alexander_Schlager\" title=\"Alexander Schlager\">Alexander Schlager<\/a>\n<\/th>\n<\/tr>\n<tr>\n<th style=\"text-align:left;\"><b>Verteidigung<\/b>\n<\/th>\n<th><a href=\"\/Stefan_Lainer\" title=\"Stefan Lainer\">Stefan Lainer<\/a> &#8211;  <a href=\"\/Joane_Gadou\" title=\"Joane Gadou\">Joane Gadou <\/a> &#8211;  <a href=\"\/Jacob_Rasmussen\" title=\"Jacob Rasmussen\">Jacob Rasmussen<\/a>&#8211; <a href=\"\/Frans_Kr%C3%A4tzig\" title=\"Frans Kr\u00e4tzig\">Frans Kr\u00e4tzig<\/a>\n<\/th>\n<\/tr>\n<tr>\n<th style=\"text-align:left;\"><b>Mittelfeld<\/b>\n<\/th>\n<th><a href=\"\/Mads_Bidstrup\" title=\"Mads Bidstrup\">Mads Bidstrup <\/a> \u2013  <a href=\"\/Dorgeles_Nene\" class=\"mw-redirect\" title=\"Dorgeles Nene\">Dorgeles Nene<\/a>&#8211;  <a href=\"\/Maurits_Kjaergaard\" title=\"Maurits Kjaergaard\">Maurits Kjaergaard<\/a> &#8211; <a href=\"\/Oscar_Gloukh\" title=\"Oscar Gloukh\">Oscar Gloukh <\/a>\n<\/th>\n<\/tr>\n<tr>\n<th style=\"text-align:left;\"><b>Sturm<\/b>\n<\/th>\n<th><a href=\"\/Yorbe_Vertessen\" title=\"Yorbe Vertessen\">Yorbe Vertessen <\/a> &#8211; <a href=\"\/Petar_Ratkov\" title=\"Petar Ratkov\">Petar Ratkov<\/a>\n<\/th>\n<\/tr>\n<tr>\n<td colspan=\"2\" style=\"text-align:center;\" bgcolor=\"lightgray\"><b>Wechsel<\/b>\n<\/td>\n<\/tr>\n<tr>\n<th style=\"text-align:left;\"><b>Wechsel<\/b>\n<\/th>\n<th style=\"text-align:left;\"><a href=\"\/Edmund_Baidoo\" title=\"Edmund Baidoo\">Edmund Baidoo<\/a> f\u00fcr  Vertessen (32.) , <a href=\"\/Tim_Trummer\" title=\"Tim Trummer\">Tim Trummer<\/a> f\u00fcr Lainer (46.),<a href=\"\/Jannik_Schuster\" title=\"Jannik Schuster\">Jannik Schuster <\/a> f\u00fcr Gadou (46.) <br \/> <a href=\"\/John_Mellberg\" title=\"John Mellberg\">John Mellberg<\/a> f\u00fcr Gadou (46.), <a href=\"\/Lassina_Traore\" title=\"Lassina Traore\">Lassina Traore<\/a> f\u00fcr Kr\u00e4tzig (46.), <a href=\"\/Adam_Daghim\" title=\"Adam Daghim\">Adam Daghim<\/a> f\u00fcr Nene (46.) <br \/> <a href=\"\/Soumaila_Diabate\" title=\"Soumaila Diabate\">Soumaila Diabate<\/a> f\u00fcr Bidstrup (46.),  <a href=\"\/Mamady_Diambou\" title=\"Mamady Diambou\">Mamady Diambou <\/a> f\u00fcr Kjaergaard (46.), <a href=\"\/Sota_Kitano\" title=\"Sota Kitano\">Sota Kitano<\/a> f\u00fcr Gloukh (46.), <br \/> <a href=\"\/Kerim_Alajbegovic\" title=\"Kerim Alajbegovic\">Kerim Alajbegovic<\/a> f\u00fcr Baidoo (65.), <a href=\"\/Karim_Onisiwo\" title=\"Karim Onisiwo\">Karim Onisiwo<\/a> f\u00fcr Ratkov (46.), <a href=\"\/Enrique_Aguilar\" title=\"Enrique Aguilar\">Enrique Aguilar<\/a> f\u00fcr Traore (75.), <br \/><a href=\"\/Bobby_Clark\" title=\"Bobby Clark\">Bobby Clark<\/a> f\u00fcr Diambou (75.)\n<\/th>\n<\/tr>\n<tr>\n<td colspan=\"2\" style=\"text-align:center;\" bgcolor=\"lightgray\"><b>Statistik<\/b>\n<\/td>\n<\/tr>\n<tr>\n<th style=\"text-align:left;\"><b>Endstand<\/b>\n<\/th>\n<th style=\"text-align:left;\">1:2 (0:2)\n<\/th>\n<\/tr>\n<tr>\n<th style=\"text-align:left;\"><b>Torsch\u00fctzen<\/b>\n<\/th>\n<th style=\"text-align:left;\">Daghim (48.); Blackett-Taylor (27.), Jackson (41.)\n<\/th>\n<\/tr>\n<tr>\n<th style=\"text-align:left;\"><b>Gelbe Karten<\/b>\n<\/th>\n<th style=\"text-align:left;\">Diabate (73.)\n<\/th>\n<\/tr>\n<tr>\n<th style=\"text-align:left;\"><b>Rote Karten<\/b>\n<\/th>\n<th style=\"text-align:left;\">\n<\/th>\n<\/tr>\n<tr>\n<th style=\"text-align:left;\"><b>Schiedsrichter<\/b>\n<\/th>\n<th style=\"text-align:left;\">Marina Zechner\n<\/th>\n<\/tr>\n<tr>\n<th style=\"text-align:left;\"><b>Stadion<\/b>\n<\/th>\n<th style=\"text-align:left;\">SAK-Platz, Salzburg-Nonntal\n<\/th>\n<\/tr>\n<tr>\n<th style=\"text-align:left;\"><b>Zuschauer<\/b>\n<\/th>\n<th style=\"text-align:left;\">\n<\/th>\n<\/tr>\n<\/tbody>\n<\/table>\n<h2><span class=\"mw-headline\" id=\"Spielbericht\">Spielbericht<\/span><a href=\"\/index.php?title=FC_Red_Bull_Salzburg_gegen_Derby_County&amp;action=edit&amp;section=1\" title=\"Abschnitt bearbeiten: Spielbericht\">Bearbeiten<\/a><span class=\"mw-editsection-bracket\">]<\/span><\/span><\/h2>\n<p><a rel=\"nofollow\" class=\"external text\" href=\"https:\/\/www.redbullsalzburg.at\/de\/2025-2026\/spielplan\/testspiel-fc-red-bull-salzburg-vs-derby-county#spielbericht\">Spielbericht Vereinshomepage<\/a>\n<\/p>\n<h2><span class=\"mw-headline\" id=\"Stimmen_zum_Spiel\">Stimmen zum Spiel<\/span><a href=\"\/index.php?title=FC_Red_Bull_Salzburg_gegen_Derby_County&amp;action=edit&amp;section=2\" title=\"Abschnitt bearbeiten: Stimmen zum Spiel\">Bearbeiten<\/a><span class=\"mw-editsection-bracket\">]<\/span><\/span><\/h2>\n<p><b>Thomas Letsch:<\/b>  Nat\u00fcrlich h\u00e4tten wir uns im letzten Test, bevor es so richtig losgeht, einen Sieg gew\u00fcnscht. Mit der ersten Halbzeit k\u00f6nnen wir nicht zufrieden sein. Das war nicht gut von uns, das wissen auch alle Beteiligten. In der zweiten Halbzeit haben die jungen Kerle speziell in der Anfangsphase und ganz am Schluss dann ordentlich Gas gegeben. Da war insgesamt mehr Dynamik in der Begegnung. Es gibt auch heute wieder viele Erkenntnisse, darum geht es bei solchen Spielen ja auch.\n<\/p>\n<p><b>Tim Trummer:<\/b>Wir haben vor allem in der ersten Halbzeit nicht gut ins Spiel gefunden und insgesamt zu langsam agiert. Nach der Pause war es dann besser, wir hatten da ganz gute Phasen. Es war kein optimales Testspiel von uns, aber daraus m\u00fcssen wir lernen. Die Vorbereitung ist damit schon zu Ende, unser Fokus ist ab jetzt voll auf die Champions League-Qualifikation gerichtet.\n<\/p>\n<\/div>\n","protected":false},"excerpt":{"rendered":"<p>FC Red Bull Salzburg gegen Derby County, 1:2 Spieltag Testspiel Datum 18. Juli 2025 Anpfiff 18 Uhr Aufstellung Tor Alexander Schlager Verteidigung Stefan Lainer &#8211; Joane Gadou &#8211; Jacob Rasmussen&#8211; Frans Kr\u00e4tzig Mittelfeld Mads Bidstrup \u2013 Dorgeles Nene&#8211; Maurits Kjaergaard &#8211; Oscar Gloukh Sturm Yorbe Vertessen &#8211; Petar Ratkov Wechsel Wechsel Edmund Baidoo f\u00fcr Vertessen [&hellip;]<\/p>\n","protected":false},"author":1,"featured_media":0,"parent":0,"menu_order":0,"comment_status":"closed","ping_status":"closed","template":"","meta":{"footnotes":""},"class_list":["post-4144","page","type-page","status-publish","hentry"],"_links":{"self":[{"href":"https:\/\/wiki.s12.at\/index.php\/wp-json\/wp\/v2\/pages\/4144","targetHints":{"allow":["GET"]}}],"collection":[{"href":"https:\/\/wiki.s12.at\/index.php\/wp-json\/wp\/v2\/pages"}],"about":[{"href":"https:\/\/wiki.s12.at\/index.php\/wp-json\/wp\/v2\/types\/page"}],"author":[{"embeddable":true,"href":"https:\/\/wiki.s12.at\/index.php\/wp-json\/wp\/v2\/users\/1"}],"replies":[{"embeddable":true,"href":"https:\/\/wiki.s12.at\/index.php\/wp-json\/wp\/v2\/comments?post=4144"}],"version-history":[{"count":0,"href":"https:\/\/wiki.s12.at\/index.php\/wp-json\/wp\/v2\/pages\/4144\/revisions"}],"wp:attachment":[{"href":"https:\/\/wiki.s12.at\/index.php\/wp-json\/wp\/v2\/media?parent=4144"}],"curies":[{"name":"wp","href":"https:\/\/api.w.org\/{rel}","templated":true}]}}

<div class="mw-parser-output">
<table class="toptextcells toccolours">
<tbody>
<tr>
<th colspan="2" style="text-align: center; vertical-align: top; padding: 0.3em 0.8em; font-size: 125%; background-color: lightsteelblue;">FC Red Bull Salzburg gegen Derby County, 1:2
</th>
</tr>
<tr>
<th style="text-align:left;"><b>Spieltag</b>
</th>
<th style="text-align:left;">Testspiel
</th>
</tr>
<tr>
<th style="text-align:left;"><b>Datum</b>
</th>
<th style="text-align:left;">18. Juli 2025
</th>
</tr>
<tr>
<th style="text-align:left;"><b>Anpfiff</b>
</th>
<th style="text-align:left;">18 Uhr
</th>
</tr>
<tr>
<td colspan="2" style="text-align:center;" bgcolor="lightgray"><b>Aufstellung</b>
</td>
</tr>
<tr>
<th style="text-align:left;"><b>Tor</b>
</th>
<th><a href="/Alexander_Schlager" title="Alexander Schlager">Alexander Schlager</a>
</th>
</tr>
<tr>
<th style="text-align:left;"><b>Verteidigung</b>
</th>
<th><a href="/Stefan_Lainer" title="Stefan Lainer">Stefan Lainer</a> &#8211;  <a href="/Joane_Gadou" title="Joane Gadou">Joane Gadou </a> &#8211;  <a href="/Jacob_Rasmussen" title="Jacob Rasmussen">Jacob Rasmussen</a>&#8211; <a href="/Frans_Kr%C3%A4tzig" title="Frans Krätzig">Frans Krätzig</a>
</th>
</tr>
<tr>
<th style="text-align:left;"><b>Mittelfeld</b>
</th>
<th><a href="/Mads_Bidstrup" title="Mads Bidstrup">Mads Bidstrup </a> –  <a href="/Dorgeles_Nene" class="mw-redirect" title="Dorgeles Nene">Dorgeles Nene</a>&#8211;  <a href="/Maurits_Kjaergaard" title="Maurits Kjaergaard">Maurits Kjaergaard</a> &#8211; <a href="/Oscar_Gloukh" title="Oscar Gloukh">Oscar Gloukh </a>
</th>
</tr>
<tr>
<th style="text-align:left;"><b>Sturm</b>
</th>
<th><a href="/Yorbe_Vertessen" title="Yorbe Vertessen">Yorbe Vertessen </a> &#8211; <a href="/Petar_Ratkov" title="Petar Ratkov">Petar Ratkov</a>
</th>
</tr>
<tr>
<td colspan="2" style="text-align:center;" bgcolor="lightgray"><b>Wechsel</b>
</td>
</tr>
<tr>
<th style="text-align:left;"><b>Wechsel</b>
</th>
<th style="text-align:left;"><a href="/Edmund_Baidoo" title="Edmund Baidoo">Edmund Baidoo</a> für  Vertessen (32.) , <a href="/Tim_Trummer" title="Tim Trummer">Tim Trummer</a> für Lainer (46.),<a href="/Jannik_Schuster" title="Jannik Schuster">Jannik Schuster </a> für Gadou (46.) <br /> <a href="/John_Mellberg" title="John Mellberg">John Mellberg</a> für Gadou (46.), <a href="/Lassina_Traore" title="Lassina Traore">Lassina Traore</a> für Krätzig (46.), <a href="/Adam_Daghim" title="Adam Daghim">Adam Daghim</a> für Nene (46.) <br /> <a href="/Soumaila_Diabate" title="Soumaila Diabate">Soumaila Diabate</a> für Bidstrup (46.),  <a href="/Mamady_Diambou" title="Mamady Diambou">Mamady Diambou </a> für Kjaergaard (46.), <a href="/Sota_Kitano" title="Sota Kitano">Sota Kitano</a> für Gloukh (46.), <br /> <a href="/Kerim_Alajbegovic" title="Kerim Alajbegovic">Kerim Alajbegovic</a> für Baidoo (65.), <a href="/Karim_Onisiwo" title="Karim Onisiwo">Karim Onisiwo</a> für Ratkov (46.), <a href="/Enrique_Aguilar" title="Enrique Aguilar">Enrique Aguilar</a> für Traore (75.), <br /><a href="/Bobby_Clark" title="Bobby Clark">Bobby Clark</a> für Diambou (75.)
</th>
</tr>
<tr>
<td colspan="2" style="text-align:center;" bgcolor="lightgray"><b>Statistik</b>
</td>
</tr>
<tr>
<th style="text-align:left;"><b>Endstand</b>
</th>
<th style="text-align:left;">1:2 (0:2)
</th>
</tr>
<tr>
<th style="text-align:left;"><b>Torschützen</b>
</th>
<th style="text-align:left;">Daghim (48.); Blackett-Taylor (27.), Jackson (41.)
</th>
</tr>
<tr>
<th style="text-align:left;"><b>Gelbe Karten</b>
</th>
<th style="text-align:left;">Diabate (73.)
</th>
</tr>
<tr>
<th style="text-align:left;"><b>Rote Karten</b>
</th>
<th style="text-align:left;">
</th>
</tr>
<tr>
<th style="text-align:left;"><b>Schiedsrichter</b>
</th>
<th style="text-align:left;">Marina Zechner
</th>
</tr>
<tr>
<th style="text-align:left;"><b>Stadion</b>
</th>
<th style="text-align:left;">SAK-Platz, Salzburg-Nonntal
</th>
</tr>
<tr>
<th style="text-align:left;"><b>Zuschauer</b>
</th>
<th style="text-align:left;">
</th>
</tr>
</tbody>
</table>
<h2><span class="mw-headline" id="Spielbericht">Spielbericht</span><a href="/index.php?title=FC_Red_Bull_Salzburg_gegen_Derby_County&amp;action=edit&amp;section=1" title="Abschnitt bearbeiten: Spielbericht">Bearbeiten</a><span class="mw-editsection-bracket">]</span></span></h2>
<p><a rel="nofollow" class="external text" href="https://www.redbullsalzburg.at/de/2025-2026/spielplan/testspiel-fc-red-bull-salzburg-vs-derby-county#spielbericht">Spielbericht Vereinshomepage</a>
</p>
<h2><span class="mw-headline" id="Stimmen_zum_Spiel">Stimmen zum Spiel</span><a href="/index.php?title=FC_Red_Bull_Salzburg_gegen_Derby_County&amp;action=edit&amp;section=2" title="Abschnitt bearbeiten: Stimmen zum Spiel">Bearbeiten</a><span class="mw-editsection-bracket">]</span></span></h2>
<p><b>Thomas Letsch:</b>  Natürlich hätten wir uns im letzten Test, bevor es so richtig losgeht, einen Sieg gewünscht. Mit der ersten Halbzeit können wir nicht zufrieden sein. Das war nicht gut von uns, das wissen auch alle Beteiligten. In der zweiten Halbzeit haben die jungen Kerle speziell in der Anfangsphase und ganz am Schluss dann ordentlich Gas gegeben. Da war insgesamt mehr Dynamik in der Begegnung. Es gibt auch heute wieder viele Erkenntnisse, darum geht es bei solchen Spielen ja auch.
</p>
<p><b>Tim Trummer:</b>Wir haben vor allem in der ersten Halbzeit nicht gut ins Spiel gefunden und insgesamt zu langsam agiert. Nach der Pause war es dann besser, wir hatten da ganz gute Phasen. Es war kein optimales Testspiel von uns, aber daraus müssen wir lernen. Die Vorbereitung ist damit schon zu Ende, unser Fokus ist ab jetzt voll auf die Champions League-Qualifikation gerichtet.
</p>
</div>

<p>FC Red Bull Salzburg gegen Derby County, 1:2 Spieltag Testspiel Datum 18. Juli 2025 Anpfiff 18 Uhr Aufstellung Tor Alexander Schlager Verteidigung Stefan Lainer &#8211; Joane Gadou &#8211; Jacob Rasmussen&#8211; Frans Krätzig Mittelfeld Mads Bidstrup – Dorgeles Nene&#8211; Maurits Kjaergaard &#8211; Oscar Gloukh Sturm Yorbe Vertessen &#8211; Petar Ratkov Wechsel Wechsel Edmund Baidoo für Vertessen [&hellip;]</p>
