{"id":4134,"date":"2026-05-06T15:30:19","date_gmt":"2026-05-06T13:30:19","guid":{"rendered":"https:\/\/wiki.s12.at\/index.php\/fc-red-bull-salzburg-gegen-al-sailiya\/"},"modified":"2026-05-06T15:30:19","modified_gmt":"2026-05-06T13:30:19","slug":"fc-red-bull-salzburg-gegen-al-sailiya","status":"publish","type":"page","link":"https:\/\/wiki.s12.at\/index.php\/fc-red-bull-salzburg-gegen-al-sailiya\/","title":{"rendered":"FC Red Bull Salzburg gegen Al Sailiya"},"content":{"rendered":"<div class=\"mw-parser-output\">\n<h2><span class=\"mw-headline\" id=\"Fakten\">Fakten<\/span><a href=\"\/index.php?title=FC_Red_Bull_Salzburg_gegen_Al_Sailiya&amp;action=edit&amp;section=1\" title=\"Abschnitt bearbeiten: Fakten\">Bearbeiten<\/a><span class=\"mw-editsection-bracket\">]<\/span><\/span><\/h2>\n<table class=\"toptextcells toccolours\">\n<tbody>\n<tr>\n<th colspan=\"2\" style=\"text-align: center; vertical-align: top; padding: 0.3em 0.8em; font-size: 125%; background-color: lightsteelblue;\">FC Red Bull Salzburg gegen Al Sailiya, 6:0\n<\/th>\n<\/tr>\n<tr>\n<th style=\"text-align:left;\"><b>Spieltag<\/b>\n<\/th>\n<th style=\"text-align:left;\">Testspiel\n<\/th>\n<\/tr>\n<tr>\n<th style=\"text-align:left;\"><b>Datum<\/b>\n<\/th>\n<th style=\"text-align:left;\">24. J\u00e4nner 2015\n<\/th>\n<\/tr>\n<tr>\n<th style=\"text-align:left;\"><b>Anpfiff<\/b>\n<\/th>\n<th style=\"text-align:left;\">16.30 Uhr (MEZ), 18.30 Uhr Ortszeit\n<\/th>\n<\/tr>\n<tr>\n<td colspan=\"2\" style=\"text-align:center;\" bgcolor=\"lightgray\"><b>Aufstellung<\/b>\n<\/td>\n<\/tr>\n<tr>\n<th style=\"text-align:left;\"><b>Tor<\/b>\n<\/th>\n<th><a href=\"\/Alexander_Walke\" title=\"Alexander Walke\">Alexander Walke<\/a>\n<\/th>\n<\/tr>\n<tr>\n<th style=\"text-align:left;\"><b>Verteidigung<\/b>\n<\/th>\n<th><a href=\"\/Peter_Ankersen\" title=\"Peter Ankersen\">Peter Ankersen<\/a> <a href=\"\/Duje_Caleta-Car\" title=\"Duje Caleta-Car\">Duje Caleta-Car<\/a> <a href=\"\/Rodnei\" title=\"Rodnei\">Rodnei<\/a> <a href=\"\/Andreas_Ulmer\" title=\"Andreas Ulmer\">Andreas Ulmer<\/a>\n<\/th>\n<\/tr>\n<tr>\n<th style=\"text-align:left;\"><b>Mittelfeld<\/b>\n<\/th>\n<th><a href=\"\/Valentino_Lazaro\" title=\"Valentino Lazaro\">Valentino Lazaro<\/a> <a href=\"\/Christoph_Leitgeb\" title=\"Christoph Leitgeb\">Christoph Leitgeb<\/a> <a href=\"\/David_Atanga\" title=\"David Atanga\">David Atanga<\/a> <a href=\"\/Takumi_Minamino\" title=\"Takumi Minamino\">Takumi Minamino<\/a>\n<\/th>\n<\/tr>\n<tr>\n<th style=\"text-align:left;\"><b>Sturm<\/b>\n<\/th>\n<th><a href=\"\/Marco_Djuricin\" title=\"Marco Djuricin\">Marco Djuricin<\/a> <a href=\"\/Valon_Berisha\" title=\"Valon Berisha\">Valon Berisha<\/a>\n<\/th>\n<\/tr>\n<tr>\n<td colspan=\"2\" style=\"text-align:center;\" bgcolor=\"lightgray\"><b>Wechsel<\/b>\n<\/td>\n<\/tr>\n<tr>\n<th style=\"text-align:left;\"><b>Wechsel<\/b>\n<\/th>\n<th style=\"text-align:left;\"><a href=\"\/Peter_Gulacsi\" class=\"mw-redirect\" title=\"Peter Gulacsi\">Peter Gulacsi<\/a> f\u00fcr Walke (46.), <a href=\"\/Christian_Schwegler\" title=\"Christian Schwegler\">Christian Schwegler<\/a> f\u00fcr Ankersen (46.), <a href=\"\/Lukas_Gugganig\" title=\"Lukas Gugganig\">Lukas Gugganig<\/a> f\u00fcr Rodnei (46.),<br \/> <a href=\"\/Benno_Schmitz\" title=\"Benno Schmitz\">Benno Schmitz<\/a> f\u00fcr Ulmer (46.), <a href=\"\/Konrad_Laimer\" title=\"Konrad Laimer\">Konrad Laimer<\/a> f\u00fcr Leitgeb (46.), <a href=\"\/Stefan_Ilsanker\" title=\"Stefan Ilsanker\">Stefan Ilsanker<\/a> f\u00fcr Atanga (46.), <a href=\"\/Felipe_Pires\" title=\"Felipe Pires\">Felipe Pires<\/a> f\u00fcr Lazaro (46.), <br \/><a href=\"\/Massimo_Bruno\" title=\"Massimo Bruno\">Massimo Bruno<\/a> f\u00fcr Berisha (46.), <a href=\"\/Jonatan_Soriano\" title=\"Jonatan Soriano\">Jonatan Soriano<\/a> f\u00fcr Djuricin (46.)\n<\/th>\n<\/tr>\n<tr>\n<td colspan=\"2\" style=\"text-align:center;\" bgcolor=\"lightgray\"><b>Statistik<\/b>\n<\/td>\n<\/tr>\n<tr>\n<th style=\"text-align:left;\"><b>Endstand<\/b>\n<\/th>\n<th style=\"text-align:left;\">6:0 (3:0)\n<\/th>\n<\/tr>\n<tr>\n<th style=\"text-align:left;\"><b>Torsch\u00fctzen<\/b>\n<\/th>\n<th style=\"text-align:left;\">Berisha (11.), Minamino (14.), Djuricin (32.), Bruno (52.), Soriano (65., 67.)\n<\/th>\n<\/tr>\n<tr>\n<th style=\"text-align:left;\"><b>Gelbe Karten<\/b>\n<\/th>\n<th style=\"text-align:left;\">\n<\/th>\n<\/tr>\n<tr>\n<th style=\"text-align:left;\"><b>Rote Karten<\/b>\n<\/th>\n<th style=\"text-align:left;\">\n<\/th>\n<\/tr>\n<tr>\n<th style=\"text-align:left;\"><b>Schiedsrichter<\/b>\n<\/th>\n<th style=\"text-align:left;\">\n<\/th>\n<\/tr>\n<tr>\n<th style=\"text-align:left;\"><b>Stadion<\/b>\n<\/th>\n<th style=\"text-align:left;\">Aspire Academy, Doha\n<\/th>\n<\/tr>\n<tr>\n<th style=\"text-align:left;\"><b>Zuschauer<\/b>\n<\/th>\n<th style=\"text-align:left;\">\n<\/th>\n<\/tr>\n<\/tbody>\n<\/table>\n<h2><span class=\"mw-headline\" id=\"Weblinks\">Weblinks<\/span><a href=\"\/index.php?title=FC_Red_Bull_Salzburg_gegen_Al_Sailiya&amp;action=edit&amp;section=2\" title=\"Abschnitt bearbeiten: Weblinks\">Bearbeiten<\/a><span class=\"mw-editsection-bracket\">]<\/span><\/span><\/h2>\n<p><a rel=\"nofollow\" class=\"external text\" href=\"http:\/\/www.redbulls.com\/de\/fc-red-bull-salzburg\/news\/saison_2014_15\/rote-bullen-gewinnen-erstes-testspiel-in-doha.html\">Spielbericht Vereinshomepage<\/a>\n<\/p>\n<h2><span class=\"mw-headline\" id=\"Stimmen_zum_Spiel\">Stimmen zum Spiel<\/span><a href=\"\/index.php?title=FC_Red_Bull_Salzburg_gegen_Al_Sailiya&amp;action=edit&amp;section=3\" title=\"Abschnitt bearbeiten: Stimmen zum Spiel\">Bearbeiten<\/a><span class=\"mw-editsection-bracket\">]<\/span><\/span><\/h2>\n<p><b>Adi H\u00fctter:<\/b> &#8222;Wir haben heute gegen einen \u00fcberraschend aggressiven Gegner gespielt und \u00fcber 90 Minuten sehr gut dagegen gehalten. Dabei haben wir unser bew\u00e4hrtes Pressing und das Umschaltspiel \u00fcber die ganze Spielzeit sehr konsequent durchgezogen. Ich bin mit der Art und Weise, wie wir heute gewonnen haben, sehr zufrieden.\u201c\n<\/p>\n<p><b>Stefan Ilsanker:<\/b> &#8222;Es waren bisher sehr intensive Trainingseinheiten f\u00fcr uns. Dennoch konnten wir all das umsetzen, was wir uns bei der Mannschaftsbesprechung vorgenommen haben. Es war ein hochverdienter Sieg gegen einen hart spielenden Gegner.\u201c\n<\/p>\n<p><b>Takumi Minamino:<\/b> \u201eIch freue mich, dass mir auch im zweiten Testspiel wieder ein Tor gelungen ist. \u00dcberhaupt f\u00fchle ich mich jeden Tag besser. Der Zusammenhalt in der Mannschaft ist auf dem Spielfeld, aber auch abseits davon sehr stark. Das hilft mir sehr.\u201c\n<\/p>\n<\/div>\n","protected":false},"excerpt":{"rendered":"<p>FaktenBearbeiten] FC Red Bull Salzburg gegen Al Sailiya, 6:0 Spieltag Testspiel Datum 24. J\u00e4nner 2015 Anpfiff 16.30 Uhr (MEZ), 18.30 Uhr Ortszeit Aufstellung Tor Alexander Walke Verteidigung Peter Ankersen Duje Caleta-Car Rodnei Andreas Ulmer Mittelfeld Valentino Lazaro Christoph Leitgeb David Atanga Takumi Minamino Sturm Marco Djuricin Valon Berisha Wechsel Wechsel Peter Gulacsi f\u00fcr Walke (46.), [&hellip;]<\/p>\n","protected":false},"author":1,"featured_media":0,"parent":0,"menu_order":0,"comment_status":"closed","ping_status":"closed","template":"","meta":{"footnotes":""},"class_list":["post-4134","page","type-page","status-publish","hentry"],"_links":{"self":[{"href":"https:\/\/wiki.s12.at\/index.php\/wp-json\/wp\/v2\/pages\/4134","targetHints":{"allow":["GET"]}}],"collection":[{"href":"https:\/\/wiki.s12.at\/index.php\/wp-json\/wp\/v2\/pages"}],"about":[{"href":"https:\/\/wiki.s12.at\/index.php\/wp-json\/wp\/v2\/types\/page"}],"author":[{"embeddable":true,"href":"https:\/\/wiki.s12.at\/index.php\/wp-json\/wp\/v2\/users\/1"}],"replies":[{"embeddable":true,"href":"https:\/\/wiki.s12.at\/index.php\/wp-json\/wp\/v2\/comments?post=4134"}],"version-history":[{"count":0,"href":"https:\/\/wiki.s12.at\/index.php\/wp-json\/wp\/v2\/pages\/4134\/revisions"}],"wp:attachment":[{"href":"https:\/\/wiki.s12.at\/index.php\/wp-json\/wp\/v2\/media?parent=4134"}],"curies":[{"name":"wp","href":"https:\/\/api.w.org\/{rel}","templated":true}]}}

<div class="mw-parser-output">
<h2><span class="mw-headline" id="Fakten">Fakten</span><a href="/index.php?title=FC_Red_Bull_Salzburg_gegen_Al_Sailiya&amp;action=edit&amp;section=1" title="Abschnitt bearbeiten: Fakten">Bearbeiten</a><span class="mw-editsection-bracket">]</span></span></h2>
<table class="toptextcells toccolours">
<tbody>
<tr>
<th colspan="2" style="text-align: center; vertical-align: top; padding: 0.3em 0.8em; font-size: 125%; background-color: lightsteelblue;">FC Red Bull Salzburg gegen Al Sailiya, 6:0
</th>
</tr>
<tr>
<th style="text-align:left;"><b>Spieltag</b>
</th>
<th style="text-align:left;">Testspiel
</th>
</tr>
<tr>
<th style="text-align:left;"><b>Datum</b>
</th>
<th style="text-align:left;">24. Jänner 2015
</th>
</tr>
<tr>
<th style="text-align:left;"><b>Anpfiff</b>
</th>
<th style="text-align:left;">16.30 Uhr (MEZ), 18.30 Uhr Ortszeit
</th>
</tr>
<tr>
<td colspan="2" style="text-align:center;" bgcolor="lightgray"><b>Aufstellung</b>
</td>
</tr>
<tr>
<th style="text-align:left;"><b>Tor</b>
</th>
<th><a href="/Alexander_Walke" title="Alexander Walke">Alexander Walke</a>
</th>
</tr>
<tr>
<th style="text-align:left;"><b>Verteidigung</b>
</th>
<th><a href="/Peter_Ankersen" title="Peter Ankersen">Peter Ankersen</a> <a href="/Duje_Caleta-Car" title="Duje Caleta-Car">Duje Caleta-Car</a> <a href="/Rodnei" title="Rodnei">Rodnei</a> <a href="/Andreas_Ulmer" title="Andreas Ulmer">Andreas Ulmer</a>
</th>
</tr>
<tr>
<th style="text-align:left;"><b>Mittelfeld</b>
</th>
<th><a href="/Valentino_Lazaro" title="Valentino Lazaro">Valentino Lazaro</a> <a href="/Christoph_Leitgeb" title="Christoph Leitgeb">Christoph Leitgeb</a> <a href="/David_Atanga" title="David Atanga">David Atanga</a> <a href="/Takumi_Minamino" title="Takumi Minamino">Takumi Minamino</a>
</th>
</tr>
<tr>
<th style="text-align:left;"><b>Sturm</b>
</th>
<th><a href="/Marco_Djuricin" title="Marco Djuricin">Marco Djuricin</a> <a href="/Valon_Berisha" title="Valon Berisha">Valon Berisha</a>
</th>
</tr>
<tr>
<td colspan="2" style="text-align:center;" bgcolor="lightgray"><b>Wechsel</b>
</td>
</tr>
<tr>
<th style="text-align:left;"><b>Wechsel</b>
</th>
<th style="text-align:left;"><a href="/Peter_Gulacsi" class="mw-redirect" title="Peter Gulacsi">Peter Gulacsi</a> für Walke (46.), <a href="/Christian_Schwegler" title="Christian Schwegler">Christian Schwegler</a> für Ankersen (46.), <a href="/Lukas_Gugganig" title="Lukas Gugganig">Lukas Gugganig</a> für Rodnei (46.),<br /> <a href="/Benno_Schmitz" title="Benno Schmitz">Benno Schmitz</a> für Ulmer (46.), <a href="/Konrad_Laimer" title="Konrad Laimer">Konrad Laimer</a> für Leitgeb (46.), <a href="/Stefan_Ilsanker" title="Stefan Ilsanker">Stefan Ilsanker</a> für Atanga (46.), <a href="/Felipe_Pires" title="Felipe Pires">Felipe Pires</a> für Lazaro (46.), <br /><a href="/Massimo_Bruno" title="Massimo Bruno">Massimo Bruno</a> für Berisha (46.), <a href="/Jonatan_Soriano" title="Jonatan Soriano">Jonatan Soriano</a> für Djuricin (46.)
</th>
</tr>
<tr>
<td colspan="2" style="text-align:center;" bgcolor="lightgray"><b>Statistik</b>
</td>
</tr>
<tr>
<th style="text-align:left;"><b>Endstand</b>
</th>
<th style="text-align:left;">6:0 (3:0)
</th>
</tr>
<tr>
<th style="text-align:left;"><b>Torschützen</b>
</th>
<th style="text-align:left;">Berisha (11.), Minamino (14.), Djuricin (32.), Bruno (52.), Soriano (65., 67.)
</th>
</tr>
<tr>
<th style="text-align:left;"><b>Gelbe Karten</b>
</th>
<th style="text-align:left;">
</th>
</tr>
<tr>
<th style="text-align:left;"><b>Rote Karten</b>
</th>
<th style="text-align:left;">
</th>
</tr>
<tr>
<th style="text-align:left;"><b>Schiedsrichter</b>
</th>
<th style="text-align:left;">
</th>
</tr>
<tr>
<th style="text-align:left;"><b>Stadion</b>
</th>
<th style="text-align:left;">Aspire Academy, Doha
</th>
</tr>
<tr>
<th style="text-align:left;"><b>Zuschauer</b>
</th>
<th style="text-align:left;">
</th>
</tr>
</tbody>
</table>
<h2><span class="mw-headline" id="Weblinks">Weblinks</span><a href="/index.php?title=FC_Red_Bull_Salzburg_gegen_Al_Sailiya&amp;action=edit&amp;section=2" title="Abschnitt bearbeiten: Weblinks">Bearbeiten</a><span class="mw-editsection-bracket">]</span></span></h2>
<p><a rel="nofollow" class="external text" href="http://www.redbulls.com/de/fc-red-bull-salzburg/news/saison_2014_15/rote-bullen-gewinnen-erstes-testspiel-in-doha.html">Spielbericht Vereinshomepage</a>
</p>
<h2><span class="mw-headline" id="Stimmen_zum_Spiel">Stimmen zum Spiel</span><a href="/index.php?title=FC_Red_Bull_Salzburg_gegen_Al_Sailiya&amp;action=edit&amp;section=3" title="Abschnitt bearbeiten: Stimmen zum Spiel">Bearbeiten</a><span class="mw-editsection-bracket">]</span></span></h2>
<p><b>Adi Hütter:</b> &#8222;Wir haben heute gegen einen überraschend aggressiven Gegner gespielt und über 90 Minuten sehr gut dagegen gehalten. Dabei haben wir unser bewährtes Pressing und das Umschaltspiel über die ganze Spielzeit sehr konsequent durchgezogen. Ich bin mit der Art und Weise, wie wir heute gewonnen haben, sehr zufrieden.“
</p>
<p><b>Stefan Ilsanker:</b> &#8222;Es waren bisher sehr intensive Trainingseinheiten für uns. Dennoch konnten wir all das umsetzen, was wir uns bei der Mannschaftsbesprechung vorgenommen haben. Es war ein hochverdienter Sieg gegen einen hart spielenden Gegner.“
</p>
<p><b>Takumi Minamino:</b> „Ich freue mich, dass mir auch im zweiten Testspiel wieder ein Tor gelungen ist. Überhaupt fühle ich mich jeden Tag besser. Der Zusammenhalt in der Mannschaft ist auf dem Spielfeld, aber auch abseits davon sehr stark. Das hilft mir sehr.“
</p>
</div>

<p>FaktenBearbeiten] FC Red Bull Salzburg gegen Al Sailiya, 6:0 Spieltag Testspiel Datum 24. Jänner 2015 Anpfiff 16.30 Uhr (MEZ), 18.30 Uhr Ortszeit Aufstellung Tor Alexander Walke Verteidigung Peter Ankersen Duje Caleta-Car Rodnei Andreas Ulmer Mittelfeld Valentino Lazaro Christoph Leitgeb David Atanga Takumi Minamino Sturm Marco Djuricin Valon Berisha Wechsel Wechsel Peter Gulacsi für Walke (46.), [&hellip;]</p>
