{"id":4131,"date":"2026-05-06T15:30:16","date_gmt":"2026-05-06T13:30:16","guid":{"rendered":"https:\/\/wiki.s12.at\/index.php\/fc-red-bull-salzburg-gegen-ajax-amsterdam-testspiel\/"},"modified":"2026-05-06T15:30:16","modified_gmt":"2026-05-06T13:30:16","slug":"fc-red-bull-salzburg-gegen-ajax-amsterdam-testspiel","status":"publish","type":"page","link":"https:\/\/wiki.s12.at\/index.php\/fc-red-bull-salzburg-gegen-ajax-amsterdam-testspiel\/","title":{"rendered":"FC Red Bull Salzburg gegen Ajax Amsterdam (Testspiel)"},"content":{"rendered":"<div class=\"mw-parser-output\">\n<table class=\"toptextcells toccolours\">\n<tbody>\n<tr>\n<th colspan=\"2\" style=\"text-align: center; vertical-align: top; padding: 0.3em 0.8em; font-size: 125%; background-color: lightsteelblue;\">FC Red Bull Salzburg gegen Ajax Amsterdam, 2:3\n<\/th>\n<\/tr>\n<tr>\n<th style=\"text-align:left;\"><b>Spieltag<\/b>\n<\/th>\n<th style=\"text-align:left;\">Testspiel\n<\/th>\n<\/tr>\n<tr>\n<th style=\"text-align:left;\"><b>Datum<\/b>\n<\/th>\n<th style=\"text-align:left;\">19. Juli 2022\n<\/th>\n<\/tr>\n<tr>\n<th style=\"text-align:left;\"><b>Anpfiff<\/b>\n<\/th>\n<th style=\"text-align:left;\">18.30 Uhr\n<\/th>\n<\/tr>\n<tr>\n<td colspan=\"2\" style=\"text-align:center;\" bgcolor=\"lightgray\"><b>Aufstellung<\/b>\n<\/td>\n<\/tr>\n<tr>\n<th style=\"text-align:left;\"><b>Tor<\/b>\n<\/th>\n<th><a href=\"\/Nico_Mantl\" title=\"Nico Mantl\">Nico Mantl <\/a>\n<\/th>\n<\/tr>\n<tr>\n<th style=\"text-align:left;\"><b>Verteidigung<\/b>\n<\/th>\n<th><a href=\"\/Amar_Dedic\" title=\"Amar Dedic\">Amar Dedic<\/a> &#8211; <a href=\"\/Samson_Baidoo\" title=\"Samson Baidoo\">Samson Baidoo<\/a>  &#8211;<a href=\"\/Strahinja_Pavlovic\" title=\"Strahinja Pavlovic\">Strahinja Pavlovic<\/a>  &#8211;  <a href=\"\/Andreas_Ulmer\" title=\"Andreas Ulmer\">Andreas Ulmer<\/a>\n<\/th>\n<\/tr>\n<tr>\n<th style=\"text-align:left;\"><b>Mittelfeld<\/b>\n<\/th>\n<th><a href=\"\/Sekou_Koita\" title=\"Sekou Koita\">Sekou Koita<\/a> &#8211; <a href=\"\/Nicolas_Seiwald\" title=\"Nicolas Seiwald\">Nicolas Seiwald<\/a> &#8211; <a href=\"\/Nicolas_Capaldo\" title=\"Nicolas Capaldo\">Nicolas Capaldo<\/a> &#8211; <a href=\"\/Luka_Sucic\" title=\"Luka Sucic\">Luka Sucic<\/a>\n<\/th>\n<\/tr>\n<tr>\n<th style=\"text-align:left;\"><b>Sturm<\/b>\n<\/th>\n<th><a href=\"\/Junior_Adamu\" class=\"mw-redirect\" title=\"Junior Adamu\">Junior Adamu<\/a> &#8211; <a href=\"\/Noah_Okafor\" title=\"Noah Okafor\">Noah Okafor<\/a>\n<\/th>\n<\/tr>\n<tr>\n<td colspan=\"2\" style=\"text-align:center;\" bgcolor=\"lightgray\"><b>Wechsel<\/b>\n<\/td>\n<\/tr>\n<tr>\n<th style=\"text-align:left;\"><b>Wechsel<\/b>\n<\/th>\n<th style=\"text-align:left;\"><a href=\"\/Ignace_Van_der_Brempt\" title=\"Ignace Van der Brempt\">Ignace Van der Brempt<\/a>, <a href=\"\/Oumar_Solet\" title=\"Oumar Solet\">Oumar Solet<\/a>, <a href=\"\/Bernardo\" title=\"Bernardo\">Bernardo<\/a>,<br \/> <a href=\"\/Maximilian_W%C3%B6ber\" title=\"Maximilian W\u00f6ber\">Maximilian W\u00f6ber<\/a>, <a href=\"\/Youba_Diarra\" title=\"Youba Diarra\">Youba Diarra<\/a>, <a href=\"\/Mamady_Diambou\" title=\"Mamady Diambou\">Mamady Diambou<\/a>,<br \/> <a href=\"\/Maurits_Kjaergaard\" title=\"Maurits Kjaergaard\">Maurits Kjaergaard<\/a>, <a href=\"\/Fernando\" class=\"mw-redirect\" title=\"Fernando\">Fernando<\/a>, <a href=\"\/Benjamin_Sesko\" class=\"mw-redirect\" title=\"Benjamin Sesko\">Benjamin  Sesko<\/a>,<br \/> <a href=\"\/Roko_Simic\" title=\"Roko Simic\">Roko Simic<\/a> (alle 46.), <a href=\"\/Dijon_Kameri\" title=\"Dijon Kameri\">Dijon Kameri<\/a>, <a href=\"\/Lucas_Gourna-Douath\" title=\"Lucas Gourna-Douath\">Lucas Gourna-Douath<\/a> (alle 74.)\n<\/th>\n<\/tr>\n<tr>\n<td colspan=\"2\" style=\"text-align:center;\" bgcolor=\"lightgray\"><b>Statistik<\/b>\n<\/td>\n<\/tr>\n<tr>\n<th style=\"text-align:left;\"><b>Endstand<\/b>\n<\/th>\n<th style=\"text-align:left;\">2:3 (1:2)\n<\/th>\n<\/tr>\n<tr>\n<th style=\"text-align:left;\"><b>Torsch\u00fctzen<\/b>\n<\/th>\n<th style=\"text-align:left;\">Capaldo (32.), Sesko (71.);  Tadic (27., E.), Kudas  (40.), Taylor (52.)\n<\/th>\n<\/tr>\n<tr>\n<th style=\"text-align:left;\"><b>Gelbe Karten<\/b>\n<\/th>\n<th style=\"text-align:left;\">Solet (83.); Magallan (83.)\n<\/th>\n<\/tr>\n<tr>\n<th style=\"text-align:left;\"><b>Rote Karten<\/b>\n<\/th>\n<th style=\"text-align:left;\">\n<\/th>\n<\/tr>\n<tr>\n<th style=\"text-align:left;\"><b>Schiedsrichter<\/b>\n<\/th>\n<th style=\"text-align:left;\">Sebastian Gishamer\n<\/th>\n<\/tr>\n<tr>\n<th style=\"text-align:left;\"><b>Stadion<\/b>\n<\/th>\n<th style=\"text-align:left;\">Saalfelden\n<\/th>\n<\/tr>\n<tr>\n<th style=\"text-align:left;\"><b>Zuschauer<\/b>\n<\/th>\n<th style=\"text-align:left;\">\n<\/th>\n<\/tr>\n<\/tbody>\n<\/table>\n<h2><span class=\"mw-headline\" id=\"Spielbericht\">Spielbericht<\/span><a href=\"\/index.php?title=FC_Red_Bull_Salzburg_gegen_Ajax_Amsterdam_(Testspiel)&amp;action=edit&amp;section=1\" title=\"Abschnitt bearbeiten: Spielbericht\">Bearbeiten<\/a><span class=\"mw-editsection-bracket\">]<\/span><\/span><\/h2>\n<p><a rel=\"nofollow\" class=\"external text\" href=\"https:\/\/www.redbullsalzburg.at\/de\/2022-2023\/spielplan\/testspiel-fc-red-bull-salzburg-vs-ajax-amsterdam#spielbericht\">Spielbericht Vereinshomepage<\/a>\n<\/p>\n<h2><span class=\"mw-headline\" id=\"Stimmen_zum_Spiel\">Stimmen zum Spiel<\/span><a href=\"\/index.php?title=FC_Red_Bull_Salzburg_gegen_Ajax_Amsterdam_(Testspiel)&amp;action=edit&amp;section=2\" title=\"Abschnitt bearbeiten: Stimmen zum Spiel\">Bearbeiten<\/a><span class=\"mw-editsection-bracket\">]<\/span><\/span><\/h2>\n<p><b>Matthias Jaissle:<\/b>  Mit der Leistung im heutigen Spiel bin ich \u00fcber viele Strecken wirklich zufrieden, auch wenn es mich \u00e4rgert, dass wir letztlich als Verlierer vom Platz gegangen sind. Es waren einige unn\u00f6tige Aktionen dabei, die zu Gegentreffern gef\u00fchrt haben. Das \u00e4rgert mich auch ein St\u00fcck weit. Alles in allem war es aber ein gelungener Auftritt, weil wir gegen eine wirklich starke Mannschaft sehr engagiert gespielt haben.\n<\/p>\n<p><b>Max W\u00f6ber:<\/b> Es war eine gute Leistung von uns, auch wenn wir wissen, dass drei Gegentreffer selbst gegen so einen Top-Gegner zu viel sind. Das haben wir ja auch schon in den letzten Jahren in der Champions League gesp\u00fcrt. Jetzt m\u00fcssen wir vor dem Bundesliga-Start am Freitag noch an ein paar Stellschrauben drehen, dann sind wir bereit.\n<\/p>\n<\/div>\n","protected":false},"excerpt":{"rendered":"<p>FC Red Bull Salzburg gegen Ajax Amsterdam, 2:3 Spieltag Testspiel Datum 19. Juli 2022 Anpfiff 18.30 Uhr Aufstellung Tor Nico Mantl Verteidigung Amar Dedic &#8211; Samson Baidoo &#8211;Strahinja Pavlovic &#8211; Andreas Ulmer Mittelfeld Sekou Koita &#8211; Nicolas Seiwald &#8211; Nicolas Capaldo &#8211; Luka Sucic Sturm Junior Adamu &#8211; Noah Okafor Wechsel Wechsel Ignace Van der [&hellip;]<\/p>\n","protected":false},"author":1,"featured_media":0,"parent":0,"menu_order":0,"comment_status":"closed","ping_status":"closed","template":"","meta":{"footnotes":""},"class_list":["post-4131","page","type-page","status-publish","hentry"],"_links":{"self":[{"href":"https:\/\/wiki.s12.at\/index.php\/wp-json\/wp\/v2\/pages\/4131","targetHints":{"allow":["GET"]}}],"collection":[{"href":"https:\/\/wiki.s12.at\/index.php\/wp-json\/wp\/v2\/pages"}],"about":[{"href":"https:\/\/wiki.s12.at\/index.php\/wp-json\/wp\/v2\/types\/page"}],"author":[{"embeddable":true,"href":"https:\/\/wiki.s12.at\/index.php\/wp-json\/wp\/v2\/users\/1"}],"replies":[{"embeddable":true,"href":"https:\/\/wiki.s12.at\/index.php\/wp-json\/wp\/v2\/comments?post=4131"}],"version-history":[{"count":0,"href":"https:\/\/wiki.s12.at\/index.php\/wp-json\/wp\/v2\/pages\/4131\/revisions"}],"wp:attachment":[{"href":"https:\/\/wiki.s12.at\/index.php\/wp-json\/wp\/v2\/media?parent=4131"}],"curies":[{"name":"wp","href":"https:\/\/api.w.org\/{rel}","templated":true}]}}

<div class="mw-parser-output">
<table class="toptextcells toccolours">
<tbody>
<tr>
<th colspan="2" style="text-align: center; vertical-align: top; padding: 0.3em 0.8em; font-size: 125%; background-color: lightsteelblue;">FC Red Bull Salzburg gegen Ajax Amsterdam, 2:3
</th>
</tr>
<tr>
<th style="text-align:left;"><b>Spieltag</b>
</th>
<th style="text-align:left;">Testspiel
</th>
</tr>
<tr>
<th style="text-align:left;"><b>Datum</b>
</th>
<th style="text-align:left;">19. Juli 2022
</th>
</tr>
<tr>
<th style="text-align:left;"><b>Anpfiff</b>
</th>
<th style="text-align:left;">18.30 Uhr
</th>
</tr>
<tr>
<td colspan="2" style="text-align:center;" bgcolor="lightgray"><b>Aufstellung</b>
</td>
</tr>
<tr>
<th style="text-align:left;"><b>Tor</b>
</th>
<th><a href="/Nico_Mantl" title="Nico Mantl">Nico Mantl </a>
</th>
</tr>
<tr>
<th style="text-align:left;"><b>Verteidigung</b>
</th>
<th><a href="/Amar_Dedic" title="Amar Dedic">Amar Dedic</a> &#8211; <a href="/Samson_Baidoo" title="Samson Baidoo">Samson Baidoo</a>  &#8211;<a href="/Strahinja_Pavlovic" title="Strahinja Pavlovic">Strahinja Pavlovic</a>  &#8211;  <a href="/Andreas_Ulmer" title="Andreas Ulmer">Andreas Ulmer</a>
</th>
</tr>
<tr>
<th style="text-align:left;"><b>Mittelfeld</b>
</th>
<th><a href="/Sekou_Koita" title="Sekou Koita">Sekou Koita</a> &#8211; <a href="/Nicolas_Seiwald" title="Nicolas Seiwald">Nicolas Seiwald</a> &#8211; <a href="/Nicolas_Capaldo" title="Nicolas Capaldo">Nicolas Capaldo</a> &#8211; <a href="/Luka_Sucic" title="Luka Sucic">Luka Sucic</a>
</th>
</tr>
<tr>
<th style="text-align:left;"><b>Sturm</b>
</th>
<th><a href="/Junior_Adamu" class="mw-redirect" title="Junior Adamu">Junior Adamu</a> &#8211; <a href="/Noah_Okafor" title="Noah Okafor">Noah Okafor</a>
</th>
</tr>
<tr>
<td colspan="2" style="text-align:center;" bgcolor="lightgray"><b>Wechsel</b>
</td>
</tr>
<tr>
<th style="text-align:left;"><b>Wechsel</b>
</th>
<th style="text-align:left;"><a href="/Ignace_Van_der_Brempt" title="Ignace Van der Brempt">Ignace Van der Brempt</a>, <a href="/Oumar_Solet" title="Oumar Solet">Oumar Solet</a>, <a href="/Bernardo" title="Bernardo">Bernardo</a>,<br /> <a href="/Maximilian_W%C3%B6ber" title="Maximilian Wöber">Maximilian Wöber</a>, <a href="/Youba_Diarra" title="Youba Diarra">Youba Diarra</a>, <a href="/Mamady_Diambou" title="Mamady Diambou">Mamady Diambou</a>,<br /> <a href="/Maurits_Kjaergaard" title="Maurits Kjaergaard">Maurits Kjaergaard</a>, <a href="/Fernando" class="mw-redirect" title="Fernando">Fernando</a>, <a href="/Benjamin_Sesko" class="mw-redirect" title="Benjamin Sesko">Benjamin  Sesko</a>,<br /> <a href="/Roko_Simic" title="Roko Simic">Roko Simic</a> (alle 46.), <a href="/Dijon_Kameri" title="Dijon Kameri">Dijon Kameri</a>, <a href="/Lucas_Gourna-Douath" title="Lucas Gourna-Douath">Lucas Gourna-Douath</a> (alle 74.)
</th>
</tr>
<tr>
<td colspan="2" style="text-align:center;" bgcolor="lightgray"><b>Statistik</b>
</td>
</tr>
<tr>
<th style="text-align:left;"><b>Endstand</b>
</th>
<th style="text-align:left;">2:3 (1:2)
</th>
</tr>
<tr>
<th style="text-align:left;"><b>Torschützen</b>
</th>
<th style="text-align:left;">Capaldo (32.), Sesko (71.);  Tadic (27., E.), Kudas  (40.), Taylor (52.)
</th>
</tr>
<tr>
<th style="text-align:left;"><b>Gelbe Karten</b>
</th>
<th style="text-align:left;">Solet (83.); Magallan (83.)
</th>
</tr>
<tr>
<th style="text-align:left;"><b>Rote Karten</b>
</th>
<th style="text-align:left;">
</th>
</tr>
<tr>
<th style="text-align:left;"><b>Schiedsrichter</b>
</th>
<th style="text-align:left;">Sebastian Gishamer
</th>
</tr>
<tr>
<th style="text-align:left;"><b>Stadion</b>
</th>
<th style="text-align:left;">Saalfelden
</th>
</tr>
<tr>
<th style="text-align:left;"><b>Zuschauer</b>
</th>
<th style="text-align:left;">
</th>
</tr>
</tbody>
</table>
<h2><span class="mw-headline" id="Spielbericht">Spielbericht</span><a href="/index.php?title=FC_Red_Bull_Salzburg_gegen_Ajax_Amsterdam_(Testspiel)&amp;action=edit&amp;section=1" title="Abschnitt bearbeiten: Spielbericht">Bearbeiten</a><span class="mw-editsection-bracket">]</span></span></h2>
<p><a rel="nofollow" class="external text" href="https://www.redbullsalzburg.at/de/2022-2023/spielplan/testspiel-fc-red-bull-salzburg-vs-ajax-amsterdam#spielbericht">Spielbericht Vereinshomepage</a>
</p>
<h2><span class="mw-headline" id="Stimmen_zum_Spiel">Stimmen zum Spiel</span><a href="/index.php?title=FC_Red_Bull_Salzburg_gegen_Ajax_Amsterdam_(Testspiel)&amp;action=edit&amp;section=2" title="Abschnitt bearbeiten: Stimmen zum Spiel">Bearbeiten</a><span class="mw-editsection-bracket">]</span></span></h2>
<p><b>Matthias Jaissle:</b>  Mit der Leistung im heutigen Spiel bin ich über viele Strecken wirklich zufrieden, auch wenn es mich ärgert, dass wir letztlich als Verlierer vom Platz gegangen sind. Es waren einige unnötige Aktionen dabei, die zu Gegentreffern geführt haben. Das ärgert mich auch ein Stück weit. Alles in allem war es aber ein gelungener Auftritt, weil wir gegen eine wirklich starke Mannschaft sehr engagiert gespielt haben.
</p>
<p><b>Max Wöber:</b> Es war eine gute Leistung von uns, auch wenn wir wissen, dass drei Gegentreffer selbst gegen so einen Top-Gegner zu viel sind. Das haben wir ja auch schon in den letzten Jahren in der Champions League gespürt. Jetzt müssen wir vor dem Bundesliga-Start am Freitag noch an ein paar Stellschrauben drehen, dann sind wir bereit.
</p>
</div>
