{"id":4129,"date":"2026-05-06T15:30:15","date_gmt":"2026-05-06T13:30:15","guid":{"rendered":"https:\/\/wiki.s12.at\/index.php\/fc-red-bull-salzburg-gegen-admira-wacker-moedling-testspiel-2022\/"},"modified":"2026-05-06T15:30:15","modified_gmt":"2026-05-06T13:30:15","slug":"fc-red-bull-salzburg-gegen-admira-wacker-moedling-testspiel-2022","status":"publish","type":"page","link":"https:\/\/wiki.s12.at\/index.php\/fc-red-bull-salzburg-gegen-admira-wacker-moedling-testspiel-2022\/","title":{"rendered":"FC Red Bull Salzburg gegen Admira Wacker M\u00f6dling (Testspiel 2022)"},"content":{"rendered":"<div class=\"mw-parser-output\">\n<table class=\"toptextcells toccolours\">\n<tbody>\n<tr>\n<th colspan=\"2\" style=\"text-align: center; vertical-align: top; padding: 0.3em 0.8em; font-size: 125%; background-color: lightsteelblue;\">FC Red Bull Salzburg gegen Admira Wacker M\u00f6dling, O:1 1:2 n. V.\n<\/th>\n<\/tr>\n<tr>\n<th style=\"text-align:left;\"><b>Spieltag<\/b>\n<\/th>\n<th style=\"text-align:left;\">Testspiel\n<\/th>\n<\/tr>\n<tr>\n<th style=\"text-align:left;\"><b>Datum<\/b>\n<\/th>\n<th style=\"text-align:left;\">22. J\u00e4nner 2022\n<\/th>\n<\/tr>\n<tr>\n<th style=\"text-align:left;\"><b>Anpfiff<\/b>\n<\/th>\n<th style=\"text-align:left;\">15 Uhr\n<\/th>\n<\/tr>\n<tr>\n<td colspan=\"2\" style=\"text-align:center;\" bgcolor=\"lightgray\"><b>Aufstellung<\/b>\n<\/td>\n<\/tr>\n<tr>\n<th style=\"text-align:left;\"><b>Tor<\/b>\n<\/th>\n<th><a href=\"\/Philipp_K%C3%B6hn\" title=\"Philipp K\u00f6hn\">Philipp K\u00f6hn <\/a>\n<\/th>\n<\/tr>\n<tr>\n<th style=\"text-align:left;\"><b>Verteidigung<\/b>\n<\/th>\n<th><a href=\"\/Andreas_Ulmer\" title=\"Andreas Ulmer\">Andreas Ulmer<\/a> &#8211; <a href=\"\/Kamil_Piatkowski\" title=\"Kamil Piatkowski\">Kamil Piatkowski<\/a> &#8211; <a href=\"\/Maximilian_W%C3%B6ber\" title=\"Maximilian W\u00f6ber\">Maximilian W\u00f6ber<\/a> &#8211; <a href=\"\/Rasmus_Kristensen\" title=\"Rasmus Kristensen\">Rasmus Kristensen<\/a>\n<\/th>\n<\/tr>\n<tr>\n<th style=\"text-align:left;\"><b>Mittelfeld<\/b>\n<\/th>\n<th><a href=\"\/Dorgeles_Nene\" class=\"mw-redirect\" title=\"Dorgeles Nene\">Dorgeles Nene <\/a> &#8211; <a href=\"\/Mamady_Diambou\" title=\"Mamady Diambou\">Mamady Diambou<\/a> &#8211; <a href=\"\/Maurits_Kjaergaard\" title=\"Maurits Kjaergaard\">Maurits Kjaergaard<\/a> &#8211; <a href=\"\/Amankwah_Forson\" title=\"Amankwah Forson\">Amankwah Forson<\/a>\n<\/th>\n<\/tr>\n<tr>\n<th style=\"text-align:left;\"><b>Sturm<\/b>\n<\/th>\n<th><a href=\"\/Junior_Adamu\" class=\"mw-redirect\" title=\"Junior Adamu\">Junior Adamu<\/a> &#8211; <a href=\"\/Karim_Adeyemi\" title=\"Karim Adeyemi\">Karim Adeyemi<\/a>\n<\/th>\n<\/tr>\n<tr>\n<td colspan=\"2\" style=\"text-align:center;\" bgcolor=\"lightgray\"><b>Wechsel<\/b>\n<\/td>\n<\/tr>\n<tr>\n<th style=\"text-align:left;\"><b>Wechsel<\/b>\n<\/th>\n<th style=\"text-align:left;\">Benjamin Atiabou, Nicolas Capaldo, Antoine Bernede, Brenden Aaronson, Oumar Solet, Benjamin Sesko, <br \/>Daouda Guindo, Dijon Kameri, Samson Tijani, Noah Okafor, Sandro-Luca Molnar (62.); Mantl (90.), Dijon Kameri (106.)\n<\/th>\n<\/tr>\n<tr>\n<td colspan=\"2\" style=\"text-align:center;\" bgcolor=\"lightgray\"><b>Statistik<\/b>\n<\/td>\n<\/tr>\n<tr>\n<th style=\"text-align:left;\"><b>Endstand<\/b>\n<\/th>\n<th style=\"text-align:left;\">0:1 (0:0); 1:2 n.V.\n<\/th>\n<\/tr>\n<tr>\n<th style=\"text-align:left;\"><b>Torsch\u00fctzen<\/b>\n<\/th>\n<th style=\"text-align:left;\">Sesko (101.);  Nikolov (72.), Starkl (94.)\n<\/th>\n<\/tr>\n<tr>\n<th style=\"text-align:left;\"><b>Gelbe Karten<\/b>\n<\/th>\n<th style=\"text-align:left;\">Guindo (89.), Bernede (112.); Mustapha (34.), Ebner (39.)\n<\/th>\n<\/tr>\n<tr>\n<th style=\"text-align:left;\"><b>Rote Karten<\/b>\n<\/th>\n<th style=\"text-align:left;\">\n<\/th>\n<\/tr>\n<tr>\n<th style=\"text-align:left;\"><b>Schiedsrichter<\/b>\n<\/th>\n<th style=\"text-align:left;\">Christopher J\u00e4ger\n<\/th>\n<\/tr>\n<tr>\n<th style=\"text-align:left;\"><b>Stadion<\/b>\n<\/th>\n<th style=\"text-align:left;\">Trainingsgel\u00e4nde Taxham\n<\/th>\n<\/tr>\n<tr>\n<th style=\"text-align:left;\"><b>Zuschauer<\/b>\n<\/th>\n<th style=\"text-align:left;\">keine (Corona)\n<\/th>\n<\/tr>\n<\/tbody>\n<\/table>\n<ul>\n<li>Es wurde 90 Minuten (offizielles Ergebnis) plus zwei Mal 15 Minuten gespielt.<\/li>\n<\/ul>\n<h2><span class=\"mw-headline\" id=\"Spielbericht\">Spielbericht<\/span><a href=\"\/index.php?title=FC_Red_Bull_Salzburg_gegen_Admira_Wacker_M%C3%B6dling_(Testspiel_2022)&amp;action=edit&amp;section=1\" title=\"Abschnitt bearbeiten: Spielbericht\">Bearbeiten<\/a><span class=\"mw-editsection-bracket\">]<\/span><\/span><\/h2>\n<p><a rel=\"nofollow\" class=\"external text\" href=\"https:\/\/www.redbullsalzburg.at\/de\/fc-red-bull-salzburg\/news\/saison_2021_22\/spielbericht-admira-wacker-testspiel.html\">Spielbericht Vereinshomepage<\/a>\n<\/p>\n<h2><span class=\"mw-headline\" id=\"Stimmen_zum_Spiel\">Stimmen zum Spiel<\/span><a href=\"\/index.php?title=FC_Red_Bull_Salzburg_gegen_Admira_Wacker_M%C3%B6dling_(Testspiel_2022)&amp;action=edit&amp;section=2\" title=\"Abschnitt bearbeiten: Stimmen zum Spiel\">Bearbeiten<\/a><span class=\"mw-editsection-bracket\">]<\/span><\/span><\/h2>\n<p><b>Matthias Jaissle:<\/b>  Es war heute ein sehr intensives Testmatch, so wie es sich eben geh\u00f6rt. Man spielt auch so ein Spiel, um zu gewinnen. Dementsprechend war die Admira eingestellt und ein sehr starker Gegner. Wir m\u00fcssen uns aber da an der eigenen Nase nehmen, es waren etliche Dinge dabei, die mir nicht gefallen haben. So hat zum Beispiel von Beginn an die Aggressivit\u00e4t gegen den Ball gefehlt, da wurden wir dann bestraft. Aber auch solche Tests sind wichtig, daraus m\u00fcssen wir lernen.\n<\/p>\n<p><b>Maximilian W\u00f6ber:<\/b> Es ist heute sehr ordentlich zur Sache gegangen, die Admira war hei\u00df und hat gezeigt, dass sie nicht umsonst viele Stunden im Bus gesessen sind. Von dem her war es ein super Test f\u00fcr uns. Wir haben heute nicht gut gegen den Ball gespielt, das Pressing hat nicht so funktioniert, wie wir uns das vorstellen. Aber daran arbeiten wir, und das ist auch bis zu einem gewissen Grad zu diesem Zeitpunkt der Vorbereitung normal.\n<\/p>\n<\/div>\n","protected":false},"excerpt":{"rendered":"<p>FC Red Bull Salzburg gegen Admira Wacker M\u00f6dling, O:1 1:2 n. V. Spieltag Testspiel Datum 22. J\u00e4nner 2022 Anpfiff 15 Uhr Aufstellung Tor Philipp K\u00f6hn Verteidigung Andreas Ulmer &#8211; Kamil Piatkowski &#8211; Maximilian W\u00f6ber &#8211; Rasmus Kristensen Mittelfeld Dorgeles Nene &#8211; Mamady Diambou &#8211; Maurits Kjaergaard &#8211; Amankwah Forson Sturm Junior Adamu &#8211; Karim Adeyemi [&hellip;]<\/p>\n","protected":false},"author":1,"featured_media":0,"parent":0,"menu_order":0,"comment_status":"closed","ping_status":"closed","template":"","meta":{"footnotes":""},"class_list":["post-4129","page","type-page","status-publish","hentry"],"_links":{"self":[{"href":"https:\/\/wiki.s12.at\/index.php\/wp-json\/wp\/v2\/pages\/4129","targetHints":{"allow":["GET"]}}],"collection":[{"href":"https:\/\/wiki.s12.at\/index.php\/wp-json\/wp\/v2\/pages"}],"about":[{"href":"https:\/\/wiki.s12.at\/index.php\/wp-json\/wp\/v2\/types\/page"}],"author":[{"embeddable":true,"href":"https:\/\/wiki.s12.at\/index.php\/wp-json\/wp\/v2\/users\/1"}],"replies":[{"embeddable":true,"href":"https:\/\/wiki.s12.at\/index.php\/wp-json\/wp\/v2\/comments?post=4129"}],"version-history":[{"count":0,"href":"https:\/\/wiki.s12.at\/index.php\/wp-json\/wp\/v2\/pages\/4129\/revisions"}],"wp:attachment":[{"href":"https:\/\/wiki.s12.at\/index.php\/wp-json\/wp\/v2\/media?parent=4129"}],"curies":[{"name":"wp","href":"https:\/\/api.w.org\/{rel}","templated":true}]}}

FC Red Bull Salzburg gegen Admira Wacker Mödling (Testspiel 2022)

<div class="mw-parser-output">
<table class="toptextcells toccolours">
<tbody>
<tr>
<th colspan="2" style="text-align: center; vertical-align: top; padding: 0.3em 0.8em; font-size: 125%; background-color: lightsteelblue;">FC Red Bull Salzburg gegen Admira Wacker Mödling, O:1 1:2 n. V.
</th>
</tr>
<tr>
<th style="text-align:left;"><b>Spieltag</b>
</th>
<th style="text-align:left;">Testspiel
</th>
</tr>
<tr>
<th style="text-align:left;"><b>Datum</b>
</th>
<th style="text-align:left;">22. Jänner 2022
</th>
</tr>
<tr>
<th style="text-align:left;"><b>Anpfiff</b>
</th>
<th style="text-align:left;">15 Uhr
</th>
</tr>
<tr>
<td colspan="2" style="text-align:center;" bgcolor="lightgray"><b>Aufstellung</b>
</td>
</tr>
<tr>
<th style="text-align:left;"><b>Tor</b>
</th>
<th><a href="/Philipp_K%C3%B6hn" title="Philipp Köhn">Philipp Köhn </a>
</th>
</tr>
<tr>
<th style="text-align:left;"><b>Verteidigung</b>
</th>
<th><a href="/Andreas_Ulmer" title="Andreas Ulmer">Andreas Ulmer</a> &#8211; <a href="/Kamil_Piatkowski" title="Kamil Piatkowski">Kamil Piatkowski</a> &#8211; <a href="/Maximilian_W%C3%B6ber" title="Maximilian Wöber">Maximilian Wöber</a> &#8211; <a href="/Rasmus_Kristensen" title="Rasmus Kristensen">Rasmus Kristensen</a>
</th>
</tr>
<tr>
<th style="text-align:left;"><b>Mittelfeld</b>
</th>
<th><a href="/Dorgeles_Nene" class="mw-redirect" title="Dorgeles Nene">Dorgeles Nene </a> &#8211; <a href="/Mamady_Diambou" title="Mamady Diambou">Mamady Diambou</a> &#8211; <a href="/Maurits_Kjaergaard" title="Maurits Kjaergaard">Maurits Kjaergaard</a> &#8211; <a href="/Amankwah_Forson" title="Amankwah Forson">Amankwah Forson</a>
</th>
</tr>
<tr>
<th style="text-align:left;"><b>Sturm</b>
</th>
<th><a href="/Junior_Adamu" class="mw-redirect" title="Junior Adamu">Junior Adamu</a> &#8211; <a href="/Karim_Adeyemi" title="Karim Adeyemi">Karim Adeyemi</a>
</th>
</tr>
<tr>
<td colspan="2" style="text-align:center;" bgcolor="lightgray"><b>Wechsel</b>
</td>
</tr>
<tr>
<th style="text-align:left;"><b>Wechsel</b>
</th>
<th style="text-align:left;">Benjamin Atiabou, Nicolas Capaldo, Antoine Bernede, Brenden Aaronson, Oumar Solet, Benjamin Sesko, <br />Daouda Guindo, Dijon Kameri, Samson Tijani, Noah Okafor, Sandro-Luca Molnar (62.); Mantl (90.), Dijon Kameri (106.)
</th>
</tr>
<tr>
<td colspan="2" style="text-align:center;" bgcolor="lightgray"><b>Statistik</b>
</td>
</tr>
<tr>
<th style="text-align:left;"><b>Endstand</b>
</th>
<th style="text-align:left;">0:1 (0:0); 1:2 n.V.
</th>
</tr>
<tr>
<th style="text-align:left;"><b>Torschützen</b>
</th>
<th style="text-align:left;">Sesko (101.);  Nikolov (72.), Starkl (94.)
</th>
</tr>
<tr>
<th style="text-align:left;"><b>Gelbe Karten</b>
</th>
<th style="text-align:left;">Guindo (89.), Bernede (112.); Mustapha (34.), Ebner (39.)
</th>
</tr>
<tr>
<th style="text-align:left;"><b>Rote Karten</b>
</th>
<th style="text-align:left;">
</th>
</tr>
<tr>
<th style="text-align:left;"><b>Schiedsrichter</b>
</th>
<th style="text-align:left;">Christopher Jäger
</th>
</tr>
<tr>
<th style="text-align:left;"><b>Stadion</b>
</th>
<th style="text-align:left;">Trainingsgelände Taxham
</th>
</tr>
<tr>
<th style="text-align:left;"><b>Zuschauer</b>
</th>
<th style="text-align:left;">keine (Corona)
</th>
</tr>
</tbody>
</table>
<ul>
<li>Es wurde 90 Minuten (offizielles Ergebnis) plus zwei Mal 15 Minuten gespielt.</li>
</ul>
<h2><span class="mw-headline" id="Spielbericht">Spielbericht</span><a href="/index.php?title=FC_Red_Bull_Salzburg_gegen_Admira_Wacker_M%C3%B6dling_(Testspiel_2022)&amp;action=edit&amp;section=1" title="Abschnitt bearbeiten: Spielbericht">Bearbeiten</a><span class="mw-editsection-bracket">]</span></span></h2>
<p><a rel="nofollow" class="external text" href="https://www.redbullsalzburg.at/de/fc-red-bull-salzburg/news/saison_2021_22/spielbericht-admira-wacker-testspiel.html">Spielbericht Vereinshomepage</a>
</p>
<h2><span class="mw-headline" id="Stimmen_zum_Spiel">Stimmen zum Spiel</span><a href="/index.php?title=FC_Red_Bull_Salzburg_gegen_Admira_Wacker_M%C3%B6dling_(Testspiel_2022)&amp;action=edit&amp;section=2" title="Abschnitt bearbeiten: Stimmen zum Spiel">Bearbeiten</a><span class="mw-editsection-bracket">]</span></span></h2>
<p><b>Matthias Jaissle:</b>  Es war heute ein sehr intensives Testmatch, so wie es sich eben gehört. Man spielt auch so ein Spiel, um zu gewinnen. Dementsprechend war die Admira eingestellt und ein sehr starker Gegner. Wir müssen uns aber da an der eigenen Nase nehmen, es waren etliche Dinge dabei, die mir nicht gefallen haben. So hat zum Beispiel von Beginn an die Aggressivität gegen den Ball gefehlt, da wurden wir dann bestraft. Aber auch solche Tests sind wichtig, daraus müssen wir lernen.
</p>
<p><b>Maximilian Wöber:</b> Es ist heute sehr ordentlich zur Sache gegangen, die Admira war heiß und hat gezeigt, dass sie nicht umsonst viele Stunden im Bus gesessen sind. Von dem her war es ein super Test für uns. Wir haben heute nicht gut gegen den Ball gespielt, das Pressing hat nicht so funktioniert, wie wir uns das vorstellen. Aber daran arbeiten wir, und das ist auch bis zu einem gewissen Grad zu diesem Zeitpunkt der Vorbereitung normal.
</p>
</div>

<p>FC Red Bull Salzburg gegen Admira Wacker Mödling, O:1 1:2 n. V. Spieltag Testspiel Datum 22. Jänner 2022 Anpfiff 15 Uhr Aufstellung Tor Philipp Köhn Verteidigung Andreas Ulmer &#8211; Kamil Piatkowski &#8211; Maximilian Wöber &#8211; Rasmus Kristensen Mittelfeld Dorgeles Nene &#8211; Mamady Diambou &#8211; Maurits Kjaergaard &#8211; Amankwah Forson Sturm Junior Adamu &#8211; Karim Adeyemi [&hellip;]</p>
