{"id":4074,"date":"2026-05-06T15:29:15","date_gmt":"2026-05-06T13:29:15","guid":{"rendered":"https:\/\/wiki.s12.at\/index.php\/fc-red-bull-salzburg-frauen-gegen-wacker-muenchen-frauen\/"},"modified":"2026-05-06T15:29:15","modified_gmt":"2026-05-06T13:29:15","slug":"fc-red-bull-salzburg-frauen-gegen-wacker-muenchen-frauen","status":"publish","type":"page","link":"https:\/\/wiki.s12.at\/index.php\/fc-red-bull-salzburg-frauen-gegen-wacker-muenchen-frauen\/","title":{"rendered":"FC Red Bull Salzburg Frauen gegen Wacker M\u00fcnchen Frauen"},"content":{"rendered":"<div class=\"mw-parser-output\">\n<table class=\"toptextcells toccolours\">\n<tbody>\n<tr>\n<th colspan=\"2\" style=\"text-align: center; vertical-align: top; padding: 0.3em 0.8em; font-size: 125%; background-color: lightsteelblue;\">FC Red Bull Salzburg Frauen gegen FFC Wacker M\u00fcnchen , 0:2\n<\/th>\n<\/tr>\n<tr>\n<th style=\"text-align:left;\"><b>Spieltag<\/b>\n<\/th>\n<th style=\"text-align:left;\">Testspiel\n<\/th>\n<\/tr>\n<tr>\n<th style=\"text-align:left;\"><b>Datum<\/b>\n<\/th>\n<th style=\"text-align:left;\">19. Juli 2025\n<\/th>\n<\/tr>\n<tr>\n<th style=\"text-align:left;\"><b>Anpfiff<\/b>\n<\/th>\n<th style=\"text-align:left;\">\n<\/th>\n<\/tr>\n<tr>\n<td colspan=\"2\" style=\"text-align:center;\" bgcolor=\"lightgray\"><b>Aufstellung<\/b>\n<\/td>\n<\/tr>\n<tr>\n<th style=\"text-align:left;\"><b>Tor<\/b>\n<\/th>\n<th>Fischer\n<\/th>\n<\/tr>\n<tr>\n<th style=\"text-align:left;\"><b>Verteidigung<\/b>\n<\/th>\n<th><a href=\"\/Laura_Spinn\" title=\"Laura Spinn\">Laura Spinn<\/a> &#8211;  <a href=\"\/Emma_Remich\" title=\"Emma Remich\">Emma Remich<\/a> &#8211; <a href=\"\/Lea_Krinzinger\" title=\"Lea Krinzinger\">Lea Krinzinger<\/a>  &#8211;   <a href=\"\/Caroline_Gragger\" title=\"Caroline Gragger\">Caroline Gragger<\/a>\n<\/th>\n<\/tr>\n<tr>\n<th style=\"text-align:left;\"><b>Mittelfeld<\/b>\n<\/th>\n<th><a href=\"\/Sophia_Schirmbrand\" title=\"Sophia Schirmbrand\">Sophia Schirmbrand<\/a> &#8211; <a href=\"\/Christina_Gierzinger\" title=\"Christina Gierzinger\">Christina  Gierzinger<\/a> &#8211; <a href=\"\/Theresa_D%27Angelo\" title=\"Theresa D&#39;Angelo\">Theresa D&#8217;Angelo<\/a> &#8211;  <a href=\"\/Julia_Gr%C3%BCnwald\" title=\"Julia Gr\u00fcnwald\">Julia Gr\u00fcnwald<\/a>\n<\/th>\n<\/tr>\n<tr>\n<th style=\"text-align:left;\"><b>Sturm<\/b>\n<\/th>\n<th><a href=\"\/Tina_Krassnig\" title=\"Tina Krassnig\">Tina Krassnig<\/a> &#8211;  <a href=\"\/Emelie_Kobler\" title=\"Emelie Kobler\">Emelie Kobler<\/a>\n<\/th>\n<\/tr>\n<tr>\n<td colspan=\"2\" style=\"text-align:center;\" bgcolor=\"lightgray\"><b>Wechsel<\/b>\n<\/td>\n<\/tr>\n<tr>\n<th style=\"text-align:left;\"><b>Wechsel<\/b>\n<\/th>\n<th style=\"text-align:left;\"><a href=\"\/Maria_Ganisl\" title=\"Maria Ganisl\">Maria Ganisl<\/a>, <a href=\"\/Aldina_Hamzic\" title=\"Aldina Hamzic\">Aldina Hamzic<\/a>, <a href=\"\/Valentina_Akrap\" title=\"Valentina Akrap\">Valentina Akrap<\/a>, <br \/><a href=\"\/Valentina_Illinger\" title=\"Valentina Illinger\">Valentina Illinger<\/a>, <a href=\"\/Valentina_Lutz\" title=\"Valentina Lutz\">Valentina Lutz<\/a>, <a href=\"\/Laura_Talwieser\" title=\"Laura Talwieser\">Laura Talwieser<\/a>, <br \/> <a href=\"\/Sara_Grabovac\" title=\"Sara Grabovac\">Sara Grabovac<\/a>, <a href=\"\/Greta_Spinn\" title=\"Greta Spinn\">Greta Spinn<\/a>\n<\/th>\n<\/tr>\n<tr>\n<td colspan=\"2\" style=\"text-align:center;\" bgcolor=\"lightgray\"><b>Statistik<\/b>\n<\/td>\n<\/tr>\n<tr>\n<th style=\"text-align:left;\"><b>Endstand<\/b>\n<\/th>\n<th style=\"text-align:left;\">0:2 (0:1)\n<\/th>\n<\/tr>\n<tr>\n<th style=\"text-align:left;\"><b>Torsch\u00fctzen<\/b>\n<\/th>\n<th style=\"text-align:left;\">Fl\u00f6tzer (23.), Vlachou (63.)\n<\/th>\n<\/tr>\n<tr>\n<th style=\"text-align:left;\"><b>Gelbe Karten<\/b>\n<\/th>\n<th style=\"text-align:left;\">\n<\/th>\n<\/tr>\n<tr>\n<th style=\"text-align:left;\"><b>Rote Karten<\/b>\n<\/th>\n<th style=\"text-align:left;\">\n<\/th>\n<\/tr>\n<tr>\n<th style=\"text-align:left;\"><b>Schiedsrichter<\/b>\n<\/th>\n<th style=\"text-align:left;\">\n<\/th>\n<\/tr>\n<tr>\n<th style=\"text-align:left;\"><b>Stadion<\/b>\n<\/th>\n<th style=\"text-align:left;\">F\u00fcrstenfeldbruck\n<\/th>\n<\/tr>\n<tr>\n<th style=\"text-align:left;\"><b>Zuschauer<\/b>\n<\/th>\n<th style=\"text-align:left;\">\n<\/th>\n<\/tr>\n<\/tbody>\n<\/table>\n<h2><span class=\"mw-headline\" id=\"Spielbericht\">Spielbericht<\/span><a href=\"\/index.php?title=FC_Red_Bull_Salzburg_Frauen_gegen_Wacker_M%C3%BCnchen_Frauen&amp;action=edit&amp;section=1\" title=\"Abschnitt bearbeiten: Spielbericht\">Bearbeiten<\/a><span class=\"mw-editsection-bracket\">]<\/span><\/span><\/h2>\n<p><a rel=\"nofollow\" class=\"external text\" href=\"https:\/\/www.redbullsalzburg.at\/de\/frauen\/test-wacker-muenchen\">Spielbericht Vereinshomepage<\/a>\n<\/p>\n<h2><span class=\"mw-headline\" id=\"Stimmen_zum_Spiel\">Stimmen zum Spiel<\/span><a href=\"\/index.php?title=FC_Red_Bull_Salzburg_Frauen_gegen_Wacker_M%C3%BCnchen_Frauen&amp;action=edit&amp;section=2\" title=\"Abschnitt bearbeiten: Stimmen zum Spiel\">Bearbeiten<\/a><span class=\"mw-editsection-bracket\">]<\/span><\/span><\/h2>\n<p><b>Dusan Pavlovic:<\/b>  Das war ein guter erster Test f\u00fcr uns! 21 Spielerinnen sind zum Einsatz gekommen, die Feldspielerinnen haben jeweils 45 Minuten absolviert. Das Spiel hat uns ein paar gute Situationen gebracht und uns damit aufgezeigt, woran wir noch arbeiten m\u00fcssen \u2013 was f\u00fcr diese Phase der Vorbereitung v\u00f6llig in Ordnung ist. einen sehr dynamischen Fu\u00dfball gezeigt. Uns war heute wichtig, dass jeder noch einmal Spielzeit bekommt \u2013 in diesem Sinne sind wir gut vorbereitet auf Lustenau!\n<\/p>\n<\/div>\n","protected":false},"excerpt":{"rendered":"<p>FC Red Bull Salzburg Frauen gegen FFC Wacker M\u00fcnchen , 0:2 Spieltag Testspiel Datum 19. Juli 2025 Anpfiff Aufstellung Tor Fischer Verteidigung Laura Spinn &#8211; Emma Remich &#8211; Lea Krinzinger &#8211; Caroline Gragger Mittelfeld Sophia Schirmbrand &#8211; Christina Gierzinger &#8211; Theresa D&#8217;Angelo &#8211; Julia Gr\u00fcnwald Sturm Tina Krassnig &#8211; Emelie Kobler Wechsel Wechsel Maria Ganisl, [&hellip;]<\/p>\n","protected":false},"author":1,"featured_media":0,"parent":0,"menu_order":0,"comment_status":"closed","ping_status":"closed","template":"","meta":{"footnotes":""},"class_list":["post-4074","page","type-page","status-publish","hentry"],"_links":{"self":[{"href":"https:\/\/wiki.s12.at\/index.php\/wp-json\/wp\/v2\/pages\/4074","targetHints":{"allow":["GET"]}}],"collection":[{"href":"https:\/\/wiki.s12.at\/index.php\/wp-json\/wp\/v2\/pages"}],"about":[{"href":"https:\/\/wiki.s12.at\/index.php\/wp-json\/wp\/v2\/types\/page"}],"author":[{"embeddable":true,"href":"https:\/\/wiki.s12.at\/index.php\/wp-json\/wp\/v2\/users\/1"}],"replies":[{"embeddable":true,"href":"https:\/\/wiki.s12.at\/index.php\/wp-json\/wp\/v2\/comments?post=4074"}],"version-history":[{"count":0,"href":"https:\/\/wiki.s12.at\/index.php\/wp-json\/wp\/v2\/pages\/4074\/revisions"}],"wp:attachment":[{"href":"https:\/\/wiki.s12.at\/index.php\/wp-json\/wp\/v2\/media?parent=4074"}],"curies":[{"name":"wp","href":"https:\/\/api.w.org\/{rel}","templated":true}]}}

FC Red Bull Salzburg Frauen gegen Wacker München Frauen

<div class="mw-parser-output">
<table class="toptextcells toccolours">
<tbody>
<tr>
<th colspan="2" style="text-align: center; vertical-align: top; padding: 0.3em 0.8em; font-size: 125%; background-color: lightsteelblue;">FC Red Bull Salzburg Frauen gegen FFC Wacker München , 0:2
</th>
</tr>
<tr>
<th style="text-align:left;"><b>Spieltag</b>
</th>
<th style="text-align:left;">Testspiel
</th>
</tr>
<tr>
<th style="text-align:left;"><b>Datum</b>
</th>
<th style="text-align:left;">19. Juli 2025
</th>
</tr>
<tr>
<th style="text-align:left;"><b>Anpfiff</b>
</th>
<th style="text-align:left;">
</th>
</tr>
<tr>
<td colspan="2" style="text-align:center;" bgcolor="lightgray"><b>Aufstellung</b>
</td>
</tr>
<tr>
<th style="text-align:left;"><b>Tor</b>
</th>
<th>Fischer
</th>
</tr>
<tr>
<th style="text-align:left;"><b>Verteidigung</b>
</th>
<th><a href="/Laura_Spinn" title="Laura Spinn">Laura Spinn</a> &#8211;  <a href="/Emma_Remich" title="Emma Remich">Emma Remich</a> &#8211; <a href="/Lea_Krinzinger" title="Lea Krinzinger">Lea Krinzinger</a>  &#8211;   <a href="/Caroline_Gragger" title="Caroline Gragger">Caroline Gragger</a>
</th>
</tr>
<tr>
<th style="text-align:left;"><b>Mittelfeld</b>
</th>
<th><a href="/Sophia_Schirmbrand" title="Sophia Schirmbrand">Sophia Schirmbrand</a> &#8211; <a href="/Christina_Gierzinger" title="Christina Gierzinger">Christina  Gierzinger</a> &#8211; <a href="/Theresa_D%27Angelo" title="Theresa D&#39;Angelo">Theresa D&#8217;Angelo</a> &#8211;  <a href="/Julia_Gr%C3%BCnwald" title="Julia Grünwald">Julia Grünwald</a>
</th>
</tr>
<tr>
<th style="text-align:left;"><b>Sturm</b>
</th>
<th><a href="/Tina_Krassnig" title="Tina Krassnig">Tina Krassnig</a> &#8211;  <a href="/Emelie_Kobler" title="Emelie Kobler">Emelie Kobler</a>
</th>
</tr>
<tr>
<td colspan="2" style="text-align:center;" bgcolor="lightgray"><b>Wechsel</b>
</td>
</tr>
<tr>
<th style="text-align:left;"><b>Wechsel</b>
</th>
<th style="text-align:left;"><a href="/Maria_Ganisl" title="Maria Ganisl">Maria Ganisl</a>, <a href="/Aldina_Hamzic" title="Aldina Hamzic">Aldina Hamzic</a>, <a href="/Valentina_Akrap" title="Valentina Akrap">Valentina Akrap</a>, <br /><a href="/Valentina_Illinger" title="Valentina Illinger">Valentina Illinger</a>, <a href="/Valentina_Lutz" title="Valentina Lutz">Valentina Lutz</a>, <a href="/Laura_Talwieser" title="Laura Talwieser">Laura Talwieser</a>, <br /> <a href="/Sara_Grabovac" title="Sara Grabovac">Sara Grabovac</a>, <a href="/Greta_Spinn" title="Greta Spinn">Greta Spinn</a>
</th>
</tr>
<tr>
<td colspan="2" style="text-align:center;" bgcolor="lightgray"><b>Statistik</b>
</td>
</tr>
<tr>
<th style="text-align:left;"><b>Endstand</b>
</th>
<th style="text-align:left;">0:2 (0:1)
</th>
</tr>
<tr>
<th style="text-align:left;"><b>Torschützen</b>
</th>
<th style="text-align:left;">Flötzer (23.), Vlachou (63.)
</th>
</tr>
<tr>
<th style="text-align:left;"><b>Gelbe Karten</b>
</th>
<th style="text-align:left;">
</th>
</tr>
<tr>
<th style="text-align:left;"><b>Rote Karten</b>
</th>
<th style="text-align:left;">
</th>
</tr>
<tr>
<th style="text-align:left;"><b>Schiedsrichter</b>
</th>
<th style="text-align:left;">
</th>
</tr>
<tr>
<th style="text-align:left;"><b>Stadion</b>
</th>
<th style="text-align:left;">Fürstenfeldbruck
</th>
</tr>
<tr>
<th style="text-align:left;"><b>Zuschauer</b>
</th>
<th style="text-align:left;">
</th>
</tr>
</tbody>
</table>
<h2><span class="mw-headline" id="Spielbericht">Spielbericht</span><a href="/index.php?title=FC_Red_Bull_Salzburg_Frauen_gegen_Wacker_M%C3%BCnchen_Frauen&amp;action=edit&amp;section=1" title="Abschnitt bearbeiten: Spielbericht">Bearbeiten</a><span class="mw-editsection-bracket">]</span></span></h2>
<p><a rel="nofollow" class="external text" href="https://www.redbullsalzburg.at/de/frauen/test-wacker-muenchen">Spielbericht Vereinshomepage</a>
</p>
<h2><span class="mw-headline" id="Stimmen_zum_Spiel">Stimmen zum Spiel</span><a href="/index.php?title=FC_Red_Bull_Salzburg_Frauen_gegen_Wacker_M%C3%BCnchen_Frauen&amp;action=edit&amp;section=2" title="Abschnitt bearbeiten: Stimmen zum Spiel">Bearbeiten</a><span class="mw-editsection-bracket">]</span></span></h2>
<p><b>Dusan Pavlovic:</b>  Das war ein guter erster Test für uns! 21 Spielerinnen sind zum Einsatz gekommen, die Feldspielerinnen haben jeweils 45 Minuten absolviert. Das Spiel hat uns ein paar gute Situationen gebracht und uns damit aufgezeigt, woran wir noch arbeiten müssen – was für diese Phase der Vorbereitung völlig in Ordnung ist. einen sehr dynamischen Fußball gezeigt. Uns war heute wichtig, dass jeder noch einmal Spielzeit bekommt – in diesem Sinne sind wir gut vorbereitet auf Lustenau!
</p>
</div>

<p>FC Red Bull Salzburg Frauen gegen FFC Wacker München , 0:2 Spieltag Testspiel Datum 19. Juli 2025 Anpfiff Aufstellung Tor Fischer Verteidigung Laura Spinn &#8211; Emma Remich &#8211; Lea Krinzinger &#8211; Caroline Gragger Mittelfeld Sophia Schirmbrand &#8211; Christina Gierzinger &#8211; Theresa D&#8217;Angelo &#8211; Julia Grünwald Sturm Tina Krassnig &#8211; Emelie Kobler Wechsel Wechsel Maria Ganisl, [&hellip;]</p>
