{"id":4068,"date":"2026-05-06T15:29:10","date_gmt":"2026-05-06T13:29:10","guid":{"rendered":"https:\/\/wiki.s12.at\/index.php\/fc-red-bull-salzburg-fc-pasching\/"},"modified":"2026-05-06T15:29:10","modified_gmt":"2026-05-06T13:29:10","slug":"fc-red-bull-salzburg-fc-pasching","status":"publish","type":"page","link":"https:\/\/wiki.s12.at\/index.php\/fc-red-bull-salzburg-fc-pasching\/","title":{"rendered":"FC Red Bull Salzburg &#8211; FC Pasching"},"content":{"rendered":"<div class=\"mw-parser-output\">\n<p><b>\u00d6FB-Cup 2012\/13, 5. Runde, 7. Mai 2013, 18 Uhr<br \/> <\/b>\n<\/p>\n<table class=\"wikitable\">\n<caption><big> FC Red Bull Salzburg gegen FC Pasching, 1:2  <\/big><br \/>\n<\/caption>\n<tbody>\n<tr>\n<td>Aufstellung:<\/td>\n<td><a href=\"\/Eddie_Gustafsson\" title=\"Eddie Gustafsson\">Eddie Gustafsson<\/a>\n<\/td>\n<\/tr>\n<tr>\n<td><\/td>\n<td><a href=\"\/Florian_Klein\" title=\"Florian Klein\">Florian Klein<\/a>, <a href=\"\/Isaac_Vorsah\" title=\"Isaac Vorsah\">Isaac Vorsah<\/a>, <a href=\"\/Rodnei\" title=\"Rodnei\">Rodnei<\/a>, <a href=\"\/Andreas_Ulmer\" title=\"Andreas Ulmer\">Andreas Ulmer<\/a>\n<\/td>\n<\/tr>\n<tr>\n<td><\/td>\n<td><a href=\"\/Christopher_Dibon\" title=\"Christopher Dibon\">Christopher Dibon<\/a> <a href=\"\/Georg_Teigl\" title=\"Georg Teigl\">Georg Teigl<\/a>, <a href=\"\/Kevin_Kampl\" title=\"Kevin Kampl\">Kevin Kampl<\/a>, <a href=\"\/Christoph_Leitgeb\" title=\"Christoph Leitgeb\">Christoph Leitgeb<\/a>, <a href=\"\/Sadio_Man%C3%A9\" title=\"Sadio Man\u00e9\">Sadio Man\u00e9<\/a>\n<\/td>\n<\/tr>\n<tr>\n<td><\/td>\n<td><a href=\"\/Havard_Nielsen\" title=\"Havard Nielsen\">Havard Nielsen<\/a>\n<\/td>\n<\/tr>\n<tr>\n<td>Wechsel:<\/td>\n<td><a href=\"\/Valon_Berisha\" title=\"Valon Berisha\">Valon Berisha<\/a> f\u00fcr Kampl (59.), <a href=\"\/Stefan_Ilsanker\" title=\"Stefan Ilsanker\">Stefan Ilsanker<\/a> f\u00fcr Vorsah (64.), <a href=\"\/Jonatan_Soriano\" title=\"Jonatan Soriano\">Jonatan Soriano<\/a> f\u00fcr Teigl (75.)\n<\/td>\n<\/tr>\n<tr>\n<td>Endstand:<\/td>\n<td>1:2 (0:0)\n<\/td>\n<\/tr>\n<tr>\n<td>Torsch\u00fctzen:<\/td>\n<td>Nielsen (48.); Kovacec (68.), Kerschbaumer (79.)\n<\/td>\n<\/tr>\n<tr>\n<td>Gelbe Karten:<\/td>\n<td>Kampl (41.)\n<\/td>\n<\/tr>\n<tr>\n<td>Gelb-Rote Karten:<\/td>\n<td>\n<\/td>\n<\/tr>\n<tr>\n<td>Rote Karten:<\/td>\n<td>\n<\/td>\n<\/tr>\n<tr>\n<td>Schiedsrichter:<\/td>\n<td>Gerhard Grobelnik\n<\/td>\n<\/tr>\n<tr>\n<td>Stadion:<\/td>\n<td>EM Stadion Wals Siezenheim\n<\/td>\n<\/tr>\n<tr>\n<td>Zuschauer:<\/td>\n<td>2 726\n<\/td>\n<\/tr>\n<\/tbody>\n<\/table>\n<h2><span class=\"mw-headline\" id=\"Stimmen_zum_Spiel\">Stimmen zum Spiel<\/span><a href=\"\/index.php?title=FC_Red_Bull_Salzburg_-_FC_Pasching&amp;action=edit&amp;section=1\" title=\"Abschnitt bearbeiten: Stimmen zum Spiel\">Bearbeiten<\/a><span class=\"mw-editsection-bracket\">]<\/span><\/span><\/h2>\n<ul>\n<li><b>Roger Schmidt:<\/b> \u201eWir haben uns heute sehr viel kaputt gemacht, was wir uns in den letzten Monaten aufgebaut haben. Wir haben nicht entsprechend genug investiert, haben es nach der F\u00fchrung verabs\u00e4umt, die Partie vorzeitig f\u00fcr uns zu entscheiden.\u201c<\/li>\n<\/ul>\n<h2><span class=\"mw-headline\" id=\"Bilder\">Bilder<\/span><a href=\"\/index.php?title=FC_Red_Bull_Salzburg_-_FC_Pasching&amp;action=edit&amp;section=2\" title=\"Abschnitt bearbeiten: Bilder\">Bearbeiten<\/a><span class=\"mw-editsection-bracket\">]<\/span><\/span><\/h2>\n<p><img alt=\"\" src=\"\/images\/thumb\/4\/4a\/Commons-logo.svg\/langde-20px-Commons-logo.svg.png%3Futm_source%3Dcommons.wikimedia.org%26utm_campaign%3Dimageinfo%26utm_content%3Dthumbnail\" decoding=\"async\" title=\"Commons\" width=\"12\" height=\"16\" srcset=\"\/images\/thumb\/4\/4a\/Commons-logo.svg\/langde-40px-Commons-logo.svg.png%3Futm_source%3Dcommons.wikimedia.org%26utm_campaign%3Dimageinfo%26utm_content%3Dthumbnail 2x\" \/>&#160;<b><a href=\"http:\/\/commons.wikimedia.org\/wiki\/Category:Cuphalbfinale_RB_Salzburg_vs_FC_Pasching\" class=\"extiw\" title=\"commons:Category:Cuphalbfinale RB Salzburg vs FC Pasching\">FC Red Bull Salzburg &#8211; FC Pasching<\/a><\/b>&#160;\u2013 Sammlung von Bildern, Videos und Audiodateien auf <a href=\"\/Wikimedia_Commons\" title=\"Wikimedia Commons\">Wikimedia Commons<\/a>\n<\/p>\n<h2><span class=\"mw-headline\" id=\"Weblinks\">Weblinks<\/span><a href=\"\/index.php?title=FC_Red_Bull_Salzburg_-_FC_Pasching&amp;action=edit&amp;section=3\" title=\"Abschnitt bearbeiten: Weblinks\">Bearbeiten<\/a><span class=\"mw-editsection-bracket\">]<\/span><\/span><\/h2>\n<ul>\n<li><a rel=\"nofollow\" class=\"external text\" href=\"http:\/\/redbulls.com\/soccer\/salzburg\/de\/red-bull-salzburg-news-detail_9039.html\">Spielbericht Vereinshomepage<\/a><\/li>\n<li><a rel=\"nofollow\" class=\"external text\" href=\"http:\/\/www.salzburg12.at\/2013\/05\/ein-tag-zum-vergessen\/\">Spielbericht salzburg12.at<\/a><\/li>\n<\/ul>\n<\/div>\n","protected":false},"excerpt":{"rendered":"<p>\u00d6FB-Cup 2012\/13, 5. Runde, 7. Mai 2013, 18 Uhr FC Red Bull Salzburg gegen FC Pasching, 1:2 Aufstellung: Eddie Gustafsson Florian Klein, Isaac Vorsah, Rodnei, Andreas Ulmer Christopher Dibon Georg Teigl, Kevin Kampl, Christoph Leitgeb, Sadio Man\u00e9 Havard Nielsen Wechsel: Valon Berisha f\u00fcr Kampl (59.), Stefan Ilsanker f\u00fcr Vorsah (64.), Jonatan Soriano f\u00fcr Teigl (75.) [&hellip;]<\/p>\n","protected":false},"author":1,"featured_media":0,"parent":0,"menu_order":0,"comment_status":"closed","ping_status":"closed","template":"","meta":{"footnotes":""},"class_list":["post-4068","page","type-page","status-publish","hentry"],"_links":{"self":[{"href":"https:\/\/wiki.s12.at\/index.php\/wp-json\/wp\/v2\/pages\/4068","targetHints":{"allow":["GET"]}}],"collection":[{"href":"https:\/\/wiki.s12.at\/index.php\/wp-json\/wp\/v2\/pages"}],"about":[{"href":"https:\/\/wiki.s12.at\/index.php\/wp-json\/wp\/v2\/types\/page"}],"author":[{"embeddable":true,"href":"https:\/\/wiki.s12.at\/index.php\/wp-json\/wp\/v2\/users\/1"}],"replies":[{"embeddable":true,"href":"https:\/\/wiki.s12.at\/index.php\/wp-json\/wp\/v2\/comments?post=4068"}],"version-history":[{"count":0,"href":"https:\/\/wiki.s12.at\/index.php\/wp-json\/wp\/v2\/pages\/4068\/revisions"}],"wp:attachment":[{"href":"https:\/\/wiki.s12.at\/index.php\/wp-json\/wp\/v2\/media?parent=4068"}],"curies":[{"name":"wp","href":"https:\/\/api.w.org\/{rel}","templated":true}]}}

<div class="mw-parser-output">
<p><b>ÖFB-Cup 2012/13, 5. Runde, 7. Mai 2013, 18 Uhr<br /> </b>
</p>
<table class="wikitable">
<caption><big> FC Red Bull Salzburg gegen FC Pasching, 1:2  </big><br />
</caption>
<tbody>
<tr>
<td>Aufstellung:</td>
<td><a href="/Eddie_Gustafsson" title="Eddie Gustafsson">Eddie Gustafsson</a>
</td>
</tr>
<tr>
<td></td>
<td><a href="/Florian_Klein" title="Florian Klein">Florian Klein</a>, <a href="/Isaac_Vorsah" title="Isaac Vorsah">Isaac Vorsah</a>, <a href="/Rodnei" title="Rodnei">Rodnei</a>, <a href="/Andreas_Ulmer" title="Andreas Ulmer">Andreas Ulmer</a>
</td>
</tr>
<tr>
<td></td>
<td><a href="/Christopher_Dibon" title="Christopher Dibon">Christopher Dibon</a> <a href="/Georg_Teigl" title="Georg Teigl">Georg Teigl</a>, <a href="/Kevin_Kampl" title="Kevin Kampl">Kevin Kampl</a>, <a href="/Christoph_Leitgeb" title="Christoph Leitgeb">Christoph Leitgeb</a>, <a href="/Sadio_Man%C3%A9" title="Sadio Mané">Sadio Mané</a>
</td>
</tr>
<tr>
<td></td>
<td><a href="/Havard_Nielsen" title="Havard Nielsen">Havard Nielsen</a>
</td>
</tr>
<tr>
<td>Wechsel:</td>
<td><a href="/Valon_Berisha" title="Valon Berisha">Valon Berisha</a> für Kampl (59.), <a href="/Stefan_Ilsanker" title="Stefan Ilsanker">Stefan Ilsanker</a> für Vorsah (64.), <a href="/Jonatan_Soriano" title="Jonatan Soriano">Jonatan Soriano</a> für Teigl (75.)
</td>
</tr>
<tr>
<td>Endstand:</td>
<td>1:2 (0:0)
</td>
</tr>
<tr>
<td>Torschützen:</td>
<td>Nielsen (48.); Kovacec (68.), Kerschbaumer (79.)
</td>
</tr>
<tr>
<td>Gelbe Karten:</td>
<td>Kampl (41.)
</td>
</tr>
<tr>
<td>Gelb-Rote Karten:</td>
<td>
</td>
</tr>
<tr>
<td>Rote Karten:</td>
<td>
</td>
</tr>
<tr>
<td>Schiedsrichter:</td>
<td>Gerhard Grobelnik
</td>
</tr>
<tr>
<td>Stadion:</td>
<td>EM Stadion Wals Siezenheim
</td>
</tr>
<tr>
<td>Zuschauer:</td>
<td>2 726
</td>
</tr>
</tbody>
</table>
<h2><span class="mw-headline" id="Stimmen_zum_Spiel">Stimmen zum Spiel</span><a href="/index.php?title=FC_Red_Bull_Salzburg_-_FC_Pasching&amp;action=edit&amp;section=1" title="Abschnitt bearbeiten: Stimmen zum Spiel">Bearbeiten</a><span class="mw-editsection-bracket">]</span></span></h2>
<ul>
<li><b>Roger Schmidt:</b> „Wir haben uns heute sehr viel kaputt gemacht, was wir uns in den letzten Monaten aufgebaut haben. Wir haben nicht entsprechend genug investiert, haben es nach der Führung verabsäumt, die Partie vorzeitig für uns zu entscheiden.“</li>
</ul>
<h2><span class="mw-headline" id="Bilder">Bilder</span><a href="/index.php?title=FC_Red_Bull_Salzburg_-_FC_Pasching&amp;action=edit&amp;section=2" title="Abschnitt bearbeiten: Bilder">Bearbeiten</a><span class="mw-editsection-bracket">]</span></span></h2>
<p><img alt="" src="/images/thumb/4/4a/Commons-logo.svg/langde-20px-Commons-logo.svg.png%3Futm_source%3Dcommons.wikimedia.org%26utm_campaign%3Dimageinfo%26utm_content%3Dthumbnail" decoding="async" title="Commons" width="12" height="16" srcset="/images/thumb/4/4a/Commons-logo.svg/langde-40px-Commons-logo.svg.png%3Futm_source%3Dcommons.wikimedia.org%26utm_campaign%3Dimageinfo%26utm_content%3Dthumbnail 2x" />&#160;<b><a href="http://commons.wikimedia.org/wiki/Category:Cuphalbfinale_RB_Salzburg_vs_FC_Pasching" class="extiw" title="commons:Category:Cuphalbfinale RB Salzburg vs FC Pasching">FC Red Bull Salzburg &#8211; FC Pasching</a></b>&#160;– Sammlung von Bildern, Videos und Audiodateien auf <a href="/Wikimedia_Commons" title="Wikimedia Commons">Wikimedia Commons</a>
</p>
<h2><span class="mw-headline" id="Weblinks">Weblinks</span><a href="/index.php?title=FC_Red_Bull_Salzburg_-_FC_Pasching&amp;action=edit&amp;section=3" title="Abschnitt bearbeiten: Weblinks">Bearbeiten</a><span class="mw-editsection-bracket">]</span></span></h2>
<ul>
<li><a rel="nofollow" class="external text" href="http://redbulls.com/soccer/salzburg/de/red-bull-salzburg-news-detail_9039.html">Spielbericht Vereinshomepage</a></li>
<li><a rel="nofollow" class="external text" href="http://www.salzburg12.at/2013/05/ein-tag-zum-vergessen/">Spielbericht salzburg12.at</a></li>
</ul>
</div>

<p>ÖFB-Cup 2012/13, 5. Runde, 7. Mai 2013, 18 Uhr FC Red Bull Salzburg gegen FC Pasching, 1:2 Aufstellung: Eddie Gustafsson Florian Klein, Isaac Vorsah, Rodnei, Andreas Ulmer Christopher Dibon Georg Teigl, Kevin Kampl, Christoph Leitgeb, Sadio Mané Havard Nielsen Wechsel: Valon Berisha für Kampl (59.), Stefan Ilsanker für Vorsah (64.), Jonatan Soriano für Teigl (75.) [&hellip;]</p>
