{"id":4059,"date":"2026-05-06T15:29:02","date_gmt":"2026-05-06T13:29:02","guid":{"rendered":"https:\/\/wiki.s12.at\/index.php\/fc-rb-salzburg-gegen-blau-weiss-linz\/"},"modified":"2026-05-06T15:29:02","modified_gmt":"2026-05-06T13:29:02","slug":"fc-rb-salzburg-gegen-blau-weiss-linz","status":"publish","type":"page","link":"https:\/\/wiki.s12.at\/index.php\/fc-rb-salzburg-gegen-blau-weiss-linz\/","title":{"rendered":"FC RB Salzburg gegen Blau-Wei\u00df Linz"},"content":{"rendered":"<div class=\"mw-parser-output\">\n<h2><span class=\"mw-headline\" id=\"Fakten\">Fakten<\/span><a href=\"\/index.php?title=FC_RB_Salzburg_gegen_Blau-Wei%C3%9F_Linz&amp;action=edit&amp;section=1\" title=\"Abschnitt bearbeiten: Fakten\">Bearbeiten<\/a><span class=\"mw-editsection-bracket\">]<\/span><\/span><\/h2>\n<table class=\"toptextcells toccolours\">\n<tbody>\n<tr>\n<th colspan=\"2\" style=\"text-align: center; vertical-align: top; padding: 0.3em 0.8em; font-size: 125%; background-color: lightsteelblue;\">FC Red Bull Salzburg gegen Blau-Wei\u00df Linz, 7:1\n<\/th>\n<\/tr>\n<tr>\n<th style=\"text-align:left;\"><b>Spieltag<\/b>\n<\/th>\n<th style=\"text-align:left;\">Testspiel\n<\/th>\n<\/tr>\n<tr>\n<th style=\"text-align:left;\"><b>Datum<\/b>\n<\/th>\n<th style=\"text-align:left;\">20. August 2019\n<\/th>\n<\/tr>\n<tr>\n<th style=\"text-align:left;\"><b>Anpfiff<\/b>\n<\/th>\n<th style=\"text-align:left;\">18 Uhr\n<\/th>\n<\/tr>\n<tr>\n<td colspan=\"2\" style=\"text-align:center;\" bgcolor=\"lightgray\"><b>Aufstellung<\/b>\n<\/td>\n<\/tr>\n<tr>\n<th style=\"text-align:left;\"><b>Tor<\/b>\n<\/th>\n<th><a href=\"\/Philipp_K%C3%B6hn\" title=\"Philipp K\u00f6hn\">Philipp K\u00f6hn<\/a>\n<\/th>\n<\/tr>\n<tr>\n<th style=\"text-align:left;\"><b>Verteidigung<\/b>\n<\/th>\n<th><a href=\"\/Gideon_Mensah\" title=\"Gideon Mensah\">Gideon Mensah<\/a> &#8211; <a href=\"\/Maximilian_W%C3%B6ber\" title=\"Maximilian W\u00f6ber\">Maximilian W\u00f6ber<\/a> &#8211; <a href=\"\/Albert_Vallci\" title=\"Albert Vallci\">Albert Vallci<\/a> &#8211; <a href=\"\/Patrick_Farkas\" title=\"Patrick Farkas\">Patrick Farkas<\/a>\n<\/th>\n<\/tr>\n<tr>\n<th style=\"text-align:left;\"><b>Mittelfeld<\/b>\n<\/th>\n<th><a href=\"\/Majeed_Ashimeru\" title=\"Majeed Ashimeru\">Majeed Ashimeru <\/a> &#8211; <a href=\"\/Enock_Mwepu\" title=\"Enock Mwepu\">Enock Mwepu<\/a> &#8211; <a href=\"\/Mohamed_Camara\" title=\"Mohamed Camara\">Mohamed Camara<\/a> &#8211; <a href=\"\/Sekou_Koita\" title=\"Sekou Koita\">Sekou Koita<\/a>\n<\/th>\n<\/tr>\n<tr>\n<th style=\"text-align:left;\"><b>Sturm<\/b>\n<\/th>\n<th><a href=\"\/Patson_Daka\" title=\"Patson Daka\">Patson Daka<\/a> &#8211; <a href=\"\/Smail_Prevljak\" title=\"Smail Prevljak\">Smail Prevljak<\/a>\n<\/th>\n<\/tr>\n<tr>\n<td colspan=\"2\" style=\"text-align:center;\" bgcolor=\"lightgray\"><b>Wechsel<\/b>\n<\/td>\n<\/tr>\n<tr>\n<th style=\"text-align:left;\"><b>Wechsel<\/b>\n<\/th>\n<th style=\"text-align:left;\"><a href=\"\/Carlos_Coronel\" class=\"mw-redirect\" title=\"Carlos Coronel\">Carlos Coronel<\/a> f\u00fcr K\u00f6hn (46.), <a href=\"\/Youba_Diarra\" title=\"Youba Diarra\">Youba Diarra<\/a> f\u00fcr Camara (46.)\n<\/th>\n<\/tr>\n<tr>\n<td colspan=\"2\" style=\"text-align:center;\" bgcolor=\"lightgray\"><b>Statistik<\/b>\n<\/td>\n<\/tr>\n<tr>\n<th style=\"text-align:left;\"><b>Endstand<\/b>\n<\/th>\n<th style=\"text-align:left;\">7:1 (5:0)\n<\/th>\n<\/tr>\n<tr>\n<th style=\"text-align:left;\"><b>Torsch\u00fctzen<\/b>\n<\/th>\n<th style=\"text-align:left;\">Koita (9., 24.), Daka (13., 35., 75.), Prevljak (30.), Diarra (83. E.);&#160;; Schubert (54.)\n<\/th>\n<\/tr>\n<tr>\n<th style=\"text-align:left;\"><b>Gelbe Karten<\/b>\n<\/th>\n<th style=\"text-align:left;\">\n<\/th>\n<\/tr>\n<tr>\n<th style=\"text-align:left;\"><b>Rote Karten<\/b>\n<\/th>\n<th style=\"text-align:left;\">\n<\/th>\n<\/tr>\n<tr>\n<th style=\"text-align:left;\"><b>Schiedsrichter<\/b>\n<\/th>\n<th style=\"text-align:left;\">Christopher J\u00e4ger\n<\/th>\n<\/tr>\n<tr>\n<th style=\"text-align:left;\"><b>Stadion<\/b>\n<\/th>\n<th style=\"text-align:left;\">Trainingsgel\u00e4nde Taxham\n<\/th>\n<\/tr>\n<tr>\n<th style=\"text-align:left;\"><b>Zuschauer<\/b>\n<\/th>\n<th style=\"text-align:left;\">\n<\/th>\n<\/tr>\n<\/tbody>\n<\/table>\n<h2><span class=\"mw-headline\" id=\"Weblinks\">Weblinks<\/span><a href=\"\/index.php?title=FC_RB_Salzburg_gegen_Blau-Wei%C3%9F_Linz&amp;action=edit&amp;section=2\" title=\"Abschnitt bearbeiten: Weblinks\">Bearbeiten<\/a><span class=\"mw-editsection-bracket\">]<\/span><\/span><\/h2>\n<ul>\n<li><a rel=\"nofollow\" class=\"external text\" href=\"https:\/\/www.redbullsalzburg.at\/de\/fc-red-bull-salzburg\/news\/saison_2019_20\/ueberzeugender-testspiel-sieg.html\">Spielbericht Vereinshomepage<\/a><\/li>\n<\/ul>\n<h2><span class=\"mw-headline\" id=\"Stimmen_zum_Spiel\">Stimmen zum Spiel<\/span><a href=\"\/index.php?title=FC_RB_Salzburg_gegen_Blau-Wei%C3%9F_Linz&amp;action=edit&amp;section=3\" title=\"Abschnitt bearbeiten: Stimmen zum Spiel\">Bearbeiten<\/a><span class=\"mw-editsection-bracket\">]<\/span><\/span><\/h2>\n<ul>\n<li><b>Jesse Marsch:<\/b> Unser Ziel war es, dass heute viele unserer Spieler m\u00f6glichst viel Einsatzzeit bekommen. Ganz besonders f\u00fcr Albert Vallci, Smail Prevljak oder Max W\u00f6ber war es sehr wichtig, von daher war es ein sehr effektives Spiel f\u00fcr uns. Dabei haben wir besonders in den ersten 30 Minuten \u00fcberzeugt, wir sind mit der Leistung und mit dem Endstand sehr zufrieden.<\/li>\n<\/ul>\n<ul>\n<li><b>Maximilian W\u00f6ber<\/b> Das war heute eine gute Leistung von uns, 7:1 ist schon ein deutliches Ergebnis. Dieses Spiel war auch wichtig f\u00fcr alle, die zuletzt nicht so viel im Einsatz waren, und eine gute Vorbereitung f\u00fcr das Admira-Match am Sonntag. F\u00fcr mich war es eine sehr intensive erste Woche mit dem ersten Spiel als Abschluss.<\/li>\n<\/ul>\n<\/div>\n","protected":false},"excerpt":{"rendered":"<p>FaktenBearbeiten] FC Red Bull Salzburg gegen Blau-Wei\u00df Linz, 7:1 Spieltag Testspiel Datum 20. August 2019 Anpfiff 18 Uhr Aufstellung Tor Philipp K\u00f6hn Verteidigung Gideon Mensah &#8211; Maximilian W\u00f6ber &#8211; Albert Vallci &#8211; Patrick Farkas Mittelfeld Majeed Ashimeru &#8211; Enock Mwepu &#8211; Mohamed Camara &#8211; Sekou Koita Sturm Patson Daka &#8211; Smail Prevljak Wechsel Wechsel Carlos [&hellip;]<\/p>\n","protected":false},"author":1,"featured_media":0,"parent":0,"menu_order":0,"comment_status":"closed","ping_status":"closed","template":"","meta":{"footnotes":""},"class_list":["post-4059","page","type-page","status-publish","hentry"],"_links":{"self":[{"href":"https:\/\/wiki.s12.at\/index.php\/wp-json\/wp\/v2\/pages\/4059","targetHints":{"allow":["GET"]}}],"collection":[{"href":"https:\/\/wiki.s12.at\/index.php\/wp-json\/wp\/v2\/pages"}],"about":[{"href":"https:\/\/wiki.s12.at\/index.php\/wp-json\/wp\/v2\/types\/page"}],"author":[{"embeddable":true,"href":"https:\/\/wiki.s12.at\/index.php\/wp-json\/wp\/v2\/users\/1"}],"replies":[{"embeddable":true,"href":"https:\/\/wiki.s12.at\/index.php\/wp-json\/wp\/v2\/comments?post=4059"}],"version-history":[{"count":0,"href":"https:\/\/wiki.s12.at\/index.php\/wp-json\/wp\/v2\/pages\/4059\/revisions"}],"wp:attachment":[{"href":"https:\/\/wiki.s12.at\/index.php\/wp-json\/wp\/v2\/media?parent=4059"}],"curies":[{"name":"wp","href":"https:\/\/api.w.org\/{rel}","templated":true}]}}

FC RB Salzburg gegen Blau-Weiß Linz

<div class="mw-parser-output">
<h2><span class="mw-headline" id="Fakten">Fakten</span><a href="/index.php?title=FC_RB_Salzburg_gegen_Blau-Wei%C3%9F_Linz&amp;action=edit&amp;section=1" title="Abschnitt bearbeiten: Fakten">Bearbeiten</a><span class="mw-editsection-bracket">]</span></span></h2>
<table class="toptextcells toccolours">
<tbody>
<tr>
<th colspan="2" style="text-align: center; vertical-align: top; padding: 0.3em 0.8em; font-size: 125%; background-color: lightsteelblue;">FC Red Bull Salzburg gegen Blau-Weiß Linz, 7:1
</th>
</tr>
<tr>
<th style="text-align:left;"><b>Spieltag</b>
</th>
<th style="text-align:left;">Testspiel
</th>
</tr>
<tr>
<th style="text-align:left;"><b>Datum</b>
</th>
<th style="text-align:left;">20. August 2019
</th>
</tr>
<tr>
<th style="text-align:left;"><b>Anpfiff</b>
</th>
<th style="text-align:left;">18 Uhr
</th>
</tr>
<tr>
<td colspan="2" style="text-align:center;" bgcolor="lightgray"><b>Aufstellung</b>
</td>
</tr>
<tr>
<th style="text-align:left;"><b>Tor</b>
</th>
<th><a href="/Philipp_K%C3%B6hn" title="Philipp Köhn">Philipp Köhn</a>
</th>
</tr>
<tr>
<th style="text-align:left;"><b>Verteidigung</b>
</th>
<th><a href="/Gideon_Mensah" title="Gideon Mensah">Gideon Mensah</a> &#8211; <a href="/Maximilian_W%C3%B6ber" title="Maximilian Wöber">Maximilian Wöber</a> &#8211; <a href="/Albert_Vallci" title="Albert Vallci">Albert Vallci</a> &#8211; <a href="/Patrick_Farkas" title="Patrick Farkas">Patrick Farkas</a>
</th>
</tr>
<tr>
<th style="text-align:left;"><b>Mittelfeld</b>
</th>
<th><a href="/Majeed_Ashimeru" title="Majeed Ashimeru">Majeed Ashimeru </a> &#8211; <a href="/Enock_Mwepu" title="Enock Mwepu">Enock Mwepu</a> &#8211; <a href="/Mohamed_Camara" title="Mohamed Camara">Mohamed Camara</a> &#8211; <a href="/Sekou_Koita" title="Sekou Koita">Sekou Koita</a>
</th>
</tr>
<tr>
<th style="text-align:left;"><b>Sturm</b>
</th>
<th><a href="/Patson_Daka" title="Patson Daka">Patson Daka</a> &#8211; <a href="/Smail_Prevljak" title="Smail Prevljak">Smail Prevljak</a>
</th>
</tr>
<tr>
<td colspan="2" style="text-align:center;" bgcolor="lightgray"><b>Wechsel</b>
</td>
</tr>
<tr>
<th style="text-align:left;"><b>Wechsel</b>
</th>
<th style="text-align:left;"><a href="/Carlos_Coronel" class="mw-redirect" title="Carlos Coronel">Carlos Coronel</a> für Köhn (46.), <a href="/Youba_Diarra" title="Youba Diarra">Youba Diarra</a> für Camara (46.)
</th>
</tr>
<tr>
<td colspan="2" style="text-align:center;" bgcolor="lightgray"><b>Statistik</b>
</td>
</tr>
<tr>
<th style="text-align:left;"><b>Endstand</b>
</th>
<th style="text-align:left;">7:1 (5:0)
</th>
</tr>
<tr>
<th style="text-align:left;"><b>Torschützen</b>
</th>
<th style="text-align:left;">Koita (9., 24.), Daka (13., 35., 75.), Prevljak (30.), Diarra (83. E.);&#160;; Schubert (54.)
</th>
</tr>
<tr>
<th style="text-align:left;"><b>Gelbe Karten</b>
</th>
<th style="text-align:left;">
</th>
</tr>
<tr>
<th style="text-align:left;"><b>Rote Karten</b>
</th>
<th style="text-align:left;">
</th>
</tr>
<tr>
<th style="text-align:left;"><b>Schiedsrichter</b>
</th>
<th style="text-align:left;">Christopher Jäger
</th>
</tr>
<tr>
<th style="text-align:left;"><b>Stadion</b>
</th>
<th style="text-align:left;">Trainingsgelände Taxham
</th>
</tr>
<tr>
<th style="text-align:left;"><b>Zuschauer</b>
</th>
<th style="text-align:left;">
</th>
</tr>
</tbody>
</table>
<h2><span class="mw-headline" id="Weblinks">Weblinks</span><a href="/index.php?title=FC_RB_Salzburg_gegen_Blau-Wei%C3%9F_Linz&amp;action=edit&amp;section=2" title="Abschnitt bearbeiten: Weblinks">Bearbeiten</a><span class="mw-editsection-bracket">]</span></span></h2>
<ul>
<li><a rel="nofollow" class="external text" href="https://www.redbullsalzburg.at/de/fc-red-bull-salzburg/news/saison_2019_20/ueberzeugender-testspiel-sieg.html">Spielbericht Vereinshomepage</a></li>
</ul>
<h2><span class="mw-headline" id="Stimmen_zum_Spiel">Stimmen zum Spiel</span><a href="/index.php?title=FC_RB_Salzburg_gegen_Blau-Wei%C3%9F_Linz&amp;action=edit&amp;section=3" title="Abschnitt bearbeiten: Stimmen zum Spiel">Bearbeiten</a><span class="mw-editsection-bracket">]</span></span></h2>
<ul>
<li><b>Jesse Marsch:</b> Unser Ziel war es, dass heute viele unserer Spieler möglichst viel Einsatzzeit bekommen. Ganz besonders für Albert Vallci, Smail Prevljak oder Max Wöber war es sehr wichtig, von daher war es ein sehr effektives Spiel für uns. Dabei haben wir besonders in den ersten 30 Minuten überzeugt, wir sind mit der Leistung und mit dem Endstand sehr zufrieden.</li>
</ul>
<ul>
<li><b>Maximilian Wöber</b> Das war heute eine gute Leistung von uns, 7:1 ist schon ein deutliches Ergebnis. Dieses Spiel war auch wichtig für alle, die zuletzt nicht so viel im Einsatz waren, und eine gute Vorbereitung für das Admira-Match am Sonntag. Für mich war es eine sehr intensive erste Woche mit dem ersten Spiel als Abschluss.</li>
</ul>
</div>

<p>FaktenBearbeiten] FC Red Bull Salzburg gegen Blau-Weiß Linz, 7:1 Spieltag Testspiel Datum 20. August 2019 Anpfiff 18 Uhr Aufstellung Tor Philipp Köhn Verteidigung Gideon Mensah &#8211; Maximilian Wöber &#8211; Albert Vallci &#8211; Patrick Farkas Mittelfeld Majeed Ashimeru &#8211; Enock Mwepu &#8211; Mohamed Camara &#8211; Sekou Koita Sturm Patson Daka &#8211; Smail Prevljak Wechsel Wechsel Carlos [&hellip;]</p>
