{"id":4026,"date":"2026-05-06T15:28:23","date_gmt":"2026-05-06T13:28:23","guid":{"rendered":"https:\/\/wiki.s12.at\/index.php\/fc-puch\/"},"modified":"2026-05-06T15:28:23","modified_gmt":"2026-05-06T13:28:23","slug":"fc-puch","status":"publish","type":"page","link":"https:\/\/wiki.s12.at\/index.php\/fc-puch\/","title":{"rendered":"FC Puch"},"content":{"rendered":"<div class=\"mw-parser-output\">\n<div class=\"floatright\"><a href=\"\/Datei:Logo-fc-puch.png\" class=\"image\"><img alt=\"Logo-fc-puch.png\" src=\"\/images\/thumb\/8\/88\/Logo-fc-puch.png\/200px-Logo-fc-puch.png\" decoding=\"async\" width=\"200\" height=\"200\" srcset=\"\/images\/thumb\/8\/88\/Logo-fc-puch.png\/300px-Logo-fc-puch.png 1.5x, \/images\/thumb\/8\/88\/Logo-fc-puch.png\/400px-Logo-fc-puch.png 2x\" \/><\/a><\/div>\n<p>Der <b>ASV\u00d6 FC Puch<\/b> ist ein \u00f6sterreichischer Fu\u00dfballverein aus der Salzburger Gemeinde Puch bei Hallein und spielt derzeit in der Salzburger Liga. Der Verein wurde am 6. September 1945 als Arbeiter Turn-und Sportverein (ATSV) Puch gegr\u00fcndet und tr\u00e4gt die Klubfarben Schwarz-Wei\u00df. In den 1990er Jahren fungierte der ASV\u00d6 FC Puch (vor\u00fcbergehend auch FC W\u00fcstenrot Puch genannt) als Satellitenklub des SV Austria Salzburg und spielte in der 2. Division der Bundesliga. Als Spieler war hier auch der sp\u00e4tere langj\u00e4hrige Pr\u00e4sident der Salzburger Austria, Rudolf Quehenberger, t\u00e4tig. Der Verein spielt 2021 in der Salzburger Liga.\n<\/p>\n<h2><span class=\"mw-headline\" id=\"Bilanz\">Bilanz<\/span><a href=\"\/index.php?title=FC_Puch&amp;action=edit&amp;section=1\" title=\"Abschnitt bearbeiten: Bilanz\">Bearbeiten<\/a><span class=\"mw-editsection-bracket\">]<\/span><\/span><\/h2>\n<table style=\"border-style:solid;border-width:1px;border-color:#808080;background-color:#EFEFEF\" cellspacing=\"2\" cellpadding=\"2\" width=\"300px\">\n<tbody>\n<tr bgcolor=\"#EFEFEF\">\n<th>Spiele\n<\/th>\n<th>S\n<\/th>\n<th>U\n<\/th>\n<th>N\n<\/th>\n<th>Tore\n<\/th>\n<\/tr>\n<tr align=\"left\" valign=\"top\" bgcolor=\"#ccffcc\">\n<td align=\"center\">6\n<\/td>\n<td align=\"center\">6\n<\/td>\n<td align=\"center\">0\n<\/td>\n<td align=\"center\">0\n<\/td>\n<td align=\"center\">21:3\n<\/td>\n<\/tr>\n<\/tbody>\n<\/table>\n<h2><span id=\"Bilanz_.28Austria_Salzburg_Amateure.29\"><\/span><span class=\"mw-headline\" id=\"Bilanz_(Austria_Salzburg_Amateure)\">Bilanz (Austria Salzburg Amateure)<\/span><a href=\"\/index.php?title=FC_Puch&amp;action=edit&amp;section=2\" title=\"Abschnitt bearbeiten: Bilanz (Austria Salzburg Amateure)\">Bearbeiten<\/a><span class=\"mw-editsection-bracket\">]<\/span><\/span><\/h2>\n<table style=\"border-style:solid;border-width:1px;border-color:#808080;background-color:#EFEFEF\" cellspacing=\"2\" cellpadding=\"2\" width=\"300px\">\n<tbody>\n<tr bgcolor=\"#EFEFEF\">\n<th>Spiele\n<\/th>\n<th>S\n<\/th>\n<th>U\n<\/th>\n<th>N\n<\/th>\n<th>Tore\n<\/th>\n<\/tr>\n<tr align=\"left\" valign=\"top\" bgcolor=\"#ccffcc\">\n<td align=\"center\">18\n<\/td>\n<td align=\"center\">8\n<\/td>\n<td align=\"center\">4\n<\/td>\n<td align=\"center\">6\n<\/td>\n<td align=\"center\">33:24\n<\/td>\n<\/tr>\n<\/tbody>\n<\/table>\n<\/div>\n","protected":false},"excerpt":{"rendered":"<p>Der ASV\u00d6 FC Puch ist ein \u00f6sterreichischer Fu\u00dfballverein aus der Salzburger Gemeinde Puch bei Hallein und spielt derzeit in der Salzburger Liga. Der Verein wurde am 6. September 1945 als Arbeiter Turn-und Sportverein (ATSV) Puch gegr\u00fcndet und tr\u00e4gt die Klubfarben Schwarz-Wei\u00df. In den 1990er Jahren fungierte der ASV\u00d6 FC Puch (vor\u00fcbergehend auch FC W\u00fcstenrot Puch [&hellip;]<\/p>\n","protected":false},"author":1,"featured_media":0,"parent":0,"menu_order":0,"comment_status":"closed","ping_status":"closed","template":"","meta":{"footnotes":""},"class_list":["post-4026","page","type-page","status-publish","hentry"],"_links":{"self":[{"href":"https:\/\/wiki.s12.at\/index.php\/wp-json\/wp\/v2\/pages\/4026","targetHints":{"allow":["GET"]}}],"collection":[{"href":"https:\/\/wiki.s12.at\/index.php\/wp-json\/wp\/v2\/pages"}],"about":[{"href":"https:\/\/wiki.s12.at\/index.php\/wp-json\/wp\/v2\/types\/page"}],"author":[{"embeddable":true,"href":"https:\/\/wiki.s12.at\/index.php\/wp-json\/wp\/v2\/users\/1"}],"replies":[{"embeddable":true,"href":"https:\/\/wiki.s12.at\/index.php\/wp-json\/wp\/v2\/comments?post=4026"}],"version-history":[{"count":0,"href":"https:\/\/wiki.s12.at\/index.php\/wp-json\/wp\/v2\/pages\/4026\/revisions"}],"wp:attachment":[{"href":"https:\/\/wiki.s12.at\/index.php\/wp-json\/wp\/v2\/media?parent=4026"}],"curies":[{"name":"wp","href":"https:\/\/api.w.org\/{rel}","templated":true}]}}

<div class="mw-parser-output">
<div class="floatright"><a href="/Datei:Logo-fc-puch.png" class="image"><img alt="Logo-fc-puch.png" src="/images/thumb/8/88/Logo-fc-puch.png/200px-Logo-fc-puch.png" decoding="async" width="200" height="200" srcset="/images/thumb/8/88/Logo-fc-puch.png/300px-Logo-fc-puch.png 1.5x, /images/thumb/8/88/Logo-fc-puch.png/400px-Logo-fc-puch.png 2x" /></a></div>
<p>Der <b>ASVÖ FC Puch</b> ist ein österreichischer Fußballverein aus der Salzburger Gemeinde Puch bei Hallein und spielt derzeit in der Salzburger Liga. Der Verein wurde am 6. September 1945 als Arbeiter Turn-und Sportverein (ATSV) Puch gegründet und trägt die Klubfarben Schwarz-Weiß. In den 1990er Jahren fungierte der ASVÖ FC Puch (vorübergehend auch FC Wüstenrot Puch genannt) als Satellitenklub des SV Austria Salzburg und spielte in der 2. Division der Bundesliga. Als Spieler war hier auch der spätere langjährige Präsident der Salzburger Austria, Rudolf Quehenberger, tätig. Der Verein spielt 2021 in der Salzburger Liga.
</p>
<h2><span class="mw-headline" id="Bilanz">Bilanz</span><a href="/index.php?title=FC_Puch&amp;action=edit&amp;section=1" title="Abschnitt bearbeiten: Bilanz">Bearbeiten</a><span class="mw-editsection-bracket">]</span></span></h2>
<table style="border-style:solid;border-width:1px;border-color:#808080;background-color:#EFEFEF" cellspacing="2" cellpadding="2" width="300px">
<tbody>
<tr bgcolor="#EFEFEF">
<th>Spiele
</th>
<th>S
</th>
<th>U
</th>
<th>N
</th>
<th>Tore
</th>
</tr>
<tr align="left" valign="top" bgcolor="#ccffcc">
<td align="center">6
</td>
<td align="center">6
</td>
<td align="center">0
</td>
<td align="center">0
</td>
<td align="center">21:3
</td>
</tr>
</tbody>
</table>
<h2><span id="Bilanz_.28Austria_Salzburg_Amateure.29"></span><span class="mw-headline" id="Bilanz_(Austria_Salzburg_Amateure)">Bilanz (Austria Salzburg Amateure)</span><a href="/index.php?title=FC_Puch&amp;action=edit&amp;section=2" title="Abschnitt bearbeiten: Bilanz (Austria Salzburg Amateure)">Bearbeiten</a><span class="mw-editsection-bracket">]</span></span></h2>
<table style="border-style:solid;border-width:1px;border-color:#808080;background-color:#EFEFEF" cellspacing="2" cellpadding="2" width="300px">
<tbody>
<tr bgcolor="#EFEFEF">
<th>Spiele
</th>
<th>S
</th>
<th>U
</th>
<th>N
</th>
<th>Tore
</th>
</tr>
<tr align="left" valign="top" bgcolor="#ccffcc">
<td align="center">18
</td>
<td align="center">8
</td>
<td align="center">4
</td>
<td align="center">6
</td>
<td align="center">33:24
</td>
</tr>
</tbody>
</table>
</div>

<p>Der ASVÖ FC Puch ist ein österreichischer Fußballverein aus der Salzburger Gemeinde Puch bei Hallein und spielt derzeit in der Salzburger Liga. Der Verein wurde am 6. September 1945 als Arbeiter Turn-und Sportverein (ATSV) Puch gegründet und trägt die Klubfarben Schwarz-Weiß. In den 1990er Jahren fungierte der ASVÖ FC Puch (vorübergehend auch FC Wüstenrot Puch [&hellip;]</p>
