{"id":4025,"date":"2026-05-06T15:28:22","date_gmt":"2026-05-06T13:28:22","guid":{"rendered":"https:\/\/wiki.s12.at\/index.php\/fc-porto-gegen-fc-salzburg\/"},"modified":"2026-05-06T15:28:22","modified_gmt":"2026-05-06T13:28:22","slug":"fc-porto-gegen-fc-salzburg","status":"publish","type":"page","link":"https:\/\/wiki.s12.at\/index.php\/fc-porto-gegen-fc-salzburg\/","title":{"rendered":"FC Porto gegen FC Salzburg"},"content":{"rendered":"<div class=\"mw-parser-output\">\n<h2><span class=\"mw-headline\" id=\"Fakten\">Fakten<\/span><a href=\"\/index.php?title=FC_Porto_gegen_FC_Salzburg&amp;action=edit&amp;section=1\" title=\"Abschnitt bearbeiten: Fakten\">Bearbeiten<\/a><span class=\"mw-editsection-bracket\">]<\/span><\/span><\/h2>\n<table class=\"toptextcells toccolours\">\n<tbody>\n<tr>\n<th colspan=\"2\" style=\"text-align: center; vertical-align: top; padding: 0.3em 0.8em; font-size: 125%; background-color: lightsteelblue;\">FC Porto (U19) gegen FC  Salzburg (U19),3:1\n<\/th>\n<\/tr>\n<tr>\n<th style=\"text-align:left;\"><b>Spieltag<\/b>\n<\/th>\n<th style=\"text-align:left;\">UEFA Youth League Achtelfinale\n<\/th>\n<\/tr>\n<tr>\n<th style=\"text-align:left;\"><b>Datum<\/b>\n<\/th>\n<th style=\"text-align:left;\">21. Februar 2018\n<\/th>\n<\/tr>\n<tr>\n<th style=\"text-align:left;\"><b>Anpfiff<\/b>\n<\/th>\n<th style=\"text-align:left;\">14 Uhr\n<\/th>\n<\/tr>\n<tr>\n<td colspan=\"2\" style=\"text-align:center;\" bgcolor=\"lightgray\"><b>Aufstellung<\/b>\n<\/td>\n<\/tr>\n<tr>\n<th style=\"text-align:left;\"><b>Tor<\/b>\n<\/th>\n<th><a href=\"\/Bartlomiej_Zynel\" class=\"mw-redirect\" title=\"Bartlomiej Zynel\">Bartlomiej Zynel<\/a>\n<\/th>\n<\/tr>\n<tr>\n<th style=\"text-align:left;\"><b>Verteidigung<\/b>\n<\/th>\n<th><a href=\"\/Julian_G%C3%B6lles\" title=\"Julian G\u00f6lles\">Julian G\u00f6lles<\/a> &#8211; <a href=\"\/Mahamadou_Dembele\" title=\"Mahamadou Dembele\">Mahamadou Dembele<\/a>&#8211; <a href=\"\/Nico_Gorzel\" title=\"Nico Gorzel\">Nico Gorzel<\/a> (C) &#8211; <a href=\"\/Jusuf_Gazibegovic\" title=\"Jusuf Gazibegovic\">Jusuf Gazibegovic<\/a>\n<\/th>\n<\/tr>\n<tr>\n<th style=\"text-align:left;\"><b>Mittelfeld<\/b>\n<\/th>\n<th><a href=\"\/Dominik_Szoboszlai\" title=\"Dominik Szoboszlai\">Dominik Szoboszlai<\/a>  &#8211; <a href=\"\/Romano_Schmid\" title=\"Romano Schmid\">Romano Schmid<\/a>  &#8211; <a href=\"\/Philipp_Sturm\" title=\"Philipp Sturm\">Philipp Sturm<\/a>  &#8211; <a href=\"\/Jungmin_Kim\" title=\"Jungmin Kim\">Jungmin Kim<\/a>\n<\/th>\n<\/tr>\n<tr>\n<th style=\"text-align:left;\"><b>Sturm<\/b>\n<\/th>\n<th><a href=\"\/Anderson_Niangbo\" title=\"Anderson Niangbo\">Anderson Niangbo<\/a> &#8211; <a href=\"\/Nicolas_Meister\" title=\"Nicolas Meister\">Nicolas Meister<\/a>\n<\/th>\n<\/tr>\n<tr>\n<td colspan=\"2\" style=\"text-align:center;\" bgcolor=\"lightgray\"><b>Wechsel<\/b>\n<\/td>\n<\/tr>\n<tr>\n<th style=\"text-align:left;\"><b>Wechsel<\/b>\n<\/th>\n<th style=\"text-align:left;\"><a href=\"\/Alexander_Schmidt\" title=\"Alexander Schmidt\">Alexander Schmidt<\/a> f\u00fcr Meister (55.), <a href=\"\/Sekou_Koita\" title=\"Sekou Koita\">Sekou Koita<\/a> f\u00fcr Niangbo (55.), <a href=\"\/Mohamed_Camara\" title=\"Mohamed Camara\">Mohamed Camara<\/a> f\u00fcr Sturm (78.)\n<\/th>\n<\/tr>\n<tr>\n<td colspan=\"2\" style=\"text-align:center;\" bgcolor=\"lightgray\"><b>Statistik<\/b>\n<\/td>\n<\/tr>\n<tr>\n<th style=\"text-align:left;\"><b>Endstand<\/b>\n<\/th>\n<th style=\"text-align:left;\">3:1 (1:0)\n<\/th>\n<\/tr>\n<tr>\n<th style=\"text-align:left;\"><b>Torsch\u00fctzen<\/b>\n<\/th>\n<th style=\"text-align:left;\">Bessa (22.), Leite (75.), Fidelis (89.); Koita (68.)\n<\/th>\n<\/tr>\n<tr>\n<th style=\"text-align:left;\"><b>Gelbe Karten<\/b>\n<\/th>\n<th style=\"text-align:left;\">Fidelis (89.); Schmid (52.), Sturm (73.), Gazibegovic (80.)\n<\/th>\n<\/tr>\n<tr>\n<th style=\"text-align:left;\"><b>Rote Karten<\/b>\n<\/th>\n<th style=\"text-align:left;\">\n<\/th>\n<\/tr>\n<tr>\n<th style=\"text-align:left;\"><b>Schiedsrichter<\/b>\n<\/th>\n<th style=\"text-align:left;\">Sandro Sch\u00e4rer (CH)\n<\/th>\n<\/tr>\n<tr>\n<th style=\"text-align:left;\"><b>Stadion<\/b>\n<\/th>\n<th style=\"text-align:left;\">Centro de Treinos e Forma\u00e7\u00e3o Desportiva &#8211; Vila Nova de Gaia\n<\/th>\n<\/tr>\n<tr>\n<th style=\"text-align:left;\"><b>Zuschauer<\/b>\n<\/th>\n<th style=\"text-align:left;\">\n<\/th>\n<\/tr>\n<\/tbody>\n<\/table>\n<h2><span class=\"mw-headline\" id=\"Weblink\">Weblink<\/span><a href=\"\/index.php?title=FC_Porto_gegen_FC_Salzburg&amp;action=edit&amp;section=2\" title=\"Abschnitt bearbeiten: Weblink\">Bearbeiten<\/a><span class=\"mw-editsection-bracket\">]<\/span><\/span><\/h2>\n<p><a rel=\"nofollow\" class=\"external text\" href=\"http:\/\/www.redbullsalzburg.at\/de\/jungbullen\/uefa-youth-league\/news\/saison_2017_18\/jungbullen-scheitern-im-achtelfinale.htmlSpielbericht\">Vereinshomepage<\/a>\n<\/p>\n<h2><span class=\"mw-headline\" id=\"Stimmen_zum_Spiel\">Stimmen zum Spiel<\/span><a href=\"\/index.php?title=FC_Porto_gegen_FC_Salzburg&amp;action=edit&amp;section=3\" title=\"Abschnitt bearbeiten: Stimmen zum Spiel\">Bearbeiten<\/a><span class=\"mw-editsection-bracket\">]<\/span><\/span><\/h2>\n<ul>\n<li><b>Gerhard Struber:<\/b> Nat\u00fcrlich haben wir uns viel vorgenommen und \u00fcber weite Strecken auch ein gutes Spiel gemacht. Trotzdem ist es im Moment nat\u00fcrlich richtig bitter, diese Niederlage zu realisieren. Auf dieser Ebene entscheiden kleinste Details \u00fcber Sieg und Niederlage. In manchen Situationen hat uns heute das Gl\u00fcck gefehlt. Wir m\u00fcssen dem Gegner zum Sieg gratulieren.<\/li>\n<\/ul>\n<ul>\n<li><b>Nicolas Meister:<\/b> Wir sind alle entt\u00e4uscht, dass wir ausgeschieden sind. Vor allem, weil wir kein schlechtes Spiel gemacht haben. Das Gl\u00fcck war heute nicht auf unserer Seite. Der Gegner hat durch einen Standard das 2:1 erzielt sowie durch einen Weitschuss das 3:1 und das Spiel dadurch gewonnen.<\/li>\n<\/ul>\n<\/div>\n","protected":false},"excerpt":{"rendered":"<p>FaktenBearbeiten] FC Porto (U19) gegen FC Salzburg (U19),3:1 Spieltag UEFA Youth League Achtelfinale Datum 21. Februar 2018 Anpfiff 14 Uhr Aufstellung Tor Bartlomiej Zynel Verteidigung Julian G\u00f6lles &#8211; Mahamadou Dembele&#8211; Nico Gorzel (C) &#8211; Jusuf Gazibegovic Mittelfeld Dominik Szoboszlai &#8211; Romano Schmid &#8211; Philipp Sturm &#8211; Jungmin Kim Sturm Anderson Niangbo &#8211; Nicolas Meister Wechsel [&hellip;]<\/p>\n","protected":false},"author":1,"featured_media":0,"parent":0,"menu_order":0,"comment_status":"closed","ping_status":"closed","template":"","meta":{"footnotes":""},"class_list":["post-4025","page","type-page","status-publish","hentry"],"_links":{"self":[{"href":"https:\/\/wiki.s12.at\/index.php\/wp-json\/wp\/v2\/pages\/4025","targetHints":{"allow":["GET"]}}],"collection":[{"href":"https:\/\/wiki.s12.at\/index.php\/wp-json\/wp\/v2\/pages"}],"about":[{"href":"https:\/\/wiki.s12.at\/index.php\/wp-json\/wp\/v2\/types\/page"}],"author":[{"embeddable":true,"href":"https:\/\/wiki.s12.at\/index.php\/wp-json\/wp\/v2\/users\/1"}],"replies":[{"embeddable":true,"href":"https:\/\/wiki.s12.at\/index.php\/wp-json\/wp\/v2\/comments?post=4025"}],"version-history":[{"count":0,"href":"https:\/\/wiki.s12.at\/index.php\/wp-json\/wp\/v2\/pages\/4025\/revisions"}],"wp:attachment":[{"href":"https:\/\/wiki.s12.at\/index.php\/wp-json\/wp\/v2\/media?parent=4025"}],"curies":[{"name":"wp","href":"https:\/\/api.w.org\/{rel}","templated":true}]}}

<div class="mw-parser-output">
<h2><span class="mw-headline" id="Fakten">Fakten</span><a href="/index.php?title=FC_Porto_gegen_FC_Salzburg&amp;action=edit&amp;section=1" title="Abschnitt bearbeiten: Fakten">Bearbeiten</a><span class="mw-editsection-bracket">]</span></span></h2>
<table class="toptextcells toccolours">
<tbody>
<tr>
<th colspan="2" style="text-align: center; vertical-align: top; padding: 0.3em 0.8em; font-size: 125%; background-color: lightsteelblue;">FC Porto (U19) gegen FC  Salzburg (U19),3:1
</th>
</tr>
<tr>
<th style="text-align:left;"><b>Spieltag</b>
</th>
<th style="text-align:left;">UEFA Youth League Achtelfinale
</th>
</tr>
<tr>
<th style="text-align:left;"><b>Datum</b>
</th>
<th style="text-align:left;">21. Februar 2018
</th>
</tr>
<tr>
<th style="text-align:left;"><b>Anpfiff</b>
</th>
<th style="text-align:left;">14 Uhr
</th>
</tr>
<tr>
<td colspan="2" style="text-align:center;" bgcolor="lightgray"><b>Aufstellung</b>
</td>
</tr>
<tr>
<th style="text-align:left;"><b>Tor</b>
</th>
<th><a href="/Bartlomiej_Zynel" class="mw-redirect" title="Bartlomiej Zynel">Bartlomiej Zynel</a>
</th>
</tr>
<tr>
<th style="text-align:left;"><b>Verteidigung</b>
</th>
<th><a href="/Julian_G%C3%B6lles" title="Julian Gölles">Julian Gölles</a> &#8211; <a href="/Mahamadou_Dembele" title="Mahamadou Dembele">Mahamadou Dembele</a>&#8211; <a href="/Nico_Gorzel" title="Nico Gorzel">Nico Gorzel</a> (C) &#8211; <a href="/Jusuf_Gazibegovic" title="Jusuf Gazibegovic">Jusuf Gazibegovic</a>
</th>
</tr>
<tr>
<th style="text-align:left;"><b>Mittelfeld</b>
</th>
<th><a href="/Dominik_Szoboszlai" title="Dominik Szoboszlai">Dominik Szoboszlai</a>  &#8211; <a href="/Romano_Schmid" title="Romano Schmid">Romano Schmid</a>  &#8211; <a href="/Philipp_Sturm" title="Philipp Sturm">Philipp Sturm</a>  &#8211; <a href="/Jungmin_Kim" title="Jungmin Kim">Jungmin Kim</a>
</th>
</tr>
<tr>
<th style="text-align:left;"><b>Sturm</b>
</th>
<th><a href="/Anderson_Niangbo" title="Anderson Niangbo">Anderson Niangbo</a> &#8211; <a href="/Nicolas_Meister" title="Nicolas Meister">Nicolas Meister</a>
</th>
</tr>
<tr>
<td colspan="2" style="text-align:center;" bgcolor="lightgray"><b>Wechsel</b>
</td>
</tr>
<tr>
<th style="text-align:left;"><b>Wechsel</b>
</th>
<th style="text-align:left;"><a href="/Alexander_Schmidt" title="Alexander Schmidt">Alexander Schmidt</a> für Meister (55.), <a href="/Sekou_Koita" title="Sekou Koita">Sekou Koita</a> für Niangbo (55.), <a href="/Mohamed_Camara" title="Mohamed Camara">Mohamed Camara</a> für Sturm (78.)
</th>
</tr>
<tr>
<td colspan="2" style="text-align:center;" bgcolor="lightgray"><b>Statistik</b>
</td>
</tr>
<tr>
<th style="text-align:left;"><b>Endstand</b>
</th>
<th style="text-align:left;">3:1 (1:0)
</th>
</tr>
<tr>
<th style="text-align:left;"><b>Torschützen</b>
</th>
<th style="text-align:left;">Bessa (22.), Leite (75.), Fidelis (89.); Koita (68.)
</th>
</tr>
<tr>
<th style="text-align:left;"><b>Gelbe Karten</b>
</th>
<th style="text-align:left;">Fidelis (89.); Schmid (52.), Sturm (73.), Gazibegovic (80.)
</th>
</tr>
<tr>
<th style="text-align:left;"><b>Rote Karten</b>
</th>
<th style="text-align:left;">
</th>
</tr>
<tr>
<th style="text-align:left;"><b>Schiedsrichter</b>
</th>
<th style="text-align:left;">Sandro Schärer (CH)
</th>
</tr>
<tr>
<th style="text-align:left;"><b>Stadion</b>
</th>
<th style="text-align:left;">Centro de Treinos e Formação Desportiva &#8211; Vila Nova de Gaia
</th>
</tr>
<tr>
<th style="text-align:left;"><b>Zuschauer</b>
</th>
<th style="text-align:left;">
</th>
</tr>
</tbody>
</table>
<h2><span class="mw-headline" id="Weblink">Weblink</span><a href="/index.php?title=FC_Porto_gegen_FC_Salzburg&amp;action=edit&amp;section=2" title="Abschnitt bearbeiten: Weblink">Bearbeiten</a><span class="mw-editsection-bracket">]</span></span></h2>
<p><a rel="nofollow" class="external text" href="http://www.redbullsalzburg.at/de/jungbullen/uefa-youth-league/news/saison_2017_18/jungbullen-scheitern-im-achtelfinale.htmlSpielbericht">Vereinshomepage</a>
</p>
<h2><span class="mw-headline" id="Stimmen_zum_Spiel">Stimmen zum Spiel</span><a href="/index.php?title=FC_Porto_gegen_FC_Salzburg&amp;action=edit&amp;section=3" title="Abschnitt bearbeiten: Stimmen zum Spiel">Bearbeiten</a><span class="mw-editsection-bracket">]</span></span></h2>
<ul>
<li><b>Gerhard Struber:</b> Natürlich haben wir uns viel vorgenommen und über weite Strecken auch ein gutes Spiel gemacht. Trotzdem ist es im Moment natürlich richtig bitter, diese Niederlage zu realisieren. Auf dieser Ebene entscheiden kleinste Details über Sieg und Niederlage. In manchen Situationen hat uns heute das Glück gefehlt. Wir müssen dem Gegner zum Sieg gratulieren.</li>
</ul>
<ul>
<li><b>Nicolas Meister:</b> Wir sind alle enttäuscht, dass wir ausgeschieden sind. Vor allem, weil wir kein schlechtes Spiel gemacht haben. Das Glück war heute nicht auf unserer Seite. Der Gegner hat durch einen Standard das 2:1 erzielt sowie durch einen Weitschuss das 3:1 und das Spiel dadurch gewonnen.</li>
</ul>
</div>

<p>FaktenBearbeiten] FC Porto (U19) gegen FC Salzburg (U19),3:1 Spieltag UEFA Youth League Achtelfinale Datum 21. Februar 2018 Anpfiff 14 Uhr Aufstellung Tor Bartlomiej Zynel Verteidigung Julian Gölles &#8211; Mahamadou Dembele&#8211; Nico Gorzel (C) &#8211; Jusuf Gazibegovic Mittelfeld Dominik Szoboszlai &#8211; Romano Schmid &#8211; Philipp Sturm &#8211; Jungmin Kim Sturm Anderson Niangbo &#8211; Nicolas Meister Wechsel [&hellip;]</p>
