{"id":4024,"date":"2026-05-06T15:28:21","date_gmt":"2026-05-06T13:28:21","guid":{"rendered":"https:\/\/wiki.s12.at\/index.php\/fc-porto-u19-gegen-fc-salzburg-u19\/"},"modified":"2026-05-06T15:28:21","modified_gmt":"2026-05-06T13:28:21","slug":"fc-porto-u19-gegen-fc-salzburg-u19","status":"publish","type":"page","link":"https:\/\/wiki.s12.at\/index.php\/fc-porto-u19-gegen-fc-salzburg-u19\/","title":{"rendered":"FC Porto U19 gegen FC Salzburg U19"},"content":{"rendered":"<div class=\"mw-parser-output\">\n<h2><span class=\"mw-headline\" id=\"Fakten\">Fakten<\/span><a href=\"\/index.php?title=FC_Porto_U19_gegen_FC_Salzburg_U19&amp;action=edit&amp;section=1\" title=\"Abschnitt bearbeiten: Fakten\">Bearbeiten<\/a><span class=\"mw-editsection-bracket\">]<\/span><\/span><\/h2>\n<table class=\"toptextcells toccolours\">\n<tbody>\n<tr>\n<th colspan=\"2\" style=\"text-align: center; vertical-align: top; padding: 0.3em 0.8em; font-size: 125%; background-color: lightsteelblue;\">FC Porto U19 gegen FC Salzburg U19, 1:1 (6:7 Elfmeterschie\u00dfen)\n<\/th>\n<\/tr>\n<tr>\n<th style=\"text-align:left;\"><b>Spieltag<\/b>\n<\/th>\n<th style=\"text-align:left;\">UEFA Youth League Play off\n<\/th>\n<\/tr>\n<tr>\n<th style=\"text-align:left;\"><b>Datum<\/b>\n<\/th>\n<th style=\"text-align:left;\">12. Februar 2020\n<\/th>\n<\/tr>\n<tr>\n<th style=\"text-align:left;\"><b>Anpfiff<\/b>\n<\/th>\n<th style=\"text-align:left;\">16 Uhr\n<\/th>\n<\/tr>\n<tr>\n<td colspan=\"2\" style=\"text-align:center;\" bgcolor=\"lightgray\"><b>Aufstellung<\/b>\n<\/td>\n<\/tr>\n<tr>\n<th style=\"text-align:left;\"><b>Tor<\/b>\n<\/th>\n<th><a href=\"\/Daniel_Antosch\" title=\"Daniel Antosch\">Daniel Antosch<\/a>\n<\/th>\n<\/tr>\n<tr>\n<th style=\"text-align:left;\"><b>Verteidigung<\/b>\n<\/th>\n<th><a href=\"\/Wallison\" title=\"Wallison\">Wallison<\/a> &#8211; <a href=\"\/David_Affengruber\" title=\"David Affengruber\">David Affengruber<\/a> &#8211; <a href=\"\/Bryan_Okoh\" title=\"Bryan Okoh\">Bryan Okoh<\/a> &#8211; <a href=\"\/Amar_Dedic\" title=\"Amar Dedic\">Amar Dedic<\/a>\n<\/th>\n<\/tr>\n<tr>\n<th style=\"text-align:left;\"><b>Mittelfeld<\/b>\n<\/th>\n<th><a href=\"\/Peter_Pokorny\" title=\"Peter Pokorny\">Peter Pokorny<\/a> &#8211; <a href=\"\/Luka_Sucic\" title=\"Luka Sucic\">Luka Sucic<\/a> &#8211; <a href=\"\/Nicolas_Seiwald\" title=\"Nicolas Seiwald\">Nicolas Seiwald<\/a> &#8211; <a href=\"\/Alexander_Prass\" title=\"Alexander Prass\">Alexander Prass<\/a>\n<\/th>\n<\/tr>\n<tr>\n<th style=\"text-align:left;\"><b>Sturm<\/b>\n<\/th>\n<th><a href=\"\/Junior_Adamu\" class=\"mw-redirect\" title=\"Junior Adamu\">Junior Adamu<\/a> &#8211; <a href=\"\/Karim_Adeyemi\" title=\"Karim Adeyemi\">Karim Adeyemi<\/a>\n<\/th>\n<\/tr>\n<tr>\n<td colspan=\"2\" style=\"text-align:center;\" bgcolor=\"lightgray\"><b>Wechsel<\/b>\n<\/td>\n<\/tr>\n<tr>\n<th style=\"text-align:left;\"><b>Wechsel<\/b>\n<\/th>\n<th style=\"text-align:left;\"><a href=\"\/Alois_Oroz\" title=\"Alois Oroz\">Alois Oroz<\/a> f\u00fcr Okoh (84.)\n<\/th>\n<\/tr>\n<tr>\n<td colspan=\"2\" style=\"text-align:center;\" bgcolor=\"lightgray\"><b>Statistik<\/b>\n<\/td>\n<\/tr>\n<tr>\n<th style=\"text-align:left;\"><b>Endstand<\/b>\n<\/th>\n<th style=\"text-align:left;\">1:1 (1:1); 6:7 im Elfmeterschie\u00dfen\n<\/th>\n<\/tr>\n<tr>\n<th style=\"text-align:left;\"><b>Torsch\u00fctzen<\/b>\n<\/th>\n<th style=\"text-align:left;\">Vieira (39., E.); Affengruber (27.)\n<\/th>\n<\/tr>\n<tr>\n<th style=\"text-align:left;\"><b>Gelbe Karten<\/b>\n<\/th>\n<th style=\"text-align:left;\">Vieira (36.), Ferreira (86.); Wallison (8.), Susic (37.), Adamu (56.), Seiwald (70.), Pokorny (93.)\n<\/th>\n<\/tr>\n<tr>\n<th style=\"text-align:left;\"><b>Rote Karten<\/b>\n<\/th>\n<th style=\"text-align:left;\">\n<\/th>\n<\/tr>\n<tr>\n<th style=\"text-align:left;\"><b>Schiedsrichter<\/b>\n<\/th>\n<th style=\"text-align:left;\">Halil Umut Meler (TUR)\n<\/th>\n<\/tr>\n<tr>\n<th style=\"text-align:left;\"><b>Stadion<\/b>\n<\/th>\n<th style=\"text-align:left;\">Est\u00e1dio Lu\u00eds Filipe Menezes, Vila Nova de Gaia\n<\/th>\n<\/tr>\n<tr>\n<th style=\"text-align:left;\"><b>Zuschauer<\/b>\n<\/th>\n<th style=\"text-align:left;\">720\n<\/th>\n<\/tr>\n<\/tbody>\n<\/table>\n<h2><span class=\"mw-headline\" id=\"Weblinks\">Weblinks<\/span><a href=\"\/index.php?title=FC_Porto_U19_gegen_FC_Salzburg_U19&amp;action=edit&amp;section=2\" title=\"Abschnitt bearbeiten: Weblinks\">Bearbeiten<\/a><span class=\"mw-editsection-bracket\">]<\/span><\/span><\/h2>\n<ul>\n<li><a rel=\"nofollow\" class=\"external text\" href=\"https:\/\/www.redbullsalzburg.at\/de\/jungbullen\/uefa-youth-league\/news\/saison_2019_20\/jungbullen-beenden-serie-und-stehen-im-achtelfinale.html\">Spielbericht Vereinshomepage<\/a><\/li>\n<\/ul>\n<h2><span class=\"mw-headline\" id=\"Stimmen_zum_Spiel\">Stimmen zum Spiel<\/span><a href=\"\/index.php?title=FC_Porto_U19_gegen_FC_Salzburg_U19&amp;action=edit&amp;section=3\" title=\"Abschnitt bearbeiten: Stimmen zum Spiel\">Bearbeiten<\/a><span class=\"mw-editsection-bracket\">]<\/span><\/span><\/h2>\n<ul>\n<li><b>Frank Kramer:<\/b> Wir haben heute kein gutes Spiel und uns das Leben selbst schwer gemacht. Bei der Mannschaft hat heute die letzte \u00dcberzeugung gefehlt. Es war eine unruhige Partie mit vielen Ballgewinnen und -verlusten. In der zweiten H\u00e4lfte gab es zahlreiche Umschaltsituationen, wo wir mit viel Tempo auf die letzte Kette gelaufen sind, da haben wir zu wenig herausgeholt und es verabs\u00e4umt, das Spiel f\u00fcr uns zu entscheiden. Zum Schluss war es ein richtiger Krimi mit dem gl\u00fccklicheren Ende f\u00fcr uns, auch wenn wir beim Elfmeterschie\u00dfen schon fr\u00fch zwei Matchb\u00e4lle hatten. Unterm Strich haben sich unsere Burschen durchgebissen und das Ding auf unsere Seite gezogen.<\/li>\n<\/ul>\n<\/div>\n","protected":false},"excerpt":{"rendered":"<p>FaktenBearbeiten] FC Porto U19 gegen FC Salzburg U19, 1:1 (6:7 Elfmeterschie\u00dfen) Spieltag UEFA Youth League Play off Datum 12. Februar 2020 Anpfiff 16 Uhr Aufstellung Tor Daniel Antosch Verteidigung Wallison &#8211; David Affengruber &#8211; Bryan Okoh &#8211; Amar Dedic Mittelfeld Peter Pokorny &#8211; Luka Sucic &#8211; Nicolas Seiwald &#8211; Alexander Prass Sturm Junior Adamu &#8211; [&hellip;]<\/p>\n","protected":false},"author":1,"featured_media":0,"parent":0,"menu_order":0,"comment_status":"closed","ping_status":"closed","template":"","meta":{"footnotes":""},"class_list":["post-4024","page","type-page","status-publish","hentry"],"_links":{"self":[{"href":"https:\/\/wiki.s12.at\/index.php\/wp-json\/wp\/v2\/pages\/4024","targetHints":{"allow":["GET"]}}],"collection":[{"href":"https:\/\/wiki.s12.at\/index.php\/wp-json\/wp\/v2\/pages"}],"about":[{"href":"https:\/\/wiki.s12.at\/index.php\/wp-json\/wp\/v2\/types\/page"}],"author":[{"embeddable":true,"href":"https:\/\/wiki.s12.at\/index.php\/wp-json\/wp\/v2\/users\/1"}],"replies":[{"embeddable":true,"href":"https:\/\/wiki.s12.at\/index.php\/wp-json\/wp\/v2\/comments?post=4024"}],"version-history":[{"count":0,"href":"https:\/\/wiki.s12.at\/index.php\/wp-json\/wp\/v2\/pages\/4024\/revisions"}],"wp:attachment":[{"href":"https:\/\/wiki.s12.at\/index.php\/wp-json\/wp\/v2\/media?parent=4024"}],"curies":[{"name":"wp","href":"https:\/\/api.w.org\/{rel}","templated":true}]}}

<div class="mw-parser-output">
<h2><span class="mw-headline" id="Fakten">Fakten</span><a href="/index.php?title=FC_Porto_U19_gegen_FC_Salzburg_U19&amp;action=edit&amp;section=1" title="Abschnitt bearbeiten: Fakten">Bearbeiten</a><span class="mw-editsection-bracket">]</span></span></h2>
<table class="toptextcells toccolours">
<tbody>
<tr>
<th colspan="2" style="text-align: center; vertical-align: top; padding: 0.3em 0.8em; font-size: 125%; background-color: lightsteelblue;">FC Porto U19 gegen FC Salzburg U19, 1:1 (6:7 Elfmeterschießen)
</th>
</tr>
<tr>
<th style="text-align:left;"><b>Spieltag</b>
</th>
<th style="text-align:left;">UEFA Youth League Play off
</th>
</tr>
<tr>
<th style="text-align:left;"><b>Datum</b>
</th>
<th style="text-align:left;">12. Februar 2020
</th>
</tr>
<tr>
<th style="text-align:left;"><b>Anpfiff</b>
</th>
<th style="text-align:left;">16 Uhr
</th>
</tr>
<tr>
<td colspan="2" style="text-align:center;" bgcolor="lightgray"><b>Aufstellung</b>
</td>
</tr>
<tr>
<th style="text-align:left;"><b>Tor</b>
</th>
<th><a href="/Daniel_Antosch" title="Daniel Antosch">Daniel Antosch</a>
</th>
</tr>
<tr>
<th style="text-align:left;"><b>Verteidigung</b>
</th>
<th><a href="/Wallison" title="Wallison">Wallison</a> &#8211; <a href="/David_Affengruber" title="David Affengruber">David Affengruber</a> &#8211; <a href="/Bryan_Okoh" title="Bryan Okoh">Bryan Okoh</a> &#8211; <a href="/Amar_Dedic" title="Amar Dedic">Amar Dedic</a>
</th>
</tr>
<tr>
<th style="text-align:left;"><b>Mittelfeld</b>
</th>
<th><a href="/Peter_Pokorny" title="Peter Pokorny">Peter Pokorny</a> &#8211; <a href="/Luka_Sucic" title="Luka Sucic">Luka Sucic</a> &#8211; <a href="/Nicolas_Seiwald" title="Nicolas Seiwald">Nicolas Seiwald</a> &#8211; <a href="/Alexander_Prass" title="Alexander Prass">Alexander Prass</a>
</th>
</tr>
<tr>
<th style="text-align:left;"><b>Sturm</b>
</th>
<th><a href="/Junior_Adamu" class="mw-redirect" title="Junior Adamu">Junior Adamu</a> &#8211; <a href="/Karim_Adeyemi" title="Karim Adeyemi">Karim Adeyemi</a>
</th>
</tr>
<tr>
<td colspan="2" style="text-align:center;" bgcolor="lightgray"><b>Wechsel</b>
</td>
</tr>
<tr>
<th style="text-align:left;"><b>Wechsel</b>
</th>
<th style="text-align:left;"><a href="/Alois_Oroz" title="Alois Oroz">Alois Oroz</a> für Okoh (84.)
</th>
</tr>
<tr>
<td colspan="2" style="text-align:center;" bgcolor="lightgray"><b>Statistik</b>
</td>
</tr>
<tr>
<th style="text-align:left;"><b>Endstand</b>
</th>
<th style="text-align:left;">1:1 (1:1); 6:7 im Elfmeterschießen
</th>
</tr>
<tr>
<th style="text-align:left;"><b>Torschützen</b>
</th>
<th style="text-align:left;">Vieira (39., E.); Affengruber (27.)
</th>
</tr>
<tr>
<th style="text-align:left;"><b>Gelbe Karten</b>
</th>
<th style="text-align:left;">Vieira (36.), Ferreira (86.); Wallison (8.), Susic (37.), Adamu (56.), Seiwald (70.), Pokorny (93.)
</th>
</tr>
<tr>
<th style="text-align:left;"><b>Rote Karten</b>
</th>
<th style="text-align:left;">
</th>
</tr>
<tr>
<th style="text-align:left;"><b>Schiedsrichter</b>
</th>
<th style="text-align:left;">Halil Umut Meler (TUR)
</th>
</tr>
<tr>
<th style="text-align:left;"><b>Stadion</b>
</th>
<th style="text-align:left;">Estádio Luís Filipe Menezes, Vila Nova de Gaia
</th>
</tr>
<tr>
<th style="text-align:left;"><b>Zuschauer</b>
</th>
<th style="text-align:left;">720
</th>
</tr>
</tbody>
</table>
<h2><span class="mw-headline" id="Weblinks">Weblinks</span><a href="/index.php?title=FC_Porto_U19_gegen_FC_Salzburg_U19&amp;action=edit&amp;section=2" title="Abschnitt bearbeiten: Weblinks">Bearbeiten</a><span class="mw-editsection-bracket">]</span></span></h2>
<ul>
<li><a rel="nofollow" class="external text" href="https://www.redbullsalzburg.at/de/jungbullen/uefa-youth-league/news/saison_2019_20/jungbullen-beenden-serie-und-stehen-im-achtelfinale.html">Spielbericht Vereinshomepage</a></li>
</ul>
<h2><span class="mw-headline" id="Stimmen_zum_Spiel">Stimmen zum Spiel</span><a href="/index.php?title=FC_Porto_U19_gegen_FC_Salzburg_U19&amp;action=edit&amp;section=3" title="Abschnitt bearbeiten: Stimmen zum Spiel">Bearbeiten</a><span class="mw-editsection-bracket">]</span></span></h2>
<ul>
<li><b>Frank Kramer:</b> Wir haben heute kein gutes Spiel und uns das Leben selbst schwer gemacht. Bei der Mannschaft hat heute die letzte Überzeugung gefehlt. Es war eine unruhige Partie mit vielen Ballgewinnen und -verlusten. In der zweiten Hälfte gab es zahlreiche Umschaltsituationen, wo wir mit viel Tempo auf die letzte Kette gelaufen sind, da haben wir zu wenig herausgeholt und es verabsäumt, das Spiel für uns zu entscheiden. Zum Schluss war es ein richtiger Krimi mit dem glücklicheren Ende für uns, auch wenn wir beim Elfmeterschießen schon früh zwei Matchbälle hatten. Unterm Strich haben sich unsere Burschen durchgebissen und das Ding auf unsere Seite gezogen.</li>
</ul>
</div>

<p>FaktenBearbeiten] FC Porto U19 gegen FC Salzburg U19, 1:1 (6:7 Elfmeterschießen) Spieltag UEFA Youth League Play off Datum 12. Februar 2020 Anpfiff 16 Uhr Aufstellung Tor Daniel Antosch Verteidigung Wallison &#8211; David Affengruber &#8211; Bryan Okoh &#8211; Amar Dedic Mittelfeld Peter Pokorny &#8211; Luka Sucic &#8211; Nicolas Seiwald &#8211; Alexander Prass Sturm Junior Adamu &#8211; [&hellip;]</p>
