{"id":4001,"date":"2026-05-06T15:28:08","date_gmt":"2026-05-06T13:28:08","guid":{"rendered":"https:\/\/wiki.s12.at\/index.php\/fc-liefering-gegen-wolfsberger-ac-2019\/"},"modified":"2026-05-06T15:28:08","modified_gmt":"2026-05-06T13:28:08","slug":"fc-liefering-gegen-wolfsberger-ac-2019","status":"publish","type":"page","link":"https:\/\/wiki.s12.at\/index.php\/fc-liefering-gegen-wolfsberger-ac-2019\/","title":{"rendered":"FC Liefering gegen Wolfsberger AC (2019)"},"content":{"rendered":"<div class=\"mw-parser-output\">\n<h2><span class=\"mw-headline\" id=\"Fakten\">Fakten<\/span><a href=\"\/index.php?title=FC_Liefering_gegen_Wolfsberger_AC_(2019)&amp;action=edit&amp;section=1\" title=\"Abschnitt bearbeiten: Fakten\">Bearbeiten<\/a><span class=\"mw-editsection-bracket\">]<\/span><\/span><\/h2>\n<table class=\"toptextcells toccolours\">\n<tbody>\n<tr>\n<th colspan=\"2\" style=\"text-align: center; vertical-align: top; padding: 0.3em 0.8em; font-size: 125%; background-color: lightsteelblue;\">FC Liefering gegen Wolfsberger AC, 0:0\n<\/th>\n<\/tr>\n<tr>\n<th style=\"text-align:left;\"><b>Spieltag<\/b>\n<\/th>\n<th style=\"text-align:left;\">Testspiel\n<\/th>\n<\/tr>\n<tr>\n<th style=\"text-align:left;\"><b>Datum<\/b>\n<\/th>\n<th style=\"text-align:left;\">26. J\u00e4nner 2019\n<\/th>\n<\/tr>\n<tr>\n<th style=\"text-align:left;\"><b>Anpfiff<\/b>\n<\/th>\n<th style=\"text-align:left;\">\n<\/th>\n<\/tr>\n<tr>\n<td colspan=\"2\" style=\"text-align:center;\" bgcolor=\"lightgray\"><b>Aufstellung<\/b>\n<\/td>\n<\/tr>\n<tr>\n<th style=\"text-align:left;\"><b>Tor<\/b>\n<\/th>\n<th><a href=\"\/Daniel_Antosch\" title=\"Daniel Antosch\">Daniel Antosch<\/a>\n<\/th>\n<\/tr>\n<tr>\n<th style=\"text-align:left;\"><b>Verteidigung<\/b>\n<\/th>\n<th><a href=\"\/Jusuf_Gazibegovic\" title=\"Jusuf Gazibegovic\">Jusuf Gazibegovic<\/a> &#8211; <a href=\"\/Mahamadou_Dembele\" title=\"Mahamadou Dembele\">Mahamadou Dembele<\/a> &#8211; <a href=\"\/Dominik_Stumberger\" title=\"Dominik Stumberger\">Dominik Stumberger<\/a> &#8211; <a href=\"\/David_Schnegg\" title=\"David Schnegg\">David Schnegg<\/a>\n<\/th>\n<\/tr>\n<tr>\n<th style=\"text-align:left;\"><b>Mittelfeld<\/b>\n<\/th>\n<th><a href=\"\/Nikola_Stosic\" title=\"Nikola Stosic\">Nikola Stosic<\/a> &#8211; <a href=\"\/Peter_Pokorny\" title=\"Peter Pokorny\">Peter Pokorny<\/a> &#8211; <a href=\"\/Philipp_Sturm\" title=\"Philipp Sturm\">Philipp Sturm<\/a>\n<\/th>\n<\/tr>\n<tr>\n<th style=\"text-align:left;\"><b>Sturm<\/b>\n<\/th>\n<th><a href=\"\/Junior_Adamu\" class=\"mw-redirect\" title=\"Junior Adamu\">Junior Adamu<\/a> &#8211; <a href=\"\/Karim_Adeyemi\" title=\"Karim Adeyemi\">Karim Adeyemi<\/a> &#8211; <a href=\"\/Anderson_Niangbo\" title=\"Anderson Niangbo\">Anderson Niangbo<\/a>\n<\/th>\n<\/tr>\n<tr>\n<td colspan=\"2\" style=\"text-align:center;\" bgcolor=\"lightgray\"><b>Wechsel<\/b>\n<\/td>\n<\/tr>\n<tr>\n<th style=\"text-align:left;\"><b>Wechsel<\/b>\n<\/th>\n<th style=\"text-align:left;\"><a href=\"\/Fabian_Windhager\" title=\"Fabian Windhager\">Fabian Windhager<\/a> f\u00fcr Schnegg (32.), <a href=\"\/Sebastian_Aigner\" title=\"Sebastian Aigner\">Sebastian Aigner<\/a> f\u00fcr Stumberger (46.),<a href=\"\/Ulrick_Eneme-Ella\" title=\"Ulrick Eneme-Ella\">Ulrick Eneme-Ella<\/a> f\u00fcr Niangbo (70.),<br \/> <a href=\"\/Alexander_Prass\" title=\"Alexander Prass\">Alexander Prass<\/a> f\u00fcr Sturm (81.), <a href=\"\/Csaba_Bukta\" title=\"Csaba Bukta\">Csaba Bukta<\/a> f\u00fcr Adejemi (81.)\n<\/th>\n<\/tr>\n<tr>\n<td colspan=\"2\" style=\"text-align:center;\" bgcolor=\"lightgray\"><b>Statistik<\/b>\n<\/td>\n<\/tr>\n<tr>\n<th style=\"text-align:left;\"><b>Endstand<\/b>\n<\/th>\n<th style=\"text-align:left;\">0:0\n<\/th>\n<\/tr>\n<tr>\n<th style=\"text-align:left;\"><b>Torsch\u00fctzen<\/b>\n<\/th>\n<th style=\"text-align:left;\">\n<\/th>\n<\/tr>\n<tr>\n<th style=\"text-align:left;\"><b>Gelbe Karten<\/b>\n<\/th>\n<th style=\"text-align:left;\">\n<\/th>\n<\/tr>\n<tr>\n<th style=\"text-align:left;\"><b>Rote Karten<\/b>\n<\/th>\n<th style=\"text-align:left;\">\n<\/th>\n<\/tr>\n<tr>\n<th style=\"text-align:left;\"><b>Schiedsrichter<\/b>\n<\/th>\n<th style=\"text-align:left;\">\n<\/th>\n<\/tr>\n<tr>\n<th style=\"text-align:left;\"><b>Stadion<\/b>\n<\/th>\n<th style=\"text-align:left;\">Akademie Liefering\n<\/th>\n<\/tr>\n<tr>\n<th style=\"text-align:left;\"><b>Zuschauer<\/b>\n<\/th>\n<th style=\"text-align:left;\">\n<\/th>\n<\/tr>\n<\/tbody>\n<\/table>\n<h2><span class=\"mw-headline\" id=\"Weblinks\">Weblinks<\/span><a href=\"\/index.php?title=FC_Liefering_gegen_Wolfsberger_AC_(2019)&amp;action=edit&amp;section=2\" title=\"Abschnitt bearbeiten: Weblinks\">Bearbeiten<\/a><span class=\"mw-editsection-bracket\">]<\/span><\/span><\/h2>\n<p><a rel=\"nofollow\" class=\"external text\" href=\"https:\/\/www.fc-liefering.at\/de\/fc-liefering\/news\/saison_2018_19\/remis-gegen-bundesligisten.html#\">Spielbericht Homepage<\/a>\n<\/p>\n<h2><span class=\"mw-headline\" id=\"Stimmen_zum_Spiel\">Stimmen zum Spiel<\/span><a href=\"\/index.php?title=FC_Liefering_gegen_Wolfsberger_AC_(2019)&amp;action=edit&amp;section=3\" title=\"Abschnitt bearbeiten: Stimmen zum Spiel\">Bearbeiten<\/a><span class=\"mw-editsection-bracket\">]<\/span><\/span><\/h2>\n<p><b>Janusz Gora:<\/b> Wir k\u00f6nnen mit unserer Leistung, speziell in der Defensive, gegen einen starken Bundeslisten sehr zufrieden sein. Wir wollten wenige Torchancen des Gegners zulassen, das haben wir geschafft und zu null gespielt. In der Offensive ist allerdings noch Luft nach oben, da konnten wir einige Aktionen nicht durchspielen, und der letzte Pass ist uns zu selten gelungen. Meine Mannschaft hat sich gut pr\u00e4sentiert, auch die jungen Spieler, die nun regelm\u00e4\u00dfig wichtige Einsatzzeit bekommen.\n<\/p>\n<\/div>\n","protected":false},"excerpt":{"rendered":"<p>FaktenBearbeiten] FC Liefering gegen Wolfsberger AC, 0:0 Spieltag Testspiel Datum 26. J\u00e4nner 2019 Anpfiff Aufstellung Tor Daniel Antosch Verteidigung Jusuf Gazibegovic &#8211; Mahamadou Dembele &#8211; Dominik Stumberger &#8211; David Schnegg Mittelfeld Nikola Stosic &#8211; Peter Pokorny &#8211; Philipp Sturm Sturm Junior Adamu &#8211; Karim Adeyemi &#8211; Anderson Niangbo Wechsel Wechsel Fabian Windhager f\u00fcr Schnegg (32.), [&hellip;]<\/p>\n","protected":false},"author":1,"featured_media":0,"parent":0,"menu_order":0,"comment_status":"closed","ping_status":"closed","template":"","meta":{"footnotes":""},"class_list":["post-4001","page","type-page","status-publish","hentry"],"_links":{"self":[{"href":"https:\/\/wiki.s12.at\/index.php\/wp-json\/wp\/v2\/pages\/4001","targetHints":{"allow":["GET"]}}],"collection":[{"href":"https:\/\/wiki.s12.at\/index.php\/wp-json\/wp\/v2\/pages"}],"about":[{"href":"https:\/\/wiki.s12.at\/index.php\/wp-json\/wp\/v2\/types\/page"}],"author":[{"embeddable":true,"href":"https:\/\/wiki.s12.at\/index.php\/wp-json\/wp\/v2\/users\/1"}],"replies":[{"embeddable":true,"href":"https:\/\/wiki.s12.at\/index.php\/wp-json\/wp\/v2\/comments?post=4001"}],"version-history":[{"count":0,"href":"https:\/\/wiki.s12.at\/index.php\/wp-json\/wp\/v2\/pages\/4001\/revisions"}],"wp:attachment":[{"href":"https:\/\/wiki.s12.at\/index.php\/wp-json\/wp\/v2\/media?parent=4001"}],"curies":[{"name":"wp","href":"https:\/\/api.w.org\/{rel}","templated":true}]}}

<div class="mw-parser-output">
<h2><span class="mw-headline" id="Fakten">Fakten</span><a href="/index.php?title=FC_Liefering_gegen_Wolfsberger_AC_(2019)&amp;action=edit&amp;section=1" title="Abschnitt bearbeiten: Fakten">Bearbeiten</a><span class="mw-editsection-bracket">]</span></span></h2>
<table class="toptextcells toccolours">
<tbody>
<tr>
<th colspan="2" style="text-align: center; vertical-align: top; padding: 0.3em 0.8em; font-size: 125%; background-color: lightsteelblue;">FC Liefering gegen Wolfsberger AC, 0:0
</th>
</tr>
<tr>
<th style="text-align:left;"><b>Spieltag</b>
</th>
<th style="text-align:left;">Testspiel
</th>
</tr>
<tr>
<th style="text-align:left;"><b>Datum</b>
</th>
<th style="text-align:left;">26. Jänner 2019
</th>
</tr>
<tr>
<th style="text-align:left;"><b>Anpfiff</b>
</th>
<th style="text-align:left;">
</th>
</tr>
<tr>
<td colspan="2" style="text-align:center;" bgcolor="lightgray"><b>Aufstellung</b>
</td>
</tr>
<tr>
<th style="text-align:left;"><b>Tor</b>
</th>
<th><a href="/Daniel_Antosch" title="Daniel Antosch">Daniel Antosch</a>
</th>
</tr>
<tr>
<th style="text-align:left;"><b>Verteidigung</b>
</th>
<th><a href="/Jusuf_Gazibegovic" title="Jusuf Gazibegovic">Jusuf Gazibegovic</a> &#8211; <a href="/Mahamadou_Dembele" title="Mahamadou Dembele">Mahamadou Dembele</a> &#8211; <a href="/Dominik_Stumberger" title="Dominik Stumberger">Dominik Stumberger</a> &#8211; <a href="/David_Schnegg" title="David Schnegg">David Schnegg</a>
</th>
</tr>
<tr>
<th style="text-align:left;"><b>Mittelfeld</b>
</th>
<th><a href="/Nikola_Stosic" title="Nikola Stosic">Nikola Stosic</a> &#8211; <a href="/Peter_Pokorny" title="Peter Pokorny">Peter Pokorny</a> &#8211; <a href="/Philipp_Sturm" title="Philipp Sturm">Philipp Sturm</a>
</th>
</tr>
<tr>
<th style="text-align:left;"><b>Sturm</b>
</th>
<th><a href="/Junior_Adamu" class="mw-redirect" title="Junior Adamu">Junior Adamu</a> &#8211; <a href="/Karim_Adeyemi" title="Karim Adeyemi">Karim Adeyemi</a> &#8211; <a href="/Anderson_Niangbo" title="Anderson Niangbo">Anderson Niangbo</a>
</th>
</tr>
<tr>
<td colspan="2" style="text-align:center;" bgcolor="lightgray"><b>Wechsel</b>
</td>
</tr>
<tr>
<th style="text-align:left;"><b>Wechsel</b>
</th>
<th style="text-align:left;"><a href="/Fabian_Windhager" title="Fabian Windhager">Fabian Windhager</a> für Schnegg (32.), <a href="/Sebastian_Aigner" title="Sebastian Aigner">Sebastian Aigner</a> für Stumberger (46.),<a href="/Ulrick_Eneme-Ella" title="Ulrick Eneme-Ella">Ulrick Eneme-Ella</a> für Niangbo (70.),<br /> <a href="/Alexander_Prass" title="Alexander Prass">Alexander Prass</a> für Sturm (81.), <a href="/Csaba_Bukta" title="Csaba Bukta">Csaba Bukta</a> für Adejemi (81.)
</th>
</tr>
<tr>
<td colspan="2" style="text-align:center;" bgcolor="lightgray"><b>Statistik</b>
</td>
</tr>
<tr>
<th style="text-align:left;"><b>Endstand</b>
</th>
<th style="text-align:left;">0:0
</th>
</tr>
<tr>
<th style="text-align:left;"><b>Torschützen</b>
</th>
<th style="text-align:left;">
</th>
</tr>
<tr>
<th style="text-align:left;"><b>Gelbe Karten</b>
</th>
<th style="text-align:left;">
</th>
</tr>
<tr>
<th style="text-align:left;"><b>Rote Karten</b>
</th>
<th style="text-align:left;">
</th>
</tr>
<tr>
<th style="text-align:left;"><b>Schiedsrichter</b>
</th>
<th style="text-align:left;">
</th>
</tr>
<tr>
<th style="text-align:left;"><b>Stadion</b>
</th>
<th style="text-align:left;">Akademie Liefering
</th>
</tr>
<tr>
<th style="text-align:left;"><b>Zuschauer</b>
</th>
<th style="text-align:left;">
</th>
</tr>
</tbody>
</table>
<h2><span class="mw-headline" id="Weblinks">Weblinks</span><a href="/index.php?title=FC_Liefering_gegen_Wolfsberger_AC_(2019)&amp;action=edit&amp;section=2" title="Abschnitt bearbeiten: Weblinks">Bearbeiten</a><span class="mw-editsection-bracket">]</span></span></h2>
<p><a rel="nofollow" class="external text" href="https://www.fc-liefering.at/de/fc-liefering/news/saison_2018_19/remis-gegen-bundesligisten.html#">Spielbericht Homepage</a>
</p>
<h2><span class="mw-headline" id="Stimmen_zum_Spiel">Stimmen zum Spiel</span><a href="/index.php?title=FC_Liefering_gegen_Wolfsberger_AC_(2019)&amp;action=edit&amp;section=3" title="Abschnitt bearbeiten: Stimmen zum Spiel">Bearbeiten</a><span class="mw-editsection-bracket">]</span></span></h2>
<p><b>Janusz Gora:</b> Wir können mit unserer Leistung, speziell in der Defensive, gegen einen starken Bundeslisten sehr zufrieden sein. Wir wollten wenige Torchancen des Gegners zulassen, das haben wir geschafft und zu null gespielt. In der Offensive ist allerdings noch Luft nach oben, da konnten wir einige Aktionen nicht durchspielen, und der letzte Pass ist uns zu selten gelungen. Meine Mannschaft hat sich gut präsentiert, auch die jungen Spieler, die nun regelmäßig wichtige Einsatzzeit bekommen.
</p>
</div>

<p>FaktenBearbeiten] FC Liefering gegen Wolfsberger AC, 0:0 Spieltag Testspiel Datum 26. Jänner 2019 Anpfiff Aufstellung Tor Daniel Antosch Verteidigung Jusuf Gazibegovic &#8211; Mahamadou Dembele &#8211; Dominik Stumberger &#8211; David Schnegg Mittelfeld Nikola Stosic &#8211; Peter Pokorny &#8211; Philipp Sturm Sturm Junior Adamu &#8211; Karim Adeyemi &#8211; Anderson Niangbo Wechsel Wechsel Fabian Windhager für Schnegg (32.), [&hellip;]</p>
