{"id":3996,"date":"2026-05-06T15:27:37","date_gmt":"2026-05-06T13:27:37","guid":{"rendered":"https:\/\/wiki.s12.at\/index.php\/fc-liefering-gegen-wsg-hertha-wels\/"},"modified":"2026-05-06T15:27:37","modified_gmt":"2026-05-06T13:27:37","slug":"fc-liefering-gegen-wsg-hertha-wels","status":"publish","type":"page","link":"https:\/\/wiki.s12.at\/index.php\/fc-liefering-gegen-wsg-hertha-wels\/","title":{"rendered":"FC Liefering gegen WSG Hertha Wels"},"content":{"rendered":"<div class=\"mw-parser-output\">\n<table class=\"toptextcells toccolours\">\n<tbody>\n<tr>\n<th colspan=\"2\" style=\"text-align: center; vertical-align: top; padding: 0.3em 0.8em; font-size: 125%; background-color: lightsteelblue;\">FC Liefering gegen WSG Hertha Wels, 3:0\n<\/th>\n<\/tr>\n<tr>\n<th style=\"text-align:left;\"><b>Spieltag<\/b>\n<\/th>\n<th style=\"text-align:left;\">Testspiel\n<\/th>\n<\/tr>\n<tr>\n<th style=\"text-align:left;\"><b>Datum<\/b>\n<\/th>\n<th style=\"text-align:left;\">11. Februar 2023\n<\/th>\n<\/tr>\n<tr>\n<th style=\"text-align:left;\"><b>Anpfiff<\/b>\n<\/th>\n<th style=\"text-align:left;\">\n<\/th>\n<\/tr>\n<tr>\n<td colspan=\"2\" style=\"text-align:center;\" bgcolor=\"lightgray\"><b>Aufstellung<\/b>\n<\/td>\n<\/tr>\n<tr>\n<th style=\"text-align:left;\"><b>Tor<\/b>\n<\/th>\n<th><a href=\"\/Valentin_Oelz\" title=\"Valentin Oelz\">Valentin Oelz<\/a>\n<\/th>\n<\/tr>\n<tr>\n<th style=\"text-align:left;\"><b>Verteidigung<\/b>\n<\/th>\n<th><a href=\"\/Mark_Gevorgyan\" title=\"Mark Gevorgyan\">Mark Gevorgyan<\/a>   &#8211; <a href=\"\/Samson_Baidoo\" title=\"Samson Baidoo\">Samson Baidoo<\/a>  &#8211; <a href=\"\/Konstantin_Gertig\" title=\"Konstantin Gertig\">Konstantin Gertig <\/a>&#8211; <a href=\"\/Lukas_Ibertsberger\" title=\"Lukas Ibertsberger\">Lukas Ibertsberger<\/a>\n<\/th>\n<\/tr>\n<tr>\n<th style=\"text-align:left;\"><b>Mittelfeld<\/b>\n<\/th>\n<th><a href=\"\/Tolgahan_Sahin\" title=\"Tolgahan Sahin\">Tolgahan Sahin<\/a> &#8211; <a href=\"\/Lawrence_Agyekum\" title=\"Lawrence Agyekum\">Lawrence Agyekum<\/a> &#8211;  <a href=\"\/Moussa_Yeo\" class=\"mw-redirect\" title=\"Moussa Yeo\">Moussa Yeo<\/a> &#8211; <a href=\"\/Zeteny_Jano\" title=\"Zeteny Jano\">Zeteny Jano<\/a>\n<\/th>\n<\/tr>\n<tr>\n<th style=\"text-align:left;\"><b>Sturm<\/b>\n<\/th>\n<th><a href=\"\/Elias_Havel\" title=\"Elias Havel\">Elias Havel<\/a> &#8211; <a href=\"\/Oumar_Diakite\" title=\"Oumar Diakite\">Oumar Diakite<\/a>\n<\/th>\n<\/tr>\n<tr>\n<td colspan=\"2\" style=\"text-align:center;\" bgcolor=\"lightgray\"><b>Wechsel<\/b>\n<\/td>\n<\/tr>\n<tr>\n<th style=\"text-align:left;\"><b>Wechsel<\/b>\n<\/th>\n<th style=\"text-align:left;\"><a href=\"\/Sebastian_K%C3%BCnstner\" title=\"Sebastian K\u00fcnstner\">Sebastian K\u00fcnstner<\/a> f\u00fcr Oelz (30.), <a href=\"\/Mohammad_Sadeqi\" title=\"Mohammad Sadeqi\">Mohammad Sadeqi<\/a> f\u00fcr Yeo (46.), <a href=\"\/Raphael_Hofer\" title=\"Raphael Hofer\">Raphael Hofer<\/a> f\u00fcr Gevorgyan (60.)<br \/><a href=\"\/Marcel_Moswitzer\" title=\"Marcel Moswitzer\">Marcel Moswitzer<\/a> f\u00fcr Baidoo (60.), <a href=\"\/index.php?title=Roko_Zikovic&amp;action=edit&amp;redlink=1\" class=\"new\" title=\"Roko Zikovic (Seite nicht vorhanden)\">Roko Zikovic<\/a> f\u00fcr Gertig (60.), <a href=\"\/Mario_Pejazic\" title=\"Mario Pejazic\">Mario Pejazic<\/a> f\u00fcr Ibertsberger (60.), <br \/><a href=\"\/Marcell_Berki\" title=\"Marcell Berki\">Marcell Berki<\/a> f\u00fcr Sahin (60.), <a href=\"\/Luka_Reischl\" title=\"Luka Reischl\">Luka Reischl<\/a> f\u00fcr Jano (60.), <a href=\"\/Dominik_Lechner\" title=\"Dominik Lechner\">Dominik Lechner<\/a> f\u00fcr Diakite (60.),<br \/> <a href=\"\/Federico_Crescenti\" class=\"mw-redirect\" title=\"Federico Crescenti\">Federico Crescenti<\/a> f\u00fcr Havel (60.)\n<\/th>\n<\/tr>\n<tr>\n<td colspan=\"2\" style=\"text-align:center;\" bgcolor=\"lightgray\"><b>Statistik<\/b>\n<\/td>\n<\/tr>\n<tr>\n<th style=\"text-align:left;\"><b>Endstand<\/b>\n<\/th>\n<th style=\"text-align:left;\">3:0 (1:0)\n<\/th>\n<\/tr>\n<tr>\n<th style=\"text-align:left;\"><b>Torsch\u00fctzen<\/b>\n<\/th>\n<th style=\"text-align:left;\">Havel (15.), Crescenti (75.), Lechner (85.)\n<\/th>\n<\/tr>\n<tr>\n<th style=\"text-align:left;\"><b>Gelbe Karten<\/b>\n<\/th>\n<th style=\"text-align:left;\">\n<\/th>\n<\/tr>\n<tr>\n<th style=\"text-align:left;\"><b>Rote Karten<\/b>\n<\/th>\n<th style=\"text-align:left;\">\n<\/th>\n<\/tr>\n<tr>\n<th style=\"text-align:left;\"><b>Schiedsrichter<\/b>\n<\/th>\n<th style=\"text-align:left;\">\n<\/th>\n<\/tr>\n<tr>\n<th style=\"text-align:left;\"><b>Stadion<\/b>\n<\/th>\n<th style=\"text-align:left;\">Akademie Liefering\n<\/th>\n<\/tr>\n<tr>\n<th style=\"text-align:left;\"><b>Zuschauer<\/b>\n<\/th>\n<th style=\"text-align:left;\">\n<\/th>\n<\/tr>\n<\/tbody>\n<\/table>\n<h2><span class=\"mw-headline\" id=\"Spielbericht\">Spielbericht<\/span><a href=\"\/index.php?title=FC_Liefering_gegen_WSG_Hertha_Wels&amp;action=edit&amp;section=1\" title=\"Abschnitt bearbeiten: Spielbericht\">Bearbeiten<\/a><span class=\"mw-editsection-bracket\">]<\/span><\/span><\/h2>\n<p><a rel=\"nofollow\" class=\"external text\" href=\"https:\/\/www.fc-liefering.at\/de\/fc-liefering\/news\/saison_2022_23\/testspiel-wsc-hertha.html\">Spielbericht Vereinshomepage<\/a>\n<\/p>\n<h2><span class=\"mw-headline\" id=\"Stimmen_zum_Spiel\">Stimmen zum Spiel<\/span><a href=\"\/index.php?title=FC_Liefering_gegen_WSG_Hertha_Wels&amp;action=edit&amp;section=2\" title=\"Abschnitt bearbeiten: Stimmen zum Spiel\">Bearbeiten<\/a><span class=\"mw-editsection-bracket\">]<\/span><\/span><\/h2>\n<ul>\n<li><b>Fabio Ingolitsch:<\/b> Es war ein wichtiger Test f\u00fcr uns gegen eine erfahrene und k\u00f6rperlich sehr robuste Truppe. Das Spiel hatte H\u00f6hen und Tiefen, insgesamt freuen wir uns aber, erneut als Sieger vom Platz zu gehen und dass hinten wieder die Null steht.<\/li>\n<\/ul>\n<\/div>\n","protected":false},"excerpt":{"rendered":"<p>FC Liefering gegen WSG Hertha Wels, 3:0 Spieltag Testspiel Datum 11. Februar 2023 Anpfiff Aufstellung Tor Valentin Oelz Verteidigung Mark Gevorgyan &#8211; Samson Baidoo &#8211; Konstantin Gertig &#8211; Lukas Ibertsberger Mittelfeld Tolgahan Sahin &#8211; Lawrence Agyekum &#8211; Moussa Yeo &#8211; Zeteny Jano Sturm Elias Havel &#8211; Oumar Diakite Wechsel Wechsel Sebastian K\u00fcnstner f\u00fcr Oelz (30.), [&hellip;]<\/p>\n","protected":false},"author":1,"featured_media":0,"parent":0,"menu_order":0,"comment_status":"closed","ping_status":"closed","template":"","meta":{"footnotes":""},"class_list":["post-3996","page","type-page","status-publish","hentry"],"_links":{"self":[{"href":"https:\/\/wiki.s12.at\/index.php\/wp-json\/wp\/v2\/pages\/3996","targetHints":{"allow":["GET"]}}],"collection":[{"href":"https:\/\/wiki.s12.at\/index.php\/wp-json\/wp\/v2\/pages"}],"about":[{"href":"https:\/\/wiki.s12.at\/index.php\/wp-json\/wp\/v2\/types\/page"}],"author":[{"embeddable":true,"href":"https:\/\/wiki.s12.at\/index.php\/wp-json\/wp\/v2\/users\/1"}],"replies":[{"embeddable":true,"href":"https:\/\/wiki.s12.at\/index.php\/wp-json\/wp\/v2\/comments?post=3996"}],"version-history":[{"count":0,"href":"https:\/\/wiki.s12.at\/index.php\/wp-json\/wp\/v2\/pages\/3996\/revisions"}],"wp:attachment":[{"href":"https:\/\/wiki.s12.at\/index.php\/wp-json\/wp\/v2\/media?parent=3996"}],"curies":[{"name":"wp","href":"https:\/\/api.w.org\/{rel}","templated":true}]}}

<div class="mw-parser-output">
<table class="toptextcells toccolours">
<tbody>
<tr>
<th colspan="2" style="text-align: center; vertical-align: top; padding: 0.3em 0.8em; font-size: 125%; background-color: lightsteelblue;">FC Liefering gegen WSG Hertha Wels, 3:0
</th>
</tr>
<tr>
<th style="text-align:left;"><b>Spieltag</b>
</th>
<th style="text-align:left;">Testspiel
</th>
</tr>
<tr>
<th style="text-align:left;"><b>Datum</b>
</th>
<th style="text-align:left;">11. Februar 2023
</th>
</tr>
<tr>
<th style="text-align:left;"><b>Anpfiff</b>
</th>
<th style="text-align:left;">
</th>
</tr>
<tr>
<td colspan="2" style="text-align:center;" bgcolor="lightgray"><b>Aufstellung</b>
</td>
</tr>
<tr>
<th style="text-align:left;"><b>Tor</b>
</th>
<th><a href="/Valentin_Oelz" title="Valentin Oelz">Valentin Oelz</a>
</th>
</tr>
<tr>
<th style="text-align:left;"><b>Verteidigung</b>
</th>
<th><a href="/Mark_Gevorgyan" title="Mark Gevorgyan">Mark Gevorgyan</a>   &#8211; <a href="/Samson_Baidoo" title="Samson Baidoo">Samson Baidoo</a>  &#8211; <a href="/Konstantin_Gertig" title="Konstantin Gertig">Konstantin Gertig </a>&#8211; <a href="/Lukas_Ibertsberger" title="Lukas Ibertsberger">Lukas Ibertsberger</a>
</th>
</tr>
<tr>
<th style="text-align:left;"><b>Mittelfeld</b>
</th>
<th><a href="/Tolgahan_Sahin" title="Tolgahan Sahin">Tolgahan Sahin</a> &#8211; <a href="/Lawrence_Agyekum" title="Lawrence Agyekum">Lawrence Agyekum</a> &#8211;  <a href="/Moussa_Yeo" class="mw-redirect" title="Moussa Yeo">Moussa Yeo</a> &#8211; <a href="/Zeteny_Jano" title="Zeteny Jano">Zeteny Jano</a>
</th>
</tr>
<tr>
<th style="text-align:left;"><b>Sturm</b>
</th>
<th><a href="/Elias_Havel" title="Elias Havel">Elias Havel</a> &#8211; <a href="/Oumar_Diakite" title="Oumar Diakite">Oumar Diakite</a>
</th>
</tr>
<tr>
<td colspan="2" style="text-align:center;" bgcolor="lightgray"><b>Wechsel</b>
</td>
</tr>
<tr>
<th style="text-align:left;"><b>Wechsel</b>
</th>
<th style="text-align:left;"><a href="/Sebastian_K%C3%BCnstner" title="Sebastian Künstner">Sebastian Künstner</a> für Oelz (30.), <a href="/Mohammad_Sadeqi" title="Mohammad Sadeqi">Mohammad Sadeqi</a> für Yeo (46.), <a href="/Raphael_Hofer" title="Raphael Hofer">Raphael Hofer</a> für Gevorgyan (60.)<br /><a href="/Marcel_Moswitzer" title="Marcel Moswitzer">Marcel Moswitzer</a> für Baidoo (60.), <a href="/index.php?title=Roko_Zikovic&amp;action=edit&amp;redlink=1" class="new" title="Roko Zikovic (Seite nicht vorhanden)">Roko Zikovic</a> für Gertig (60.), <a href="/Mario_Pejazic" title="Mario Pejazic">Mario Pejazic</a> für Ibertsberger (60.), <br /><a href="/Marcell_Berki" title="Marcell Berki">Marcell Berki</a> für Sahin (60.), <a href="/Luka_Reischl" title="Luka Reischl">Luka Reischl</a> für Jano (60.), <a href="/Dominik_Lechner" title="Dominik Lechner">Dominik Lechner</a> für Diakite (60.),<br /> <a href="/Federico_Crescenti" class="mw-redirect" title="Federico Crescenti">Federico Crescenti</a> für Havel (60.)
</th>
</tr>
<tr>
<td colspan="2" style="text-align:center;" bgcolor="lightgray"><b>Statistik</b>
</td>
</tr>
<tr>
<th style="text-align:left;"><b>Endstand</b>
</th>
<th style="text-align:left;">3:0 (1:0)
</th>
</tr>
<tr>
<th style="text-align:left;"><b>Torschützen</b>
</th>
<th style="text-align:left;">Havel (15.), Crescenti (75.), Lechner (85.)
</th>
</tr>
<tr>
<th style="text-align:left;"><b>Gelbe Karten</b>
</th>
<th style="text-align:left;">
</th>
</tr>
<tr>
<th style="text-align:left;"><b>Rote Karten</b>
</th>
<th style="text-align:left;">
</th>
</tr>
<tr>
<th style="text-align:left;"><b>Schiedsrichter</b>
</th>
<th style="text-align:left;">
</th>
</tr>
<tr>
<th style="text-align:left;"><b>Stadion</b>
</th>
<th style="text-align:left;">Akademie Liefering
</th>
</tr>
<tr>
<th style="text-align:left;"><b>Zuschauer</b>
</th>
<th style="text-align:left;">
</th>
</tr>
</tbody>
</table>
<h2><span class="mw-headline" id="Spielbericht">Spielbericht</span><a href="/index.php?title=FC_Liefering_gegen_WSG_Hertha_Wels&amp;action=edit&amp;section=1" title="Abschnitt bearbeiten: Spielbericht">Bearbeiten</a><span class="mw-editsection-bracket">]</span></span></h2>
<p><a rel="nofollow" class="external text" href="https://www.fc-liefering.at/de/fc-liefering/news/saison_2022_23/testspiel-wsc-hertha.html">Spielbericht Vereinshomepage</a>
</p>
<h2><span class="mw-headline" id="Stimmen_zum_Spiel">Stimmen zum Spiel</span><a href="/index.php?title=FC_Liefering_gegen_WSG_Hertha_Wels&amp;action=edit&amp;section=2" title="Abschnitt bearbeiten: Stimmen zum Spiel">Bearbeiten</a><span class="mw-editsection-bracket">]</span></span></h2>
<ul>
<li><b>Fabio Ingolitsch:</b> Es war ein wichtiger Test für uns gegen eine erfahrene und körperlich sehr robuste Truppe. Das Spiel hatte Höhen und Tiefen, insgesamt freuen wir uns aber, erneut als Sieger vom Platz zu gehen und dass hinten wieder die Null steht.</li>
</ul>
</div>

<p>FC Liefering gegen WSG Hertha Wels, 3:0 Spieltag Testspiel Datum 11. Februar 2023 Anpfiff Aufstellung Tor Valentin Oelz Verteidigung Mark Gevorgyan &#8211; Samson Baidoo &#8211; Konstantin Gertig &#8211; Lukas Ibertsberger Mittelfeld Tolgahan Sahin &#8211; Lawrence Agyekum &#8211; Moussa Yeo &#8211; Zeteny Jano Sturm Elias Havel &#8211; Oumar Diakite Wechsel Wechsel Sebastian Künstner für Oelz (30.), [&hellip;]</p>
