{"id":3995,"date":"2026-05-06T15:27:37","date_gmt":"2026-05-06T13:27:37","guid":{"rendered":"https:\/\/wiki.s12.at\/index.php\/fc-liefering-gegen-valencia-cf-ii\/"},"modified":"2026-05-06T15:27:37","modified_gmt":"2026-05-06T13:27:37","slug":"fc-liefering-gegen-valencia-cf-ii","status":"publish","type":"page","link":"https:\/\/wiki.s12.at\/index.php\/fc-liefering-gegen-valencia-cf-ii\/","title":{"rendered":"FC Liefering gegen Valencia CF II"},"content":{"rendered":"<div class=\"mw-parser-output\">\n<h2><span class=\"mw-headline\" id=\"Fakten\">Fakten<\/span><a href=\"\/index.php?title=FC_Liefering_gegen_Valencia_CF_II&amp;action=edit&amp;section=1\" title=\"Abschnitt bearbeiten: Fakten\">Bearbeiten<\/a><span class=\"mw-editsection-bracket\">]<\/span><\/span><\/h2>\n<table class=\"toptextcells toccolours\">\n<tbody>\n<tr>\n<th colspan=\"2\" style=\"text-align: center; vertical-align: top; padding: 0.3em 0.8em; font-size: 125%; background-color: lightsteelblue;\">FC Liefering gegen Valencia CF II, 5:2\n<\/th>\n<\/tr>\n<tr>\n<th style=\"text-align:left;\"><b>Spieltag<\/b>\n<\/th>\n<th style=\"text-align:left;\">Testspiel\n<\/th>\n<\/tr>\n<tr>\n<th style=\"text-align:left;\"><b>Datum<\/b>\n<\/th>\n<th style=\"text-align:left;\">27. J\u00e4nner 2020\n<\/th>\n<\/tr>\n<tr>\n<th style=\"text-align:left;\"><b>Anpfiff<\/b>\n<\/th>\n<th style=\"text-align:left;\">\n<\/th>\n<\/tr>\n<tr>\n<td colspan=\"2\" style=\"text-align:center;\" bgcolor=\"lightgray\"><b>Aufstellung<\/b>\n<\/td>\n<\/tr>\n<tr>\n<th style=\"text-align:left;\"><b>Tor<\/b>\n<\/th>\n<th><a href=\"\/Daniel_Antosch\" title=\"Daniel Antosch\">Daniel Antosch<\/a>\n<\/th>\n<\/tr>\n<tr>\n<th style=\"text-align:left;\"><b>Verteidigung<\/b>\n<\/th>\n<th><a href=\"\/Fabian_Windhager\" title=\"Fabian Windhager\">Fabian Windhager<\/a> &#8211; <a href=\"\/David_Affengruber\" title=\"David Affengruber\">David Affengruber<\/a> &#8211; <a href=\"\/Abdourahmane_Barry\" title=\"Abdourahmane Barry\">Abdourahmane Barry<\/a> &#8211; <a href=\"\/Jusuf_Gazibegovic\" title=\"Jusuf Gazibegovic\">Jusuf Gazibegovic<\/a>\n<\/th>\n<\/tr>\n<tr>\n<th style=\"text-align:left;\"><b>Mittelfeld<\/b>\n<\/th>\n<th><a href=\"\/Alexander_Prass\" title=\"Alexander Prass\">Alexander Prass<\/a> &#8211; <a href=\"\/Luka_Sucic\" title=\"Luka Sucic\">Luka Sucic<\/a> &#8211; <a href=\"\/Samson_Tijani\" title=\"Samson Tijani\">Samson Tijani<\/a> &#8211; <a href=\"\/Tobias_Anselm\" title=\"Tobias Anselm\">Tobias Anselm<\/a>\n<\/th>\n<\/tr>\n<tr>\n<th style=\"text-align:left;\"><b>Sturm<\/b>\n<\/th>\n<th><a href=\"\/Junior_Adamu\" class=\"mw-redirect\" title=\"Junior Adamu\">Junior Adamu<\/a> &#8211; <a href=\"\/Luis_Phelipe\" title=\"Luis Phelipe\">Luis Phelipe<\/a>\n<\/th>\n<\/tr>\n<tr>\n<td colspan=\"2\" style=\"text-align:center;\" bgcolor=\"lightgray\"><b>Wechsel<\/b>\n<\/td>\n<\/tr>\n<tr>\n<th style=\"text-align:left;\"><b>Wechsel<\/b>\n<\/th>\n<th style=\"text-align:left;\"><a href=\"\/Amar_Dedic\" title=\"Amar Dedic\">Amar Dedic<\/a> f\u00fcr Windhager,  <a href=\"\/Alois_Oroz\" title=\"Alois Oroz\">Alois Oroz<\/a> f\u00fcr Barry,  <a href=\"\/Bryan_Okoh\" title=\"Bryan Okoh\">Bryan Okoh<\/a> f\u00fcr Affengruber, <br \/><a href=\"\/Benjamin_B%C3%B6ckle\" title=\"Benjamin B\u00f6ckle\">Benjamin B\u00f6ckle<\/a> f\u00fcr Gazibegovic, <a href=\"\/Maurits_Kjaergaard\" title=\"Maurits Kjaergaard\">Maurits Kjaergaard<\/a> f\u00fcr Prass, <a href=\"\/Sebastian_Aigner\" title=\"Sebastian Aigner\">Sebastian Aigner<\/a> f\u00fcr Tijani,<br \/> <a href=\"\/Samuel_Major\" title=\"Samuel Major\">Samuel Major <\/a> f\u00fcr Anselm,  <a href=\"\/Csaba_Bukta\" title=\"Csaba Bukta\">Csaba Bukta<\/a> f\u00fcr Adamu (alle 46.)<br \/> <a href=\"\/Alexander_Prass\" title=\"Alexander Prass\">Alexander Prass<\/a> f\u00fcr Sucic (68.), <a href=\"\/Benjamin_Sesko\" class=\"mw-redirect\" title=\"Benjamin Sesko\">Benjamin Sesko<\/a> f\u00fcr Phelipe (26.)\n<\/th>\n<\/tr>\n<tr>\n<td colspan=\"2\" style=\"text-align:center;\" bgcolor=\"lightgray\"><b>Statistik<\/b>\n<\/td>\n<\/tr>\n<tr>\n<th style=\"text-align:left;\"><b>Endstand<\/b>\n<\/th>\n<th style=\"text-align:left;\">5:2 (1:1)\n<\/th>\n<\/tr>\n<tr>\n<th style=\"text-align:left;\"><b>Torsch\u00fctzen<\/b>\n<\/th>\n<th style=\"text-align:left;\">Anselm (45.), Sucic (48., 53.), Sesko (64.), Bukta (72.);Perez (?.),&#160;?\n<\/th>\n<\/tr>\n<tr>\n<th style=\"text-align:left;\"><b>Gelbe Karten<\/b>\n<\/th>\n<th style=\"text-align:left;\">\n<\/th>\n<\/tr>\n<tr>\n<th style=\"text-align:left;\"><b>Rote Karten<\/b>\n<\/th>\n<th style=\"text-align:left;\">\n<\/th>\n<\/tr>\n<tr>\n<th style=\"text-align:left;\"><b>Schiedsrichter<\/b>\n<\/th>\n<th style=\"text-align:left;\">\n<\/th>\n<\/tr>\n<tr>\n<th style=\"text-align:left;\"><b>Stadion<\/b>\n<\/th>\n<th style=\"text-align:left;\">Valencia\n<\/th>\n<\/tr>\n<tr>\n<th style=\"text-align:left;\"><b>Zuschauer<\/b>\n<\/th>\n<th style=\"text-align:left;\">\n<\/th>\n<\/tr>\n<\/tbody>\n<\/table>\n<h2><span class=\"mw-headline\" id=\"Stimmen_zum_Spiel\">Stimmen zum Spiel<\/span><a href=\"\/index.php?title=FC_Liefering_gegen_Valencia_CF_II&amp;action=edit&amp;section=2\" title=\"Abschnitt bearbeiten: Stimmen zum Spiel\">Bearbeiten<\/a><span class=\"mw-editsection-bracket\">]<\/span><\/span><\/h2>\n<p><b>Bo Svensson: <\/b>  In der ersten H\u00e4lfte haben wir einige Schwerpunkte nicht so umgesetzt, wie wir uns das vorgestellt hatten, punktuell hat die Frische gefehlt. In Durchgang zwei waren wir ein Niveau besser, waren fast ausschlie\u00dflich in der H\u00e4lfte des Gegners und hatten viele tolle Szenen. Der verdiente Sieg in dieser H\u00f6he geht letztendlich in Ordnung. F\u00fcr uns war das ein wertvolles Testspiel, und wir nehmen viele Dinge daraus mit.\n<\/p>\n<\/div>\n","protected":false},"excerpt":{"rendered":"<p>FaktenBearbeiten] FC Liefering gegen Valencia CF II, 5:2 Spieltag Testspiel Datum 27. J\u00e4nner 2020 Anpfiff Aufstellung Tor Daniel Antosch Verteidigung Fabian Windhager &#8211; David Affengruber &#8211; Abdourahmane Barry &#8211; Jusuf Gazibegovic Mittelfeld Alexander Prass &#8211; Luka Sucic &#8211; Samson Tijani &#8211; Tobias Anselm Sturm Junior Adamu &#8211; Luis Phelipe Wechsel Wechsel Amar Dedic f\u00fcr Windhager, [&hellip;]<\/p>\n","protected":false},"author":1,"featured_media":0,"parent":0,"menu_order":0,"comment_status":"closed","ping_status":"closed","template":"","meta":{"footnotes":""},"class_list":["post-3995","page","type-page","status-publish","hentry"],"_links":{"self":[{"href":"https:\/\/wiki.s12.at\/index.php\/wp-json\/wp\/v2\/pages\/3995","targetHints":{"allow":["GET"]}}],"collection":[{"href":"https:\/\/wiki.s12.at\/index.php\/wp-json\/wp\/v2\/pages"}],"about":[{"href":"https:\/\/wiki.s12.at\/index.php\/wp-json\/wp\/v2\/types\/page"}],"author":[{"embeddable":true,"href":"https:\/\/wiki.s12.at\/index.php\/wp-json\/wp\/v2\/users\/1"}],"replies":[{"embeddable":true,"href":"https:\/\/wiki.s12.at\/index.php\/wp-json\/wp\/v2\/comments?post=3995"}],"version-history":[{"count":0,"href":"https:\/\/wiki.s12.at\/index.php\/wp-json\/wp\/v2\/pages\/3995\/revisions"}],"wp:attachment":[{"href":"https:\/\/wiki.s12.at\/index.php\/wp-json\/wp\/v2\/media?parent=3995"}],"curies":[{"name":"wp","href":"https:\/\/api.w.org\/{rel}","templated":true}]}}

<div class="mw-parser-output">
<h2><span class="mw-headline" id="Fakten">Fakten</span><a href="/index.php?title=FC_Liefering_gegen_Valencia_CF_II&amp;action=edit&amp;section=1" title="Abschnitt bearbeiten: Fakten">Bearbeiten</a><span class="mw-editsection-bracket">]</span></span></h2>
<table class="toptextcells toccolours">
<tbody>
<tr>
<th colspan="2" style="text-align: center; vertical-align: top; padding: 0.3em 0.8em; font-size: 125%; background-color: lightsteelblue;">FC Liefering gegen Valencia CF II, 5:2
</th>
</tr>
<tr>
<th style="text-align:left;"><b>Spieltag</b>
</th>
<th style="text-align:left;">Testspiel
</th>
</tr>
<tr>
<th style="text-align:left;"><b>Datum</b>
</th>
<th style="text-align:left;">27. Jänner 2020
</th>
</tr>
<tr>
<th style="text-align:left;"><b>Anpfiff</b>
</th>
<th style="text-align:left;">
</th>
</tr>
<tr>
<td colspan="2" style="text-align:center;" bgcolor="lightgray"><b>Aufstellung</b>
</td>
</tr>
<tr>
<th style="text-align:left;"><b>Tor</b>
</th>
<th><a href="/Daniel_Antosch" title="Daniel Antosch">Daniel Antosch</a>
</th>
</tr>
<tr>
<th style="text-align:left;"><b>Verteidigung</b>
</th>
<th><a href="/Fabian_Windhager" title="Fabian Windhager">Fabian Windhager</a> &#8211; <a href="/David_Affengruber" title="David Affengruber">David Affengruber</a> &#8211; <a href="/Abdourahmane_Barry" title="Abdourahmane Barry">Abdourahmane Barry</a> &#8211; <a href="/Jusuf_Gazibegovic" title="Jusuf Gazibegovic">Jusuf Gazibegovic</a>
</th>
</tr>
<tr>
<th style="text-align:left;"><b>Mittelfeld</b>
</th>
<th><a href="/Alexander_Prass" title="Alexander Prass">Alexander Prass</a> &#8211; <a href="/Luka_Sucic" title="Luka Sucic">Luka Sucic</a> &#8211; <a href="/Samson_Tijani" title="Samson Tijani">Samson Tijani</a> &#8211; <a href="/Tobias_Anselm" title="Tobias Anselm">Tobias Anselm</a>
</th>
</tr>
<tr>
<th style="text-align:left;"><b>Sturm</b>
</th>
<th><a href="/Junior_Adamu" class="mw-redirect" title="Junior Adamu">Junior Adamu</a> &#8211; <a href="/Luis_Phelipe" title="Luis Phelipe">Luis Phelipe</a>
</th>
</tr>
<tr>
<td colspan="2" style="text-align:center;" bgcolor="lightgray"><b>Wechsel</b>
</td>
</tr>
<tr>
<th style="text-align:left;"><b>Wechsel</b>
</th>
<th style="text-align:left;"><a href="/Amar_Dedic" title="Amar Dedic">Amar Dedic</a> für Windhager,  <a href="/Alois_Oroz" title="Alois Oroz">Alois Oroz</a> für Barry,  <a href="/Bryan_Okoh" title="Bryan Okoh">Bryan Okoh</a> für Affengruber, <br /><a href="/Benjamin_B%C3%B6ckle" title="Benjamin Böckle">Benjamin Böckle</a> für Gazibegovic, <a href="/Maurits_Kjaergaard" title="Maurits Kjaergaard">Maurits Kjaergaard</a> für Prass, <a href="/Sebastian_Aigner" title="Sebastian Aigner">Sebastian Aigner</a> für Tijani,<br /> <a href="/Samuel_Major" title="Samuel Major">Samuel Major </a> für Anselm,  <a href="/Csaba_Bukta" title="Csaba Bukta">Csaba Bukta</a> für Adamu (alle 46.)<br /> <a href="/Alexander_Prass" title="Alexander Prass">Alexander Prass</a> für Sucic (68.), <a href="/Benjamin_Sesko" class="mw-redirect" title="Benjamin Sesko">Benjamin Sesko</a> für Phelipe (26.)
</th>
</tr>
<tr>
<td colspan="2" style="text-align:center;" bgcolor="lightgray"><b>Statistik</b>
</td>
</tr>
<tr>
<th style="text-align:left;"><b>Endstand</b>
</th>
<th style="text-align:left;">5:2 (1:1)
</th>
</tr>
<tr>
<th style="text-align:left;"><b>Torschützen</b>
</th>
<th style="text-align:left;">Anselm (45.), Sucic (48., 53.), Sesko (64.), Bukta (72.);Perez (?.),&#160;?
</th>
</tr>
<tr>
<th style="text-align:left;"><b>Gelbe Karten</b>
</th>
<th style="text-align:left;">
</th>
</tr>
<tr>
<th style="text-align:left;"><b>Rote Karten</b>
</th>
<th style="text-align:left;">
</th>
</tr>
<tr>
<th style="text-align:left;"><b>Schiedsrichter</b>
</th>
<th style="text-align:left;">
</th>
</tr>
<tr>
<th style="text-align:left;"><b>Stadion</b>
</th>
<th style="text-align:left;">Valencia
</th>
</tr>
<tr>
<th style="text-align:left;"><b>Zuschauer</b>
</th>
<th style="text-align:left;">
</th>
</tr>
</tbody>
</table>
<h2><span class="mw-headline" id="Stimmen_zum_Spiel">Stimmen zum Spiel</span><a href="/index.php?title=FC_Liefering_gegen_Valencia_CF_II&amp;action=edit&amp;section=2" title="Abschnitt bearbeiten: Stimmen zum Spiel">Bearbeiten</a><span class="mw-editsection-bracket">]</span></span></h2>
<p><b>Bo Svensson: </b>  In der ersten Hälfte haben wir einige Schwerpunkte nicht so umgesetzt, wie wir uns das vorgestellt hatten, punktuell hat die Frische gefehlt. In Durchgang zwei waren wir ein Niveau besser, waren fast ausschließlich in der Hälfte des Gegners und hatten viele tolle Szenen. Der verdiente Sieg in dieser Höhe geht letztendlich in Ordnung. Für uns war das ein wertvolles Testspiel, und wir nehmen viele Dinge daraus mit.
</p>
</div>

<p>FaktenBearbeiten] FC Liefering gegen Valencia CF II, 5:2 Spieltag Testspiel Datum 27. Jänner 2020 Anpfiff Aufstellung Tor Daniel Antosch Verteidigung Fabian Windhager &#8211; David Affengruber &#8211; Abdourahmane Barry &#8211; Jusuf Gazibegovic Mittelfeld Alexander Prass &#8211; Luka Sucic &#8211; Samson Tijani &#8211; Tobias Anselm Sturm Junior Adamu &#8211; Luis Phelipe Wechsel Wechsel Amar Dedic für Windhager, [&hellip;]</p>
