{"id":3994,"date":"2026-05-06T15:27:36","date_gmt":"2026-05-06T13:27:36","guid":{"rendered":"https:\/\/wiki.s12.at\/index.php\/fc-liefering-gegen-union-gurten-testspiel\/"},"modified":"2026-05-06T15:27:36","modified_gmt":"2026-05-06T13:27:36","slug":"fc-liefering-gegen-union-gurten-testspiel","status":"publish","type":"page","link":"https:\/\/wiki.s12.at\/index.php\/fc-liefering-gegen-union-gurten-testspiel\/","title":{"rendered":"FC Liefering gegen Union Gurten (Testspiel)"},"content":{"rendered":"<div class=\"mw-parser-output\">\n<table class=\"toptextcells toccolours\">\n<tbody>\n<tr>\n<th colspan=\"2\" style=\"text-align: center; vertical-align: top; padding: 0.3em 0.8em; font-size: 125%; background-color: lightsteelblue;\">FC Liefering gegen Union Gurten, 7:0\n<\/th>\n<\/tr>\n<tr>\n<th style=\"text-align:left;\"><b>Spieltag<\/b>\n<\/th>\n<th style=\"text-align:left;\">Testspiel\n<\/th>\n<\/tr>\n<tr>\n<th style=\"text-align:left;\"><b>Datum<\/b>\n<\/th>\n<th style=\"text-align:left;\">5. Juli 2025\n<\/th>\n<\/tr>\n<tr>\n<th style=\"text-align:left;\"><b>Anpfiff<\/b>\n<\/th>\n<th style=\"text-align:left;\">11 Uhr\n<\/th>\n<\/tr>\n<tr>\n<td colspan=\"2\" style=\"text-align:center;\" bgcolor=\"lightgray\"><b>Aufstellung<\/b>\n<\/td>\n<\/tr>\n<tr>\n<th style=\"text-align:left;\"><b>Tor<\/b>\n<\/th>\n<th><a href=\"\/Nikola_Sarcevic\" title=\"Nikola Sarcevic\">Nikola Sarcevic<\/a>\n<\/th>\n<\/tr>\n<tr>\n<th style=\"text-align:left;\"><b>Verteidigung<\/b>\n<\/th>\n<th><a href=\"\/Julian_Hussauf\" title=\"Julian Hussauf\">Julian Hussauf<\/a> &#8211;  <a href=\"\/David_Mendes\" title=\"David Mendes\">David Mendes<\/a> &#8211; <a href=\"\/Amel_Avdic\" title=\"Amel Avdic\">Amel Avdic<\/a> &#8211; <a href=\"\/Lassina_Traore\" title=\"Lassina Traore\">Lassina Traore<\/a>\n<\/th>\n<\/tr>\n<tr>\n<th style=\"text-align:left;\"><b>Mittelfeld<\/b>\n<\/th>\n<th>Testspieler 1 \u2013  <a href=\"\/Ilia_Ivanschitz\" title=\"Ilia Ivanschitz\">Ilia Ivanschitz<\/a>&#8211;  <a href=\"\/R%C3%BCst%C3%BC_Erdogan\" title=\"R\u00fcst\u00fc Erdogan\">R\u00fcst\u00fc Erdogan<\/a>&#8211; <a href=\"\/Quirin_Rackl\" title=\"Quirin Rackl\">Quirin Rackl<\/a>\n<\/th>\n<\/tr>\n<tr>\n<th style=\"text-align:left;\"><b>Sturm<\/b>\n<\/th>\n<th><a href=\"\/Jakob_Brandtner\" title=\"Jakob Brandtner\">Jakob Brandtner<\/a>&#8211; <a href=\"\/Philipp_Verhounig\" class=\"mw-redirect\" title=\"Philipp Verhounig\">Philipp Verhounig <\/a>\n<\/th>\n<\/tr>\n<tr>\n<td colspan=\"2\" style=\"text-align:center;\" bgcolor=\"lightgray\"><b>Wechsel<\/b>\n<\/td>\n<\/tr>\n<tr>\n<th style=\"text-align:left;\"><b>Wechsel<\/b>\n<\/th>\n<th style=\"text-align:left;\">Testspieler 3 f\u00fcr Moser (69.), <a href=\"\/Federico_Crescenti\" class=\"mw-redirect\" title=\"Federico Crescenti\">Federico Crescenti<\/a> f\u00fcr Murillo (69.)\n<\/th>\n<\/tr>\n<tr>\n<td colspan=\"2\" style=\"text-align:center;\" bgcolor=\"lightgray\"><b>Statistik<\/b>\n<\/td>\n<\/tr>\n<tr>\n<th style=\"text-align:left;\"><b>Endstand<\/b>\n<\/th>\n<th style=\"text-align:left;\">7:0 (2:0)\n<\/th>\n<\/tr>\n<tr>\n<th style=\"text-align:left;\"><b>Torsch\u00fctzen<\/b>\n<\/th>\n<th style=\"text-align:left;\">Verhounig (8.), Brandtner (19.), Freund (53.), Camara (55., 62.), Murillo (56.), Scharner (89.)\n<\/th>\n<\/tr>\n<tr>\n<th style=\"text-align:left;\"><b>Gelbe Karten<\/b>\n<\/th>\n<th style=\"text-align:left;\">Ivanschitz (45.+ 1)\n<\/th>\n<\/tr>\n<tr>\n<th style=\"text-align:left;\"><b>Rote Karten<\/b>\n<\/th>\n<th style=\"text-align:left;\">\n<\/th>\n<\/tr>\n<tr>\n<th style=\"text-align:left;\"><b>Schiedsrichter<\/b>\n<\/th>\n<th style=\"text-align:left;\">Philipp Maier\n<\/th>\n<\/tr>\n<tr>\n<th style=\"text-align:left;\"><b>Stadion<\/b>\n<\/th>\n<th style=\"text-align:left;\">Akademie Liefering\n<\/th>\n<\/tr>\n<tr>\n<th style=\"text-align:left;\"><b>Zuschauer<\/b>\n<\/th>\n<th style=\"text-align:left;\">\n<\/th>\n<\/tr>\n<\/tbody>\n<\/table>\n<p><b>Aufstellung 2. Halbzeit<\/b>\n<\/p>\n<ul>\n<li>Tor&#160;:  <a href=\"\/Benjamin_Ozegovic\" title=\"Benjamin Ozegovic\">Benjamin Ozegovic<\/a><\/li>\n<li>Verteidigung: <a href=\"\/Tobias_Rohrmoser\" title=\"Tobias Rohrmoser\">Tobias Rohrmoser<\/a> &#8211;  <a href=\"\/Marcel_Moswitzer\" title=\"Marcel Moswitzer\">Marcel Moswitzer<\/a> &#8211; <a href=\"\/Jakob_Pokorny\" title=\"Jakob Pokorny\">Jakob Pokorny<\/a> &#8211;  <a href=\"\/Jakob_Zangerl\" title=\"Jakob Zangerl\">Jakob Zangerl<\/a><\/li>\n<li>Mittelfeld:  Testspieler 2 \u2013   <a href=\"\/Johannes_Moser\" title=\"Johannes Moser\">Johannes Moser<\/a>&#8211;  <a href=\"\/Nikolas_Freund\" title=\"Nikolas Freund\">Nikolas Freund<\/a> &#8211;<a href=\"\/Benedict_Scharner\" title=\"Benedict Scharner\">Benedict Scharner<\/a><\/li>\n<li>Sturm:   <a href=\"\/Alexander_Murillo\" title=\"Alexander Murillo\">Alexander Murillo<\/a>&#8211;  <a href=\"\/Aboubacar_Camara\" class=\"mw-redirect\" title=\"Aboubacar Camara\">Aboubacar Camara<\/a><\/li>\n<\/ul>\n<h2><span class=\"mw-headline\" id=\"Spielbericht\">Spielbericht<\/span><a href=\"\/index.php?title=FC_Liefering_gegen_Union_Gurten_(Testspiel)&amp;action=edit&amp;section=1\" title=\"Abschnitt bearbeiten: Spielbericht\">Bearbeiten<\/a><span class=\"mw-editsection-bracket\">]<\/span><\/span><\/h2>\n<p><a rel=\"nofollow\" class=\"external text\" href=\"https:\/\/www.fc-liefering.at\/de\/fc-liefering\/news\/saison_2025_26\/testspiel-gurten.html\">Spielbericht Vereinshomepage<\/a>\n<\/p>\n<h2><span class=\"mw-headline\" id=\"Stimmen_zum_Spiel\">Stimmen zum Spiel<\/span><a href=\"\/index.php?title=FC_Liefering_gegen_Union_Gurten_(Testspiel)&amp;action=edit&amp;section=2\" title=\"Abschnitt bearbeiten: Stimmen zum Spiel\">Bearbeiten<\/a><span class=\"mw-editsection-bracket\">]<\/span><\/span><\/h2>\n<p><b>Daniel Beichler:<\/b>   Es war ein ordentlicher erster Test gegen eine gute Mannschaft aus der Regionalliga. Ich m\u00f6chte das Spiel nicht \u00fcberbewerten, gegen Ried wird uns n\u00e4chste Woche schlie\u00dflich etwas anderes bl\u00fchen \u2013 aber es waren heute einige positive Dinge dabei: Wir haben gegen den Ball eine hohe Intensit\u00e4t an den Tag gelegt, hatten speziell in der zweiten Halbzeit Balleroberungen, die wir in Umschaltmomente m\u00fcnden lassen konnten. Auch mit der Kugel war eine gewisse Flexibilit\u00e4t, eine ordentliche Tiefe dabei. Mit unserem Speed konnten wir dem Gegner wehtun. Dementsprechend ziehen wir einige gute Schl\u00fcsse daraus.\n<\/p>\n<\/div>\n","protected":false},"excerpt":{"rendered":"<p>FC Liefering gegen Union Gurten, 7:0 Spieltag Testspiel Datum 5. Juli 2025 Anpfiff 11 Uhr Aufstellung Tor Nikola Sarcevic Verteidigung Julian Hussauf &#8211; David Mendes &#8211; Amel Avdic &#8211; Lassina Traore Mittelfeld Testspieler 1 \u2013 Ilia Ivanschitz&#8211; R\u00fcst\u00fc Erdogan&#8211; Quirin Rackl Sturm Jakob Brandtner&#8211; Philipp Verhounig Wechsel Wechsel Testspieler 3 f\u00fcr Moser (69.), Federico Crescenti [&hellip;]<\/p>\n","protected":false},"author":1,"featured_media":0,"parent":0,"menu_order":0,"comment_status":"closed","ping_status":"closed","template":"","meta":{"footnotes":""},"class_list":["post-3994","page","type-page","status-publish","hentry"],"_links":{"self":[{"href":"https:\/\/wiki.s12.at\/index.php\/wp-json\/wp\/v2\/pages\/3994","targetHints":{"allow":["GET"]}}],"collection":[{"href":"https:\/\/wiki.s12.at\/index.php\/wp-json\/wp\/v2\/pages"}],"about":[{"href":"https:\/\/wiki.s12.at\/index.php\/wp-json\/wp\/v2\/types\/page"}],"author":[{"embeddable":true,"href":"https:\/\/wiki.s12.at\/index.php\/wp-json\/wp\/v2\/users\/1"}],"replies":[{"embeddable":true,"href":"https:\/\/wiki.s12.at\/index.php\/wp-json\/wp\/v2\/comments?post=3994"}],"version-history":[{"count":0,"href":"https:\/\/wiki.s12.at\/index.php\/wp-json\/wp\/v2\/pages\/3994\/revisions"}],"wp:attachment":[{"href":"https:\/\/wiki.s12.at\/index.php\/wp-json\/wp\/v2\/media?parent=3994"}],"curies":[{"name":"wp","href":"https:\/\/api.w.org\/{rel}","templated":true}]}}

<div class="mw-parser-output">
<table class="toptextcells toccolours">
<tbody>
<tr>
<th colspan="2" style="text-align: center; vertical-align: top; padding: 0.3em 0.8em; font-size: 125%; background-color: lightsteelblue;">FC Liefering gegen Union Gurten, 7:0
</th>
</tr>
<tr>
<th style="text-align:left;"><b>Spieltag</b>
</th>
<th style="text-align:left;">Testspiel
</th>
</tr>
<tr>
<th style="text-align:left;"><b>Datum</b>
</th>
<th style="text-align:left;">5. Juli 2025
</th>
</tr>
<tr>
<th style="text-align:left;"><b>Anpfiff</b>
</th>
<th style="text-align:left;">11 Uhr
</th>
</tr>
<tr>
<td colspan="2" style="text-align:center;" bgcolor="lightgray"><b>Aufstellung</b>
</td>
</tr>
<tr>
<th style="text-align:left;"><b>Tor</b>
</th>
<th><a href="/Nikola_Sarcevic" title="Nikola Sarcevic">Nikola Sarcevic</a>
</th>
</tr>
<tr>
<th style="text-align:left;"><b>Verteidigung</b>
</th>
<th><a href="/Julian_Hussauf" title="Julian Hussauf">Julian Hussauf</a> &#8211;  <a href="/David_Mendes" title="David Mendes">David Mendes</a> &#8211; <a href="/Amel_Avdic" title="Amel Avdic">Amel Avdic</a> &#8211; <a href="/Lassina_Traore" title="Lassina Traore">Lassina Traore</a>
</th>
</tr>
<tr>
<th style="text-align:left;"><b>Mittelfeld</b>
</th>
<th>Testspieler 1 –  <a href="/Ilia_Ivanschitz" title="Ilia Ivanschitz">Ilia Ivanschitz</a>&#8211;  <a href="/R%C3%BCst%C3%BC_Erdogan" title="Rüstü Erdogan">Rüstü Erdogan</a>&#8211; <a href="/Quirin_Rackl" title="Quirin Rackl">Quirin Rackl</a>
</th>
</tr>
<tr>
<th style="text-align:left;"><b>Sturm</b>
</th>
<th><a href="/Jakob_Brandtner" title="Jakob Brandtner">Jakob Brandtner</a>&#8211; <a href="/Philipp_Verhounig" class="mw-redirect" title="Philipp Verhounig">Philipp Verhounig </a>
</th>
</tr>
<tr>
<td colspan="2" style="text-align:center;" bgcolor="lightgray"><b>Wechsel</b>
</td>
</tr>
<tr>
<th style="text-align:left;"><b>Wechsel</b>
</th>
<th style="text-align:left;">Testspieler 3 für Moser (69.), <a href="/Federico_Crescenti" class="mw-redirect" title="Federico Crescenti">Federico Crescenti</a> für Murillo (69.)
</th>
</tr>
<tr>
<td colspan="2" style="text-align:center;" bgcolor="lightgray"><b>Statistik</b>
</td>
</tr>
<tr>
<th style="text-align:left;"><b>Endstand</b>
</th>
<th style="text-align:left;">7:0 (2:0)
</th>
</tr>
<tr>
<th style="text-align:left;"><b>Torschützen</b>
</th>
<th style="text-align:left;">Verhounig (8.), Brandtner (19.), Freund (53.), Camara (55., 62.), Murillo (56.), Scharner (89.)
</th>
</tr>
<tr>
<th style="text-align:left;"><b>Gelbe Karten</b>
</th>
<th style="text-align:left;">Ivanschitz (45.+ 1)
</th>
</tr>
<tr>
<th style="text-align:left;"><b>Rote Karten</b>
</th>
<th style="text-align:left;">
</th>
</tr>
<tr>
<th style="text-align:left;"><b>Schiedsrichter</b>
</th>
<th style="text-align:left;">Philipp Maier
</th>
</tr>
<tr>
<th style="text-align:left;"><b>Stadion</b>
</th>
<th style="text-align:left;">Akademie Liefering
</th>
</tr>
<tr>
<th style="text-align:left;"><b>Zuschauer</b>
</th>
<th style="text-align:left;">
</th>
</tr>
</tbody>
</table>
<p><b>Aufstellung 2. Halbzeit</b>
</p>
<ul>
<li>Tor&#160;:  <a href="/Benjamin_Ozegovic" title="Benjamin Ozegovic">Benjamin Ozegovic</a></li>
<li>Verteidigung: <a href="/Tobias_Rohrmoser" title="Tobias Rohrmoser">Tobias Rohrmoser</a> &#8211;  <a href="/Marcel_Moswitzer" title="Marcel Moswitzer">Marcel Moswitzer</a> &#8211; <a href="/Jakob_Pokorny" title="Jakob Pokorny">Jakob Pokorny</a> &#8211;  <a href="/Jakob_Zangerl" title="Jakob Zangerl">Jakob Zangerl</a></li>
<li>Mittelfeld:  Testspieler 2 –   <a href="/Johannes_Moser" title="Johannes Moser">Johannes Moser</a>&#8211;  <a href="/Nikolas_Freund" title="Nikolas Freund">Nikolas Freund</a> &#8211;<a href="/Benedict_Scharner" title="Benedict Scharner">Benedict Scharner</a></li>
<li>Sturm:   <a href="/Alexander_Murillo" title="Alexander Murillo">Alexander Murillo</a>&#8211;  <a href="/Aboubacar_Camara" class="mw-redirect" title="Aboubacar Camara">Aboubacar Camara</a></li>
</ul>
<h2><span class="mw-headline" id="Spielbericht">Spielbericht</span><a href="/index.php?title=FC_Liefering_gegen_Union_Gurten_(Testspiel)&amp;action=edit&amp;section=1" title="Abschnitt bearbeiten: Spielbericht">Bearbeiten</a><span class="mw-editsection-bracket">]</span></span></h2>
<p><a rel="nofollow" class="external text" href="https://www.fc-liefering.at/de/fc-liefering/news/saison_2025_26/testspiel-gurten.html">Spielbericht Vereinshomepage</a>
</p>
<h2><span class="mw-headline" id="Stimmen_zum_Spiel">Stimmen zum Spiel</span><a href="/index.php?title=FC_Liefering_gegen_Union_Gurten_(Testspiel)&amp;action=edit&amp;section=2" title="Abschnitt bearbeiten: Stimmen zum Spiel">Bearbeiten</a><span class="mw-editsection-bracket">]</span></span></h2>
<p><b>Daniel Beichler:</b>   Es war ein ordentlicher erster Test gegen eine gute Mannschaft aus der Regionalliga. Ich möchte das Spiel nicht überbewerten, gegen Ried wird uns nächste Woche schließlich etwas anderes blühen – aber es waren heute einige positive Dinge dabei: Wir haben gegen den Ball eine hohe Intensität an den Tag gelegt, hatten speziell in der zweiten Halbzeit Balleroberungen, die wir in Umschaltmomente münden lassen konnten. Auch mit der Kugel war eine gewisse Flexibilität, eine ordentliche Tiefe dabei. Mit unserem Speed konnten wir dem Gegner wehtun. Dementsprechend ziehen wir einige gute Schlüsse daraus.
</p>
</div>

<p>FC Liefering gegen Union Gurten, 7:0 Spieltag Testspiel Datum 5. Juli 2025 Anpfiff 11 Uhr Aufstellung Tor Nikola Sarcevic Verteidigung Julian Hussauf &#8211; David Mendes &#8211; Amel Avdic &#8211; Lassina Traore Mittelfeld Testspieler 1 – Ilia Ivanschitz&#8211; Rüstü Erdogan&#8211; Quirin Rackl Sturm Jakob Brandtner&#8211; Philipp Verhounig Wechsel Wechsel Testspieler 3 für Moser (69.), Federico Crescenti [&hellip;]</p>
