{"id":3972,"date":"2026-05-06T15:27:20","date_gmt":"2026-05-06T13:27:20","guid":{"rendered":"https:\/\/wiki.s12.at\/index.php\/fc-liefering-gegen-sv-ried\/"},"modified":"2026-05-06T15:27:20","modified_gmt":"2026-05-06T13:27:20","slug":"fc-liefering-gegen-sv-ried","status":"publish","type":"page","link":"https:\/\/wiki.s12.at\/index.php\/fc-liefering-gegen-sv-ried\/","title":{"rendered":"FC Liefering gegen SV Ried"},"content":{"rendered":"<div class=\"mw-parser-output\">\n<table class=\"toptextcells toccolours\">\n<tbody>\n<tr>\n<th colspan=\"2\" style=\"text-align: center; vertical-align: top; padding: 0.3em 0.8em; font-size: 125%; background-color: lightsteelblue;\">FC Liefering gegen SV Ried, 2:4\n<\/th>\n<\/tr>\n<tr>\n<th style=\"text-align:left;\"><b>Spieltag<\/b>\n<\/th>\n<th style=\"text-align:left;\">Testspiel\n<\/th>\n<\/tr>\n<tr>\n<th style=\"text-align:left;\"><b>Datum<\/b>\n<\/th>\n<th style=\"text-align:left;\">12. Juli 2025\n<\/th>\n<\/tr>\n<tr>\n<th style=\"text-align:left;\"><b>Anpfiff<\/b>\n<\/th>\n<th style=\"text-align:left;\">14.30 Uhr\n<\/th>\n<\/tr>\n<tr>\n<td colspan=\"2\" style=\"text-align:center;\" bgcolor=\"lightgray\"><b>Aufstellung<\/b>\n<\/td>\n<\/tr>\n<tr>\n<th style=\"text-align:left;\"><b>Tor<\/b>\n<\/th>\n<th><a href=\"\/Christian_Zawieschitzky\" title=\"Christian Zawieschitzky\">Christian Zawieschitzky<\/a>\n<\/th>\n<\/tr>\n<tr>\n<th style=\"text-align:left;\"><b>Verteidigung<\/b>\n<\/th>\n<th><a href=\"\/Tobias_Rohrmoser\" title=\"Tobias Rohrmoser\">Tobias Rohrmoser<\/a> &#8211;  <a href=\"\/Marcel_Moswitzer\" title=\"Marcel Moswitzer\">Marcel Moswitzer<\/a> &#8211; <a href=\"\/Seong-bin_Jung\" title=\"Seong-bin Jung\">Seong-bin Jung<\/a> &#8211;  <a href=\"\/Jakob_Zangerl\" title=\"Jakob Zangerl\">Jakob Zangerl<\/a>\n<\/th>\n<\/tr>\n<tr>\n<th style=\"text-align:left;\"><b>Mittelfeld<\/b>\n<\/th>\n<th>Testspieler 1 \u2013  <a href=\"\/Johannes_Moser\" title=\"Johannes Moser\">Johannes Moser<\/a>&#8211;  <a href=\"\/Benedict_Scharner\" title=\"Benedict Scharner\">Benedict Scharner<\/a>&#8211; <a href=\"\/Aboubacar_Camara\" class=\"mw-redirect\" title=\"Aboubacar Camara\">Aboubacar Camara<\/a>\n<\/th>\n<\/tr>\n<tr>\n<th style=\"text-align:left;\"><b>Sturm<\/b>\n<\/th>\n<th><a href=\"\/Jakob_Brandtner\" title=\"Jakob Brandtner\">Jakob Brandtner<\/a>&#8211; <a href=\"\/Philipp_Verhounig\" class=\"mw-redirect\" title=\"Philipp Verhounig\">Philipp Verhounig <\/a>\n<\/th>\n<\/tr>\n<tr>\n<td colspan=\"2\" style=\"text-align:center;\" bgcolor=\"lightgray\"><b>Wechsel<\/b>\n<\/td>\n<\/tr>\n<tr>\n<th style=\"text-align:left;\"><b>Wechsel<\/b>\n<\/th>\n<th style=\"text-align:left;\"><a href=\"\/Amel_Avdic\" title=\"Amel Avdic\">Amel Avdic<\/a> f\u00fcr Rohrmoser, <a href=\"\/David_Mendes\" title=\"David Mendes\">David Mendes<\/a> f\u00fcr Moswitzer, <a href=\"\/Jakob_Brandtner\" title=\"Jakob Brandtner\">Jakob Brandtner<\/a> f\u00fcr Jung, <br \/><a href=\"\/Lassina_Traore\" title=\"Lassina Traore\">Lassina Traore<\/a> f\u00fcr Zangerl, <a href=\"\/Ilia_Ivanschitz\" title=\"Ilia Ivanschitz\">Ilia Ivanschitz<\/a> f\u00fcr Testspieler 1, Testspieler 2 f\u00fcr Moser, <br \/><a href=\"\/Nikolas_Freund\" title=\"Nikolas Freund\">Nikolas Freund<\/a> f\u00fcr Scharner, <a href=\"\/Oliver_Lukic\" title=\"Oliver Lukic\">Oliver Lukic<\/a> f\u00fcr Camara, <a href=\"\/Federico_Crescenti\" class=\"mw-redirect\" title=\"Federico Crescenti\">Federico Crescenti<\/a> f\u00fcr Brandt, <br \/><a href=\"\/Alexander_Murillo\" title=\"Alexander Murillo\">Alexander Murillo<\/a> f\u00fcr Verhounig (alle 46.)\n<\/th>\n<\/tr>\n<tr>\n<td colspan=\"2\" style=\"text-align:center;\" bgcolor=\"lightgray\"><b>Statistik<\/b>\n<\/td>\n<\/tr>\n<tr>\n<th style=\"text-align:left;\"><b>Endstand<\/b>\n<\/th>\n<th style=\"text-align:left;\">7:0 (2:0)\n<\/th>\n<\/tr>\n<tr>\n<th style=\"text-align:left;\"><b>Torsch\u00fctzen<\/b>\n<\/th>\n<th style=\"text-align:left;\">Camara (2.), Testspieler 1 (6.);  Wernitznig (9., E.), Van Wyk (28.), Mutandwa (65., 73.)\n<\/th>\n<\/tr>\n<tr>\n<th style=\"text-align:left;\"><b>Gelbe Karten<\/b>\n<\/th>\n<th style=\"text-align:left;\">\n<\/th>\n<\/tr>\n<tr>\n<th style=\"text-align:left;\"><b>Rote Karten<\/b>\n<\/th>\n<th style=\"text-align:left;\">\n<\/th>\n<\/tr>\n<tr>\n<th style=\"text-align:left;\"><b>Schiedsrichter<\/b>\n<\/th>\n<th style=\"text-align:left;\">Achim Untergasser\n<\/th>\n<\/tr>\n<tr>\n<th style=\"text-align:left;\"><b>Stadion<\/b>\n<\/th>\n<th style=\"text-align:left;\">Hohenzell\n<\/th>\n<\/tr>\n<tr>\n<th style=\"text-align:left;\"><b>Zuschauer<\/b>\n<\/th>\n<th style=\"text-align:left;\">\n<\/th>\n<\/tr>\n<\/tbody>\n<\/table>\n<h2><span class=\"mw-headline\" id=\"Spielbericht\">Spielbericht<\/span><a href=\"\/index.php?title=FC_Liefering_gegen_SV_Ried&amp;action=edit&amp;section=1\" title=\"Abschnitt bearbeiten: Spielbericht\">Bearbeiten<\/a><span class=\"mw-editsection-bracket\">]<\/span><\/span><\/h2>\n<p><a rel=\"nofollow\" class=\"external text\" href=\"https:\/\/www.fc-liefering.at\/de\/fc-liefering\/news\/saison_2025_26\/testspiel-ried.html\">Spielbericht Vereinshomepage<\/a>\n<\/p>\n<h2><span class=\"mw-headline\" id=\"Stimmen_zum_Spiel\">Stimmen zum Spiel<\/span><a href=\"\/index.php?title=FC_Liefering_gegen_SV_Ried&amp;action=edit&amp;section=2\" title=\"Abschnitt bearbeiten: Stimmen zum Spiel\">Bearbeiten<\/a><span class=\"mw-editsection-bracket\">]<\/span><\/span><\/h2>\n<p><b>Daniel Beichler:<\/b>  Wir sind sehr gut gestartet mit den zwei fr\u00fchen Toren, durch einen \u2013 f\u00fcr mich \u2013 unn\u00f6tigen Elfmeter haben wir dann den Anschlusstreffer bekommen. In der ersten Halbzeit waren wir die Mannschaft, die am Dr\u00fccker war und die auch die eine oder andere M\u00f6glichkeit hatte. Wobei wir unsere Angriffe nicht in der Qualit\u00e4t fertiggespielt haben, wie es m\u00f6glich gewesen w\u00e4re \u2013 trotzdem war es eine ordentliche Leistung nach einer sehr harten Trainingswoche. Den Treffer zum R\u00fcckstand haben wir dann ein bisschen aus dem Nichts kassiert und ab dem Zeitpunkt war es zu wenig, wir haben keine Reaktion gezeigt. Am Ende ziehen wir dann trotzdem wieder gute Erkenntnisse aus diesem Test. Eine intensive Woche geht zu Ende, eine weitere steht bevor.\n<\/p>\n<\/div>\n","protected":false},"excerpt":{"rendered":"<p>FC Liefering gegen SV Ried, 2:4 Spieltag Testspiel Datum 12. Juli 2025 Anpfiff 14.30 Uhr Aufstellung Tor Christian Zawieschitzky Verteidigung Tobias Rohrmoser &#8211; Marcel Moswitzer &#8211; Seong-bin Jung &#8211; Jakob Zangerl Mittelfeld Testspieler 1 \u2013 Johannes Moser&#8211; Benedict Scharner&#8211; Aboubacar Camara Sturm Jakob Brandtner&#8211; Philipp Verhounig Wechsel Wechsel Amel Avdic f\u00fcr Rohrmoser, David Mendes f\u00fcr [&hellip;]<\/p>\n","protected":false},"author":1,"featured_media":0,"parent":0,"menu_order":0,"comment_status":"closed","ping_status":"closed","template":"","meta":{"footnotes":""},"class_list":["post-3972","page","type-page","status-publish","hentry"],"_links":{"self":[{"href":"https:\/\/wiki.s12.at\/index.php\/wp-json\/wp\/v2\/pages\/3972","targetHints":{"allow":["GET"]}}],"collection":[{"href":"https:\/\/wiki.s12.at\/index.php\/wp-json\/wp\/v2\/pages"}],"about":[{"href":"https:\/\/wiki.s12.at\/index.php\/wp-json\/wp\/v2\/types\/page"}],"author":[{"embeddable":true,"href":"https:\/\/wiki.s12.at\/index.php\/wp-json\/wp\/v2\/users\/1"}],"replies":[{"embeddable":true,"href":"https:\/\/wiki.s12.at\/index.php\/wp-json\/wp\/v2\/comments?post=3972"}],"version-history":[{"count":0,"href":"https:\/\/wiki.s12.at\/index.php\/wp-json\/wp\/v2\/pages\/3972\/revisions"}],"wp:attachment":[{"href":"https:\/\/wiki.s12.at\/index.php\/wp-json\/wp\/v2\/media?parent=3972"}],"curies":[{"name":"wp","href":"https:\/\/api.w.org\/{rel}","templated":true}]}}

<div class="mw-parser-output">
<table class="toptextcells toccolours">
<tbody>
<tr>
<th colspan="2" style="text-align: center; vertical-align: top; padding: 0.3em 0.8em; font-size: 125%; background-color: lightsteelblue;">FC Liefering gegen SV Ried, 2:4
</th>
</tr>
<tr>
<th style="text-align:left;"><b>Spieltag</b>
</th>
<th style="text-align:left;">Testspiel
</th>
</tr>
<tr>
<th style="text-align:left;"><b>Datum</b>
</th>
<th style="text-align:left;">12. Juli 2025
</th>
</tr>
<tr>
<th style="text-align:left;"><b>Anpfiff</b>
</th>
<th style="text-align:left;">14.30 Uhr
</th>
</tr>
<tr>
<td colspan="2" style="text-align:center;" bgcolor="lightgray"><b>Aufstellung</b>
</td>
</tr>
<tr>
<th style="text-align:left;"><b>Tor</b>
</th>
<th><a href="/Christian_Zawieschitzky" title="Christian Zawieschitzky">Christian Zawieschitzky</a>
</th>
</tr>
<tr>
<th style="text-align:left;"><b>Verteidigung</b>
</th>
<th><a href="/Tobias_Rohrmoser" title="Tobias Rohrmoser">Tobias Rohrmoser</a> &#8211;  <a href="/Marcel_Moswitzer" title="Marcel Moswitzer">Marcel Moswitzer</a> &#8211; <a href="/Seong-bin_Jung" title="Seong-bin Jung">Seong-bin Jung</a> &#8211;  <a href="/Jakob_Zangerl" title="Jakob Zangerl">Jakob Zangerl</a>
</th>
</tr>
<tr>
<th style="text-align:left;"><b>Mittelfeld</b>
</th>
<th>Testspieler 1 –  <a href="/Johannes_Moser" title="Johannes Moser">Johannes Moser</a>&#8211;  <a href="/Benedict_Scharner" title="Benedict Scharner">Benedict Scharner</a>&#8211; <a href="/Aboubacar_Camara" class="mw-redirect" title="Aboubacar Camara">Aboubacar Camara</a>
</th>
</tr>
<tr>
<th style="text-align:left;"><b>Sturm</b>
</th>
<th><a href="/Jakob_Brandtner" title="Jakob Brandtner">Jakob Brandtner</a>&#8211; <a href="/Philipp_Verhounig" class="mw-redirect" title="Philipp Verhounig">Philipp Verhounig </a>
</th>
</tr>
<tr>
<td colspan="2" style="text-align:center;" bgcolor="lightgray"><b>Wechsel</b>
</td>
</tr>
<tr>
<th style="text-align:left;"><b>Wechsel</b>
</th>
<th style="text-align:left;"><a href="/Amel_Avdic" title="Amel Avdic">Amel Avdic</a> für Rohrmoser, <a href="/David_Mendes" title="David Mendes">David Mendes</a> für Moswitzer, <a href="/Jakob_Brandtner" title="Jakob Brandtner">Jakob Brandtner</a> für Jung, <br /><a href="/Lassina_Traore" title="Lassina Traore">Lassina Traore</a> für Zangerl, <a href="/Ilia_Ivanschitz" title="Ilia Ivanschitz">Ilia Ivanschitz</a> für Testspieler 1, Testspieler 2 für Moser, <br /><a href="/Nikolas_Freund" title="Nikolas Freund">Nikolas Freund</a> für Scharner, <a href="/Oliver_Lukic" title="Oliver Lukic">Oliver Lukic</a> für Camara, <a href="/Federico_Crescenti" class="mw-redirect" title="Federico Crescenti">Federico Crescenti</a> für Brandt, <br /><a href="/Alexander_Murillo" title="Alexander Murillo">Alexander Murillo</a> für Verhounig (alle 46.)
</th>
</tr>
<tr>
<td colspan="2" style="text-align:center;" bgcolor="lightgray"><b>Statistik</b>
</td>
</tr>
<tr>
<th style="text-align:left;"><b>Endstand</b>
</th>
<th style="text-align:left;">7:0 (2:0)
</th>
</tr>
<tr>
<th style="text-align:left;"><b>Torschützen</b>
</th>
<th style="text-align:left;">Camara (2.), Testspieler 1 (6.);  Wernitznig (9., E.), Van Wyk (28.), Mutandwa (65., 73.)
</th>
</tr>
<tr>
<th style="text-align:left;"><b>Gelbe Karten</b>
</th>
<th style="text-align:left;">
</th>
</tr>
<tr>
<th style="text-align:left;"><b>Rote Karten</b>
</th>
<th style="text-align:left;">
</th>
</tr>
<tr>
<th style="text-align:left;"><b>Schiedsrichter</b>
</th>
<th style="text-align:left;">Achim Untergasser
</th>
</tr>
<tr>
<th style="text-align:left;"><b>Stadion</b>
</th>
<th style="text-align:left;">Hohenzell
</th>
</tr>
<tr>
<th style="text-align:left;"><b>Zuschauer</b>
</th>
<th style="text-align:left;">
</th>
</tr>
</tbody>
</table>
<h2><span class="mw-headline" id="Spielbericht">Spielbericht</span><a href="/index.php?title=FC_Liefering_gegen_SV_Ried&amp;action=edit&amp;section=1" title="Abschnitt bearbeiten: Spielbericht">Bearbeiten</a><span class="mw-editsection-bracket">]</span></span></h2>
<p><a rel="nofollow" class="external text" href="https://www.fc-liefering.at/de/fc-liefering/news/saison_2025_26/testspiel-ried.html">Spielbericht Vereinshomepage</a>
</p>
<h2><span class="mw-headline" id="Stimmen_zum_Spiel">Stimmen zum Spiel</span><a href="/index.php?title=FC_Liefering_gegen_SV_Ried&amp;action=edit&amp;section=2" title="Abschnitt bearbeiten: Stimmen zum Spiel">Bearbeiten</a><span class="mw-editsection-bracket">]</span></span></h2>
<p><b>Daniel Beichler:</b>  Wir sind sehr gut gestartet mit den zwei frühen Toren, durch einen – für mich – unnötigen Elfmeter haben wir dann den Anschlusstreffer bekommen. In der ersten Halbzeit waren wir die Mannschaft, die am Drücker war und die auch die eine oder andere Möglichkeit hatte. Wobei wir unsere Angriffe nicht in der Qualität fertiggespielt haben, wie es möglich gewesen wäre – trotzdem war es eine ordentliche Leistung nach einer sehr harten Trainingswoche. Den Treffer zum Rückstand haben wir dann ein bisschen aus dem Nichts kassiert und ab dem Zeitpunkt war es zu wenig, wir haben keine Reaktion gezeigt. Am Ende ziehen wir dann trotzdem wieder gute Erkenntnisse aus diesem Test. Eine intensive Woche geht zu Ende, eine weitere steht bevor.
</p>
</div>

<p>FC Liefering gegen SV Ried, 2:4 Spieltag Testspiel Datum 12. Juli 2025 Anpfiff 14.30 Uhr Aufstellung Tor Christian Zawieschitzky Verteidigung Tobias Rohrmoser &#8211; Marcel Moswitzer &#8211; Seong-bin Jung &#8211; Jakob Zangerl Mittelfeld Testspieler 1 – Johannes Moser&#8211; Benedict Scharner&#8211; Aboubacar Camara Sturm Jakob Brandtner&#8211; Philipp Verhounig Wechsel Wechsel Amel Avdic für Rohrmoser, David Mendes für [&hellip;]</p>
