{"id":3965,"date":"2026-05-06T15:27:15","date_gmt":"2026-05-06T13:27:15","guid":{"rendered":"https:\/\/wiki.s12.at\/index.php\/fc-liefering-gegen-sk-vorwaerts-steyr-wiederholungsspiel\/"},"modified":"2026-05-06T15:27:15","modified_gmt":"2026-05-06T13:27:15","slug":"fc-liefering-gegen-sk-vorwaerts-steyr-wiederholungsspiel","status":"publish","type":"page","link":"https:\/\/wiki.s12.at\/index.php\/fc-liefering-gegen-sk-vorwaerts-steyr-wiederholungsspiel\/","title":{"rendered":"FC Liefering gegen SK Vorw\u00e4rts Steyr (Wiederholungsspiel )"},"content":{"rendered":"<div class=\"mw-parser-output\">\n<table class=\"toptextcells toccolours\">\n<tbody>\n<tr>\n<th colspan=\"2\" style=\"text-align: center; vertical-align: top; padding: 0.3em 0.8em; font-size: 125%; background-color: lightsteelblue;\">FC Liefering gegen SK Vorw\u00e4rts Steyr, 4:3\n<\/th>\n<\/tr>\n<tr>\n<th style=\"text-align:left;\"><b>Spieltag<\/b>\n<\/th>\n<th style=\"text-align:left;\">2. Liga 2. Runde\n<\/th>\n<\/tr>\n<tr>\n<th style=\"text-align:left;\"><b>Datum<\/b>\n<\/th>\n<th style=\"text-align:left;\">2. August 2022\n<\/th>\n<\/tr>\n<tr>\n<th style=\"text-align:left;\"><b>Anpfiff<\/b>\n<\/th>\n<th style=\"text-align:left;\">18.30  Uhr\n<\/th>\n<\/tr>\n<tr>\n<td colspan=\"2\" style=\"text-align:center;\" bgcolor=\"lightgray\"><b>Aufstellung<\/b>\n<\/td>\n<\/tr>\n<tr>\n<th style=\"text-align:left;\"><b>Tor<\/b>\n<\/th>\n<th><a href=\"\/Jonas_Krumrey\" title=\"Jonas Krumrey\">Jonas Krumrey<\/a>\n<\/th>\n<\/tr>\n<tr>\n<th style=\"text-align:left;\"><b>Verteidigung<\/b>\n<\/th>\n<th><a href=\"\/Benjamin_Atiabou\" title=\"Benjamin Atiabou\">Benjamin Atiabou<\/a>&#8211; <a href=\"\/Marcel_Moswitzer\" title=\"Marcel Moswitzer\">Marcel Moswitzer<\/a>&#8211; <a href=\"\/Samson_Baidoo\" title=\"Samson Baidoo\">Samson Baidoo<\/a> &#8211; <a href=\"\/Lukas_Ibertsberger\" title=\"Lukas Ibertsberger\">Lukas Ibertsberger<\/a>\n<\/th>\n<\/tr>\n<tr>\n<th style=\"text-align:left;\"><b>Mittelfeld<\/b>\n<\/th>\n<th><a href=\"\/Dario_Bijelic\" title=\"Dario Bijelic\">Dario Bijelic<\/a>&#8211; <a href=\"\/Lawrence_Agyekum\" title=\"Lawrence Agyekum\">Lawrence Agyekum<\/a>&#8211; <a href=\"\/Raphael_Hofer\" title=\"Raphael Hofer\">Raphael Hofer<\/a>&#8211; <a href=\"\/Dijon_Kameri\" title=\"Dijon Kameri\">Dijon Kameri<\/a>\n<\/th>\n<\/tr>\n<tr>\n<th style=\"text-align:left;\"><b>Sturm<\/b>\n<\/th>\n<th><a href=\"\/Karim_Konate\" title=\"Karim Konate\">Karim Konate<\/a>&#8211; <a href=\"\/Luka_Reischl\" title=\"Luka Reischl\">Luka Reischl<\/a>\n<\/th>\n<\/tr>\n<tr>\n<td colspan=\"2\" style=\"text-align:center;\" bgcolor=\"lightgray\"><b>Wechsel<\/b>\n<\/td>\n<\/tr>\n<tr>\n<th style=\"text-align:left;\"><b>Wechsel<\/b>\n<\/th>\n<th style=\"text-align:left;\"><a href=\"\/Julian_Halwachs\" title=\"Julian Halwachs\">Julian Halwachs<\/a> f\u00fcr Bijelic (46.), <a href=\"\/Elias_Havel\" title=\"Elias Havel\">Elias Havel<\/a> f\u00fcr Reischl (56.), <a href=\"\/Dominik_Lechner\" title=\"Dominik Lechner\">Dominik Lechner<\/a> f\u00fcr Agyekum (56.), <br \/><a href=\"\/Mario_Pejazic\" title=\"Mario Pejazic\">Mario Pejazic<\/a> f\u00fcr Ibertsberger (56.), <a href=\"\/Zeteny_Jano\" title=\"Zeteny Jano\">Zeteny Jano<\/a> f\u00fcr Hofer (82.)\n<\/th>\n<\/tr>\n<tr>\n<td colspan=\"2\" style=\"text-align:center;\" bgcolor=\"lightgray\"><b>Statistik<\/b>\n<\/td>\n<\/tr>\n<tr>\n<th style=\"text-align:left;\"><b>Endstand<\/b>\n<\/th>\n<th style=\"text-align:left;\">4:3 (1:1)\n<\/th>\n<\/tr>\n<tr>\n<th style=\"text-align:left;\"><b>Torsch\u00fctzen<\/b>\n<\/th>\n<th style=\"text-align:left;\">Kameri (39., E.), Havel (69., 82.), Moswitzer (91.);  Dombaxi (44.), G\u00fcnes (55., E.), Pellegrini (60.)\n<\/th>\n<\/tr>\n<tr>\n<th style=\"text-align:left;\"><b>Gelbe Karten<\/b>\n<\/th>\n<th style=\"text-align:left;\">Ibertsberger (19.), Moswitzer (54.); Zdichynec (34.), H\u00fcttner (39.)\n<\/th>\n<\/tr>\n<tr>\n<th style=\"text-align:left;\"><b>Rote Karten<\/b>\n<\/th>\n<th style=\"text-align:left;\">\n<\/th>\n<\/tr>\n<tr>\n<th style=\"text-align:left;\"><b>Schiedsrichter<\/b>\n<\/th>\n<th style=\"text-align:left;\">Gerhard Grobelnik\n<\/th>\n<\/tr>\n<tr>\n<th style=\"text-align:left;\"><b>Stadion<\/b>\n<\/th>\n<th style=\"text-align:left;\">Untersbergarena, Gr\u00f6dig\n<\/th>\n<\/tr>\n<tr>\n<th style=\"text-align:left;\"><b>Zuschauer<\/b>\n<\/th>\n<th style=\"text-align:left;\">290\n<\/th>\n<\/tr>\n<\/tbody>\n<\/table>\n<h2><span class=\"mw-headline\" id=\"Spielbericht\">Spielbericht<\/span><a href=\"\/index.php?title=FC_Liefering_gegen_SK_Vorw%C3%A4rts_Steyr_(Wiederholungsspiel_)&amp;action=edit&amp;section=1\" title=\"Abschnitt bearbeiten: Spielbericht\">Bearbeiten<\/a><span class=\"mw-editsection-bracket\">]<\/span><\/span><\/h2>\n<p><a rel=\"nofollow\" class=\"external text\" href=\"https:\/\/www.fc-liefering.at\/de\/fc-liefering\/news\/saison_2022_23\/ligaspiel-vorwaerts-steyr-runde-2.html\">Spielbericht Vereinshomepage<\/a>\n<\/p>\n<h2><span class=\"mw-headline\" id=\"Stimmen_zum_Spiel\">Stimmen zum Spiel<\/span><a href=\"\/index.php?title=FC_Liefering_gegen_SK_Vorw%C3%A4rts_Steyr_(Wiederholungsspiel_)&amp;action=edit&amp;section=2\" title=\"Abschnitt bearbeiten: Stimmen zum Spiel\">Bearbeiten<\/a><span class=\"mw-editsection-bracket\">]<\/span><\/span><\/h2>\n<p><b>Fabio Ingolitsch:<\/b>   Heute war alles dabei, die Zuschauer sind auf ihre Kosten gekommen! Es hat H\u00f6hen und Tiefen gegeben. Es ist eine Riesensache f\u00fcr uns, dass wir es noch drehen konnten. Man muss wirklich sagen, dass uns heute die Joker den entscheidenden Impuls gebracht und das Spiel gedreht haben \u2013 das zeigt, welche Dichte wir im Kader haben und welcher Geist in dieser Mannschaft steckt! Dass Marcel am Ende das Tor macht, freut mich f\u00fcr ihn pers\u00f6nlich riesig, aber noch mehr f\u00fcr die Mannschaft, weil es uns f\u00fcr die n\u00e4chsten Aufgaben extrem viel Kraft gibt.\n<\/p>\n<\/div>\n","protected":false},"excerpt":{"rendered":"<p>FC Liefering gegen SK Vorw\u00e4rts Steyr, 4:3 Spieltag 2. Liga 2. Runde Datum 2. August 2022 Anpfiff 18.30 Uhr Aufstellung Tor Jonas Krumrey Verteidigung Benjamin Atiabou&#8211; Marcel Moswitzer&#8211; Samson Baidoo &#8211; Lukas Ibertsberger Mittelfeld Dario Bijelic&#8211; Lawrence Agyekum&#8211; Raphael Hofer&#8211; Dijon Kameri Sturm Karim Konate&#8211; Luka Reischl Wechsel Wechsel Julian Halwachs f\u00fcr Bijelic (46.), Elias [&hellip;]<\/p>\n","protected":false},"author":1,"featured_media":0,"parent":0,"menu_order":0,"comment_status":"closed","ping_status":"closed","template":"","meta":{"footnotes":""},"class_list":["post-3965","page","type-page","status-publish","hentry"],"_links":{"self":[{"href":"https:\/\/wiki.s12.at\/index.php\/wp-json\/wp\/v2\/pages\/3965","targetHints":{"allow":["GET"]}}],"collection":[{"href":"https:\/\/wiki.s12.at\/index.php\/wp-json\/wp\/v2\/pages"}],"about":[{"href":"https:\/\/wiki.s12.at\/index.php\/wp-json\/wp\/v2\/types\/page"}],"author":[{"embeddable":true,"href":"https:\/\/wiki.s12.at\/index.php\/wp-json\/wp\/v2\/users\/1"}],"replies":[{"embeddable":true,"href":"https:\/\/wiki.s12.at\/index.php\/wp-json\/wp\/v2\/comments?post=3965"}],"version-history":[{"count":0,"href":"https:\/\/wiki.s12.at\/index.php\/wp-json\/wp\/v2\/pages\/3965\/revisions"}],"wp:attachment":[{"href":"https:\/\/wiki.s12.at\/index.php\/wp-json\/wp\/v2\/media?parent=3965"}],"curies":[{"name":"wp","href":"https:\/\/api.w.org\/{rel}","templated":true}]}}

FC Liefering gegen SK Vorwärts Steyr (Wiederholungsspiel )

<div class="mw-parser-output">
<table class="toptextcells toccolours">
<tbody>
<tr>
<th colspan="2" style="text-align: center; vertical-align: top; padding: 0.3em 0.8em; font-size: 125%; background-color: lightsteelblue;">FC Liefering gegen SK Vorwärts Steyr, 4:3
</th>
</tr>
<tr>
<th style="text-align:left;"><b>Spieltag</b>
</th>
<th style="text-align:left;">2. Liga 2. Runde
</th>
</tr>
<tr>
<th style="text-align:left;"><b>Datum</b>
</th>
<th style="text-align:left;">2. August 2022
</th>
</tr>
<tr>
<th style="text-align:left;"><b>Anpfiff</b>
</th>
<th style="text-align:left;">18.30  Uhr
</th>
</tr>
<tr>
<td colspan="2" style="text-align:center;" bgcolor="lightgray"><b>Aufstellung</b>
</td>
</tr>
<tr>
<th style="text-align:left;"><b>Tor</b>
</th>
<th><a href="/Jonas_Krumrey" title="Jonas Krumrey">Jonas Krumrey</a>
</th>
</tr>
<tr>
<th style="text-align:left;"><b>Verteidigung</b>
</th>
<th><a href="/Benjamin_Atiabou" title="Benjamin Atiabou">Benjamin Atiabou</a>&#8211; <a href="/Marcel_Moswitzer" title="Marcel Moswitzer">Marcel Moswitzer</a>&#8211; <a href="/Samson_Baidoo" title="Samson Baidoo">Samson Baidoo</a> &#8211; <a href="/Lukas_Ibertsberger" title="Lukas Ibertsberger">Lukas Ibertsberger</a>
</th>
</tr>
<tr>
<th style="text-align:left;"><b>Mittelfeld</b>
</th>
<th><a href="/Dario_Bijelic" title="Dario Bijelic">Dario Bijelic</a>&#8211; <a href="/Lawrence_Agyekum" title="Lawrence Agyekum">Lawrence Agyekum</a>&#8211; <a href="/Raphael_Hofer" title="Raphael Hofer">Raphael Hofer</a>&#8211; <a href="/Dijon_Kameri" title="Dijon Kameri">Dijon Kameri</a>
</th>
</tr>
<tr>
<th style="text-align:left;"><b>Sturm</b>
</th>
<th><a href="/Karim_Konate" title="Karim Konate">Karim Konate</a>&#8211; <a href="/Luka_Reischl" title="Luka Reischl">Luka Reischl</a>
</th>
</tr>
<tr>
<td colspan="2" style="text-align:center;" bgcolor="lightgray"><b>Wechsel</b>
</td>
</tr>
<tr>
<th style="text-align:left;"><b>Wechsel</b>
</th>
<th style="text-align:left;"><a href="/Julian_Halwachs" title="Julian Halwachs">Julian Halwachs</a> für Bijelic (46.), <a href="/Elias_Havel" title="Elias Havel">Elias Havel</a> für Reischl (56.), <a href="/Dominik_Lechner" title="Dominik Lechner">Dominik Lechner</a> für Agyekum (56.), <br /><a href="/Mario_Pejazic" title="Mario Pejazic">Mario Pejazic</a> für Ibertsberger (56.), <a href="/Zeteny_Jano" title="Zeteny Jano">Zeteny Jano</a> für Hofer (82.)
</th>
</tr>
<tr>
<td colspan="2" style="text-align:center;" bgcolor="lightgray"><b>Statistik</b>
</td>
</tr>
<tr>
<th style="text-align:left;"><b>Endstand</b>
</th>
<th style="text-align:left;">4:3 (1:1)
</th>
</tr>
<tr>
<th style="text-align:left;"><b>Torschützen</b>
</th>
<th style="text-align:left;">Kameri (39., E.), Havel (69., 82.), Moswitzer (91.);  Dombaxi (44.), Günes (55., E.), Pellegrini (60.)
</th>
</tr>
<tr>
<th style="text-align:left;"><b>Gelbe Karten</b>
</th>
<th style="text-align:left;">Ibertsberger (19.), Moswitzer (54.); Zdichynec (34.), Hüttner (39.)
</th>
</tr>
<tr>
<th style="text-align:left;"><b>Rote Karten</b>
</th>
<th style="text-align:left;">
</th>
</tr>
<tr>
<th style="text-align:left;"><b>Schiedsrichter</b>
</th>
<th style="text-align:left;">Gerhard Grobelnik
</th>
</tr>
<tr>
<th style="text-align:left;"><b>Stadion</b>
</th>
<th style="text-align:left;">Untersbergarena, Grödig
</th>
</tr>
<tr>
<th style="text-align:left;"><b>Zuschauer</b>
</th>
<th style="text-align:left;">290
</th>
</tr>
</tbody>
</table>
<h2><span class="mw-headline" id="Spielbericht">Spielbericht</span><a href="/index.php?title=FC_Liefering_gegen_SK_Vorw%C3%A4rts_Steyr_(Wiederholungsspiel_)&amp;action=edit&amp;section=1" title="Abschnitt bearbeiten: Spielbericht">Bearbeiten</a><span class="mw-editsection-bracket">]</span></span></h2>
<p><a rel="nofollow" class="external text" href="https://www.fc-liefering.at/de/fc-liefering/news/saison_2022_23/ligaspiel-vorwaerts-steyr-runde-2.html">Spielbericht Vereinshomepage</a>
</p>
<h2><span class="mw-headline" id="Stimmen_zum_Spiel">Stimmen zum Spiel</span><a href="/index.php?title=FC_Liefering_gegen_SK_Vorw%C3%A4rts_Steyr_(Wiederholungsspiel_)&amp;action=edit&amp;section=2" title="Abschnitt bearbeiten: Stimmen zum Spiel">Bearbeiten</a><span class="mw-editsection-bracket">]</span></span></h2>
<p><b>Fabio Ingolitsch:</b>   Heute war alles dabei, die Zuschauer sind auf ihre Kosten gekommen! Es hat Höhen und Tiefen gegeben. Es ist eine Riesensache für uns, dass wir es noch drehen konnten. Man muss wirklich sagen, dass uns heute die Joker den entscheidenden Impuls gebracht und das Spiel gedreht haben – das zeigt, welche Dichte wir im Kader haben und welcher Geist in dieser Mannschaft steckt! Dass Marcel am Ende das Tor macht, freut mich für ihn persönlich riesig, aber noch mehr für die Mannschaft, weil es uns für die nächsten Aufgaben extrem viel Kraft gibt.
</p>
</div>

<p>FC Liefering gegen SK Vorwärts Steyr, 4:3 Spieltag 2. Liga 2. Runde Datum 2. August 2022 Anpfiff 18.30 Uhr Aufstellung Tor Jonas Krumrey Verteidigung Benjamin Atiabou&#8211; Marcel Moswitzer&#8211; Samson Baidoo &#8211; Lukas Ibertsberger Mittelfeld Dario Bijelic&#8211; Lawrence Agyekum&#8211; Raphael Hofer&#8211; Dijon Kameri Sturm Karim Konate&#8211; Luka Reischl Wechsel Wechsel Julian Halwachs für Bijelic (46.), Elias [&hellip;]</p>
