{"id":3962,"date":"2026-05-06T15:27:13","date_gmt":"2026-05-06T13:27:13","guid":{"rendered":"https:\/\/wiki.s12.at\/index.php\/fc-liefering-gegen-sk-sturm-graz-testspiel\/"},"modified":"2026-05-06T15:27:13","modified_gmt":"2026-05-06T13:27:13","slug":"fc-liefering-gegen-sk-sturm-graz-testspiel","status":"publish","type":"page","link":"https:\/\/wiki.s12.at\/index.php\/fc-liefering-gegen-sk-sturm-graz-testspiel\/","title":{"rendered":"FC Liefering gegen SK Sturm Graz (Testspiel)"},"content":{"rendered":"<div class=\"mw-parser-output\">\n<table class=\"toptextcells toccolours\">\n<tbody>\n<tr>\n<th colspan=\"2\" style=\"text-align: center; vertical-align: top; padding: 0.3em 0.8em; font-size: 125%; background-color: lightsteelblue;\">FC Liefering  gegen SK Sturm Graz, 0:0\n<\/th>\n<\/tr>\n<tr>\n<th style=\"text-align:left;\"><b>Spieltag<\/b>\n<\/th>\n<th style=\"text-align:left;\">Testspiel\n<\/th>\n<\/tr>\n<tr>\n<th style=\"text-align:left;\"><b>Datum<\/b>\n<\/th>\n<th style=\"text-align:left;\">2. Juli 2022\n<\/th>\n<\/tr>\n<tr>\n<th style=\"text-align:left;\"><b>Anpfiff<\/b>\n<\/th>\n<th style=\"text-align:left;\">15 Uhr\n<\/th>\n<\/tr>\n<tr>\n<td colspan=\"2\" style=\"text-align:center;\" bgcolor=\"lightgray\"><b>Aufstellung<\/b>\n<\/td>\n<\/tr>\n<tr>\n<th style=\"text-align:left;\"><b>Tor<\/b>\n<\/th>\n<th><a href=\"\/Jonas_Krumrey\" title=\"Jonas Krumrey\">Jonas Krumrey <\/a>\n<\/th>\n<\/tr>\n<tr>\n<th style=\"text-align:left;\"><b>Verteidigung<\/b>\n<\/th>\n<th><a href=\"\/Benjamin_Atiabou\" title=\"Benjamin Atiabou\">Benjamin Atiabou<\/a> &#8211; <a href=\"\/Marcel_Moswitzer\" title=\"Marcel Moswitzer\">Marcel Moswitzer<\/a>  &#8211;<a href=\"\/Sandro-Luca_Molnar\" title=\"Sandro-Luca Molnar\">Sandro-Luca Molnar<\/a>  &#8211;  <a href=\"\/Lukas_Ibertsberger\" title=\"Lukas Ibertsberger\">Lukas Ibertsberger<\/a>\n<\/th>\n<\/tr>\n<tr>\n<th style=\"text-align:left;\"><b>Mittelfeld<\/b>\n<\/th>\n<th><a href=\"\/Tolgahan_Sahin\" title=\"Tolgahan Sahin\">Tolgahan Sahin <\/a> &#8211; <a href=\"\/Mohammad_Sadeqi\" title=\"Mohammad Sadeqi\">Mohammad Sadeqi<\/a> &#8211; <a href=\"\/Lawrence_Agyekum\" title=\"Lawrence Agyekum\">Lawrence Agyekum<\/a> &#8211; <a href=\"\/Zeteny_Jano\" title=\"Zeteny Jano\">Zeteny Jano<\/a>\n<\/th>\n<\/tr>\n<tr>\n<th style=\"text-align:left;\"><b>Sturm<\/b>\n<\/th>\n<th><a href=\"\/Elias_Havel\" title=\"Elias Havel\">Elias Havel<\/a> &#8211; <a href=\"\/Marcell_Berki\" title=\"Marcell Berki\">Marcell Berki<\/a>\n<\/th>\n<\/tr>\n<tr>\n<td colspan=\"2\" style=\"text-align:center;\" bgcolor=\"lightgray\"><b>Wechsel<\/b>\n<\/td>\n<\/tr>\n<tr>\n<th style=\"text-align:left;\"><b>Wechsel<\/b>\n<\/th>\n<th style=\"text-align:left;\"><a href=\"\/Raphael_Hofer\" title=\"Raphael Hofer\">Raphael Hofer<\/a> (5.), <a href=\"\/Federico_Crescenti\" class=\"mw-redirect\" title=\"Federico Crescenti\">Federico Crescenti<\/a> (35.),  <a href=\"\/Balazs_Toth\" title=\"Balazs Toth\">Balazs Toth<\/a>, <a href=\"\/Mark_Gevorgyan\" title=\"Mark Gevorgyan\">Mark Gevorgyan<\/a>,<br \/><a href=\"\/Lucho_Vasquez\" class=\"mw-redirect\" title=\"Lucho Vasquez\">Lucho Vasquez<\/a>, <a href=\"\/Alparslan_Baran\" title=\"Alparslan Baran\">Alparslan Baran<\/a>, <a href=\"\/Mario_Pejazic\" title=\"Mario Pejazic\">Mario Pejazic<\/a>, <a href=\"\/Tim_Paumgartner\" title=\"Tim Paumgartner\">Tim Paumgartner<\/a>,<br \/> <a href=\"\/Luka_Reischl\" title=\"Luka Reischl\">Luka Reischl<\/a> (alle 46.), , <a href=\"\/Julian_Halwachs\" title=\"Julian Halwachs\">Julian Halwachs<\/a>, <a href=\"\/Dario_Bijelic\" title=\"Dario Bijelic\">Dario Bijelic<\/a>, <a href=\"\/Dominik_Lechner\" title=\"Dominik Lechner\">Dominik Lechner<\/a> (alle 60.),<br \/> <a href=\"\/Daniel_Owusu\" title=\"Daniel Owusu\">Daniel Owusu<\/a> (72.)\n<\/th>\n<\/tr>\n<tr>\n<td colspan=\"2\" style=\"text-align:center;\" bgcolor=\"lightgray\"><b>Statistik<\/b>\n<\/td>\n<\/tr>\n<tr>\n<th style=\"text-align:left;\"><b>Endstand<\/b>\n<\/th>\n<th style=\"text-align:left;\">0:0\n<\/th>\n<\/tr>\n<tr>\n<th style=\"text-align:left;\"><b>Torsch\u00fctzen<\/b>\n<\/th>\n<th style=\"text-align:left;\">\n<\/th>\n<\/tr>\n<tr>\n<th style=\"text-align:left;\"><b>Gelbe Karten<\/b>\n<\/th>\n<th style=\"text-align:left;\">\n<\/th>\n<\/tr>\n<tr>\n<th style=\"text-align:left;\"><b>Rote Karten<\/b>\n<\/th>\n<th style=\"text-align:left;\">\n<\/th>\n<\/tr>\n<tr>\n<th style=\"text-align:left;\"><b>Schiedsrichter<\/b>\n<\/th>\n<th style=\"text-align:left;\">\n<\/th>\n<\/tr>\n<tr>\n<th style=\"text-align:left;\"><b>Stadion<\/b>\n<\/th>\n<th style=\"text-align:left;\">Schladming\n<\/th>\n<\/tr>\n<tr>\n<th style=\"text-align:left;\"><b>Zuschauer<\/b>\n<\/th>\n<th style=\"text-align:left;\">\n<\/th>\n<\/tr>\n<\/tbody>\n<\/table>\n<h2><span class=\"mw-headline\" id=\"Spielbericht\">Spielbericht<\/span><a href=\"\/index.php?title=FC_Liefering_gegen_SK_Sturm_Graz_(Testspiel)&amp;action=edit&amp;section=1\" title=\"Abschnitt bearbeiten: Spielbericht\">Bearbeiten<\/a><span class=\"mw-editsection-bracket\">]<\/span><\/span><\/h2>\n<p><a rel=\"nofollow\" class=\"external text\" href=\"https:\/\/www.fc-liefering.at\/de\/fc-liefering\/news\/saison_2022_23\/testspiel-vorwaerts-steyr.html\">Spielbericht Vereinshomepage<\/a>\n<\/p>\n<h2><span class=\"mw-headline\" id=\"Bilder\">Bilder<\/span><a href=\"\/index.php?title=FC_Liefering_gegen_SK_Sturm_Graz_(Testspiel)&amp;action=edit&amp;section=2\" title=\"Abschnitt bearbeiten: Bilder\">Bearbeiten<\/a><span class=\"mw-editsection-bracket\">]<\/span><\/span><\/h2>\n<p><img alt=\"\" src=\"\/images\/thumb\/4\/4a\/Commons-logo.svg\/langde-20px-Commons-logo.svg.png%3Futm_source%3Dcommons.wikimedia.org%26utm_campaign%3Dimageinfo%26utm_content%3Dthumbnail\" decoding=\"async\" title=\"Commons\" width=\"12\" height=\"16\" srcset=\"\/images\/thumb\/4\/4a\/Commons-logo.svg\/langde-40px-Commons-logo.svg.png%3Futm_source%3Dcommons.wikimedia.org%26utm_campaign%3Dimageinfo%26utm_content%3Dthumbnail 2x\" \/>&#160;<b><a href=\"http:\/\/commons.wikimedia.org\/wiki\/Category:FC_Liefering_gegen_SK_Vorw%C3%A4rts_Steyr_(Testspiel_2022-06-25)\" class=\"extiw\" title=\"commons:Category:FC Liefering gegen SK Vorw\u00e4rts Steyr (Testspiel 2022-06-25)\">FC Liefering gegen SK Sturm Graz (Testspiel)<\/a><\/b>&#160;\u2013 Sammlung von Bildern, Videos und Audiodateien auf <a href=\"\/Wikimedia_Commons\" title=\"Wikimedia Commons\">Wikimedia Commons<\/a>\n<\/p>\n<h2><span class=\"mw-headline\" id=\"Stimmen_zum_Spiel\">Stimmen zum Spiel<\/span><a href=\"\/index.php?title=FC_Liefering_gegen_SK_Sturm_Graz_(Testspiel)&amp;action=edit&amp;section=3\" title=\"Abschnitt bearbeiten: Stimmen zum Spiel\">Bearbeiten<\/a><span class=\"mw-editsection-bracket\">]<\/span><\/span><\/h2>\n<p><b>Fabio Ingolitsch:<\/b> Wir sind sehr zufrieden mit der Leistung! Es war ein gro\u00dfes Ziel, clever gegen den Ball zu agieren, und das hat die Mannschaft mit gro\u00dfem K\u00e4mpferherz eindrucksvoll erledigt. Wir sind auf einem sehr guten Weg, auch defensiv, haben Sturm kaum etwas angeboten. Es ziehen wirklich alle mit Vollgas ordentlich mit. Ein cooles Ergebnis!\n<\/p>\n<\/div>\n","protected":false},"excerpt":{"rendered":"<p>FC Liefering gegen SK Sturm Graz, 0:0 Spieltag Testspiel Datum 2. Juli 2022 Anpfiff 15 Uhr Aufstellung Tor Jonas Krumrey Verteidigung Benjamin Atiabou &#8211; Marcel Moswitzer &#8211;Sandro-Luca Molnar &#8211; Lukas Ibertsberger Mittelfeld Tolgahan Sahin &#8211; Mohammad Sadeqi &#8211; Lawrence Agyekum &#8211; Zeteny Jano Sturm Elias Havel &#8211; Marcell Berki Wechsel Wechsel Raphael Hofer (5.), Federico [&hellip;]<\/p>\n","protected":false},"author":1,"featured_media":0,"parent":0,"menu_order":0,"comment_status":"closed","ping_status":"closed","template":"","meta":{"footnotes":""},"class_list":["post-3962","page","type-page","status-publish","hentry"],"_links":{"self":[{"href":"https:\/\/wiki.s12.at\/index.php\/wp-json\/wp\/v2\/pages\/3962","targetHints":{"allow":["GET"]}}],"collection":[{"href":"https:\/\/wiki.s12.at\/index.php\/wp-json\/wp\/v2\/pages"}],"about":[{"href":"https:\/\/wiki.s12.at\/index.php\/wp-json\/wp\/v2\/types\/page"}],"author":[{"embeddable":true,"href":"https:\/\/wiki.s12.at\/index.php\/wp-json\/wp\/v2\/users\/1"}],"replies":[{"embeddable":true,"href":"https:\/\/wiki.s12.at\/index.php\/wp-json\/wp\/v2\/comments?post=3962"}],"version-history":[{"count":0,"href":"https:\/\/wiki.s12.at\/index.php\/wp-json\/wp\/v2\/pages\/3962\/revisions"}],"wp:attachment":[{"href":"https:\/\/wiki.s12.at\/index.php\/wp-json\/wp\/v2\/media?parent=3962"}],"curies":[{"name":"wp","href":"https:\/\/api.w.org\/{rel}","templated":true}]}}

<div class="mw-parser-output">
<table class="toptextcells toccolours">
<tbody>
<tr>
<th colspan="2" style="text-align: center; vertical-align: top; padding: 0.3em 0.8em; font-size: 125%; background-color: lightsteelblue;">FC Liefering  gegen SK Sturm Graz, 0:0
</th>
</tr>
<tr>
<th style="text-align:left;"><b>Spieltag</b>
</th>
<th style="text-align:left;">Testspiel
</th>
</tr>
<tr>
<th style="text-align:left;"><b>Datum</b>
</th>
<th style="text-align:left;">2. Juli 2022
</th>
</tr>
<tr>
<th style="text-align:left;"><b>Anpfiff</b>
</th>
<th style="text-align:left;">15 Uhr
</th>
</tr>
<tr>
<td colspan="2" style="text-align:center;" bgcolor="lightgray"><b>Aufstellung</b>
</td>
</tr>
<tr>
<th style="text-align:left;"><b>Tor</b>
</th>
<th><a href="/Jonas_Krumrey" title="Jonas Krumrey">Jonas Krumrey </a>
</th>
</tr>
<tr>
<th style="text-align:left;"><b>Verteidigung</b>
</th>
<th><a href="/Benjamin_Atiabou" title="Benjamin Atiabou">Benjamin Atiabou</a> &#8211; <a href="/Marcel_Moswitzer" title="Marcel Moswitzer">Marcel Moswitzer</a>  &#8211;<a href="/Sandro-Luca_Molnar" title="Sandro-Luca Molnar">Sandro-Luca Molnar</a>  &#8211;  <a href="/Lukas_Ibertsberger" title="Lukas Ibertsberger">Lukas Ibertsberger</a>
</th>
</tr>
<tr>
<th style="text-align:left;"><b>Mittelfeld</b>
</th>
<th><a href="/Tolgahan_Sahin" title="Tolgahan Sahin">Tolgahan Sahin </a> &#8211; <a href="/Mohammad_Sadeqi" title="Mohammad Sadeqi">Mohammad Sadeqi</a> &#8211; <a href="/Lawrence_Agyekum" title="Lawrence Agyekum">Lawrence Agyekum</a> &#8211; <a href="/Zeteny_Jano" title="Zeteny Jano">Zeteny Jano</a>
</th>
</tr>
<tr>
<th style="text-align:left;"><b>Sturm</b>
</th>
<th><a href="/Elias_Havel" title="Elias Havel">Elias Havel</a> &#8211; <a href="/Marcell_Berki" title="Marcell Berki">Marcell Berki</a>
</th>
</tr>
<tr>
<td colspan="2" style="text-align:center;" bgcolor="lightgray"><b>Wechsel</b>
</td>
</tr>
<tr>
<th style="text-align:left;"><b>Wechsel</b>
</th>
<th style="text-align:left;"><a href="/Raphael_Hofer" title="Raphael Hofer">Raphael Hofer</a> (5.), <a href="/Federico_Crescenti" class="mw-redirect" title="Federico Crescenti">Federico Crescenti</a> (35.),  <a href="/Balazs_Toth" title="Balazs Toth">Balazs Toth</a>, <a href="/Mark_Gevorgyan" title="Mark Gevorgyan">Mark Gevorgyan</a>,<br /><a href="/Lucho_Vasquez" class="mw-redirect" title="Lucho Vasquez">Lucho Vasquez</a>, <a href="/Alparslan_Baran" title="Alparslan Baran">Alparslan Baran</a>, <a href="/Mario_Pejazic" title="Mario Pejazic">Mario Pejazic</a>, <a href="/Tim_Paumgartner" title="Tim Paumgartner">Tim Paumgartner</a>,<br /> <a href="/Luka_Reischl" title="Luka Reischl">Luka Reischl</a> (alle 46.), , <a href="/Julian_Halwachs" title="Julian Halwachs">Julian Halwachs</a>, <a href="/Dario_Bijelic" title="Dario Bijelic">Dario Bijelic</a>, <a href="/Dominik_Lechner" title="Dominik Lechner">Dominik Lechner</a> (alle 60.),<br /> <a href="/Daniel_Owusu" title="Daniel Owusu">Daniel Owusu</a> (72.)
</th>
</tr>
<tr>
<td colspan="2" style="text-align:center;" bgcolor="lightgray"><b>Statistik</b>
</td>
</tr>
<tr>
<th style="text-align:left;"><b>Endstand</b>
</th>
<th style="text-align:left;">0:0
</th>
</tr>
<tr>
<th style="text-align:left;"><b>Torschützen</b>
</th>
<th style="text-align:left;">
</th>
</tr>
<tr>
<th style="text-align:left;"><b>Gelbe Karten</b>
</th>
<th style="text-align:left;">
</th>
</tr>
<tr>
<th style="text-align:left;"><b>Rote Karten</b>
</th>
<th style="text-align:left;">
</th>
</tr>
<tr>
<th style="text-align:left;"><b>Schiedsrichter</b>
</th>
<th style="text-align:left;">
</th>
</tr>
<tr>
<th style="text-align:left;"><b>Stadion</b>
</th>
<th style="text-align:left;">Schladming
</th>
</tr>
<tr>
<th style="text-align:left;"><b>Zuschauer</b>
</th>
<th style="text-align:left;">
</th>
</tr>
</tbody>
</table>
<h2><span class="mw-headline" id="Spielbericht">Spielbericht</span><a href="/index.php?title=FC_Liefering_gegen_SK_Sturm_Graz_(Testspiel)&amp;action=edit&amp;section=1" title="Abschnitt bearbeiten: Spielbericht">Bearbeiten</a><span class="mw-editsection-bracket">]</span></span></h2>
<p><a rel="nofollow" class="external text" href="https://www.fc-liefering.at/de/fc-liefering/news/saison_2022_23/testspiel-vorwaerts-steyr.html">Spielbericht Vereinshomepage</a>
</p>
<h2><span class="mw-headline" id="Bilder">Bilder</span><a href="/index.php?title=FC_Liefering_gegen_SK_Sturm_Graz_(Testspiel)&amp;action=edit&amp;section=2" title="Abschnitt bearbeiten: Bilder">Bearbeiten</a><span class="mw-editsection-bracket">]</span></span></h2>
<p><img alt="" src="/images/thumb/4/4a/Commons-logo.svg/langde-20px-Commons-logo.svg.png%3Futm_source%3Dcommons.wikimedia.org%26utm_campaign%3Dimageinfo%26utm_content%3Dthumbnail" decoding="async" title="Commons" width="12" height="16" srcset="/images/thumb/4/4a/Commons-logo.svg/langde-40px-Commons-logo.svg.png%3Futm_source%3Dcommons.wikimedia.org%26utm_campaign%3Dimageinfo%26utm_content%3Dthumbnail 2x" />&#160;<b><a href="http://commons.wikimedia.org/wiki/Category:FC_Liefering_gegen_SK_Vorw%C3%A4rts_Steyr_(Testspiel_2022-06-25)" class="extiw" title="commons:Category:FC Liefering gegen SK Vorwärts Steyr (Testspiel 2022-06-25)">FC Liefering gegen SK Sturm Graz (Testspiel)</a></b>&#160;– Sammlung von Bildern, Videos und Audiodateien auf <a href="/Wikimedia_Commons" title="Wikimedia Commons">Wikimedia Commons</a>
</p>
<h2><span class="mw-headline" id="Stimmen_zum_Spiel">Stimmen zum Spiel</span><a href="/index.php?title=FC_Liefering_gegen_SK_Sturm_Graz_(Testspiel)&amp;action=edit&amp;section=3" title="Abschnitt bearbeiten: Stimmen zum Spiel">Bearbeiten</a><span class="mw-editsection-bracket">]</span></span></h2>
<p><b>Fabio Ingolitsch:</b> Wir sind sehr zufrieden mit der Leistung! Es war ein großes Ziel, clever gegen den Ball zu agieren, und das hat die Mannschaft mit großem Kämpferherz eindrucksvoll erledigt. Wir sind auf einem sehr guten Weg, auch defensiv, haben Sturm kaum etwas angeboten. Es ziehen wirklich alle mit Vollgas ordentlich mit. Ein cooles Ergebnis!
</p>
</div>
