{"id":3961,"date":"2026-05-06T15:27:12","date_gmt":"2026-05-06T13:27:12","guid":{"rendered":"https:\/\/wiki.s12.at\/index.php\/fc-liefering-gegen-sk-sigma-olmuetz\/"},"modified":"2026-05-06T15:27:12","modified_gmt":"2026-05-06T13:27:12","slug":"fc-liefering-gegen-sk-sigma-olmuetz","status":"publish","type":"page","link":"https:\/\/wiki.s12.at\/index.php\/fc-liefering-gegen-sk-sigma-olmuetz\/","title":{"rendered":"FC Liefering gegen SK Sigma Olm\u00fctz"},"content":{"rendered":"<div class=\"mw-parser-output\">\n<h2><span class=\"mw-headline\" id=\"Fakten\">Fakten<\/span><a href=\"\/index.php?title=FC_Liefering_gegen_SK_Sigma_Olm%C3%BCtz&amp;action=edit&amp;section=1\" title=\"Abschnitt bearbeiten: Fakten\">Bearbeiten<\/a><span class=\"mw-editsection-bracket\">]<\/span><\/span><\/h2>\n<table class=\"toptextcells toccolours\">\n<tbody>\n<tr>\n<th colspan=\"2\" style=\"text-align: center; vertical-align: top; padding: 0.3em 0.8em; font-size: 125%; background-color: lightsteelblue;\">FC Liefering gegen SK Sigma Olm\u00fctz, 0:3\n<\/th>\n<\/tr>\n<tr>\n<th style=\"text-align:left;\"><b>Spieltag<\/b>\n<\/th>\n<th style=\"text-align:left;\">Testspiel\n<\/th>\n<\/tr>\n<tr>\n<th style=\"text-align:left;\"><b>Datum<\/b>\n<\/th>\n<th style=\"text-align:left;\">5. Februar 2016\n<\/th>\n<\/tr>\n<tr>\n<th style=\"text-align:left;\"><b>Anpfiff<\/b>\n<\/th>\n<th style=\"text-align:left;\">\n<\/th>\n<\/tr>\n<tr>\n<td colspan=\"2\" style=\"text-align:center;\" bgcolor=\"lightgray\"><b>Aufstellung<\/b>\n<\/td>\n<\/tr>\n<tr>\n<th style=\"text-align:left;\"><b>Tor<\/b>\n<\/th>\n<th><a href=\"\/Valentino_Jovic\" title=\"Valentino Jovic\">Valentino Jovic<\/a>\n<\/th>\n<\/tr>\n<tr>\n<th style=\"text-align:left;\"><b>Verteidigung<\/b>\n<\/th>\n<th><a href=\"\/Dmitri_Skopintchev\" title=\"Dmitri Skopintchev\">Dmitri Skopintchev<\/a>, <a href=\"\/Benjamin_Kaufmann\" title=\"Benjamin Kaufmann\">Benjamin Kaufmann<\/a>, <a href=\"\/Luan\" title=\"Luan\">Luan<\/a>, <a href=\"\/David_Gugganig\" title=\"David Gugganig\">David Gugganig<\/a>\n<\/th>\n<\/tr>\n<tr>\n<th style=\"text-align:left;\"><b>Mittelfeld<\/b>\n<\/th>\n<th><a href=\"\/Mergim_Berisha\" title=\"Mergim Berisha\">Mergim Berisha<\/a>, <a href=\"\/Joao_Pedro\" title=\"Joao Pedro\">Joao Pedro<\/a>, <a href=\"\/Emir_Karic\" title=\"Emir Karic\">Emir Karic<\/a>\n<\/th>\n<\/tr>\n<tr>\n<th style=\"text-align:left;\"><b>Sturm<\/b>\n<\/th>\n<th><a href=\"\/Sebastian_Wachter\" title=\"Sebastian Wachter\">Sebastian Wachter<\/a> , <a href=\"\/Dimitri_Oberlin\" title=\"Dimitri Oberlin\">Dimitri Oberlin<\/a>, <a href=\"\/Hannes_Wolf\" title=\"Hannes Wolf\">Hannes Wolf<\/a>\n<\/th>\n<\/tr>\n<tr>\n<td colspan=\"2\" style=\"text-align:center;\" bgcolor=\"lightgray\"><b>Wechsel<\/b>\n<\/td>\n<\/tr>\n<tr>\n<th style=\"text-align:left;\"><b>Wechsel<\/b>\n<\/th>\n<th style=\"text-align:left;\"><a href=\"\/Carlos_Miguel_Coronel\" title=\"Carlos Miguel Coronel\">Carlos Miguel Coronel<\/a> f\u00fcr Jovic (46.), <a href=\"\/Masaya_Okugawa\" title=\"Masaya Okugawa\">Masaya Okugawa<\/a> f\u00fcr Wolf (46.), <a href=\"\/Elvis_Osmani\" title=\"Elvis Osmani\">Elvis Osmani<\/a> f\u00fcr Berisha (46.),<br \/> <a href=\"\/Raphael_Dwamena\" title=\"Raphael Dwamena\">Raphael Dwamena<\/a> f\u00fcr Oberlin (46.), <a href=\"\/Michael_Switil\" title=\"Michael Switil\">Michael Switil<\/a> f\u00fcr Skopintcev (46.), <a href=\"\/Maximilian_Mayer\" title=\"Maximilian Mayer\">Maximilian Mayer<\/a> f\u00fcr Kaufmann (46.), <br \/><a href=\"\/Sandro_Ingolitsch\" title=\"Sandro Ingolitsch\">Sandro Ingolitsch<\/a> f\u00fcr Karic (46.), <a href=\"\/Daniel_Raischl\" title=\"Daniel Raischl\">Daniel Raischl<\/a> f\u00fcr Wachter (60.)\n<\/th>\n<\/tr>\n<tr>\n<td colspan=\"2\" style=\"text-align:center;\" bgcolor=\"lightgray\"><b>Statistik<\/b>\n<\/td>\n<\/tr>\n<tr>\n<th style=\"text-align:left;\"><b>Endstand<\/b>\n<\/th>\n<th style=\"text-align:left;\">0:3 (0:3)\n<\/th>\n<\/tr>\n<tr>\n<th style=\"text-align:left;\"><b>Torsch\u00fctzen<\/b>\n<\/th>\n<th style=\"text-align:left;\">Mahmutovic (4.,7.), Veprek (34.)\n<\/th>\n<\/tr>\n<tr>\n<th style=\"text-align:left;\"><b>Gelbe Karten<\/b>\n<\/th>\n<th style=\"text-align:left;\">\n<\/th>\n<\/tr>\n<tr>\n<th style=\"text-align:left;\"><b>Rote Karten<\/b>\n<\/th>\n<th style=\"text-align:left;\">\n<\/th>\n<\/tr>\n<tr>\n<th style=\"text-align:left;\"><b>Schiedsrichter<\/b>\n<\/th>\n<th style=\"text-align:left;\">\n<\/th>\n<\/tr>\n<tr>\n<th style=\"text-align:left;\"><b>Stadion<\/b>\n<\/th>\n<th style=\"text-align:left;\">Belek\n<\/th>\n<\/tr>\n<tr>\n<th style=\"text-align:left;\"><b>Zuschauer<\/b>\n<\/th>\n<th style=\"text-align:left;\">\n<\/th>\n<\/tr>\n<\/tbody>\n<\/table>\n<p> \n<\/p>\n<h2><span class=\"mw-headline\" id=\"Weblinks\">Weblinks<\/span><a href=\"\/index.php?title=FC_Liefering_gegen_SK_Sigma_Olm%C3%BCtz&amp;action=edit&amp;section=2\" title=\"Abschnitt bearbeiten: Weblinks\">Bearbeiten<\/a><span class=\"mw-editsection-bracket\">]<\/span><\/span><\/h2>\n<ul>\n<li><a rel=\"nofollow\" class=\"external text\" href=\"http:\/\/www.redbullsalzburg.at\/de\/fc-liefering\/news\/saison_2015_16\/fc-liefering-verliert-gegen-tschechischen-erstligisten.html\">Spielbericht Vereinshomepage<\/a><\/li>\n<\/ul>\n<h2><span class=\"mw-headline\" id=\"Stimmen_zum_Spiel\">Stimmen zum Spiel<\/span><a href=\"\/index.php?title=FC_Liefering_gegen_SK_Sigma_Olm%C3%BCtz&amp;action=edit&amp;section=3\" title=\"Abschnitt bearbeiten: Stimmen zum Spiel\">Bearbeiten<\/a><span class=\"mw-editsection-bracket\">]<\/span><\/span><\/h2>\n<p><b>Thomas Letsch:<\/b> Aufgrund der extremen Windverh\u00e4ltnisse haben wir heute zwei komplett kontr\u00e4re Halbzeiten gesehen. In Durchgang eins, bei starkem Gegenwind, haben wir uns schwergetan. Die B\u00e4lle sind schnell wieder retour gekommen, und die Gegentreffer haben wir leichtfertig erhalten. In der zweiten Halbzeit konnten wir die Tschechen hinten hineindr\u00fccken. Der einzige Unterschied war, dass wir es verabs\u00e4umt haben, Tore zu erzielen. Nichtsdestotrotz ziehen wir ein positives Res\u00fcmee eines sehr guten und intensiven Trainingslagers. Wir sind der \u00dcberzeugung, dass wir diese Woche ideal f\u00fcr die Vorbereitung auf die Meisterschaft nutzen konnten.\n<\/p>\n<\/div>\n","protected":false},"excerpt":{"rendered":"<p>FaktenBearbeiten] FC Liefering gegen SK Sigma Olm\u00fctz, 0:3 Spieltag Testspiel Datum 5. Februar 2016 Anpfiff Aufstellung Tor Valentino Jovic Verteidigung Dmitri Skopintchev, Benjamin Kaufmann, Luan, David Gugganig Mittelfeld Mergim Berisha, Joao Pedro, Emir Karic Sturm Sebastian Wachter , Dimitri Oberlin, Hannes Wolf Wechsel Wechsel Carlos Miguel Coronel f\u00fcr Jovic (46.), Masaya Okugawa f\u00fcr Wolf (46.), [&hellip;]<\/p>\n","protected":false},"author":1,"featured_media":0,"parent":0,"menu_order":0,"comment_status":"closed","ping_status":"closed","template":"","meta":{"footnotes":""},"class_list":["post-3961","page","type-page","status-publish","hentry"],"_links":{"self":[{"href":"https:\/\/wiki.s12.at\/index.php\/wp-json\/wp\/v2\/pages\/3961","targetHints":{"allow":["GET"]}}],"collection":[{"href":"https:\/\/wiki.s12.at\/index.php\/wp-json\/wp\/v2\/pages"}],"about":[{"href":"https:\/\/wiki.s12.at\/index.php\/wp-json\/wp\/v2\/types\/page"}],"author":[{"embeddable":true,"href":"https:\/\/wiki.s12.at\/index.php\/wp-json\/wp\/v2\/users\/1"}],"replies":[{"embeddable":true,"href":"https:\/\/wiki.s12.at\/index.php\/wp-json\/wp\/v2\/comments?post=3961"}],"version-history":[{"count":0,"href":"https:\/\/wiki.s12.at\/index.php\/wp-json\/wp\/v2\/pages\/3961\/revisions"}],"wp:attachment":[{"href":"https:\/\/wiki.s12.at\/index.php\/wp-json\/wp\/v2\/media?parent=3961"}],"curies":[{"name":"wp","href":"https:\/\/api.w.org\/{rel}","templated":true}]}}

FC Liefering gegen SK Sigma Olmütz

<div class="mw-parser-output">
<h2><span class="mw-headline" id="Fakten">Fakten</span><a href="/index.php?title=FC_Liefering_gegen_SK_Sigma_Olm%C3%BCtz&amp;action=edit&amp;section=1" title="Abschnitt bearbeiten: Fakten">Bearbeiten</a><span class="mw-editsection-bracket">]</span></span></h2>
<table class="toptextcells toccolours">
<tbody>
<tr>
<th colspan="2" style="text-align: center; vertical-align: top; padding: 0.3em 0.8em; font-size: 125%; background-color: lightsteelblue;">FC Liefering gegen SK Sigma Olmütz, 0:3
</th>
</tr>
<tr>
<th style="text-align:left;"><b>Spieltag</b>
</th>
<th style="text-align:left;">Testspiel
</th>
</tr>
<tr>
<th style="text-align:left;"><b>Datum</b>
</th>
<th style="text-align:left;">5. Februar 2016
</th>
</tr>
<tr>
<th style="text-align:left;"><b>Anpfiff</b>
</th>
<th style="text-align:left;">
</th>
</tr>
<tr>
<td colspan="2" style="text-align:center;" bgcolor="lightgray"><b>Aufstellung</b>
</td>
</tr>
<tr>
<th style="text-align:left;"><b>Tor</b>
</th>
<th><a href="/Valentino_Jovic" title="Valentino Jovic">Valentino Jovic</a>
</th>
</tr>
<tr>
<th style="text-align:left;"><b>Verteidigung</b>
</th>
<th><a href="/Dmitri_Skopintchev" title="Dmitri Skopintchev">Dmitri Skopintchev</a>, <a href="/Benjamin_Kaufmann" title="Benjamin Kaufmann">Benjamin Kaufmann</a>, <a href="/Luan" title="Luan">Luan</a>, <a href="/David_Gugganig" title="David Gugganig">David Gugganig</a>
</th>
</tr>
<tr>
<th style="text-align:left;"><b>Mittelfeld</b>
</th>
<th><a href="/Mergim_Berisha" title="Mergim Berisha">Mergim Berisha</a>, <a href="/Joao_Pedro" title="Joao Pedro">Joao Pedro</a>, <a href="/Emir_Karic" title="Emir Karic">Emir Karic</a>
</th>
</tr>
<tr>
<th style="text-align:left;"><b>Sturm</b>
</th>
<th><a href="/Sebastian_Wachter" title="Sebastian Wachter">Sebastian Wachter</a> , <a href="/Dimitri_Oberlin" title="Dimitri Oberlin">Dimitri Oberlin</a>, <a href="/Hannes_Wolf" title="Hannes Wolf">Hannes Wolf</a>
</th>
</tr>
<tr>
<td colspan="2" style="text-align:center;" bgcolor="lightgray"><b>Wechsel</b>
</td>
</tr>
<tr>
<th style="text-align:left;"><b>Wechsel</b>
</th>
<th style="text-align:left;"><a href="/Carlos_Miguel_Coronel" title="Carlos Miguel Coronel">Carlos Miguel Coronel</a> für Jovic (46.), <a href="/Masaya_Okugawa" title="Masaya Okugawa">Masaya Okugawa</a> für Wolf (46.), <a href="/Elvis_Osmani" title="Elvis Osmani">Elvis Osmani</a> für Berisha (46.),<br /> <a href="/Raphael_Dwamena" title="Raphael Dwamena">Raphael Dwamena</a> für Oberlin (46.), <a href="/Michael_Switil" title="Michael Switil">Michael Switil</a> für Skopintcev (46.), <a href="/Maximilian_Mayer" title="Maximilian Mayer">Maximilian Mayer</a> für Kaufmann (46.), <br /><a href="/Sandro_Ingolitsch" title="Sandro Ingolitsch">Sandro Ingolitsch</a> für Karic (46.), <a href="/Daniel_Raischl" title="Daniel Raischl">Daniel Raischl</a> für Wachter (60.)
</th>
</tr>
<tr>
<td colspan="2" style="text-align:center;" bgcolor="lightgray"><b>Statistik</b>
</td>
</tr>
<tr>
<th style="text-align:left;"><b>Endstand</b>
</th>
<th style="text-align:left;">0:3 (0:3)
</th>
</tr>
<tr>
<th style="text-align:left;"><b>Torschützen</b>
</th>
<th style="text-align:left;">Mahmutovic (4.,7.), Veprek (34.)
</th>
</tr>
<tr>
<th style="text-align:left;"><b>Gelbe Karten</b>
</th>
<th style="text-align:left;">
</th>
</tr>
<tr>
<th style="text-align:left;"><b>Rote Karten</b>
</th>
<th style="text-align:left;">
</th>
</tr>
<tr>
<th style="text-align:left;"><b>Schiedsrichter</b>
</th>
<th style="text-align:left;">
</th>
</tr>
<tr>
<th style="text-align:left;"><b>Stadion</b>
</th>
<th style="text-align:left;">Belek
</th>
</tr>
<tr>
<th style="text-align:left;"><b>Zuschauer</b>
</th>
<th style="text-align:left;">
</th>
</tr>
</tbody>
</table>
<p> 
</p>
<h2><span class="mw-headline" id="Weblinks">Weblinks</span><a href="/index.php?title=FC_Liefering_gegen_SK_Sigma_Olm%C3%BCtz&amp;action=edit&amp;section=2" title="Abschnitt bearbeiten: Weblinks">Bearbeiten</a><span class="mw-editsection-bracket">]</span></span></h2>
<ul>
<li><a rel="nofollow" class="external text" href="http://www.redbullsalzburg.at/de/fc-liefering/news/saison_2015_16/fc-liefering-verliert-gegen-tschechischen-erstligisten.html">Spielbericht Vereinshomepage</a></li>
</ul>
<h2><span class="mw-headline" id="Stimmen_zum_Spiel">Stimmen zum Spiel</span><a href="/index.php?title=FC_Liefering_gegen_SK_Sigma_Olm%C3%BCtz&amp;action=edit&amp;section=3" title="Abschnitt bearbeiten: Stimmen zum Spiel">Bearbeiten</a><span class="mw-editsection-bracket">]</span></span></h2>
<p><b>Thomas Letsch:</b> Aufgrund der extremen Windverhältnisse haben wir heute zwei komplett konträre Halbzeiten gesehen. In Durchgang eins, bei starkem Gegenwind, haben wir uns schwergetan. Die Bälle sind schnell wieder retour gekommen, und die Gegentreffer haben wir leichtfertig erhalten. In der zweiten Halbzeit konnten wir die Tschechen hinten hineindrücken. Der einzige Unterschied war, dass wir es verabsäumt haben, Tore zu erzielen. Nichtsdestotrotz ziehen wir ein positives Resümee eines sehr guten und intensiven Trainingslagers. Wir sind der Überzeugung, dass wir diese Woche ideal für die Vorbereitung auf die Meisterschaft nutzen konnten.
</p>
</div>

<p>FaktenBearbeiten] FC Liefering gegen SK Sigma Olmütz, 0:3 Spieltag Testspiel Datum 5. Februar 2016 Anpfiff Aufstellung Tor Valentino Jovic Verteidigung Dmitri Skopintchev, Benjamin Kaufmann, Luan, David Gugganig Mittelfeld Mergim Berisha, Joao Pedro, Emir Karic Sturm Sebastian Wachter , Dimitri Oberlin, Hannes Wolf Wechsel Wechsel Carlos Miguel Coronel für Jovic (46.), Masaya Okugawa für Wolf (46.), [&hellip;]</p>
