{"id":3930,"date":"2026-05-06T15:26:53","date_gmt":"2026-05-06T13:26:53","guid":{"rendered":"https:\/\/wiki.s12.at\/index.php\/fc-liefering-gegen-first-vienna-fc-testspiel\/"},"modified":"2026-05-06T15:26:53","modified_gmt":"2026-05-06T13:26:53","slug":"fc-liefering-gegen-first-vienna-fc-testspiel","status":"publish","type":"page","link":"https:\/\/wiki.s12.at\/index.php\/fc-liefering-gegen-first-vienna-fc-testspiel\/","title":{"rendered":"FC Liefering gegen First Vienna FC (Testspiel)"},"content":{"rendered":"<div class=\"mw-parser-output\">\n<table class=\"toptextcells toccolours\">\n<tbody>\n<tr>\n<th colspan=\"2\" style=\"text-align: center; vertical-align: top; padding: 0.3em 0.8em; font-size: 125%; background-color: lightsteelblue;\">FC Liefering gegen First Vienna FC , 5:1\n<\/th>\n<\/tr>\n<tr>\n<th style=\"text-align:left;\"><b>Spieltag<\/b>\n<\/th>\n<th style=\"text-align:left;\">Testspiel\n<\/th>\n<\/tr>\n<tr>\n<th style=\"text-align:left;\"><b>Datum<\/b>\n<\/th>\n<th style=\"text-align:left;\">15. Februar 2025\n<\/th>\n<\/tr>\n<tr>\n<th style=\"text-align:left;\"><b>Anpfiff<\/b>\n<\/th>\n<th style=\"text-align:left;\">14 Uhr\n<\/th>\n<\/tr>\n<tr>\n<td colspan=\"2\" style=\"text-align:center;\" bgcolor=\"lightgray\"><b>Aufstellung<\/b>\n<\/td>\n<\/tr>\n<tr>\n<th style=\"text-align:left;\"><b>Tor<\/b>\n<\/th>\n<th><a href=\"\/Salko_Hamzic\" title=\"Salko Hamzic\">Salko Hamzic<\/a>\n<\/th>\n<\/tr>\n<tr>\n<th style=\"text-align:left;\"><b>Verteidigung<\/b>\n<\/th>\n<th><a href=\"\/Jakob_Brandtner\" title=\"Jakob Brandtner\">Jakob Brandtner<\/a> &#8211; <a href=\"\/Bryan_Okoh\" title=\"Bryan Okoh\">Bryan Okoh<\/a>&#8211;  <a href=\"\/Marcel_Moswitzer\" title=\"Marcel Moswitzer\">Marcel Moswitzer<\/a> &#8211;<a href=\"\/Valentin_Zabransky\" title=\"Valentin Zabransky\">Valentin Zabransky<\/a>\n<\/th>\n<\/tr>\n<tr>\n<th style=\"text-align:left;\"><b>Mittelfeld<\/b>\n<\/th>\n<th><a href=\"\/Marc_Striednig\" title=\"Marc Striednig\">Marc Striednig<\/a>&#8211; <a href=\"\/Tolgahan_Sahin\" title=\"Tolgahan Sahin\">Tolgahan Sahin<\/a> &#8211;  <a href=\"\/Rocco_Zikovic\" title=\"Rocco Zikovic\">Rocco Zikovic<\/a> \u2013 <a href=\"\/Aboubacar_Camara\" class=\"mw-redirect\" title=\"Aboubacar Camara\">Aboubacar Camara<\/a>\n<\/th>\n<\/tr>\n<tr>\n<th style=\"text-align:left;\"><b>Sturm<\/b>\n<\/th>\n<th><a href=\"\/Alexander_Murillo\" title=\"Alexander Murillo\">Alexander Murillo<\/a> &#8211;  <a href=\"\/Marco_Brandt\" title=\"Marco Brandt\">Marco Brandt<\/a>\n<\/th>\n<\/tr>\n<tr>\n<td colspan=\"2\" style=\"text-align:center;\" bgcolor=\"lightgray\"><b>Wechsel<\/b>\n<\/td>\n<\/tr>\n<tr>\n<th style=\"text-align:left;\"><b>Wechsel<\/b>\n<\/th>\n<th style=\"text-align:left;\"><a href=\"\/Jakob_Zangerl\" title=\"Jakob Zangerl\">Jakob Zangerl<\/a> f\u00fcr Camara (46.), <a href=\"\/Christian_Zawieschitzky\" title=\"Christian Zawieschitzky\">Christian Zawieschitzky<\/a> f\u00fcr Hamzic (46.), <a href=\"\/Julian_Hussauf\" title=\"Julian Hussauf\">Julian Hussauf<\/a> f\u00fcr Zabransky (61.), <br \/><a href=\"\/Lassina_Traore\" title=\"Lassina Traore\">Lassina Traore<\/a> f\u00fcr Okoh (61.), <a href=\"\/Tim_Paumgartner\" title=\"Tim Paumgartner\">Tim Paumgartner<\/a> f\u00fcr Zikovic (61.),<a href=\"\/Kristjan_Bendra\" title=\"Kristjan Bendra\">Kristjan Bendra<\/a> f\u00fcr Striednig (61.), <br \/><a href=\"\/Enrique_Aguilar\" title=\"Enrique Aguilar\">Enrique Aguilar<\/a> f\u00fcr Murillo (61.)\n<\/th>\n<\/tr>\n<tr>\n<td colspan=\"2\" style=\"text-align:center;\" bgcolor=\"lightgray\"><b>Statistik<\/b>\n<\/td>\n<\/tr>\n<tr>\n<th style=\"text-align:left;\"><b>Endstand<\/b>\n<\/th>\n<th style=\"text-align:left;\">5:1 (2:0)\n<\/th>\n<\/tr>\n<tr>\n<th style=\"text-align:left;\"><b>Torsch\u00fctzen<\/b>\n<\/th>\n<th style=\"text-align:left;\">Brandt (7., 58., 87.), Murillo (29.), Zangerl (59.); Schmidt (79.)\n<\/th>\n<\/tr>\n<tr>\n<th style=\"text-align:left;\"><b>Gelbe Karten<\/b>\n<\/th>\n<th style=\"text-align:left;\">\n<\/th>\n<\/tr>\n<tr>\n<th style=\"text-align:left;\"><b>Rote Karten<\/b>\n<\/th>\n<th style=\"text-align:left;\">\n<\/th>\n<\/tr>\n<tr>\n<th style=\"text-align:left;\"><b>Schiedsrichter<\/b>\n<\/th>\n<th style=\"text-align:left;\">Philipp Maier\n<\/th>\n<\/tr>\n<tr>\n<th style=\"text-align:left;\"><b>Stadion<\/b>\n<\/th>\n<th style=\"text-align:left;\">Akademie Liefering\n<\/th>\n<\/tr>\n<tr>\n<th style=\"text-align:left;\"><b>Zuschauer<\/b>\n<\/th>\n<th style=\"text-align:left;\">keine Zuschauer erlaubt\n<\/th>\n<\/tr>\n<\/tbody>\n<\/table>\n<h2><span class=\"mw-headline\" id=\"Spielbericht\">Spielbericht<\/span><a href=\"\/index.php?title=FC_Liefering_gegen_First_Vienna_FC_(Testspiel)&amp;action=edit&amp;section=1\" title=\"Abschnitt bearbeiten: Spielbericht\">Bearbeiten<\/a><span class=\"mw-editsection-bracket\">]<\/span><\/span><\/h2>\n<p><a rel=\"nofollow\" class=\"external text\" href=\"https:\/\/www.fc-liefering.at\/de\/fc-liefering\/news\/saison_2024_25\/testspiel-vienna.html\">Spielbericht Vereinshomepage<\/a>\n<\/p>\n<h2><span class=\"mw-headline\" id=\"Stimmen_zum_Spiel\">Stimmen zum Spiel<\/span><a href=\"\/index.php?title=FC_Liefering_gegen_First_Vienna_FC_(Testspiel)&amp;action=edit&amp;section=2\" title=\"Abschnitt bearbeiten: Stimmen zum Spiel\">Bearbeiten<\/a><span class=\"mw-editsection-bracket\">]<\/span><\/span><\/h2>\n<p><b>Daniel Beichler:<\/b>  Es war insgesamt ein verdienter Sieg, auch wenn er etwas zu hoch ausgefallen ist. Die Burschen haben in der ersten Halbzeit eine ordentliche Leistung hingelegt, sie waren sehr aktiv, sehr flei\u00dfig. Die ersten 15 Minuten nach der Pause waren allerdings richtig schlecht, da sind wir nicht mehr so griffig gewesen \u2013 durch eine weitere Standardsituation kippt das Spiel dann dennoch komplett auf unsere Seite. Es war alles in allem eine ordentliche Generalprobe f\u00fcr uns, aber wir werden trotz dieser guten Vorbereitung nicht blau\u00e4ugig sein. Das Spiel heute gibt uns ein gutes Gef\u00fchl, mehr aber nicht. Ab n\u00e4chster Woche z\u00e4hlt\u2019s, aber wir sind bereit!\n<\/p>\n<\/div>\n","protected":false},"excerpt":{"rendered":"<p>FC Liefering gegen First Vienna FC , 5:1 Spieltag Testspiel Datum 15. Februar 2025 Anpfiff 14 Uhr Aufstellung Tor Salko Hamzic Verteidigung Jakob Brandtner &#8211; Bryan Okoh&#8211; Marcel Moswitzer &#8211;Valentin Zabransky Mittelfeld Marc Striednig&#8211; Tolgahan Sahin &#8211; Rocco Zikovic \u2013 Aboubacar Camara Sturm Alexander Murillo &#8211; Marco Brandt Wechsel Wechsel Jakob Zangerl f\u00fcr Camara (46.), [&hellip;]<\/p>\n","protected":false},"author":1,"featured_media":0,"parent":0,"menu_order":0,"comment_status":"closed","ping_status":"closed","template":"","meta":{"footnotes":""},"class_list":["post-3930","page","type-page","status-publish","hentry"],"_links":{"self":[{"href":"https:\/\/wiki.s12.at\/index.php\/wp-json\/wp\/v2\/pages\/3930","targetHints":{"allow":["GET"]}}],"collection":[{"href":"https:\/\/wiki.s12.at\/index.php\/wp-json\/wp\/v2\/pages"}],"about":[{"href":"https:\/\/wiki.s12.at\/index.php\/wp-json\/wp\/v2\/types\/page"}],"author":[{"embeddable":true,"href":"https:\/\/wiki.s12.at\/index.php\/wp-json\/wp\/v2\/users\/1"}],"replies":[{"embeddable":true,"href":"https:\/\/wiki.s12.at\/index.php\/wp-json\/wp\/v2\/comments?post=3930"}],"version-history":[{"count":0,"href":"https:\/\/wiki.s12.at\/index.php\/wp-json\/wp\/v2\/pages\/3930\/revisions"}],"wp:attachment":[{"href":"https:\/\/wiki.s12.at\/index.php\/wp-json\/wp\/v2\/media?parent=3930"}],"curies":[{"name":"wp","href":"https:\/\/api.w.org\/{rel}","templated":true}]}}

<div class="mw-parser-output">
<table class="toptextcells toccolours">
<tbody>
<tr>
<th colspan="2" style="text-align: center; vertical-align: top; padding: 0.3em 0.8em; font-size: 125%; background-color: lightsteelblue;">FC Liefering gegen First Vienna FC , 5:1
</th>
</tr>
<tr>
<th style="text-align:left;"><b>Spieltag</b>
</th>
<th style="text-align:left;">Testspiel
</th>
</tr>
<tr>
<th style="text-align:left;"><b>Datum</b>
</th>
<th style="text-align:left;">15. Februar 2025
</th>
</tr>
<tr>
<th style="text-align:left;"><b>Anpfiff</b>
</th>
<th style="text-align:left;">14 Uhr
</th>
</tr>
<tr>
<td colspan="2" style="text-align:center;" bgcolor="lightgray"><b>Aufstellung</b>
</td>
</tr>
<tr>
<th style="text-align:left;"><b>Tor</b>
</th>
<th><a href="/Salko_Hamzic" title="Salko Hamzic">Salko Hamzic</a>
</th>
</tr>
<tr>
<th style="text-align:left;"><b>Verteidigung</b>
</th>
<th><a href="/Jakob_Brandtner" title="Jakob Brandtner">Jakob Brandtner</a> &#8211; <a href="/Bryan_Okoh" title="Bryan Okoh">Bryan Okoh</a>&#8211;  <a href="/Marcel_Moswitzer" title="Marcel Moswitzer">Marcel Moswitzer</a> &#8211;<a href="/Valentin_Zabransky" title="Valentin Zabransky">Valentin Zabransky</a>
</th>
</tr>
<tr>
<th style="text-align:left;"><b>Mittelfeld</b>
</th>
<th><a href="/Marc_Striednig" title="Marc Striednig">Marc Striednig</a>&#8211; <a href="/Tolgahan_Sahin" title="Tolgahan Sahin">Tolgahan Sahin</a> &#8211;  <a href="/Rocco_Zikovic" title="Rocco Zikovic">Rocco Zikovic</a> – <a href="/Aboubacar_Camara" class="mw-redirect" title="Aboubacar Camara">Aboubacar Camara</a>
</th>
</tr>
<tr>
<th style="text-align:left;"><b>Sturm</b>
</th>
<th><a href="/Alexander_Murillo" title="Alexander Murillo">Alexander Murillo</a> &#8211;  <a href="/Marco_Brandt" title="Marco Brandt">Marco Brandt</a>
</th>
</tr>
<tr>
<td colspan="2" style="text-align:center;" bgcolor="lightgray"><b>Wechsel</b>
</td>
</tr>
<tr>
<th style="text-align:left;"><b>Wechsel</b>
</th>
<th style="text-align:left;"><a href="/Jakob_Zangerl" title="Jakob Zangerl">Jakob Zangerl</a> für Camara (46.), <a href="/Christian_Zawieschitzky" title="Christian Zawieschitzky">Christian Zawieschitzky</a> für Hamzic (46.), <a href="/Julian_Hussauf" title="Julian Hussauf">Julian Hussauf</a> für Zabransky (61.), <br /><a href="/Lassina_Traore" title="Lassina Traore">Lassina Traore</a> für Okoh (61.), <a href="/Tim_Paumgartner" title="Tim Paumgartner">Tim Paumgartner</a> für Zikovic (61.),<a href="/Kristjan_Bendra" title="Kristjan Bendra">Kristjan Bendra</a> für Striednig (61.), <br /><a href="/Enrique_Aguilar" title="Enrique Aguilar">Enrique Aguilar</a> für Murillo (61.)
</th>
</tr>
<tr>
<td colspan="2" style="text-align:center;" bgcolor="lightgray"><b>Statistik</b>
</td>
</tr>
<tr>
<th style="text-align:left;"><b>Endstand</b>
</th>
<th style="text-align:left;">5:1 (2:0)
</th>
</tr>
<tr>
<th style="text-align:left;"><b>Torschützen</b>
</th>
<th style="text-align:left;">Brandt (7., 58., 87.), Murillo (29.), Zangerl (59.); Schmidt (79.)
</th>
</tr>
<tr>
<th style="text-align:left;"><b>Gelbe Karten</b>
</th>
<th style="text-align:left;">
</th>
</tr>
<tr>
<th style="text-align:left;"><b>Rote Karten</b>
</th>
<th style="text-align:left;">
</th>
</tr>
<tr>
<th style="text-align:left;"><b>Schiedsrichter</b>
</th>
<th style="text-align:left;">Philipp Maier
</th>
</tr>
<tr>
<th style="text-align:left;"><b>Stadion</b>
</th>
<th style="text-align:left;">Akademie Liefering
</th>
</tr>
<tr>
<th style="text-align:left;"><b>Zuschauer</b>
</th>
<th style="text-align:left;">keine Zuschauer erlaubt
</th>
</tr>
</tbody>
</table>
<h2><span class="mw-headline" id="Spielbericht">Spielbericht</span><a href="/index.php?title=FC_Liefering_gegen_First_Vienna_FC_(Testspiel)&amp;action=edit&amp;section=1" title="Abschnitt bearbeiten: Spielbericht">Bearbeiten</a><span class="mw-editsection-bracket">]</span></span></h2>
<p><a rel="nofollow" class="external text" href="https://www.fc-liefering.at/de/fc-liefering/news/saison_2024_25/testspiel-vienna.html">Spielbericht Vereinshomepage</a>
</p>
<h2><span class="mw-headline" id="Stimmen_zum_Spiel">Stimmen zum Spiel</span><a href="/index.php?title=FC_Liefering_gegen_First_Vienna_FC_(Testspiel)&amp;action=edit&amp;section=2" title="Abschnitt bearbeiten: Stimmen zum Spiel">Bearbeiten</a><span class="mw-editsection-bracket">]</span></span></h2>
<p><b>Daniel Beichler:</b>  Es war insgesamt ein verdienter Sieg, auch wenn er etwas zu hoch ausgefallen ist. Die Burschen haben in der ersten Halbzeit eine ordentliche Leistung hingelegt, sie waren sehr aktiv, sehr fleißig. Die ersten 15 Minuten nach der Pause waren allerdings richtig schlecht, da sind wir nicht mehr so griffig gewesen – durch eine weitere Standardsituation kippt das Spiel dann dennoch komplett auf unsere Seite. Es war alles in allem eine ordentliche Generalprobe für uns, aber wir werden trotz dieser guten Vorbereitung nicht blauäugig sein. Das Spiel heute gibt uns ein gutes Gefühl, mehr aber nicht. Ab nächster Woche zählt’s, aber wir sind bereit!
</p>
</div>

<p>FC Liefering gegen First Vienna FC , 5:1 Spieltag Testspiel Datum 15. Februar 2025 Anpfiff 14 Uhr Aufstellung Tor Salko Hamzic Verteidigung Jakob Brandtner &#8211; Bryan Okoh&#8211; Marcel Moswitzer &#8211;Valentin Zabransky Mittelfeld Marc Striednig&#8211; Tolgahan Sahin &#8211; Rocco Zikovic – Aboubacar Camara Sturm Alexander Murillo &#8211; Marco Brandt Wechsel Wechsel Jakob Zangerl für Camara (46.), [&hellip;]</p>
