{"id":3926,"date":"2026-05-06T15:26:51","date_gmt":"2026-05-06T13:26:51","guid":{"rendered":"https:\/\/wiki.s12.at\/index.php\/fc-liefering-gegen-fc-wacker-innsbruck-2019\/"},"modified":"2026-05-06T15:26:51","modified_gmt":"2026-05-06T13:26:51","slug":"fc-liefering-gegen-fc-wacker-innsbruck-2019","status":"publish","type":"page","link":"https:\/\/wiki.s12.at\/index.php\/fc-liefering-gegen-fc-wacker-innsbruck-2019\/","title":{"rendered":"FC Liefering gegen FC Wacker Innsbruck (2019)"},"content":{"rendered":"<div class=\"mw-parser-output\">\n<h2><span class=\"mw-headline\" id=\"Fakten\">Fakten<\/span><a href=\"\/index.php?title=FC_Liefering_gegen_FC_Wacker_Innsbruck_(2019)&amp;action=edit&amp;section=1\" title=\"Abschnitt bearbeiten: Fakten\">Bearbeiten<\/a><span class=\"mw-editsection-bracket\">]<\/span><\/span><\/h2>\n<table class=\"toptextcells toccolours\">\n<tbody>\n<tr>\n<th colspan=\"2\" style=\"text-align: center; vertical-align: top; padding: 0.3em 0.8em; font-size: 125%; background-color: lightsteelblue;\">FC Liefering gegen FC Wacker Innsbruck, 1:5\n<\/th>\n<\/tr>\n<tr>\n<th style=\"text-align:left;\"><b>Spieltag<\/b>\n<\/th>\n<th style=\"text-align:left;\">Testspiel\n<\/th>\n<\/tr>\n<tr>\n<th style=\"text-align:left;\"><b>Datum<\/b>\n<\/th>\n<th style=\"text-align:left;\">16. Februar 2019\n<\/th>\n<\/tr>\n<tr>\n<th style=\"text-align:left;\"><b>Anpfiff<\/b>\n<\/th>\n<th style=\"text-align:left;\">\n<\/th>\n<\/tr>\n<tr>\n<td colspan=\"2\" style=\"text-align:center;\" bgcolor=\"lightgray\"><b>Aufstellung<\/b>\n<\/td>\n<\/tr>\n<tr>\n<th style=\"text-align:left;\"><b>Tor<\/b>\n<\/th>\n<th><a href=\"\/Philipp_K%C3%B6hn\" title=\"Philipp K\u00f6hn\">Philipp K\u00f6hn<\/a>\n<\/th>\n<\/tr>\n<tr>\n<th style=\"text-align:left;\"><b>Verteidigung<\/b>\n<\/th>\n<th><a href=\"\/Kilian_Ludewig\" title=\"Kilian Ludewig\">Kilian Ludewig<\/a> &#8211; <a href=\"\/Alois_Oroz\" title=\"Alois Oroz\">Alois Oroz<\/a> &#8211; <a href=\"\/Dominik_Stumberger\" title=\"Dominik Stumberger\">Dominik Stumberger<\/a> &#8211; <a href=\"\/Jusuf_Gazibegovic\" title=\"Jusuf Gazibegovic\">Jusuf Gazibegovic<\/a>\n<\/th>\n<\/tr>\n<tr>\n<th style=\"text-align:left;\"><b>Mittelfeld<\/b>\n<\/th>\n<th><a href=\"\/Nikola_Stosic\" title=\"Nikola Stosic\">Nikola Stosic<\/a> &#8211; <a href=\"\/Peter_Pokorny\" title=\"Peter Pokorny\">Peter Pokorny<\/a> &#8211; <a href=\"\/Jungmin_Kim\" title=\"Jungmin Kim\">Jungmin Kim<\/a>\n<\/th>\n<\/tr>\n<tr>\n<th style=\"text-align:left;\"><b>Sturm<\/b>\n<\/th>\n<th><a href=\"\/Anderson_Niangbo\" title=\"Anderson Niangbo\">Anderson Niangbo<\/a> &#8211; <a href=\"\/Tobias_Anselm\" title=\"Tobias Anselm\">Tobias Anselm<\/a> &#8211; <a href=\"\/Philipp_Sturm\" title=\"Philipp Sturm\">Philipp Sturm<\/a>\n<\/th>\n<\/tr>\n<tr>\n<td colspan=\"2\" style=\"text-align:center;\" bgcolor=\"lightgray\"><b>Wechsel<\/b>\n<\/td>\n<\/tr>\n<tr>\n<th style=\"text-align:left;\"><b>Wechsel<\/b>\n<\/th>\n<th style=\"text-align:left;\"><a href=\"\/Sebastian_Aigner\" title=\"Sebastian Aigner\">Sebastian Aigner<\/a> f\u00fcr Oroz (60.), <a href=\"\/Fabian_Windhager\" title=\"Fabian Windhager\">Fabian Windhager<\/a> f\u00fcr Gazibegovic (16.), <a href=\"\/Aldin_Aganovic\" title=\"Aldin Aganovic\">Aldin Aganovic<\/a> f\u00fcr Stosic (72.),<br \/><a href=\"\/Nicolas_Seiwald\" title=\"Nicolas Seiwald\">Nicolas Seiwald <\/a> f\u00fcr Pokorny (60.), <a href=\"\/Csaba_Bukta\" title=\"Csaba Bukta\">Csaba Bukta<\/a> f\u00fcr Kim (81.), <a href=\"\/Ulrick_Eneme-Ella\" title=\"Ulrick Eneme-Ella\">Ulrick Eneme-Ella<\/a> f\u00fcr Niangbo (81.), <br \/><a href=\"\/Junior_Adamu\" class=\"mw-redirect\" title=\"Junior Adamu\">Junior Adamu<\/a> f\u00fcr Anselm (60.),  <a href=\"\/Alexander_Prass\" title=\"Alexander Prass\">Alexander Prass<\/a> f\u00fcr Sturm (72.)\n<\/th>\n<\/tr>\n<tr>\n<td colspan=\"2\" style=\"text-align:center;\" bgcolor=\"lightgray\"><b>Statistik<\/b>\n<\/td>\n<\/tr>\n<tr>\n<th style=\"text-align:left;\"><b>Endstand<\/b>\n<\/th>\n<th style=\"text-align:left;\">1:5 (1:3)\n<\/th>\n<\/tr>\n<tr>\n<th style=\"text-align:left;\"><b>Torsch\u00fctzen<\/b>\n<\/th>\n<th style=\"text-align:left;\">Niangbo (22.); Dieng (12.), Peric (21.), Maranda (38.), Dedic (68., E.), Horvath (89.)\n<\/th>\n<\/tr>\n<tr>\n<th style=\"text-align:left;\"><b>Gelbe Karten<\/b>\n<\/th>\n<th style=\"text-align:left;\">\n<\/th>\n<\/tr>\n<tr>\n<th style=\"text-align:left;\"><b>Rote Karten<\/b>\n<\/th>\n<th style=\"text-align:left;\">\n<\/th>\n<\/tr>\n<tr>\n<th style=\"text-align:left;\"><b>Schiedsrichter<\/b>\n<\/th>\n<th style=\"text-align:left;\">\n<\/th>\n<\/tr>\n<tr>\n<th style=\"text-align:left;\"><b>Stadion<\/b>\n<\/th>\n<th style=\"text-align:left;\">\n<\/th>\n<\/tr>\n<tr>\n<th style=\"text-align:left;\"><b>Zuschauer<\/b>\n<\/th>\n<th style=\"text-align:left;\">\n<\/th>\n<\/tr>\n<\/tbody>\n<\/table>\n<h2><span class=\"mw-headline\" id=\"Weblinks\">Weblinks<\/span><a href=\"\/index.php?title=FC_Liefering_gegen_FC_Wacker_Innsbruck_(2019)&amp;action=edit&amp;section=2\" title=\"Abschnitt bearbeiten: Weblinks\">Bearbeiten<\/a><span class=\"mw-editsection-bracket\">]<\/span><\/span><\/h2>\n<p><a rel=\"nofollow\" class=\"external text\" href=\"https:\/\/www.fc-liefering.at\/de\/fc-liefering\/news\/saison_2018_19\/niederlage-im-test-gegen-wacker-innsbruck-.html\">Spielbericht Homepage<\/a>\n<\/p>\n<h2><span class=\"mw-headline\" id=\"Stimmen_zum_Spiel\">Stimmen zum Spiel<\/span><a href=\"\/index.php?title=FC_Liefering_gegen_FC_Wacker_Innsbruck_(2019)&amp;action=edit&amp;section=3\" title=\"Abschnitt bearbeiten: Stimmen zum Spiel\">Bearbeiten<\/a><span class=\"mw-editsection-bracket\">]<\/span><\/span><\/h2>\n<p><b>Janusz Gora:<\/b> F\u00fcr mich ist die heutige Niederlage etwas zu hoch ausgefallen, zumal wir zwei Mal alleine auf den Torh\u00fcter zugelaufen sind und in der Schlussphase nur die Latte getroffen haben. Auch wenn wir da effizienter sein m\u00fcssen, ist es positiv, dass wir uns Chancen erarbeiten und wie wir uns l\u00e4uferisch pr\u00e4sentiert haben. Wir haben aber auch viele Dinge gesehen, die wir in der Woche bis zum ersten Pflichtspiel noch verbessern m\u00fcssen. Unsere Burschen haben trotz des R\u00fcckstands gezeigt, dass sie hungrig sind \u2013 das stimmt uns sehr positiv.\n<\/p>\n<\/div>\n","protected":false},"excerpt":{"rendered":"<p>FaktenBearbeiten] FC Liefering gegen FC Wacker Innsbruck, 1:5 Spieltag Testspiel Datum 16. Februar 2019 Anpfiff Aufstellung Tor Philipp K\u00f6hn Verteidigung Kilian Ludewig &#8211; Alois Oroz &#8211; Dominik Stumberger &#8211; Jusuf Gazibegovic Mittelfeld Nikola Stosic &#8211; Peter Pokorny &#8211; Jungmin Kim Sturm Anderson Niangbo &#8211; Tobias Anselm &#8211; Philipp Sturm Wechsel Wechsel Sebastian Aigner f\u00fcr Oroz [&hellip;]<\/p>\n","protected":false},"author":1,"featured_media":0,"parent":0,"menu_order":0,"comment_status":"closed","ping_status":"closed","template":"","meta":{"footnotes":""},"class_list":["post-3926","page","type-page","status-publish","hentry"],"_links":{"self":[{"href":"https:\/\/wiki.s12.at\/index.php\/wp-json\/wp\/v2\/pages\/3926","targetHints":{"allow":["GET"]}}],"collection":[{"href":"https:\/\/wiki.s12.at\/index.php\/wp-json\/wp\/v2\/pages"}],"about":[{"href":"https:\/\/wiki.s12.at\/index.php\/wp-json\/wp\/v2\/types\/page"}],"author":[{"embeddable":true,"href":"https:\/\/wiki.s12.at\/index.php\/wp-json\/wp\/v2\/users\/1"}],"replies":[{"embeddable":true,"href":"https:\/\/wiki.s12.at\/index.php\/wp-json\/wp\/v2\/comments?post=3926"}],"version-history":[{"count":0,"href":"https:\/\/wiki.s12.at\/index.php\/wp-json\/wp\/v2\/pages\/3926\/revisions"}],"wp:attachment":[{"href":"https:\/\/wiki.s12.at\/index.php\/wp-json\/wp\/v2\/media?parent=3926"}],"curies":[{"name":"wp","href":"https:\/\/api.w.org\/{rel}","templated":true}]}}

<div class="mw-parser-output">
<h2><span class="mw-headline" id="Fakten">Fakten</span><a href="/index.php?title=FC_Liefering_gegen_FC_Wacker_Innsbruck_(2019)&amp;action=edit&amp;section=1" title="Abschnitt bearbeiten: Fakten">Bearbeiten</a><span class="mw-editsection-bracket">]</span></span></h2>
<table class="toptextcells toccolours">
<tbody>
<tr>
<th colspan="2" style="text-align: center; vertical-align: top; padding: 0.3em 0.8em; font-size: 125%; background-color: lightsteelblue;">FC Liefering gegen FC Wacker Innsbruck, 1:5
</th>
</tr>
<tr>
<th style="text-align:left;"><b>Spieltag</b>
</th>
<th style="text-align:left;">Testspiel
</th>
</tr>
<tr>
<th style="text-align:left;"><b>Datum</b>
</th>
<th style="text-align:left;">16. Februar 2019
</th>
</tr>
<tr>
<th style="text-align:left;"><b>Anpfiff</b>
</th>
<th style="text-align:left;">
</th>
</tr>
<tr>
<td colspan="2" style="text-align:center;" bgcolor="lightgray"><b>Aufstellung</b>
</td>
</tr>
<tr>
<th style="text-align:left;"><b>Tor</b>
</th>
<th><a href="/Philipp_K%C3%B6hn" title="Philipp Köhn">Philipp Köhn</a>
</th>
</tr>
<tr>
<th style="text-align:left;"><b>Verteidigung</b>
</th>
<th><a href="/Kilian_Ludewig" title="Kilian Ludewig">Kilian Ludewig</a> &#8211; <a href="/Alois_Oroz" title="Alois Oroz">Alois Oroz</a> &#8211; <a href="/Dominik_Stumberger" title="Dominik Stumberger">Dominik Stumberger</a> &#8211; <a href="/Jusuf_Gazibegovic" title="Jusuf Gazibegovic">Jusuf Gazibegovic</a>
</th>
</tr>
<tr>
<th style="text-align:left;"><b>Mittelfeld</b>
</th>
<th><a href="/Nikola_Stosic" title="Nikola Stosic">Nikola Stosic</a> &#8211; <a href="/Peter_Pokorny" title="Peter Pokorny">Peter Pokorny</a> &#8211; <a href="/Jungmin_Kim" title="Jungmin Kim">Jungmin Kim</a>
</th>
</tr>
<tr>
<th style="text-align:left;"><b>Sturm</b>
</th>
<th><a href="/Anderson_Niangbo" title="Anderson Niangbo">Anderson Niangbo</a> &#8211; <a href="/Tobias_Anselm" title="Tobias Anselm">Tobias Anselm</a> &#8211; <a href="/Philipp_Sturm" title="Philipp Sturm">Philipp Sturm</a>
</th>
</tr>
<tr>
<td colspan="2" style="text-align:center;" bgcolor="lightgray"><b>Wechsel</b>
</td>
</tr>
<tr>
<th style="text-align:left;"><b>Wechsel</b>
</th>
<th style="text-align:left;"><a href="/Sebastian_Aigner" title="Sebastian Aigner">Sebastian Aigner</a> für Oroz (60.), <a href="/Fabian_Windhager" title="Fabian Windhager">Fabian Windhager</a> für Gazibegovic (16.), <a href="/Aldin_Aganovic" title="Aldin Aganovic">Aldin Aganovic</a> für Stosic (72.),<br /><a href="/Nicolas_Seiwald" title="Nicolas Seiwald">Nicolas Seiwald </a> für Pokorny (60.), <a href="/Csaba_Bukta" title="Csaba Bukta">Csaba Bukta</a> für Kim (81.), <a href="/Ulrick_Eneme-Ella" title="Ulrick Eneme-Ella">Ulrick Eneme-Ella</a> für Niangbo (81.), <br /><a href="/Junior_Adamu" class="mw-redirect" title="Junior Adamu">Junior Adamu</a> für Anselm (60.),  <a href="/Alexander_Prass" title="Alexander Prass">Alexander Prass</a> für Sturm (72.)
</th>
</tr>
<tr>
<td colspan="2" style="text-align:center;" bgcolor="lightgray"><b>Statistik</b>
</td>
</tr>
<tr>
<th style="text-align:left;"><b>Endstand</b>
</th>
<th style="text-align:left;">1:5 (1:3)
</th>
</tr>
<tr>
<th style="text-align:left;"><b>Torschützen</b>
</th>
<th style="text-align:left;">Niangbo (22.); Dieng (12.), Peric (21.), Maranda (38.), Dedic (68., E.), Horvath (89.)
</th>
</tr>
<tr>
<th style="text-align:left;"><b>Gelbe Karten</b>
</th>
<th style="text-align:left;">
</th>
</tr>
<tr>
<th style="text-align:left;"><b>Rote Karten</b>
</th>
<th style="text-align:left;">
</th>
</tr>
<tr>
<th style="text-align:left;"><b>Schiedsrichter</b>
</th>
<th style="text-align:left;">
</th>
</tr>
<tr>
<th style="text-align:left;"><b>Stadion</b>
</th>
<th style="text-align:left;">
</th>
</tr>
<tr>
<th style="text-align:left;"><b>Zuschauer</b>
</th>
<th style="text-align:left;">
</th>
</tr>
</tbody>
</table>
<h2><span class="mw-headline" id="Weblinks">Weblinks</span><a href="/index.php?title=FC_Liefering_gegen_FC_Wacker_Innsbruck_(2019)&amp;action=edit&amp;section=2" title="Abschnitt bearbeiten: Weblinks">Bearbeiten</a><span class="mw-editsection-bracket">]</span></span></h2>
<p><a rel="nofollow" class="external text" href="https://www.fc-liefering.at/de/fc-liefering/news/saison_2018_19/niederlage-im-test-gegen-wacker-innsbruck-.html">Spielbericht Homepage</a>
</p>
<h2><span class="mw-headline" id="Stimmen_zum_Spiel">Stimmen zum Spiel</span><a href="/index.php?title=FC_Liefering_gegen_FC_Wacker_Innsbruck_(2019)&amp;action=edit&amp;section=3" title="Abschnitt bearbeiten: Stimmen zum Spiel">Bearbeiten</a><span class="mw-editsection-bracket">]</span></span></h2>
<p><b>Janusz Gora:</b> Für mich ist die heutige Niederlage etwas zu hoch ausgefallen, zumal wir zwei Mal alleine auf den Torhüter zugelaufen sind und in der Schlussphase nur die Latte getroffen haben. Auch wenn wir da effizienter sein müssen, ist es positiv, dass wir uns Chancen erarbeiten und wie wir uns läuferisch präsentiert haben. Wir haben aber auch viele Dinge gesehen, die wir in der Woche bis zum ersten Pflichtspiel noch verbessern müssen. Unsere Burschen haben trotz des Rückstands gezeigt, dass sie hungrig sind – das stimmt uns sehr positiv.
</p>
</div>

<p>FaktenBearbeiten] FC Liefering gegen FC Wacker Innsbruck, 1:5 Spieltag Testspiel Datum 16. Februar 2019 Anpfiff Aufstellung Tor Philipp Köhn Verteidigung Kilian Ludewig &#8211; Alois Oroz &#8211; Dominik Stumberger &#8211; Jusuf Gazibegovic Mittelfeld Nikola Stosic &#8211; Peter Pokorny &#8211; Jungmin Kim Sturm Anderson Niangbo &#8211; Tobias Anselm &#8211; Philipp Sturm Wechsel Wechsel Sebastian Aigner für Oroz [&hellip;]</p>
