{"id":3923,"date":"2026-05-06T15:26:49","date_gmt":"2026-05-06T13:26:49","guid":{"rendered":"https:\/\/wiki.s12.at\/index.php\/fc-liefering-gegen-fc-st-pauli\/"},"modified":"2026-05-06T15:26:49","modified_gmt":"2026-05-06T13:26:49","slug":"fc-liefering-gegen-fc-st-pauli","status":"publish","type":"page","link":"https:\/\/wiki.s12.at\/index.php\/fc-liefering-gegen-fc-st-pauli\/","title":{"rendered":"FC Liefering gegen FC St. Pauli"},"content":{"rendered":"<div class=\"mw-parser-output\">\n<h2><span class=\"mw-headline\" id=\"Fakten\">Fakten<\/span><a href=\"\/index.php?title=FC_Liefering_gegen_FC_St._Pauli&amp;action=edit&amp;section=1\" title=\"Abschnitt bearbeiten: Fakten\">Bearbeiten<\/a><span class=\"mw-editsection-bracket\">]<\/span><\/span><\/h2>\n<table class=\"toptextcells toccolours\">\n<tbody>\n<tr>\n<th colspan=\"2\" style=\"text-align: center; vertical-align: top; padding: 0.3em 0.8em; font-size: 125%; background-color: lightsteelblue;\">FC Liefering gegen FC St. Pauli, 0:3\n<\/th>\n<\/tr>\n<tr>\n<th style=\"text-align:left;\"><b>Spieltag<\/b>\n<\/th>\n<th style=\"text-align:left;\">Testspiel\n<\/th>\n<\/tr>\n<tr>\n<th style=\"text-align:left;\"><b>Datum<\/b>\n<\/th>\n<th style=\"text-align:left;\">14. Juli  2018\n<\/th>\n<\/tr>\n<tr>\n<th style=\"text-align:left;\"><b>Anpfiff<\/b>\n<\/th>\n<th style=\"text-align:left;\">16 Uhr\n<\/th>\n<\/tr>\n<tr>\n<td colspan=\"2\" style=\"text-align:center;\" bgcolor=\"lightgray\"><b>Aufstellung<\/b>\n<\/td>\n<\/tr>\n<tr>\n<th style=\"text-align:left;\"><b>Tor<\/b>\n<\/th>\n<th><a href=\"\/Daniel_Antosch\" title=\"Daniel Antosch\">Daniel Antosch<\/a>\n<\/th>\n<\/tr>\n<tr>\n<th style=\"text-align:left;\"><b>Verteidigung<\/b>\n<\/th>\n<th><a href=\"\/Jusuf_Gazibegovic\" title=\"Jusuf Gazibegovic\">Jusuf Gazibegovic<\/a> &#8211; <a href=\"\/Abdourahmane_Barry\" title=\"Abdourahmane Barry\">Abdourahmane Barry <\/a> &#8211; <a href=\"\/Dominik_Stumberger\" title=\"Dominik Stumberger\">Dominik Stumberger <\/a> &#8211; <a href=\"\/David_Schnegg\" title=\"David Schnegg\">David Schnegg<\/a>\n<\/th>\n<\/tr>\n<tr>\n<th style=\"text-align:left;\"><b>Mittelfeld<\/b>\n<\/th>\n<th><a href=\"\/Ousman_Diakite\" title=\"Ousman Diakite\">Ousman Diakite <\/a> &#8211; <a href=\"\/Philipp_Sturm\" title=\"Philipp Sturm\">Philipp Sturm<\/a> &#8211; <a href=\"\/Mohamed_Camara\" title=\"Mohamed Camara\">Mohamed Camara<\/a> &#8211; <a href=\"\/Jungmin_Kim\" title=\"Jungmin Kim\">Jungmin Kim<\/a>\n<\/th>\n<\/tr>\n<tr>\n<th style=\"text-align:left;\"><b>Sturm<\/b>\n<\/th>\n<th><a href=\"\/Anderson_Niangbo\" title=\"Anderson Niangbo\">Anderson Niangbo<\/a>&#8211; <a href=\"\/Aldin_Aganovic\" title=\"Aldin Aganovic\">Aldin Aganovic<\/a>\n<\/th>\n<\/tr>\n<tr>\n<td colspan=\"2\" style=\"text-align:center;\" bgcolor=\"lightgray\"><b>Wechsel<\/b>\n<\/td>\n<\/tr>\n<tr>\n<th style=\"text-align:left;\"><b>Wechsel<\/b>\n<\/th>\n<th style=\"text-align:left;\"><a href=\"\/Alois_Oroz\" title=\"Alois Oroz\">Alois Oroz<\/a> (46.), <a href=\"\/Nikola_Stosic\" title=\"Nikola Stosic\">Nikola Stosic<\/a> (46.), <a href=\"\/Lorenz_Leskosek\" title=\"Lorenz Leskosek\">Lorenz Leskosek<\/a> (37.), <br \/><a href=\"\/Peter_Pokorny\" title=\"Peter Pokorny\">Peter Pokorny<\/a> (46.), <a href=\"\/Rami_Tekir\" title=\"Rami Tekir\">Rami Tekir<\/a> (46.), <a href=\"\/Karim_Adeyemi\" title=\"Karim Adeyemi\">Karim Adeyemi<\/a> (46.)\n<\/th>\n<\/tr>\n<tr>\n<td colspan=\"2\" style=\"text-align:center;\" bgcolor=\"lightgray\"><b>Statistik<\/b>\n<\/td>\n<\/tr>\n<tr>\n<th style=\"text-align:left;\"><b>Endstand<\/b>\n<\/th>\n<th style=\"text-align:left;\">0:3 (0:1)\n<\/th>\n<\/tr>\n<tr>\n<th style=\"text-align:left;\"><b>Torsch\u00fctzen<\/b>\n<\/th>\n<th style=\"text-align:left;\">Daehli (19.), Allagui (59.), Sahin (82.)\n<\/th>\n<\/tr>\n<tr>\n<th style=\"text-align:left;\"><b>Gelbe Karten<\/b>\n<\/th>\n<th style=\"text-align:left;\">\n<\/th>\n<\/tr>\n<tr>\n<th style=\"text-align:left;\"><b>Rote Karten<\/b>\n<\/th>\n<th style=\"text-align:left;\">\n<\/th>\n<\/tr>\n<tr>\n<th style=\"text-align:left;\"><b>Schiedsrichter<\/b>\n<\/th>\n<th style=\"text-align:left;\">\n<\/th>\n<\/tr>\n<tr>\n<th style=\"text-align:left;\"><b>Stadion<\/b>\n<\/th>\n<th style=\"text-align:left;\">St. Johann\n<\/th>\n<\/tr>\n<tr>\n<th style=\"text-align:left;\"><b>Zuschauer<\/b>\n<\/th>\n<th style=\"text-align:left;\">\n<\/th>\n<\/tr>\n<\/tbody>\n<\/table>\n<h2><span class=\"mw-headline\" id=\"Weblinks\">Weblinks<\/span><a href=\"\/index.php?title=FC_Liefering_gegen_FC_St._Pauli&amp;action=edit&amp;section=2\" title=\"Abschnitt bearbeiten: Weblinks\">Bearbeiten<\/a><span class=\"mw-editsection-bracket\">]<\/span><\/span><\/h2>\n<p><a rel=\"nofollow\" class=\"external text\" href=\"http:\/\/www.fc-liefering.at\/de\/fc-liefering\/news\/saison_2018_19\/testspielniederlage-gegen-st.-pauli-.html\">Spielbericht Vereinshomepage<\/a>\n<\/p>\n<h2><span class=\"mw-headline\" id=\"Stimmen_zum_Spiel\">Stimmen zum Spiel<\/span><a href=\"\/index.php?title=FC_Liefering_gegen_FC_St._Pauli&amp;action=edit&amp;section=3\" title=\"Abschnitt bearbeiten: Stimmen zum Spiel\">Bearbeiten<\/a><span class=\"mw-editsection-bracket\">]<\/span><\/span><\/h2>\n<p><b>Gerhard Struber:<\/b> Wir sind heute auf einen richtig starken Gegner mit viel Erfahrung und viel Robustheit getroffen, das waren wir so noch nicht gewohnt. Trotz der Niederlage war es in Summe f\u00fcr uns ein guter Test, da er uns die Grenzen und die Themen aufgezeigt hat, an denen wir noch arbeiten m\u00fcssen \u2013 speziell, wenn der Gegner in die Verlagerung geht. Nach einer \u00e4u\u00dferst intensiven Trainingswoche sind wir mit dem Spiel zufrieden. Die Verletzung von Rene Hellermann hat uns alle sehr getroffen. F\u00fcr Rene ist es momentan keine einfache Situation. Wir werden ihn in den n\u00e4chsten Monaten in allen Belangen unterst\u00fctzen.\n<\/p>\n<\/div>\n","protected":false},"excerpt":{"rendered":"<p>FaktenBearbeiten] FC Liefering gegen FC St. Pauli, 0:3 Spieltag Testspiel Datum 14. Juli 2018 Anpfiff 16 Uhr Aufstellung Tor Daniel Antosch Verteidigung Jusuf Gazibegovic &#8211; Abdourahmane Barry &#8211; Dominik Stumberger &#8211; David Schnegg Mittelfeld Ousman Diakite &#8211; Philipp Sturm &#8211; Mohamed Camara &#8211; Jungmin Kim Sturm Anderson Niangbo&#8211; Aldin Aganovic Wechsel Wechsel Alois Oroz (46.), [&hellip;]<\/p>\n","protected":false},"author":1,"featured_media":0,"parent":0,"menu_order":0,"comment_status":"closed","ping_status":"closed","template":"","meta":{"footnotes":""},"class_list":["post-3923","page","type-page","status-publish","hentry"],"_links":{"self":[{"href":"https:\/\/wiki.s12.at\/index.php\/wp-json\/wp\/v2\/pages\/3923","targetHints":{"allow":["GET"]}}],"collection":[{"href":"https:\/\/wiki.s12.at\/index.php\/wp-json\/wp\/v2\/pages"}],"about":[{"href":"https:\/\/wiki.s12.at\/index.php\/wp-json\/wp\/v2\/types\/page"}],"author":[{"embeddable":true,"href":"https:\/\/wiki.s12.at\/index.php\/wp-json\/wp\/v2\/users\/1"}],"replies":[{"embeddable":true,"href":"https:\/\/wiki.s12.at\/index.php\/wp-json\/wp\/v2\/comments?post=3923"}],"version-history":[{"count":0,"href":"https:\/\/wiki.s12.at\/index.php\/wp-json\/wp\/v2\/pages\/3923\/revisions"}],"wp:attachment":[{"href":"https:\/\/wiki.s12.at\/index.php\/wp-json\/wp\/v2\/media?parent=3923"}],"curies":[{"name":"wp","href":"https:\/\/api.w.org\/{rel}","templated":true}]}}

<div class="mw-parser-output">
<h2><span class="mw-headline" id="Fakten">Fakten</span><a href="/index.php?title=FC_Liefering_gegen_FC_St._Pauli&amp;action=edit&amp;section=1" title="Abschnitt bearbeiten: Fakten">Bearbeiten</a><span class="mw-editsection-bracket">]</span></span></h2>
<table class="toptextcells toccolours">
<tbody>
<tr>
<th colspan="2" style="text-align: center; vertical-align: top; padding: 0.3em 0.8em; font-size: 125%; background-color: lightsteelblue;">FC Liefering gegen FC St. Pauli, 0:3
</th>
</tr>
<tr>
<th style="text-align:left;"><b>Spieltag</b>
</th>
<th style="text-align:left;">Testspiel
</th>
</tr>
<tr>
<th style="text-align:left;"><b>Datum</b>
</th>
<th style="text-align:left;">14. Juli  2018
</th>
</tr>
<tr>
<th style="text-align:left;"><b>Anpfiff</b>
</th>
<th style="text-align:left;">16 Uhr
</th>
</tr>
<tr>
<td colspan="2" style="text-align:center;" bgcolor="lightgray"><b>Aufstellung</b>
</td>
</tr>
<tr>
<th style="text-align:left;"><b>Tor</b>
</th>
<th><a href="/Daniel_Antosch" title="Daniel Antosch">Daniel Antosch</a>
</th>
</tr>
<tr>
<th style="text-align:left;"><b>Verteidigung</b>
</th>
<th><a href="/Jusuf_Gazibegovic" title="Jusuf Gazibegovic">Jusuf Gazibegovic</a> &#8211; <a href="/Abdourahmane_Barry" title="Abdourahmane Barry">Abdourahmane Barry </a> &#8211; <a href="/Dominik_Stumberger" title="Dominik Stumberger">Dominik Stumberger </a> &#8211; <a href="/David_Schnegg" title="David Schnegg">David Schnegg</a>
</th>
</tr>
<tr>
<th style="text-align:left;"><b>Mittelfeld</b>
</th>
<th><a href="/Ousman_Diakite" title="Ousman Diakite">Ousman Diakite </a> &#8211; <a href="/Philipp_Sturm" title="Philipp Sturm">Philipp Sturm</a> &#8211; <a href="/Mohamed_Camara" title="Mohamed Camara">Mohamed Camara</a> &#8211; <a href="/Jungmin_Kim" title="Jungmin Kim">Jungmin Kim</a>
</th>
</tr>
<tr>
<th style="text-align:left;"><b>Sturm</b>
</th>
<th><a href="/Anderson_Niangbo" title="Anderson Niangbo">Anderson Niangbo</a>&#8211; <a href="/Aldin_Aganovic" title="Aldin Aganovic">Aldin Aganovic</a>
</th>
</tr>
<tr>
<td colspan="2" style="text-align:center;" bgcolor="lightgray"><b>Wechsel</b>
</td>
</tr>
<tr>
<th style="text-align:left;"><b>Wechsel</b>
</th>
<th style="text-align:left;"><a href="/Alois_Oroz" title="Alois Oroz">Alois Oroz</a> (46.), <a href="/Nikola_Stosic" title="Nikola Stosic">Nikola Stosic</a> (46.), <a href="/Lorenz_Leskosek" title="Lorenz Leskosek">Lorenz Leskosek</a> (37.), <br /><a href="/Peter_Pokorny" title="Peter Pokorny">Peter Pokorny</a> (46.), <a href="/Rami_Tekir" title="Rami Tekir">Rami Tekir</a> (46.), <a href="/Karim_Adeyemi" title="Karim Adeyemi">Karim Adeyemi</a> (46.)
</th>
</tr>
<tr>
<td colspan="2" style="text-align:center;" bgcolor="lightgray"><b>Statistik</b>
</td>
</tr>
<tr>
<th style="text-align:left;"><b>Endstand</b>
</th>
<th style="text-align:left;">0:3 (0:1)
</th>
</tr>
<tr>
<th style="text-align:left;"><b>Torschützen</b>
</th>
<th style="text-align:left;">Daehli (19.), Allagui (59.), Sahin (82.)
</th>
</tr>
<tr>
<th style="text-align:left;"><b>Gelbe Karten</b>
</th>
<th style="text-align:left;">
</th>
</tr>
<tr>
<th style="text-align:left;"><b>Rote Karten</b>
</th>
<th style="text-align:left;">
</th>
</tr>
<tr>
<th style="text-align:left;"><b>Schiedsrichter</b>
</th>
<th style="text-align:left;">
</th>
</tr>
<tr>
<th style="text-align:left;"><b>Stadion</b>
</th>
<th style="text-align:left;">St. Johann
</th>
</tr>
<tr>
<th style="text-align:left;"><b>Zuschauer</b>
</th>
<th style="text-align:left;">
</th>
</tr>
</tbody>
</table>
<h2><span class="mw-headline" id="Weblinks">Weblinks</span><a href="/index.php?title=FC_Liefering_gegen_FC_St._Pauli&amp;action=edit&amp;section=2" title="Abschnitt bearbeiten: Weblinks">Bearbeiten</a><span class="mw-editsection-bracket">]</span></span></h2>
<p><a rel="nofollow" class="external text" href="http://www.fc-liefering.at/de/fc-liefering/news/saison_2018_19/testspielniederlage-gegen-st.-pauli-.html">Spielbericht Vereinshomepage</a>
</p>
<h2><span class="mw-headline" id="Stimmen_zum_Spiel">Stimmen zum Spiel</span><a href="/index.php?title=FC_Liefering_gegen_FC_St._Pauli&amp;action=edit&amp;section=3" title="Abschnitt bearbeiten: Stimmen zum Spiel">Bearbeiten</a><span class="mw-editsection-bracket">]</span></span></h2>
<p><b>Gerhard Struber:</b> Wir sind heute auf einen richtig starken Gegner mit viel Erfahrung und viel Robustheit getroffen, das waren wir so noch nicht gewohnt. Trotz der Niederlage war es in Summe für uns ein guter Test, da er uns die Grenzen und die Themen aufgezeigt hat, an denen wir noch arbeiten müssen – speziell, wenn der Gegner in die Verlagerung geht. Nach einer äußerst intensiven Trainingswoche sind wir mit dem Spiel zufrieden. Die Verletzung von Rene Hellermann hat uns alle sehr getroffen. Für Rene ist es momentan keine einfache Situation. Wir werden ihn in den nächsten Monaten in allen Belangen unterstützen.
</p>
</div>
