{"id":3921,"date":"2026-05-06T15:26:49","date_gmt":"2026-05-06T13:26:49","guid":{"rendered":"https:\/\/wiki.s12.at\/index.php\/fc-liefering-gegen-fc-pinzgau-saalfelden-testspiel\/"},"modified":"2026-05-06T15:26:49","modified_gmt":"2026-05-06T13:26:49","slug":"fc-liefering-gegen-fc-pinzgau-saalfelden-testspiel","status":"publish","type":"page","link":"https:\/\/wiki.s12.at\/index.php\/fc-liefering-gegen-fc-pinzgau-saalfelden-testspiel\/","title":{"rendered":"FC Liefering gegen FC Pinzgau Saalfelden (Testspiel)"},"content":{"rendered":"<div class=\"mw-parser-output\">\n<table class=\"toptextcells toccolours\">\n<tbody>\n<tr>\n<th colspan=\"2\" style=\"text-align: center; vertical-align: top; padding: 0.3em 0.8em; font-size: 125%; background-color: lightsteelblue;\">FC Liefering  gegen FC Pinzgau Saalfelden, 3:1\n<\/th>\n<\/tr>\n<tr>\n<th style=\"text-align:left;\"><b>Spieltag<\/b>\n<\/th>\n<th style=\"text-align:left;\">Testspiel\n<\/th>\n<\/tr>\n<tr>\n<th style=\"text-align:left;\"><b>Datum<\/b>\n<\/th>\n<th style=\"text-align:left;\">15. Juli 2022\n<\/th>\n<\/tr>\n<tr>\n<th style=\"text-align:left;\"><b>Anpfiff<\/b>\n<\/th>\n<th style=\"text-align:left;\">14.30 Uhr\n<\/th>\n<\/tr>\n<tr>\n<td colspan=\"2\" style=\"text-align:center;\" bgcolor=\"lightgray\"><b>Aufstellung<\/b>\n<\/td>\n<\/tr>\n<tr>\n<th style=\"text-align:left;\"><b>Tor<\/b>\n<\/th>\n<th><a href=\"\/Balazs_Toth\" title=\"Balazs Toth\">Balazs Toth <\/a>\n<\/th>\n<\/tr>\n<tr>\n<th style=\"text-align:left;\"><b>Verteidigung<\/b>\n<\/th>\n<th><a href=\"\/Mark_Gevorgyan\" title=\"Mark Gevorgyan\">Mark Gevorgyan<\/a> &#8211; <a href=\"\/Marcel_Moswitzer\" title=\"Marcel Moswitzer\">Marcel Moswitzer<\/a>  &#8211;<a href=\"\/Sandro-Luca_Molnar\" title=\"Sandro-Luca Molnar\">Sandro-Luca Molnar<\/a>  &#8211;  <a href=\"\/Lukas_Ibertsberger\" title=\"Lukas Ibertsberger\">Lukas Ibertsberger<\/a>\n<\/th>\n<\/tr>\n<tr>\n<th style=\"text-align:left;\"><b>Mittelfeld<\/b>\n<\/th>\n<th><a href=\"\/Alparslan_Baran\" title=\"Alparslan Baran\">Alparslan Baran<\/a> &#8211; <a href=\"\/Dario_Bijelic\" title=\"Dario Bijelic\">Dario Bijelic<\/a> &#8211; <a href=\"\/Raphael_Hofer\" title=\"Raphael Hofer\">Raphael Hofer<\/a> &#8211; <a href=\"\/Zeteny_Jano\" title=\"Zeteny Jano\">Zeteny Jano<\/a>\n<\/th>\n<\/tr>\n<tr>\n<th style=\"text-align:left;\"><b>Sturm<\/b>\n<\/th>\n<th><a href=\"\/Luka_Reischl\" title=\"Luka Reischl\">Luka Reischl<\/a> &#8211; <a href=\"\/Karim_Konate\" title=\"Karim Konate\">Karim Konate<\/a>\n<\/th>\n<\/tr>\n<tr>\n<td colspan=\"2\" style=\"text-align:center;\" bgcolor=\"lightgray\"><b>Wechsel<\/b>\n<\/td>\n<\/tr>\n<tr>\n<th style=\"text-align:left;\"><b>Wechsel<\/b>\n<\/th>\n<th style=\"text-align:left;\"><a href=\"\/Daniel_Owusu\" title=\"Daniel Owusu\">Daniel Owusu<\/a> f\u00fcr Kanote (30.), <a href=\"\/Konstantin_Gertig\" title=\"Konstantin Gertig\">Konstantin Gertig<\/a> f\u00fcr Molnar (60.), <a href=\"\/Dominik_Lechner\" title=\"Dominik Lechner\">Dominik Lechner<\/a> f\u00fcr Owusu (70.),<br \/><a href=\"\/Tim_Paumgartner\" title=\"Tim Paumgartner\">Tim Paumgartner<\/a> f\u00fcr Bijelic\n<\/th>\n<\/tr>\n<tr>\n<td colspan=\"2\" style=\"text-align:center;\" bgcolor=\"lightgray\"><b>Statistik<\/b>\n<\/td>\n<\/tr>\n<tr>\n<th style=\"text-align:left;\"><b>Endstand<\/b>\n<\/th>\n<th style=\"text-align:left;\">3:1 (2:0)\n<\/th>\n<\/tr>\n<tr>\n<th style=\"text-align:left;\"><b>Torsch\u00fctzen<\/b>\n<\/th>\n<th style=\"text-align:left;\">Reischl (6., 17.), Moswitzer (59.); Gabriel (47.)\n<\/th>\n<\/tr>\n<tr>\n<th style=\"text-align:left;\"><b>Gelbe Karten<\/b>\n<\/th>\n<th style=\"text-align:left;\">\n<\/th>\n<\/tr>\n<tr>\n<th style=\"text-align:left;\"><b>Rote Karten<\/b>\n<\/th>\n<th style=\"text-align:left;\">\n<\/th>\n<\/tr>\n<tr>\n<th style=\"text-align:left;\"><b>Schiedsrichter<\/b>\n<\/th>\n<th style=\"text-align:left;\">\n<\/th>\n<\/tr>\n<tr>\n<th style=\"text-align:left;\"><b>Stadion<\/b>\n<\/th>\n<th style=\"text-align:left;\">Sportplatz Mondsee\n<\/th>\n<\/tr>\n<tr>\n<th style=\"text-align:left;\"><b>Zuschauer<\/b>\n<\/th>\n<th style=\"text-align:left;\">\n<\/th>\n<\/tr>\n<\/tbody>\n<\/table>\n<h2><span class=\"mw-headline\" id=\"Spielbericht\">Spielbericht<\/span><a href=\"\/index.php?title=FC_Liefering_gegen_FC_Pinzgau_Saalfelden_(Testspiel)&amp;action=edit&amp;section=1\" title=\"Abschnitt bearbeiten: Spielbericht\">Bearbeiten<\/a><span class=\"mw-editsection-bracket\">]<\/span><\/span><\/h2>\n<p><a rel=\"nofollow\" class=\"external text\" href=\"https:\/\/www.fc-liefering.at\/de\/fc-liefering\/news\/saison_2022_23\/testspieldoppel-prag-fcps.html\">Spielbericht Vereinshomepage<\/a>\n<\/p>\n<h2><span class=\"mw-headline\" id=\"Stimmen_zum_Spiel\">Stimmen zum Spiel<\/span><a href=\"\/index.php?title=FC_Liefering_gegen_FC_Pinzgau_Saalfelden_(Testspiel)&amp;action=edit&amp;section=2\" title=\"Abschnitt bearbeiten: Stimmen zum Spiel\">Bearbeiten<\/a><span class=\"mw-editsection-bracket\">]<\/span><\/span><\/h2>\n<p><b>Fabio Ingolitsch:<\/b>    Wir hatten heute ein sehr wichtiges Testspiel-Doppel, mit dem wir vielen Burschen die M\u00f6glichkeit gegeben haben, \u00fcber 90 Minuten am Platz zu stehen. Somit k\u00f6nnen wir athletisch bestens vorbereitet in die Meisterschaft starten. Wir sehen uns auf jeden Fall ger\u00fcstet f\u00fcr den Liga-Auftakt, die Burschen haben gezeigt, dass jeder bereit ist, ans Limit zu gehen. Wir sind froh \u00fcber den heutigen Tag und starten n\u00e4chste Woche mit voller \u00dcberzeugung, viel Schwung und Energie in die Meisterschaft!\n<\/p>\n<\/div>\n","protected":false},"excerpt":{"rendered":"<p>FC Liefering gegen FC Pinzgau Saalfelden, 3:1 Spieltag Testspiel Datum 15. Juli 2022 Anpfiff 14.30 Uhr Aufstellung Tor Balazs Toth Verteidigung Mark Gevorgyan &#8211; Marcel Moswitzer &#8211;Sandro-Luca Molnar &#8211; Lukas Ibertsberger Mittelfeld Alparslan Baran &#8211; Dario Bijelic &#8211; Raphael Hofer &#8211; Zeteny Jano Sturm Luka Reischl &#8211; Karim Konate Wechsel Wechsel Daniel Owusu f\u00fcr Kanote [&hellip;]<\/p>\n","protected":false},"author":1,"featured_media":0,"parent":0,"menu_order":0,"comment_status":"closed","ping_status":"closed","template":"","meta":{"footnotes":""},"class_list":["post-3921","page","type-page","status-publish","hentry"],"_links":{"self":[{"href":"https:\/\/wiki.s12.at\/index.php\/wp-json\/wp\/v2\/pages\/3921","targetHints":{"allow":["GET"]}}],"collection":[{"href":"https:\/\/wiki.s12.at\/index.php\/wp-json\/wp\/v2\/pages"}],"about":[{"href":"https:\/\/wiki.s12.at\/index.php\/wp-json\/wp\/v2\/types\/page"}],"author":[{"embeddable":true,"href":"https:\/\/wiki.s12.at\/index.php\/wp-json\/wp\/v2\/users\/1"}],"replies":[{"embeddable":true,"href":"https:\/\/wiki.s12.at\/index.php\/wp-json\/wp\/v2\/comments?post=3921"}],"version-history":[{"count":0,"href":"https:\/\/wiki.s12.at\/index.php\/wp-json\/wp\/v2\/pages\/3921\/revisions"}],"wp:attachment":[{"href":"https:\/\/wiki.s12.at\/index.php\/wp-json\/wp\/v2\/media?parent=3921"}],"curies":[{"name":"wp","href":"https:\/\/api.w.org\/{rel}","templated":true}]}}

<div class="mw-parser-output">
<table class="toptextcells toccolours">
<tbody>
<tr>
<th colspan="2" style="text-align: center; vertical-align: top; padding: 0.3em 0.8em; font-size: 125%; background-color: lightsteelblue;">FC Liefering  gegen FC Pinzgau Saalfelden, 3:1
</th>
</tr>
<tr>
<th style="text-align:left;"><b>Spieltag</b>
</th>
<th style="text-align:left;">Testspiel
</th>
</tr>
<tr>
<th style="text-align:left;"><b>Datum</b>
</th>
<th style="text-align:left;">15. Juli 2022
</th>
</tr>
<tr>
<th style="text-align:left;"><b>Anpfiff</b>
</th>
<th style="text-align:left;">14.30 Uhr
</th>
</tr>
<tr>
<td colspan="2" style="text-align:center;" bgcolor="lightgray"><b>Aufstellung</b>
</td>
</tr>
<tr>
<th style="text-align:left;"><b>Tor</b>
</th>
<th><a href="/Balazs_Toth" title="Balazs Toth">Balazs Toth </a>
</th>
</tr>
<tr>
<th style="text-align:left;"><b>Verteidigung</b>
</th>
<th><a href="/Mark_Gevorgyan" title="Mark Gevorgyan">Mark Gevorgyan</a> &#8211; <a href="/Marcel_Moswitzer" title="Marcel Moswitzer">Marcel Moswitzer</a>  &#8211;<a href="/Sandro-Luca_Molnar" title="Sandro-Luca Molnar">Sandro-Luca Molnar</a>  &#8211;  <a href="/Lukas_Ibertsberger" title="Lukas Ibertsberger">Lukas Ibertsberger</a>
</th>
</tr>
<tr>
<th style="text-align:left;"><b>Mittelfeld</b>
</th>
<th><a href="/Alparslan_Baran" title="Alparslan Baran">Alparslan Baran</a> &#8211; <a href="/Dario_Bijelic" title="Dario Bijelic">Dario Bijelic</a> &#8211; <a href="/Raphael_Hofer" title="Raphael Hofer">Raphael Hofer</a> &#8211; <a href="/Zeteny_Jano" title="Zeteny Jano">Zeteny Jano</a>
</th>
</tr>
<tr>
<th style="text-align:left;"><b>Sturm</b>
</th>
<th><a href="/Luka_Reischl" title="Luka Reischl">Luka Reischl</a> &#8211; <a href="/Karim_Konate" title="Karim Konate">Karim Konate</a>
</th>
</tr>
<tr>
<td colspan="2" style="text-align:center;" bgcolor="lightgray"><b>Wechsel</b>
</td>
</tr>
<tr>
<th style="text-align:left;"><b>Wechsel</b>
</th>
<th style="text-align:left;"><a href="/Daniel_Owusu" title="Daniel Owusu">Daniel Owusu</a> für Kanote (30.), <a href="/Konstantin_Gertig" title="Konstantin Gertig">Konstantin Gertig</a> für Molnar (60.), <a href="/Dominik_Lechner" title="Dominik Lechner">Dominik Lechner</a> für Owusu (70.),<br /><a href="/Tim_Paumgartner" title="Tim Paumgartner">Tim Paumgartner</a> für Bijelic
</th>
</tr>
<tr>
<td colspan="2" style="text-align:center;" bgcolor="lightgray"><b>Statistik</b>
</td>
</tr>
<tr>
<th style="text-align:left;"><b>Endstand</b>
</th>
<th style="text-align:left;">3:1 (2:0)
</th>
</tr>
<tr>
<th style="text-align:left;"><b>Torschützen</b>
</th>
<th style="text-align:left;">Reischl (6., 17.), Moswitzer (59.); Gabriel (47.)
</th>
</tr>
<tr>
<th style="text-align:left;"><b>Gelbe Karten</b>
</th>
<th style="text-align:left;">
</th>
</tr>
<tr>
<th style="text-align:left;"><b>Rote Karten</b>
</th>
<th style="text-align:left;">
</th>
</tr>
<tr>
<th style="text-align:left;"><b>Schiedsrichter</b>
</th>
<th style="text-align:left;">
</th>
</tr>
<tr>
<th style="text-align:left;"><b>Stadion</b>
</th>
<th style="text-align:left;">Sportplatz Mondsee
</th>
</tr>
<tr>
<th style="text-align:left;"><b>Zuschauer</b>
</th>
<th style="text-align:left;">
</th>
</tr>
</tbody>
</table>
<h2><span class="mw-headline" id="Spielbericht">Spielbericht</span><a href="/index.php?title=FC_Liefering_gegen_FC_Pinzgau_Saalfelden_(Testspiel)&amp;action=edit&amp;section=1" title="Abschnitt bearbeiten: Spielbericht">Bearbeiten</a><span class="mw-editsection-bracket">]</span></span></h2>
<p><a rel="nofollow" class="external text" href="https://www.fc-liefering.at/de/fc-liefering/news/saison_2022_23/testspieldoppel-prag-fcps.html">Spielbericht Vereinshomepage</a>
</p>
<h2><span class="mw-headline" id="Stimmen_zum_Spiel">Stimmen zum Spiel</span><a href="/index.php?title=FC_Liefering_gegen_FC_Pinzgau_Saalfelden_(Testspiel)&amp;action=edit&amp;section=2" title="Abschnitt bearbeiten: Stimmen zum Spiel">Bearbeiten</a><span class="mw-editsection-bracket">]</span></span></h2>
<p><b>Fabio Ingolitsch:</b>    Wir hatten heute ein sehr wichtiges Testspiel-Doppel, mit dem wir vielen Burschen die Möglichkeit gegeben haben, über 90 Minuten am Platz zu stehen. Somit können wir athletisch bestens vorbereitet in die Meisterschaft starten. Wir sehen uns auf jeden Fall gerüstet für den Liga-Auftakt, die Burschen haben gezeigt, dass jeder bereit ist, ans Limit zu gehen. Wir sind froh über den heutigen Tag und starten nächste Woche mit voller Überzeugung, viel Schwung und Energie in die Meisterschaft!
</p>
</div>

<p>FC Liefering gegen FC Pinzgau Saalfelden, 3:1 Spieltag Testspiel Datum 15. Juli 2022 Anpfiff 14.30 Uhr Aufstellung Tor Balazs Toth Verteidigung Mark Gevorgyan &#8211; Marcel Moswitzer &#8211;Sandro-Luca Molnar &#8211; Lukas Ibertsberger Mittelfeld Alparslan Baran &#8211; Dario Bijelic &#8211; Raphael Hofer &#8211; Zeteny Jano Sturm Luka Reischl &#8211; Karim Konate Wechsel Wechsel Daniel Owusu für Kanote [&hellip;]</p>
