{"id":3918,"date":"2026-05-06T15:26:47","date_gmt":"2026-05-06T13:26:47","guid":{"rendered":"https:\/\/wiki.s12.at\/index.php\/fc-liefering-gegen-fc-petrolul-ploiesti\/"},"modified":"2026-05-06T15:26:47","modified_gmt":"2026-05-06T13:26:47","slug":"fc-liefering-gegen-fc-petrolul-ploiesti","status":"publish","type":"page","link":"https:\/\/wiki.s12.at\/index.php\/fc-liefering-gegen-fc-petrolul-ploiesti\/","title":{"rendered":"FC Liefering gegen FC Petrolul Ploiesti"},"content":{"rendered":"<div class=\"mw-parser-output\">\n<h2><span class=\"mw-headline\" id=\"Fakten\">Fakten<\/span><a href=\"\/index.php?title=FC_Liefering_gegen_FC_Petrolul_Ploiesti&amp;action=edit&amp;section=1\" title=\"Abschnitt bearbeiten: Fakten\">Bearbeiten<\/a><span class=\"mw-editsection-bracket\">]<\/span><\/span><\/h2>\n<table class=\"toptextcells toccolours\">\n<tbody>\n<tr>\n<th colspan=\"2\" style=\"text-align: center; vertical-align: top; padding: 0.3em 0.8em; font-size: 125%; background-color: lightsteelblue;\">FC Liefering gegen FC Petrolul Ploiesti, 3:3\n<\/th>\n<\/tr>\n<tr>\n<th style=\"text-align:left;\"><b>Spieltag<\/b>\n<\/th>\n<th style=\"text-align:left;\">Testspiel\n<\/th>\n<\/tr>\n<tr>\n<th style=\"text-align:left;\"><b>Datum<\/b>\n<\/th>\n<th style=\"text-align:left;\">1. Februar 2016\n<\/th>\n<\/tr>\n<tr>\n<th style=\"text-align:left;\"><b>Anpfiff<\/b>\n<\/th>\n<th style=\"text-align:left;\">\n<\/th>\n<\/tr>\n<tr>\n<td colspan=\"2\" style=\"text-align:center;\" bgcolor=\"lightgray\"><b>Aufstellung<\/b>\n<\/td>\n<\/tr>\n<tr>\n<th style=\"text-align:left;\"><b>Tor<\/b>\n<\/th>\n<th><a href=\"\/Carlos_Miguel_Coronel\" title=\"Carlos Miguel Coronel\">Carlos Miguel Coronel<\/a>\n<\/th>\n<\/tr>\n<tr>\n<th style=\"text-align:left;\"><b>Verteidigung<\/b>\n<\/th>\n<th><a href=\"\/Sandro_Ingolitsch\" title=\"Sandro Ingolitsch\">Sandro  Ingolitsch<\/a>, <a href=\"\/Benjamin_Kaufmann\" title=\"Benjamin Kaufmann\">Benjamin Kaufmann<\/a>, <a href=\"\/David_Gugganig\" title=\"David Gugganig\">David Gugganig<\/a>, <a href=\"\/Michael_Switil\" title=\"Michael Switil\">Michael Switil<\/a>\n<\/th>\n<\/tr>\n<tr>\n<th style=\"text-align:left;\"><b>Mittelfeld<\/b>\n<\/th>\n<th><a href=\"\/Mergim_Berisha\" title=\"Mergim Berisha\">Mergim Berisha<\/a>, <a href=\"\/Joao_Pedro\" title=\"Joao Pedro\">Joao Pedro<\/a>, <a href=\"\/Emir_Karic\" title=\"Emir Karic\">Emir Karic<\/a>\n<\/th>\n<\/tr>\n<tr>\n<th style=\"text-align:left;\"><b>Sturm<\/b>\n<\/th>\n<th><a href=\"\/Sebastian_Wachter\" title=\"Sebastian Wachter\">Sebastian Wachter<\/a> , <a href=\"\/Raphael_Dwamena\" title=\"Raphael Dwamena\">Raphael Dwamena<\/a>, <a href=\"\/Hannes_Wolf\" title=\"Hannes Wolf\">Hannes Wolf<\/a>\n<\/th>\n<\/tr>\n<tr>\n<td colspan=\"2\" style=\"text-align:center;\" bgcolor=\"lightgray\"><b>Wechsel<\/b>\n<\/td>\n<\/tr>\n<tr>\n<th style=\"text-align:left;\"><b>Wechsel<\/b>\n<\/th>\n<th style=\"text-align:left;\"><a href=\"\/Elvis_Osmani\" title=\"Elvis Osmani\">Elvis Osmani<\/a> f\u00fcr Berisha (30.), <a href=\"\/Luan\" title=\"Luan\">Luan<\/a> f\u00fcr Kaufmann (30.), <a href=\"\/Masaya_Okugawa\" title=\"Masaya Okugawa\">Masaya Okugawa<\/a> f\u00fcr Wachter (30.), <a href=\"\/Alexander_Joppich\" title=\"Alexander Joppich\">Alexander Joppich<\/a> f\u00fcr Wolf (46.), <a href=\"\/Sebastian_Wachter\" title=\"Sebastian Wachter\">Sebastian Wachter<\/a> f\u00fcr Karic (60.), <a href=\"\/Mergim_Berisha\" title=\"Mergim Berisha\">Mergim Berisha<\/a> f\u00fcr Pedro (60.), <a href=\"\/Benjamin_Kaufmann\" title=\"Benjamin Kaufmann\">Benjamin Kaufmann<\/a> f\u00fcr Gugganig (60.), <a href=\"\/Dimitri_Oberlin\" title=\"Dimitri Oberlin\">Dimitri Oberlin<\/a> f\u00fcr Dwamena (60.)\n<\/th>\n<\/tr>\n<tr>\n<td colspan=\"2\" style=\"text-align:center;\" bgcolor=\"lightgray\"><b>Statistik<\/b>\n<\/td>\n<\/tr>\n<tr>\n<th style=\"text-align:left;\"><b>Endstand<\/b>\n<\/th>\n<th style=\"text-align:left;\">3:3 (1:2\n<\/th>\n<\/tr>\n<tr>\n<th style=\"text-align:left;\"><b>Torsch\u00fctzen<\/b>\n<\/th>\n<th style=\"text-align:left;\">Dwamena (21.), Okugawa (47.), Oberlin (86.);Michael (27.E., 37., 52. E.)\n<\/th>\n<\/tr>\n<tr>\n<th style=\"text-align:left;\"><b>Gelbe Karten<\/b>\n<\/th>\n<th style=\"text-align:left;\">\n<\/th>\n<\/tr>\n<tr>\n<th style=\"text-align:left;\"><b>Rote Karten<\/b>\n<\/th>\n<th style=\"text-align:left;\">\n<\/th>\n<\/tr>\n<tr>\n<th style=\"text-align:left;\"><b>Schiedsrichter<\/b>\n<\/th>\n<th style=\"text-align:left;\">\n<\/th>\n<\/tr>\n<tr>\n<th style=\"text-align:left;\"><b>Stadion<\/b>\n<\/th>\n<th style=\"text-align:left;\">Belek\n<\/th>\n<\/tr>\n<tr>\n<th style=\"text-align:left;\"><b>Zuschauer<\/b>\n<\/th>\n<th style=\"text-align:left;\">\n<\/th>\n<\/tr>\n<\/tbody>\n<\/table>\n<p> \n<\/p>\n<h2><span class=\"mw-headline\" id=\"Weblinks\">Weblinks<\/span><a href=\"\/index.php?title=FC_Liefering_gegen_FC_Petrolul_Ploiesti&amp;action=edit&amp;section=2\" title=\"Abschnitt bearbeiten: Weblinks\">Bearbeiten<\/a><span class=\"mw-editsection-bracket\">]<\/span><\/span><\/h2>\n<ul>\n<li><a rel=\"nofollow\" class=\"external text\" href=\"http:\/\/www.redbullsalzburg.at\/de\/fc-liefering\/news\/saison_2015_16\/fc-liefering-mit-remis-gegen-rumaenischen-erstligisten.html\">Spielbericht Vereinshomepage<\/a><\/li>\n<\/ul>\n<h2><span class=\"mw-headline\" id=\"Stimmen_zum_Spiel\">Stimmen zum Spiel<\/span><a href=\"\/index.php?title=FC_Liefering_gegen_FC_Petrolul_Ploiesti&amp;action=edit&amp;section=3\" title=\"Abschnitt bearbeiten: Stimmen zum Spiel\">Bearbeiten<\/a><span class=\"mw-editsection-bracket\">]<\/span><\/span><\/h2>\n<p><b>Thomas Letsch:<\/b> Die ersten Trainingseinheiten hier in Belek waren sehr gut, aber \u00e4u\u00dferst intensiv. F\u00fcr diesen Zeitpunkt der Vorbereitung bin ich mit der Leistung zufrieden. Wir hatten einige gute offensive Aktionen und haben tolle Treffer erzielt. In der Defensive hat man gemerkt, dass die Spritzigkeit ein wenig fehlt \u2013 das ist normal in dieser Phase. Es war ein guter Test gegen eine aggressive rum\u00e4nische Mannschaft.\n<\/p>\n<\/div>\n","protected":false},"excerpt":{"rendered":"<p>FaktenBearbeiten] FC Liefering gegen FC Petrolul Ploiesti, 3:3 Spieltag Testspiel Datum 1. Februar 2016 Anpfiff Aufstellung Tor Carlos Miguel Coronel Verteidigung Sandro Ingolitsch, Benjamin Kaufmann, David Gugganig, Michael Switil Mittelfeld Mergim Berisha, Joao Pedro, Emir Karic Sturm Sebastian Wachter , Raphael Dwamena, Hannes Wolf Wechsel Wechsel Elvis Osmani f\u00fcr Berisha (30.), Luan f\u00fcr Kaufmann (30.), [&hellip;]<\/p>\n","protected":false},"author":1,"featured_media":0,"parent":0,"menu_order":0,"comment_status":"closed","ping_status":"closed","template":"","meta":{"footnotes":""},"class_list":["post-3918","page","type-page","status-publish","hentry"],"_links":{"self":[{"href":"https:\/\/wiki.s12.at\/index.php\/wp-json\/wp\/v2\/pages\/3918","targetHints":{"allow":["GET"]}}],"collection":[{"href":"https:\/\/wiki.s12.at\/index.php\/wp-json\/wp\/v2\/pages"}],"about":[{"href":"https:\/\/wiki.s12.at\/index.php\/wp-json\/wp\/v2\/types\/page"}],"author":[{"embeddable":true,"href":"https:\/\/wiki.s12.at\/index.php\/wp-json\/wp\/v2\/users\/1"}],"replies":[{"embeddable":true,"href":"https:\/\/wiki.s12.at\/index.php\/wp-json\/wp\/v2\/comments?post=3918"}],"version-history":[{"count":0,"href":"https:\/\/wiki.s12.at\/index.php\/wp-json\/wp\/v2\/pages\/3918\/revisions"}],"wp:attachment":[{"href":"https:\/\/wiki.s12.at\/index.php\/wp-json\/wp\/v2\/media?parent=3918"}],"curies":[{"name":"wp","href":"https:\/\/api.w.org\/{rel}","templated":true}]}}

<div class="mw-parser-output">
<h2><span class="mw-headline" id="Fakten">Fakten</span><a href="/index.php?title=FC_Liefering_gegen_FC_Petrolul_Ploiesti&amp;action=edit&amp;section=1" title="Abschnitt bearbeiten: Fakten">Bearbeiten</a><span class="mw-editsection-bracket">]</span></span></h2>
<table class="toptextcells toccolours">
<tbody>
<tr>
<th colspan="2" style="text-align: center; vertical-align: top; padding: 0.3em 0.8em; font-size: 125%; background-color: lightsteelblue;">FC Liefering gegen FC Petrolul Ploiesti, 3:3
</th>
</tr>
<tr>
<th style="text-align:left;"><b>Spieltag</b>
</th>
<th style="text-align:left;">Testspiel
</th>
</tr>
<tr>
<th style="text-align:left;"><b>Datum</b>
</th>
<th style="text-align:left;">1. Februar 2016
</th>
</tr>
<tr>
<th style="text-align:left;"><b>Anpfiff</b>
</th>
<th style="text-align:left;">
</th>
</tr>
<tr>
<td colspan="2" style="text-align:center;" bgcolor="lightgray"><b>Aufstellung</b>
</td>
</tr>
<tr>
<th style="text-align:left;"><b>Tor</b>
</th>
<th><a href="/Carlos_Miguel_Coronel" title="Carlos Miguel Coronel">Carlos Miguel Coronel</a>
</th>
</tr>
<tr>
<th style="text-align:left;"><b>Verteidigung</b>
</th>
<th><a href="/Sandro_Ingolitsch" title="Sandro Ingolitsch">Sandro  Ingolitsch</a>, <a href="/Benjamin_Kaufmann" title="Benjamin Kaufmann">Benjamin Kaufmann</a>, <a href="/David_Gugganig" title="David Gugganig">David Gugganig</a>, <a href="/Michael_Switil" title="Michael Switil">Michael Switil</a>
</th>
</tr>
<tr>
<th style="text-align:left;"><b>Mittelfeld</b>
</th>
<th><a href="/Mergim_Berisha" title="Mergim Berisha">Mergim Berisha</a>, <a href="/Joao_Pedro" title="Joao Pedro">Joao Pedro</a>, <a href="/Emir_Karic" title="Emir Karic">Emir Karic</a>
</th>
</tr>
<tr>
<th style="text-align:left;"><b>Sturm</b>
</th>
<th><a href="/Sebastian_Wachter" title="Sebastian Wachter">Sebastian Wachter</a> , <a href="/Raphael_Dwamena" title="Raphael Dwamena">Raphael Dwamena</a>, <a href="/Hannes_Wolf" title="Hannes Wolf">Hannes Wolf</a>
</th>
</tr>
<tr>
<td colspan="2" style="text-align:center;" bgcolor="lightgray"><b>Wechsel</b>
</td>
</tr>
<tr>
<th style="text-align:left;"><b>Wechsel</b>
</th>
<th style="text-align:left;"><a href="/Elvis_Osmani" title="Elvis Osmani">Elvis Osmani</a> für Berisha (30.), <a href="/Luan" title="Luan">Luan</a> für Kaufmann (30.), <a href="/Masaya_Okugawa" title="Masaya Okugawa">Masaya Okugawa</a> für Wachter (30.), <a href="/Alexander_Joppich" title="Alexander Joppich">Alexander Joppich</a> für Wolf (46.), <a href="/Sebastian_Wachter" title="Sebastian Wachter">Sebastian Wachter</a> für Karic (60.), <a href="/Mergim_Berisha" title="Mergim Berisha">Mergim Berisha</a> für Pedro (60.), <a href="/Benjamin_Kaufmann" title="Benjamin Kaufmann">Benjamin Kaufmann</a> für Gugganig (60.), <a href="/Dimitri_Oberlin" title="Dimitri Oberlin">Dimitri Oberlin</a> für Dwamena (60.)
</th>
</tr>
<tr>
<td colspan="2" style="text-align:center;" bgcolor="lightgray"><b>Statistik</b>
</td>
</tr>
<tr>
<th style="text-align:left;"><b>Endstand</b>
</th>
<th style="text-align:left;">3:3 (1:2
</th>
</tr>
<tr>
<th style="text-align:left;"><b>Torschützen</b>
</th>
<th style="text-align:left;">Dwamena (21.), Okugawa (47.), Oberlin (86.);Michael (27.E., 37., 52. E.)
</th>
</tr>
<tr>
<th style="text-align:left;"><b>Gelbe Karten</b>
</th>
<th style="text-align:left;">
</th>
</tr>
<tr>
<th style="text-align:left;"><b>Rote Karten</b>
</th>
<th style="text-align:left;">
</th>
</tr>
<tr>
<th style="text-align:left;"><b>Schiedsrichter</b>
</th>
<th style="text-align:left;">
</th>
</tr>
<tr>
<th style="text-align:left;"><b>Stadion</b>
</th>
<th style="text-align:left;">Belek
</th>
</tr>
<tr>
<th style="text-align:left;"><b>Zuschauer</b>
</th>
<th style="text-align:left;">
</th>
</tr>
</tbody>
</table>
<p> 
</p>
<h2><span class="mw-headline" id="Weblinks">Weblinks</span><a href="/index.php?title=FC_Liefering_gegen_FC_Petrolul_Ploiesti&amp;action=edit&amp;section=2" title="Abschnitt bearbeiten: Weblinks">Bearbeiten</a><span class="mw-editsection-bracket">]</span></span></h2>
<ul>
<li><a rel="nofollow" class="external text" href="http://www.redbullsalzburg.at/de/fc-liefering/news/saison_2015_16/fc-liefering-mit-remis-gegen-rumaenischen-erstligisten.html">Spielbericht Vereinshomepage</a></li>
</ul>
<h2><span class="mw-headline" id="Stimmen_zum_Spiel">Stimmen zum Spiel</span><a href="/index.php?title=FC_Liefering_gegen_FC_Petrolul_Ploiesti&amp;action=edit&amp;section=3" title="Abschnitt bearbeiten: Stimmen zum Spiel">Bearbeiten</a><span class="mw-editsection-bracket">]</span></span></h2>
<p><b>Thomas Letsch:</b> Die ersten Trainingseinheiten hier in Belek waren sehr gut, aber äußerst intensiv. Für diesen Zeitpunkt der Vorbereitung bin ich mit der Leistung zufrieden. Wir hatten einige gute offensive Aktionen und haben tolle Treffer erzielt. In der Defensive hat man gemerkt, dass die Spritzigkeit ein wenig fehlt – das ist normal in dieser Phase. Es war ein guter Test gegen eine aggressive rumänische Mannschaft.
</p>
</div>

<p>FaktenBearbeiten] FC Liefering gegen FC Petrolul Ploiesti, 3:3 Spieltag Testspiel Datum 1. Februar 2016 Anpfiff Aufstellung Tor Carlos Miguel Coronel Verteidigung Sandro Ingolitsch, Benjamin Kaufmann, David Gugganig, Michael Switil Mittelfeld Mergim Berisha, Joao Pedro, Emir Karic Sturm Sebastian Wachter , Raphael Dwamena, Hannes Wolf Wechsel Wechsel Elvis Osmani für Berisha (30.), Luan für Kaufmann (30.), [&hellip;]</p>
