{"id":3910,"date":"2026-05-06T15:26:42","date_gmt":"2026-05-06T13:26:42","guid":{"rendered":"https:\/\/wiki.s12.at\/index.php\/fc-liefering-gegen-fc-bayern-muenchen-u23-2018\/"},"modified":"2026-05-06T15:26:42","modified_gmt":"2026-05-06T13:26:42","slug":"fc-liefering-gegen-fc-bayern-muenchen-u23-2018","status":"publish","type":"page","link":"https:\/\/wiki.s12.at\/index.php\/fc-liefering-gegen-fc-bayern-muenchen-u23-2018\/","title":{"rendered":"FC Liefering gegen FC Bayern M\u00fcnchen U23 (2018)"},"content":{"rendered":"<div class=\"mw-parser-output\">\n<h2><span class=\"mw-headline\" id=\"Fakten\">Fakten<\/span><a href=\"\/index.php?title=FC_Liefering_gegen_FC_Bayern_M%C3%BCnchen_U23_(2018)&amp;action=edit&amp;section=1\" title=\"Abschnitt bearbeiten: Fakten\">Bearbeiten<\/a><span class=\"mw-editsection-bracket\">]<\/span><\/span><\/h2>\n<table class=\"toptextcells toccolours\">\n<tbody>\n<tr>\n<th colspan=\"2\" style=\"text-align: center; vertical-align: top; padding: 0.3em 0.8em; font-size: 125%; background-color: lightsteelblue;\">FC Liefering gegen FC Bayern M\u00fcnchen U23, 2:2\n<\/th>\n<\/tr>\n<tr>\n<th style=\"text-align:left;\"><b>Spieltag<\/b>\n<\/th>\n<th style=\"text-align:left;\">Testspiel\n<\/th>\n<\/tr>\n<tr>\n<th style=\"text-align:left;\"><b>Datum<\/b>\n<\/th>\n<th style=\"text-align:left;\">6. Juli  2018\n<\/th>\n<\/tr>\n<tr>\n<th style=\"text-align:left;\"><b>Anpfiff<\/b>\n<\/th>\n<th style=\"text-align:left;\">17 Uhr\n<\/th>\n<\/tr>\n<tr>\n<td colspan=\"2\" style=\"text-align:center;\" bgcolor=\"lightgray\"><b>Aufstellung<\/b>\n<\/td>\n<\/tr>\n<tr>\n<th style=\"text-align:left;\"><b>Tor<\/b>\n<\/th>\n<th><a href=\"\/Daniel_Antosch\" title=\"Daniel Antosch\">Daniel Antosch<\/a>\n<\/th>\n<\/tr>\n<tr>\n<th style=\"text-align:left;\"><b>Verteidigung<\/b>\n<\/th>\n<th><a href=\"\/Jusuf_Gazibegovic\" title=\"Jusuf Gazibegovic\">Jusuf Gazibegovic<\/a> &#8211; <a href=\"\/Abdourahmane_Barry\" title=\"Abdourahmane Barry\">Abdourahmane Barry <\/a> &#8211; <a href=\"\/index.php?title=Quinonez&amp;action=edit&amp;redlink=1\" class=\"new\" title=\"Quinonez (Seite nicht vorhanden)\">Quinonez  <\/a> &#8211; <a href=\"\/David_Schnegg\" title=\"David Schnegg\">David Schnegg<\/a>\n<\/th>\n<\/tr>\n<tr>\n<th style=\"text-align:left;\"><b>Mittelfeld<\/b>\n<\/th>\n<th><a href=\"\/Ousman_Diakite\" title=\"Ousman Diakite\">Ousman Diakite <\/a> &#8211; <a href=\"\/Philipp_Sturm\" title=\"Philipp Sturm\">Philipp Sturm<\/a> &#8211; <a href=\"\/Mohamed_Camara\" title=\"Mohamed Camara\">Mohamed Camara<\/a> &#8211; <a href=\"\/Nikola_Stosic\" title=\"Nikola Stosic\">Nikola Stosic<\/a>\n<\/th>\n<\/tr>\n<tr>\n<th style=\"text-align:left;\"><b>Sturm<\/b>\n<\/th>\n<th><a href=\"\/Rene_Hellermann\" title=\"Rene Hellermann\">Rene Hellermann<\/a>&#8211; <a href=\"\/Aldin_Aganovic\" title=\"Aldin Aganovic\">Aldin Aganovic<\/a>\n<\/th>\n<\/tr>\n<tr>\n<td colspan=\"2\" style=\"text-align:center;\" bgcolor=\"lightgray\"><b>Wechsel<\/b>\n<\/td>\n<\/tr>\n<tr>\n<th style=\"text-align:left;\"><b>Wechsel<\/b>\n<\/th>\n<th style=\"text-align:left;\"><a href=\"\/Julian_G%C3%B6lles\" title=\"Julian G\u00f6lles\">Julian G\u00f6lles<\/a>, <a href=\"\/Alois_Oroz\" title=\"Alois Oroz\">Alois Oroz<\/a>, <a href=\"\/Dominik_Stumberger\" title=\"Dominik Stumberger\">Dominik Stumberger<\/a>, <a href=\"\/Lorenz_Leskosek\" title=\"Lorenz Leskosek\">Lorenz Leskosek<\/a>, <br \/><a href=\"\/Peter_Pokorny\" title=\"Peter Pokorny\">Peter Pokorny<\/a>, <a href=\"\/Rami_Tekir\" title=\"Rami Tekir\">Rami Tekir<\/a>, <a href=\"\/Karim_Adeyemi\" title=\"Karim Adeyemi\">Karim Adeyemi<\/a> (alle 46.), <a href=\"\/Nikola_Stosic\" title=\"Nikola Stosic\">Nikola Stosic<\/a> (70.)\n<\/th>\n<\/tr>\n<tr>\n<td colspan=\"2\" style=\"text-align:center;\" bgcolor=\"lightgray\"><b>Statistik<\/b>\n<\/td>\n<\/tr>\n<tr>\n<th style=\"text-align:left;\"><b>Endstand<\/b>\n<\/th>\n<th style=\"text-align:left;\">2:2 (0:1)\n<\/th>\n<\/tr>\n<tr>\n<th style=\"text-align:left;\"><b>Torsch\u00fctzen<\/b>\n<\/th>\n<th style=\"text-align:left;\">Adeyemi (57.), Stumberger (66.); Nollenberger (14.), Oroz (70.\/ET)\n<\/th>\n<\/tr>\n<tr>\n<th style=\"text-align:left;\"><b>Gelbe Karten<\/b>\n<\/th>\n<th style=\"text-align:left;\">\n<\/th>\n<\/tr>\n<tr>\n<th style=\"text-align:left;\"><b>Rote Karten<\/b>\n<\/th>\n<th style=\"text-align:left;\">\n<\/th>\n<\/tr>\n<tr>\n<th style=\"text-align:left;\"><b>Schiedsrichter<\/b>\n<\/th>\n<th style=\"text-align:left;\">\n<\/th>\n<\/tr>\n<tr>\n<th style=\"text-align:left;\"><b>Stadion<\/b>\n<\/th>\n<th style=\"text-align:left;\">Red Bull Akademie, Liefering\n<\/th>\n<\/tr>\n<tr>\n<th style=\"text-align:left;\"><b>Zuschauer<\/b>\n<\/th>\n<th style=\"text-align:left;\">\n<\/th>\n<\/tr>\n<\/tbody>\n<\/table>\n<h2><span class=\"mw-headline\" id=\"Bilder\">Bilder<\/span><a href=\"\/index.php?title=FC_Liefering_gegen_FC_Bayern_M%C3%BCnchen_U23_(2018)&amp;action=edit&amp;section=2\" title=\"Abschnitt bearbeiten: Bilder\">Bearbeiten<\/a><span class=\"mw-editsection-bracket\">]<\/span><\/span><\/h2>\n<p><img alt=\"\" src=\"\/images\/thumb\/4\/4a\/Commons-logo.svg\/langde-20px-Commons-logo.svg.png%3Futm_source%3Dcommons.wikimedia.org%26utm_campaign%3Dimageinfo%26utm_content%3Dthumbnail\" decoding=\"async\" title=\"Commons\" width=\"12\" height=\"16\" srcset=\"\/images\/thumb\/4\/4a\/Commons-logo.svg\/langde-40px-Commons-logo.svg.png%3Futm_source%3Dcommons.wikimedia.org%26utm_campaign%3Dimageinfo%26utm_content%3Dthumbnail 2x\" \/>&#160;<b><a href=\"http:\/\/commons.wikimedia.org\/wiki\/Category:FC_Liefering_gegen_FC_Bayern_M%C3%BCnchen_U23_(6._Juli_2018)\" class=\"extiw\" title=\"commons:Category:FC Liefering gegen FC Bayern M\u00fcnchen U23 (6. Juli 2018)\">FC Liefering gegen FC Bayern M\u00fcnchen U23 (2018)<\/a><\/b>&#160;\u2013 Sammlung von Bildern, Videos und Audiodateien auf <a href=\"\/Wikimedia_Commons\" title=\"Wikimedia Commons\">Wikimedia Commons<\/a>\n<\/p>\n<h2><span class=\"mw-headline\" id=\"Weblinks\">Weblinks<\/span><a href=\"\/index.php?title=FC_Liefering_gegen_FC_Bayern_M%C3%BCnchen_U23_(2018)&amp;action=edit&amp;section=3\" title=\"Abschnitt bearbeiten: Weblinks\">Bearbeiten<\/a><span class=\"mw-editsection-bracket\">]<\/span><\/span><\/h2>\n<p><a rel=\"nofollow\" class=\"external text\" href=\"http:\/\/www.fc-liefering.at\/de\/fc-liefering\/news\/saison_2018_19\/remis-im-test-gegen-bayern-muenchen.html\">Spielbericht Vereinshomepage<\/a>\n<\/p>\n<h2><span class=\"mw-headline\" id=\"Stimmen_zum_Spiel\">Stimmen zum Spiel<\/span><a href=\"\/index.php?title=FC_Liefering_gegen_FC_Bayern_M%C3%BCnchen_U23_(2018)&amp;action=edit&amp;section=4\" title=\"Abschnitt bearbeiten: Stimmen zum Spiel\">Bearbeiten<\/a><span class=\"mw-editsection-bracket\">]<\/span><\/span><\/h2>\n<p><b>Gerhard Struber:<\/b> Es ist heute flott hin- und hergegangen, und das Niveau war ein hohes. Wir haben nach dem R\u00fcckstand das Kommando \u00fcbernommen, viele Ballgewinne erzielt und die Bayern nicht mehr ins Spiel kommen lassen. Wir hatten viele gute Momente, auch wenn wir in der Offensive oftmals noch klarer werden m\u00fcssen. Am Ende haben wir uns selbst um den Sieg gebracht. Aus diesen Spielen nehmen wir f\u00fcr die Zukunft viel mit, sie geben uns viel Kraft f\u00fcr die bevorstehenden Aufgaben.\n<\/p>\n<\/div>\n","protected":false},"excerpt":{"rendered":"<p>FaktenBearbeiten] FC Liefering gegen FC Bayern M\u00fcnchen U23, 2:2 Spieltag Testspiel Datum 6. Juli 2018 Anpfiff 17 Uhr Aufstellung Tor Daniel Antosch Verteidigung Jusuf Gazibegovic &#8211; Abdourahmane Barry &#8211; Quinonez &#8211; David Schnegg Mittelfeld Ousman Diakite &#8211; Philipp Sturm &#8211; Mohamed Camara &#8211; Nikola Stosic Sturm Rene Hellermann&#8211; Aldin Aganovic Wechsel Wechsel Julian G\u00f6lles, Alois [&hellip;]<\/p>\n","protected":false},"author":1,"featured_media":0,"parent":0,"menu_order":0,"comment_status":"closed","ping_status":"closed","template":"","meta":{"footnotes":""},"class_list":["post-3910","page","type-page","status-publish","hentry"],"_links":{"self":[{"href":"https:\/\/wiki.s12.at\/index.php\/wp-json\/wp\/v2\/pages\/3910","targetHints":{"allow":["GET"]}}],"collection":[{"href":"https:\/\/wiki.s12.at\/index.php\/wp-json\/wp\/v2\/pages"}],"about":[{"href":"https:\/\/wiki.s12.at\/index.php\/wp-json\/wp\/v2\/types\/page"}],"author":[{"embeddable":true,"href":"https:\/\/wiki.s12.at\/index.php\/wp-json\/wp\/v2\/users\/1"}],"replies":[{"embeddable":true,"href":"https:\/\/wiki.s12.at\/index.php\/wp-json\/wp\/v2\/comments?post=3910"}],"version-history":[{"count":0,"href":"https:\/\/wiki.s12.at\/index.php\/wp-json\/wp\/v2\/pages\/3910\/revisions"}],"wp:attachment":[{"href":"https:\/\/wiki.s12.at\/index.php\/wp-json\/wp\/v2\/media?parent=3910"}],"curies":[{"name":"wp","href":"https:\/\/api.w.org\/{rel}","templated":true}]}}

FC Liefering gegen FC Bayern München U23 (2018)

<div class="mw-parser-output">
<h2><span class="mw-headline" id="Fakten">Fakten</span><a href="/index.php?title=FC_Liefering_gegen_FC_Bayern_M%C3%BCnchen_U23_(2018)&amp;action=edit&amp;section=1" title="Abschnitt bearbeiten: Fakten">Bearbeiten</a><span class="mw-editsection-bracket">]</span></span></h2>
<table class="toptextcells toccolours">
<tbody>
<tr>
<th colspan="2" style="text-align: center; vertical-align: top; padding: 0.3em 0.8em; font-size: 125%; background-color: lightsteelblue;">FC Liefering gegen FC Bayern München U23, 2:2
</th>
</tr>
<tr>
<th style="text-align:left;"><b>Spieltag</b>
</th>
<th style="text-align:left;">Testspiel
</th>
</tr>
<tr>
<th style="text-align:left;"><b>Datum</b>
</th>
<th style="text-align:left;">6. Juli  2018
</th>
</tr>
<tr>
<th style="text-align:left;"><b>Anpfiff</b>
</th>
<th style="text-align:left;">17 Uhr
</th>
</tr>
<tr>
<td colspan="2" style="text-align:center;" bgcolor="lightgray"><b>Aufstellung</b>
</td>
</tr>
<tr>
<th style="text-align:left;"><b>Tor</b>
</th>
<th><a href="/Daniel_Antosch" title="Daniel Antosch">Daniel Antosch</a>
</th>
</tr>
<tr>
<th style="text-align:left;"><b>Verteidigung</b>
</th>
<th><a href="/Jusuf_Gazibegovic" title="Jusuf Gazibegovic">Jusuf Gazibegovic</a> &#8211; <a href="/Abdourahmane_Barry" title="Abdourahmane Barry">Abdourahmane Barry </a> &#8211; <a href="/index.php?title=Quinonez&amp;action=edit&amp;redlink=1" class="new" title="Quinonez (Seite nicht vorhanden)">Quinonez  </a> &#8211; <a href="/David_Schnegg" title="David Schnegg">David Schnegg</a>
</th>
</tr>
<tr>
<th style="text-align:left;"><b>Mittelfeld</b>
</th>
<th><a href="/Ousman_Diakite" title="Ousman Diakite">Ousman Diakite </a> &#8211; <a href="/Philipp_Sturm" title="Philipp Sturm">Philipp Sturm</a> &#8211; <a href="/Mohamed_Camara" title="Mohamed Camara">Mohamed Camara</a> &#8211; <a href="/Nikola_Stosic" title="Nikola Stosic">Nikola Stosic</a>
</th>
</tr>
<tr>
<th style="text-align:left;"><b>Sturm</b>
</th>
<th><a href="/Rene_Hellermann" title="Rene Hellermann">Rene Hellermann</a>&#8211; <a href="/Aldin_Aganovic" title="Aldin Aganovic">Aldin Aganovic</a>
</th>
</tr>
<tr>
<td colspan="2" style="text-align:center;" bgcolor="lightgray"><b>Wechsel</b>
</td>
</tr>
<tr>
<th style="text-align:left;"><b>Wechsel</b>
</th>
<th style="text-align:left;"><a href="/Julian_G%C3%B6lles" title="Julian Gölles">Julian Gölles</a>, <a href="/Alois_Oroz" title="Alois Oroz">Alois Oroz</a>, <a href="/Dominik_Stumberger" title="Dominik Stumberger">Dominik Stumberger</a>, <a href="/Lorenz_Leskosek" title="Lorenz Leskosek">Lorenz Leskosek</a>, <br /><a href="/Peter_Pokorny" title="Peter Pokorny">Peter Pokorny</a>, <a href="/Rami_Tekir" title="Rami Tekir">Rami Tekir</a>, <a href="/Karim_Adeyemi" title="Karim Adeyemi">Karim Adeyemi</a> (alle 46.), <a href="/Nikola_Stosic" title="Nikola Stosic">Nikola Stosic</a> (70.)
</th>
</tr>
<tr>
<td colspan="2" style="text-align:center;" bgcolor="lightgray"><b>Statistik</b>
</td>
</tr>
<tr>
<th style="text-align:left;"><b>Endstand</b>
</th>
<th style="text-align:left;">2:2 (0:1)
</th>
</tr>
<tr>
<th style="text-align:left;"><b>Torschützen</b>
</th>
<th style="text-align:left;">Adeyemi (57.), Stumberger (66.); Nollenberger (14.), Oroz (70./ET)
</th>
</tr>
<tr>
<th style="text-align:left;"><b>Gelbe Karten</b>
</th>
<th style="text-align:left;">
</th>
</tr>
<tr>
<th style="text-align:left;"><b>Rote Karten</b>
</th>
<th style="text-align:left;">
</th>
</tr>
<tr>
<th style="text-align:left;"><b>Schiedsrichter</b>
</th>
<th style="text-align:left;">
</th>
</tr>
<tr>
<th style="text-align:left;"><b>Stadion</b>
</th>
<th style="text-align:left;">Red Bull Akademie, Liefering
</th>
</tr>
<tr>
<th style="text-align:left;"><b>Zuschauer</b>
</th>
<th style="text-align:left;">
</th>
</tr>
</tbody>
</table>
<h2><span class="mw-headline" id="Bilder">Bilder</span><a href="/index.php?title=FC_Liefering_gegen_FC_Bayern_M%C3%BCnchen_U23_(2018)&amp;action=edit&amp;section=2" title="Abschnitt bearbeiten: Bilder">Bearbeiten</a><span class="mw-editsection-bracket">]</span></span></h2>
<p><img alt="" src="/images/thumb/4/4a/Commons-logo.svg/langde-20px-Commons-logo.svg.png%3Futm_source%3Dcommons.wikimedia.org%26utm_campaign%3Dimageinfo%26utm_content%3Dthumbnail" decoding="async" title="Commons" width="12" height="16" srcset="/images/thumb/4/4a/Commons-logo.svg/langde-40px-Commons-logo.svg.png%3Futm_source%3Dcommons.wikimedia.org%26utm_campaign%3Dimageinfo%26utm_content%3Dthumbnail 2x" />&#160;<b><a href="http://commons.wikimedia.org/wiki/Category:FC_Liefering_gegen_FC_Bayern_M%C3%BCnchen_U23_(6._Juli_2018)" class="extiw" title="commons:Category:FC Liefering gegen FC Bayern München U23 (6. Juli 2018)">FC Liefering gegen FC Bayern München U23 (2018)</a></b>&#160;– Sammlung von Bildern, Videos und Audiodateien auf <a href="/Wikimedia_Commons" title="Wikimedia Commons">Wikimedia Commons</a>
</p>
<h2><span class="mw-headline" id="Weblinks">Weblinks</span><a href="/index.php?title=FC_Liefering_gegen_FC_Bayern_M%C3%BCnchen_U23_(2018)&amp;action=edit&amp;section=3" title="Abschnitt bearbeiten: Weblinks">Bearbeiten</a><span class="mw-editsection-bracket">]</span></span></h2>
<p><a rel="nofollow" class="external text" href="http://www.fc-liefering.at/de/fc-liefering/news/saison_2018_19/remis-im-test-gegen-bayern-muenchen.html">Spielbericht Vereinshomepage</a>
</p>
<h2><span class="mw-headline" id="Stimmen_zum_Spiel">Stimmen zum Spiel</span><a href="/index.php?title=FC_Liefering_gegen_FC_Bayern_M%C3%BCnchen_U23_(2018)&amp;action=edit&amp;section=4" title="Abschnitt bearbeiten: Stimmen zum Spiel">Bearbeiten</a><span class="mw-editsection-bracket">]</span></span></h2>
<p><b>Gerhard Struber:</b> Es ist heute flott hin- und hergegangen, und das Niveau war ein hohes. Wir haben nach dem Rückstand das Kommando übernommen, viele Ballgewinne erzielt und die Bayern nicht mehr ins Spiel kommen lassen. Wir hatten viele gute Momente, auch wenn wir in der Offensive oftmals noch klarer werden müssen. Am Ende haben wir uns selbst um den Sieg gebracht. Aus diesen Spielen nehmen wir für die Zukunft viel mit, sie geben uns viel Kraft für die bevorstehenden Aufgaben.
</p>
</div>

<p>FaktenBearbeiten] FC Liefering gegen FC Bayern München U23, 2:2 Spieltag Testspiel Datum 6. Juli 2018 Anpfiff 17 Uhr Aufstellung Tor Daniel Antosch Verteidigung Jusuf Gazibegovic &#8211; Abdourahmane Barry &#8211; Quinonez &#8211; David Schnegg Mittelfeld Ousman Diakite &#8211; Philipp Sturm &#8211; Mohamed Camara &#8211; Nikola Stosic Sturm Rene Hellermann&#8211; Aldin Aganovic Wechsel Wechsel Julian Gölles, Alois [&hellip;]</p>
