{"id":3908,"date":"2026-05-06T15:26:41","date_gmt":"2026-05-06T13:26:41","guid":{"rendered":"https:\/\/wiki.s12.at\/index.php\/fc-liefering-gegen-fc-bayern-muenchen-ii\/"},"modified":"2026-05-06T15:26:41","modified_gmt":"2026-05-06T13:26:41","slug":"fc-liefering-gegen-fc-bayern-muenchen-ii","status":"publish","type":"page","link":"https:\/\/wiki.s12.at\/index.php\/fc-liefering-gegen-fc-bayern-muenchen-ii\/","title":{"rendered":"FC Liefering gegen FC Bayern M\u00fcnchen II"},"content":{"rendered":"<div class=\"mw-parser-output\">\n<h2><span class=\"mw-headline\" id=\"Fakten\">Fakten<\/span><a href=\"\/index.php?title=FC_Liefering_gegen_FC_Bayern_M%C3%BCnchen_II&amp;action=edit&amp;section=1\" title=\"Abschnitt bearbeiten: Fakten\">Bearbeiten<\/a><span class=\"mw-editsection-bracket\">]<\/span><\/span><\/h2>\n<table class=\"toptextcells toccolours\">\n<tbody>\n<tr>\n<th colspan=\"2\" style=\"text-align: center; vertical-align: top; padding: 0.3em 0.8em; font-size: 125%; background-color: lightsteelblue;\">FC Liefering gegen Bayern M\u00fcnchen II, 1:2\n<\/th>\n<\/tr>\n<tr>\n<th style=\"text-align:left;\"><b>Spieltag<\/b>\n<\/th>\n<th style=\"text-align:left;\">Testspiel\n<\/th>\n<\/tr>\n<tr>\n<th style=\"text-align:left;\"><b>Datum<\/b>\n<\/th>\n<th style=\"text-align:left;\">6. Juli 2019\n<\/th>\n<\/tr>\n<tr>\n<th style=\"text-align:left;\"><b>Anpfiff<\/b>\n<\/th>\n<th style=\"text-align:left;\">\n<\/th>\n<\/tr>\n<tr>\n<td colspan=\"2\" style=\"text-align:center;\" bgcolor=\"lightgray\"><b>Aufstellung<\/b>\n<\/td>\n<\/tr>\n<tr>\n<th style=\"text-align:left;\"><b>Tor<\/b>\n<\/th>\n<th><a href=\"\/Daniel_Antosch\" title=\"Daniel Antosch\">Daniel Antosch<\/a>\n<\/th>\n<\/tr>\n<tr>\n<th style=\"text-align:left;\"><b>Verteidigung<\/b>\n<\/th>\n<th><a href=\"\/Wallison\" title=\"Wallison\">Wallison<\/a> &#8211; <a href=\"\/Amar_Dedic\" title=\"Amar Dedic\">Amar Dedic<\/a> &#8211; <a href=\"\/Sebastian_Aigner\" title=\"Sebastian Aigner\">Sebastian Aigner<\/a> &#8211; <a href=\"\/index.php?title=Mahmadou_Sangare&amp;action=edit&amp;redlink=1\" class=\"new\" title=\"Mahmadou Sangare (Seite nicht vorhanden)\">Mahmadou Sangare<\/a>\n<\/th>\n<\/tr>\n<tr>\n<th style=\"text-align:left;\"><b>Mittelfeld<\/b>\n<\/th>\n<th><a href=\"\/Jungmin_Kim\" title=\"Jungmin Kim\">Jungmin Kim <\/a> &#8211; <a href=\"\/Nicolas_Seiwald\" title=\"Nicolas Seiwald\">Nicolas Seiwald<\/a> &#8211; <a href=\"\/Luca_Susic\" class=\"mw-redirect\" title=\"Luca Susic\">Luca Susic<\/a>\n<\/th>\n<\/tr>\n<tr>\n<th style=\"text-align:left;\"><b>Sturm<\/b>\n<\/th>\n<th><a href=\"\/Csaba_Bukta\" title=\"Csaba Bukta\">Csaba Bukta <\/a> &#8211; <a href=\"\/Rene_Hellermann\" title=\"Rene Hellermann\">Rene Hellermann<\/a> &#8211; <a href=\"\/Alexander_Prass\" title=\"Alexander Prass\">Alexander Prass<\/a>\n<\/th>\n<\/tr>\n<tr>\n<td colspan=\"2\" style=\"text-align:center;\" bgcolor=\"lightgray\"><b>Wechsel<\/b>\n<\/td>\n<\/tr>\n<tr>\n<th style=\"text-align:left;\"><b>Wechsel<\/b>\n<\/th>\n<th style=\"text-align:left;\"><a href=\"\/Tobias_Berger\" title=\"Tobias Berger\">Tobias Berger <\/a> f\u00fcr Wallison (46.), Amadou Dante f\u00fcr Kim (46.), <a href=\"\/David_Affengruber\" title=\"David Affengruber\">David Affengruber<\/a> f\u00fcr Seiwald, <br \/><a href=\"\/Abdourahmane_Barry\" title=\"Abdourahmane Barry\">Abdourahmane Barry<\/a> f\u00fcr Bukta (46.), <a href=\"\/Maurits_Kjaergaard\" title=\"Maurits Kjaergaard\">Maurits Kjaergaard<\/a> f\u00fcr Susic (60.),  <a href=\"\/Luca_Susic\" class=\"mw-redirect\" title=\"Luca Susic\">Luca Susic<\/a> f\u00fcr Prass (75.),\n<\/th>\n<\/tr>\n<tr>\n<td colspan=\"2\" style=\"text-align:center;\" bgcolor=\"lightgray\"><b>Statistik<\/b>\n<\/td>\n<\/tr>\n<tr>\n<th style=\"text-align:left;\"><b>Endstand<\/b>\n<\/th>\n<th style=\"text-align:left;\">1:2 (1:1)\n<\/th>\n<\/tr>\n<tr>\n<th style=\"text-align:left;\"><b>Torsch\u00fctzen<\/b>\n<\/th>\n<th style=\"text-align:left;\">Seiwald (40.); Karatas (22.), Wriedt (88.)\n<\/th>\n<\/tr>\n<tr>\n<th style=\"text-align:left;\"><b>Gelbe Karten<\/b>\n<\/th>\n<th style=\"text-align:left;\">\n<\/th>\n<\/tr>\n<tr>\n<th style=\"text-align:left;\"><b>Rote Karten<\/b>\n<\/th>\n<th style=\"text-align:left;\">\n<\/th>\n<\/tr>\n<tr>\n<th style=\"text-align:left;\"><b>Schiedsrichter<\/b>\n<\/th>\n<th style=\"text-align:left;\">\n<\/th>\n<\/tr>\n<tr>\n<th style=\"text-align:left;\"><b>Stadion<\/b>\n<\/th>\n<th style=\"text-align:left;\">Nachwuchsakademie, Liefering\n<\/th>\n<\/tr>\n<tr>\n<th style=\"text-align:left;\"><b>Zuschauer<\/b>\n<\/th>\n<th style=\"text-align:left;\">\n<\/th>\n<\/tr>\n<\/tbody>\n<\/table>\n<h2><span class=\"mw-headline\" id=\"Stimmen_zum_Spiel\">Stimmen zum Spiel<\/span><a href=\"\/index.php?title=FC_Liefering_gegen_FC_Bayern_M%C3%BCnchen_II&amp;action=edit&amp;section=2\" title=\"Abschnitt bearbeiten: Stimmen zum Spiel\">Bearbeiten<\/a><span class=\"mw-editsection-bracket\">]<\/span><\/span><\/h2>\n<ul>\n<li><b>Michael Feichtenbeiner<\/b>: Das sp\u00e4te Gegentor ist nat\u00fcrlich \u00e4rgerlich, auch wenn es nur ein Testspiel war. Denn wir waren absolut gleichwertig. Zum Ende hin war zu sehen, dass bei einigen die Kr\u00e4fte nachgelassen haben. Wir stehen aber auch mitten im Aufbau. Es war aber gut, jetzt nach 14 Tagen Training einmal alles auch im Spiel sehen zu k\u00f6nnen.<\/li>\n<\/ul>\n<h2><span class=\"mw-headline\" id=\"Weblinks\">Weblinks<\/span><a href=\"\/index.php?title=FC_Liefering_gegen_FC_Bayern_M%C3%BCnchen_II&amp;action=edit&amp;section=3\" title=\"Abschnitt bearbeiten: Weblinks\">Bearbeiten<\/a><span class=\"mw-editsection-bracket\">]<\/span><\/span><\/h2>\n<ul>\n<li><a rel=\"nofollow\" class=\"external text\" href=\"https:\/\/www.fc-liefering.at\/de\/fc-liefering\/news\/saison_2019_20\/knappe-niederlage-gegen-den-fc-bayern-muenchen-II.htmlSpielbericht\">Vereinshomepage<\/a><\/li>\n<\/ul>\n<\/div>\n","protected":false},"excerpt":{"rendered":"<p>FaktenBearbeiten] FC Liefering gegen Bayern M\u00fcnchen II, 1:2 Spieltag Testspiel Datum 6. Juli 2019 Anpfiff Aufstellung Tor Daniel Antosch Verteidigung Wallison &#8211; Amar Dedic &#8211; Sebastian Aigner &#8211; Mahmadou Sangare Mittelfeld Jungmin Kim &#8211; Nicolas Seiwald &#8211; Luca Susic Sturm Csaba Bukta &#8211; Rene Hellermann &#8211; Alexander Prass Wechsel Wechsel Tobias Berger f\u00fcr Wallison (46.), [&hellip;]<\/p>\n","protected":false},"author":1,"featured_media":0,"parent":0,"menu_order":0,"comment_status":"closed","ping_status":"closed","template":"","meta":{"footnotes":""},"class_list":["post-3908","page","type-page","status-publish","hentry"],"_links":{"self":[{"href":"https:\/\/wiki.s12.at\/index.php\/wp-json\/wp\/v2\/pages\/3908","targetHints":{"allow":["GET"]}}],"collection":[{"href":"https:\/\/wiki.s12.at\/index.php\/wp-json\/wp\/v2\/pages"}],"about":[{"href":"https:\/\/wiki.s12.at\/index.php\/wp-json\/wp\/v2\/types\/page"}],"author":[{"embeddable":true,"href":"https:\/\/wiki.s12.at\/index.php\/wp-json\/wp\/v2\/users\/1"}],"replies":[{"embeddable":true,"href":"https:\/\/wiki.s12.at\/index.php\/wp-json\/wp\/v2\/comments?post=3908"}],"version-history":[{"count":0,"href":"https:\/\/wiki.s12.at\/index.php\/wp-json\/wp\/v2\/pages\/3908\/revisions"}],"wp:attachment":[{"href":"https:\/\/wiki.s12.at\/index.php\/wp-json\/wp\/v2\/media?parent=3908"}],"curies":[{"name":"wp","href":"https:\/\/api.w.org\/{rel}","templated":true}]}}

FC Liefering gegen FC Bayern München II

<div class="mw-parser-output">
<h2><span class="mw-headline" id="Fakten">Fakten</span><a href="/index.php?title=FC_Liefering_gegen_FC_Bayern_M%C3%BCnchen_II&amp;action=edit&amp;section=1" title="Abschnitt bearbeiten: Fakten">Bearbeiten</a><span class="mw-editsection-bracket">]</span></span></h2>
<table class="toptextcells toccolours">
<tbody>
<tr>
<th colspan="2" style="text-align: center; vertical-align: top; padding: 0.3em 0.8em; font-size: 125%; background-color: lightsteelblue;">FC Liefering gegen Bayern München II, 1:2
</th>
</tr>
<tr>
<th style="text-align:left;"><b>Spieltag</b>
</th>
<th style="text-align:left;">Testspiel
</th>
</tr>
<tr>
<th style="text-align:left;"><b>Datum</b>
</th>
<th style="text-align:left;">6. Juli 2019
</th>
</tr>
<tr>
<th style="text-align:left;"><b>Anpfiff</b>
</th>
<th style="text-align:left;">
</th>
</tr>
<tr>
<td colspan="2" style="text-align:center;" bgcolor="lightgray"><b>Aufstellung</b>
</td>
</tr>
<tr>
<th style="text-align:left;"><b>Tor</b>
</th>
<th><a href="/Daniel_Antosch" title="Daniel Antosch">Daniel Antosch</a>
</th>
</tr>
<tr>
<th style="text-align:left;"><b>Verteidigung</b>
</th>
<th><a href="/Wallison" title="Wallison">Wallison</a> &#8211; <a href="/Amar_Dedic" title="Amar Dedic">Amar Dedic</a> &#8211; <a href="/Sebastian_Aigner" title="Sebastian Aigner">Sebastian Aigner</a> &#8211; <a href="/index.php?title=Mahmadou_Sangare&amp;action=edit&amp;redlink=1" class="new" title="Mahmadou Sangare (Seite nicht vorhanden)">Mahmadou Sangare</a>
</th>
</tr>
<tr>
<th style="text-align:left;"><b>Mittelfeld</b>
</th>
<th><a href="/Jungmin_Kim" title="Jungmin Kim">Jungmin Kim </a> &#8211; <a href="/Nicolas_Seiwald" title="Nicolas Seiwald">Nicolas Seiwald</a> &#8211; <a href="/Luca_Susic" class="mw-redirect" title="Luca Susic">Luca Susic</a>
</th>
</tr>
<tr>
<th style="text-align:left;"><b>Sturm</b>
</th>
<th><a href="/Csaba_Bukta" title="Csaba Bukta">Csaba Bukta </a> &#8211; <a href="/Rene_Hellermann" title="Rene Hellermann">Rene Hellermann</a> &#8211; <a href="/Alexander_Prass" title="Alexander Prass">Alexander Prass</a>
</th>
</tr>
<tr>
<td colspan="2" style="text-align:center;" bgcolor="lightgray"><b>Wechsel</b>
</td>
</tr>
<tr>
<th style="text-align:left;"><b>Wechsel</b>
</th>
<th style="text-align:left;"><a href="/Tobias_Berger" title="Tobias Berger">Tobias Berger </a> für Wallison (46.), Amadou Dante für Kim (46.), <a href="/David_Affengruber" title="David Affengruber">David Affengruber</a> für Seiwald, <br /><a href="/Abdourahmane_Barry" title="Abdourahmane Barry">Abdourahmane Barry</a> für Bukta (46.), <a href="/Maurits_Kjaergaard" title="Maurits Kjaergaard">Maurits Kjaergaard</a> für Susic (60.),  <a href="/Luca_Susic" class="mw-redirect" title="Luca Susic">Luca Susic</a> für Prass (75.),
</th>
</tr>
<tr>
<td colspan="2" style="text-align:center;" bgcolor="lightgray"><b>Statistik</b>
</td>
</tr>
<tr>
<th style="text-align:left;"><b>Endstand</b>
</th>
<th style="text-align:left;">1:2 (1:1)
</th>
</tr>
<tr>
<th style="text-align:left;"><b>Torschützen</b>
</th>
<th style="text-align:left;">Seiwald (40.); Karatas (22.), Wriedt (88.)
</th>
</tr>
<tr>
<th style="text-align:left;"><b>Gelbe Karten</b>
</th>
<th style="text-align:left;">
</th>
</tr>
<tr>
<th style="text-align:left;"><b>Rote Karten</b>
</th>
<th style="text-align:left;">
</th>
</tr>
<tr>
<th style="text-align:left;"><b>Schiedsrichter</b>
</th>
<th style="text-align:left;">
</th>
</tr>
<tr>
<th style="text-align:left;"><b>Stadion</b>
</th>
<th style="text-align:left;">Nachwuchsakademie, Liefering
</th>
</tr>
<tr>
<th style="text-align:left;"><b>Zuschauer</b>
</th>
<th style="text-align:left;">
</th>
</tr>
</tbody>
</table>
<h2><span class="mw-headline" id="Stimmen_zum_Spiel">Stimmen zum Spiel</span><a href="/index.php?title=FC_Liefering_gegen_FC_Bayern_M%C3%BCnchen_II&amp;action=edit&amp;section=2" title="Abschnitt bearbeiten: Stimmen zum Spiel">Bearbeiten</a><span class="mw-editsection-bracket">]</span></span></h2>
<ul>
<li><b>Michael Feichtenbeiner</b>: Das späte Gegentor ist natürlich ärgerlich, auch wenn es nur ein Testspiel war. Denn wir waren absolut gleichwertig. Zum Ende hin war zu sehen, dass bei einigen die Kräfte nachgelassen haben. Wir stehen aber auch mitten im Aufbau. Es war aber gut, jetzt nach 14 Tagen Training einmal alles auch im Spiel sehen zu können.</li>
</ul>
<h2><span class="mw-headline" id="Weblinks">Weblinks</span><a href="/index.php?title=FC_Liefering_gegen_FC_Bayern_M%C3%BCnchen_II&amp;action=edit&amp;section=3" title="Abschnitt bearbeiten: Weblinks">Bearbeiten</a><span class="mw-editsection-bracket">]</span></span></h2>
<ul>
<li><a rel="nofollow" class="external text" href="https://www.fc-liefering.at/de/fc-liefering/news/saison_2019_20/knappe-niederlage-gegen-den-fc-bayern-muenchen-II.htmlSpielbericht">Vereinshomepage</a></li>
</ul>
</div>

<p>FaktenBearbeiten] FC Liefering gegen Bayern München II, 1:2 Spieltag Testspiel Datum 6. Juli 2019 Anpfiff Aufstellung Tor Daniel Antosch Verteidigung Wallison &#8211; Amar Dedic &#8211; Sebastian Aigner &#8211; Mahmadou Sangare Mittelfeld Jungmin Kim &#8211; Nicolas Seiwald &#8211; Luca Susic Sturm Csaba Bukta &#8211; Rene Hellermann &#8211; Alexander Prass Wechsel Wechsel Tobias Berger für Wallison (46.), [&hellip;]</p>
